[INFO] fetching crate skar-client 0.5.0...
[INFO] testing skar-client-0.5.0 against 1.75.0 for beta-1.76-1
[INFO] extracting crate skar-client 0.5.0 into /workspace/builds/worker-5-tc1/source
[INFO] validating manifest of crates.io crate skar-client 0.5.0 on toolchain 1.75.0
[INFO] running `Command { std: CARGO_HOME="/workspace/cargo-home" RUSTUP_HOME="/workspace/rustup-home" "/workspace/cargo-home/bin/cargo" "+1.75.0" "metadata" "--manifest-path" "Cargo.toml" "--no-deps", kill_on_drop: false }`
[INFO] started tweaking crates.io crate skar-client 0.5.0
[INFO] finished tweaking crates.io crate skar-client 0.5.0
[INFO] tweaked toml for crates.io crate skar-client 0.5.0 written to /workspace/builds/worker-5-tc1/source/Cargo.toml
[INFO] running `Command { std: CARGO_HOME="/workspace/cargo-home" RUSTUP_HOME="/workspace/rustup-home" "/workspace/cargo-home/bin/cargo" "+1.75.0" "generate-lockfile" "--manifest-path" "Cargo.toml", kill_on_drop: false }`
[INFO] [stderr]     Updating crates.io index
[INFO] running `Command { std: CARGO_HOME="/workspace/cargo-home" RUSTUP_HOME="/workspace/rustup-home" "/workspace/cargo-home/bin/cargo" "+1.75.0" "fetch" "--manifest-path" "Cargo.toml", kill_on_drop: false }`
[INFO] [stderr]  Downloading crates ...
[INFO] [stderr]   Downloaded alloy-rlp v0.3.4
[INFO] [stderr]   Downloaded alloy-sol-macro v0.5.4
[INFO] [stderr]   Downloaded streaming-iterator v0.1.9
[INFO] [stderr]   Downloaded json-deserializer v0.4.4
[INFO] [stderr]   Downloaded array-init-cursor v0.2.0
[INFO] [stderr]   Downloaded keccak-asm v0.1.0
[INFO] [stderr]   Downloaded fastrange-rs v0.1.0
[INFO] [stderr]   Downloaded foreign_vec v0.1.0
[INFO] [stderr]   Downloaded embedded-io v0.5.0
[INFO] [stderr]   Downloaded alloy-sol-type-parser v0.5.4
[INFO] [stderr]   Downloaded capnpc v0.18.0
[INFO] [stderr]   Downloaded alloy-json-abi v0.5.4
[INFO] [stderr]   Downloaded syn-solidity v0.5.4
[INFO] [stderr]   Downloaded capnp v0.18.10
[INFO] [stderr]   Downloaded arrow2 v0.18.0
[INFO] [stderr]   Downloaded sha3-asm v0.1.0
[INFO] [stderr]   Downloaded parquet2 v0.17.2
[INFO] [stderr]   Downloaded parquet-format-safe v0.2.4
[INFO] [stderr]   Downloaded alloy-dyn-abi v0.5.4
[INFO] [stderr]   Downloaded arrow-format v0.8.1
[INFO] [stderr]   Downloaded planus v0.3.1
[INFO] [stderr]   Downloaded streaming-decompression v0.1.2
[INFO] [stderr]   Downloaded alloy-primitives v0.5.4
[INFO] [stderr]   Downloaded hash_hasher v2.0.3
[INFO] [stderr]   Downloaded alloy-sol-types v0.5.4
[INFO] [stderr]   Downloaded skar-net-types v0.1.2
[INFO] [stderr]   Downloaded skar-schema v0.1.0
[INFO] [stderr]   Downloaded skar-format v0.1.0
[INFO] [stderr]   Downloaded skar-format v0.2.1
[INFO] running `Command { std: "docker" "create" "-v" "/var/lib/crater-agent-workspace/builds/worker-5-tc1/target:/opt/rustwide/target:rw,Z" "-v" "/var/lib/crater-agent-workspace/builds/worker-5-tc1/source:/opt/rustwide/workdir:ro,Z" "-v" "/var/lib/crater-agent-workspace/cargo-home:/opt/rustwide/cargo-home:ro,Z" "-v" "/var/lib/crater-agent-workspace/rustup-home:/opt/rustwide/rustup-home:ro,Z" "-e" "SOURCE_DIR=/opt/rustwide/workdir" "-e" "CARGO_TARGET_DIR=/opt/rustwide/target" "-e" "CARGO_HOME=/opt/rustwide/cargo-home" "-e" "RUSTUP_HOME=/opt/rustwide/rustup-home" "-w" "/opt/rustwide/workdir" "-m" "1610612736" "--user" "0:0" "--network" "none" "ghcr.io/rust-lang/crates-build-env/linux@sha256:2788e3201cd34a07e3172128adcd8b3090168a8e3bcc40d7c032b9dda1df7d1c" "/opt/rustwide/cargo-home/bin/cargo" "+1.75.0" "metadata" "--no-deps" "--format-version=1", kill_on_drop: false }`
[INFO] [stdout] 3b162e1ec140050c6af1894274d057e8cbc81fc586677460d3265e876c8e5269
[INFO] running `Command { std: "docker" "start" "-a" "3b162e1ec140050c6af1894274d057e8cbc81fc586677460d3265e876c8e5269", kill_on_drop: false }`
[INFO] running `Command { std: "docker" "inspect" "3b162e1ec140050c6af1894274d057e8cbc81fc586677460d3265e876c8e5269", kill_on_drop: false }`
[INFO] running `Command { std: "docker" "rm" "-f" "3b162e1ec140050c6af1894274d057e8cbc81fc586677460d3265e876c8e5269", kill_on_drop: false }`
[INFO] [stdout] 3b162e1ec140050c6af1894274d057e8cbc81fc586677460d3265e876c8e5269
[INFO] running `Command { std: "docker" "create" "-v" "/var/lib/crater-agent-workspace/builds/worker-5-tc1/target:/opt/rustwide/target:rw,Z" "-v" "/var/lib/crater-agent-workspace/builds/worker-5-tc1/source:/opt/rustwide/workdir:ro,Z" "-v" "/var/lib/crater-agent-workspace/cargo-home:/opt/rustwide/cargo-home:ro,Z" "-v" "/var/lib/crater-agent-workspace/rustup-home:/opt/rustwide/rustup-home:ro,Z" "-e" "SOURCE_DIR=/opt/rustwide/workdir" "-e" "CARGO_TARGET_DIR=/opt/rustwide/target" "-e" "CARGO_INCREMENTAL=0" "-e" "RUST_BACKTRACE=full" "-e" "RUSTFLAGS=--cap-lints=warn" "-e" "RUSTDOCFLAGS=--cap-lints=warn" "-e" "CARGO_HOME=/opt/rustwide/cargo-home" "-e" "RUSTUP_HOME=/opt/rustwide/rustup-home" "-w" "/opt/rustwide/workdir" "-m" "1610612736" "--user" "0:0" "--network" "none" "ghcr.io/rust-lang/crates-build-env/linux@sha256:2788e3201cd34a07e3172128adcd8b3090168a8e3bcc40d7c032b9dda1df7d1c" "/opt/rustwide/cargo-home/bin/cargo" "+1.75.0" "build" "--frozen" "--message-format=json", kill_on_drop: false }`
[INFO] [stdout] 61b9a130ff681d80ef97e0fc0241e815d36592f5dbe473c5e23945e76c8c3daf
[INFO] running `Command { std: "docker" "start" "-a" "61b9a130ff681d80ef97e0fc0241e815d36592f5dbe473c5e23945e76c8c3daf", kill_on_drop: false }`
[INFO] [stderr]    Compiling libc v0.2.151
[INFO] [stderr]    Compiling futures-io v0.3.30
[INFO] [stderr]    Compiling syn v1.0.109
[INFO] [stderr]    Compiling ahash v0.8.7
[INFO] [stderr]    Compiling zerocopy v0.7.32
[INFO] [stderr]    Compiling convert_case v0.4.0
[INFO] [stderr]    Compiling static_assertions v1.1.0
[INFO] [stderr]    Compiling crunchy v0.2.2
[INFO] [stderr]    Compiling untrusted v0.9.0
[INFO] [stderr]    Compiling cpufeatures v0.2.12
[INFO] [stderr]    Compiling tiny-keccak v2.0.2
[INFO] [stderr]    Compiling spin v0.9.8
[INFO] [stderr]    Compiling semver v1.0.21
[INFO] [stderr]    Compiling tracing-core v0.1.32
[INFO] [stderr]    Compiling syn v2.0.48
[INFO] [stderr]    Compiling proc-macro-error-attr v1.0.4
[INFO] [stderr]    Compiling lexical-util v0.8.5
[INFO] [stderr]    Compiling zstd-safe v6.0.6
[INFO] [stderr]    Compiling paste v1.0.14
[INFO] [stderr]    Compiling indexmap v1.9.3
[INFO] [stderr]    Compiling num-traits v0.2.17
[INFO] [stderr]    Compiling proc-macro-error v1.0.4
[INFO] [stderr]    Compiling tinyvec_macros v0.1.1
[INFO] [stderr]    Compiling rustls v0.21.10
[INFO] [stderr]    Compiling ruint-macro v1.1.0
[INFO] [stderr]    Compiling crc32fast v1.3.2
[INFO] [stderr]    Compiling thiserror v1.0.56
[INFO] [stderr]    Compiling tinyvec v1.6.0
[INFO] [stderr]    Compiling tracing v0.1.40
[INFO] [stderr]    Compiling hex-literal v0.4.1
[INFO] [stderr]    Compiling lexical-parse-integer v0.8.6
[INFO] [stderr]    Compiling lexical-write-integer v0.8.5
[INFO] [stderr]    Compiling rustc_version v0.4.0
[INFO] [stderr]    Compiling fallible-streaming-iterator v0.1.9
[INFO] [stderr]    Compiling hashbrown v0.14.3
[INFO] [stderr]    Compiling array-init-cursor v0.2.0
[INFO] [stderr]    Compiling hashbrown v0.12.3
[INFO] [stderr]    Compiling base64 v0.21.5
[INFO] [stderr]    Compiling adler v1.0.2
[INFO] [stderr]    Compiling capnp v0.18.10
[INFO] [stderr]    Compiling form_urlencoded v1.2.1
[INFO] [stderr]    Compiling miniz_oxide v0.7.1
[INFO] [stderr]    Compiling lexical-write-float v0.8.5
[INFO] [stderr]    Compiling arrow2 v0.18.0
[INFO] [stderr]    Compiling planus v0.3.1
[INFO] [stderr]    Compiling streaming-decompression v0.1.2
[INFO] [stderr]    Compiling lexical-parse-float v0.8.5
[INFO] [stderr]    Compiling const-hex v1.10.0
[INFO] [stderr]    Compiling jobserver v0.1.27
[INFO] [stderr]    Compiling getrandom v0.2.11
[INFO] [stderr]    Compiling num_cpus v1.16.0
[INFO] [stderr]    Compiling socket2 v0.5.5
[INFO] [stderr]    Compiling mio v0.8.10
[INFO] [stderr]    Compiling indexmap v2.1.0
[INFO] [stderr]    Compiling cc v1.0.83
[INFO] [stderr]    Compiling unicode-normalization v0.1.22
[INFO] [stderr]    Compiling unicode-bidi v0.3.14
[INFO] [stderr]    Compiling seq-macro v0.3.5
[INFO] [stderr]    Compiling anyhow v1.0.79
[INFO] [stderr]    Compiling dunce v1.0.4
[INFO] [stderr]    Compiling heck v0.4.1
[INFO] [stderr]    Compiling winnow v0.5.32
[INFO] [stderr]    Compiling json-deserializer v0.4.4
[INFO] [stderr]    Compiling chrono v0.4.31
[INFO] [stderr]    Compiling lexical-core v0.8.5
[INFO] [stderr]    Compiling idna v0.5.0
[INFO] [stderr]    Compiling rand_core v0.6.4
[INFO] [stderr]    Compiling flate2 v1.0.28
[INFO] [stderr]    Compiling simdutf8 v0.1.4
[INFO] [stderr]    Compiling dyn-clone v1.0.16
[INFO] [stderr]    Compiling foreign_vec v0.1.0
[INFO] [stderr]    Compiling ethnum v1.5.0
[INFO] [stderr]    Compiling streaming-iterator v0.1.9
[INFO] [stderr]    Compiling hash_hasher v2.0.3
[INFO] [stderr]    Compiling rand_chacha v0.3.1
[INFO] [stderr]    Compiling rustls-pemfile v1.0.4
[INFO] [stderr]    Compiling webpki-roots v0.25.3
[INFO] [stderr]    Compiling ipnet v2.9.0
[INFO] [stderr]    Compiling xxhash-rust v0.8.8
[INFO] [stderr]    Compiling fastrange-rs v0.1.0
[INFO] [stderr]    Compiling rand v0.8.5
[INFO] [stderr]    Compiling capnpc v0.18.0
[INFO] [stderr]    Compiling ring v0.17.7
[INFO] [stderr]    Compiling zstd-sys v2.0.9+zstd.1.5.5
[INFO] [stderr]    Compiling lz4-sys v1.9.4
[INFO] [stderr]    Compiling derive_more v0.99.17
[INFO] [stderr]    Compiling syn-solidity v0.5.4
[INFO] [stderr]    Compiling alloy-sol-type-parser v0.5.4
[INFO] [stderr]    Compiling skar-net-types v0.1.2
[INFO] [stderr]    Compiling serde_derive v1.0.194
[INFO] [stderr]    Compiling futures-macro v0.3.30
[INFO] [stderr]    Compiling async-trait v0.1.77
[INFO] [stderr]    Compiling async-stream-impl v0.3.5
[INFO] [stderr]    Compiling thiserror-impl v1.0.56
[INFO] [stderr]    Compiling bytemuck_derive v1.5.0
[INFO] [stderr]    Compiling async-stream v0.3.5
[INFO] [stderr]    Compiling futures-util v0.3.30
[INFO] [stderr]    Compiling sct v0.7.1
[INFO] [stderr]    Compiling rustls-webpki v0.101.7
[INFO] [stderr]    Compiling bytemuck v1.14.0
[INFO] [stderr]    Compiling alloy-sol-macro v0.5.4
[INFO] [stderr]    Compiling serde v1.0.194
[INFO] [stderr]    Compiling zstd v0.12.4
[INFO] [stderr]    Compiling futures-executor v0.3.30
[INFO] [stderr]    Compiling lz4 v1.24.0
[INFO] [stderr]    Compiling futures v0.3.30
[INFO] [stderr]    Compiling parquet-format-safe v0.2.4
[INFO] [stderr]    Compiling bytes v1.5.0
[INFO] [stderr]    Compiling ruint v1.11.1
[INFO] [stderr]    Compiling arrayvec v0.7.4
[INFO] [stderr]    Compiling faster-hex v0.9.0
[INFO] [stderr]    Compiling arrow-format v0.8.1
[INFO] [stderr]    Compiling serde_json v1.0.111
[INFO] [stderr]    Compiling serde_urlencoded v0.7.1
[INFO] [stderr]    Compiling url v2.5.0
[INFO] [stderr]    Compiling skar-format v0.2.1
[INFO] [stderr]    Compiling skar-format v0.1.0
[INFO] [stderr]    Compiling tokio v1.35.1
[INFO] [stderr]    Compiling http v0.2.11
[INFO] [stderr]    Compiling alloy-primitives v0.5.4
[INFO] [stderr]    Compiling http-body v0.4.6
[INFO] [stderr]    Compiling alloy-json-abi v0.5.4
[INFO] [stderr]    Compiling alloy-sol-types v0.5.4
[INFO] [stderr]    Compiling parquet2 v0.17.2
[INFO] [stderr]    Compiling alloy-dyn-abi v0.5.4
[INFO] [stderr]    Compiling tokio-util v0.7.10
[INFO] [stderr]    Compiling tokio-rustls v0.24.1
[INFO] [stderr]    Compiling async-compression v0.4.5
[INFO] [stderr]    Compiling h2 v0.3.22
[INFO] [stderr]    Compiling hyper v0.14.28
[INFO] [stderr]    Compiling hyper-rustls v0.24.2
[INFO] [stderr]    Compiling reqwest v0.11.23
[INFO] [stderr]    Compiling skar-schema v0.1.0
[INFO] [stderr]    Compiling skar-client v0.5.0 (/opt/rustwide/workdir)
[INFO] [stderr]     Finished dev [unoptimized + debuginfo] target(s) in 26.19s
[INFO] running `Command { std: "docker" "inspect" "61b9a130ff681d80ef97e0fc0241e815d36592f5dbe473c5e23945e76c8c3daf", kill_on_drop: false }`
[INFO] running `Command { std: "docker" "rm" "-f" "61b9a130ff681d80ef97e0fc0241e815d36592f5dbe473c5e23945e76c8c3daf", kill_on_drop: false }`
[INFO] [stdout] 61b9a130ff681d80ef97e0fc0241e815d36592f5dbe473c5e23945e76c8c3daf
[INFO] running `Command { std: "docker" "create" "-v" "/var/lib/crater-agent-workspace/builds/worker-5-tc1/target:/opt/rustwide/target:rw,Z" "-v" "/var/lib/crater-agent-workspace/builds/worker-5-tc1/source:/opt/rustwide/workdir:ro,Z" "-v" "/var/lib/crater-agent-workspace/cargo-home:/opt/rustwide/cargo-home:ro,Z" "-v" "/var/lib/crater-agent-workspace/rustup-home:/opt/rustwide/rustup-home:ro,Z" "-e" "SOURCE_DIR=/opt/rustwide/workdir" "-e" "CARGO_TARGET_DIR=/opt/rustwide/target" "-e" "CARGO_INCREMENTAL=0" "-e" "RUST_BACKTRACE=full" "-e" "RUSTFLAGS=--cap-lints=warn" "-e" "RUSTDOCFLAGS=--cap-lints=warn" "-e" "CARGO_HOME=/opt/rustwide/cargo-home" "-e" "RUSTUP_HOME=/opt/rustwide/rustup-home" "-w" "/opt/rustwide/workdir" "-m" "1610612736" "--user" "0:0" "--network" "none" "ghcr.io/rust-lang/crates-build-env/linux@sha256:2788e3201cd34a07e3172128adcd8b3090168a8e3bcc40d7c032b9dda1df7d1c" "/opt/rustwide/cargo-home/bin/cargo" "+1.75.0" "test" "--frozen" "--no-run" "--message-format=json", kill_on_drop: false }`
[INFO] [stdout] 4d9e986d8625b0f07638b18f02044795d9d920c8d467e7e9fd2480c9eb8060f4
[INFO] running `Command { std: "docker" "start" "-a" "4d9e986d8625b0f07638b18f02044795d9d920c8d467e7e9fd2480c9eb8060f4", kill_on_drop: false }`
[INFO] [stderr]    Compiling maplit v1.0.2
[INFO] [stderr]    Compiling skar-client v0.5.0 (/opt/rustwide/workdir)
[INFO] [stdout] error[E0433]: failed to resolve: could not find `test` in `tokio`
[INFO] [stdout]  --> tests/api_test.rs:8:10
[INFO] [stdout]   |
[INFO] [stdout] 8 | #[tokio::test(flavor = "multi_thread")]
[INFO] [stdout]   |          ^^^^ could not find `test` in `tokio`
[INFO] [stdout] 
[INFO] [stdout] 
[INFO] [stdout] error[E0433]: failed to resolve: could not find `test` in `tokio`
[INFO] [stdout]   --> tests/api_test.rs:46:10
[INFO] [stdout]    |
[INFO] [stdout] 46 | #[tokio::test(flavor = "multi_thread")]
[INFO] [stdout]    |          ^^^^ could not find `test` in `tokio`
[INFO] [stdout] 
[INFO] [stdout] 
[INFO] [stdout] error[E0433]: failed to resolve: could not find `test` in `tokio`
[INFO] [stdout]   --> tests/api_test.rs:85:10
[INFO] [stdout]    |
[INFO] [stdout] 85 | #[tokio::test(flavor = "multi_thread")]
[INFO] [stdout]    |          ^^^^ could not find `test` in `tokio`
[INFO] [stdout] 
[INFO] [stdout] 
[INFO] [stdout] error[E0433]: failed to resolve: could not find `test` in `tokio`
[INFO] [stdout]    --> tests/api_test.rs:122:10
[INFO] [stdout]     |
[INFO] [stdout] 122 | #[tokio::test(flavor = "multi_thread")]
[INFO] [stdout]     |          ^^^^ could not find `test` in `tokio`
[INFO] [stdout] 
[INFO] [stdout] 
[INFO] [stdout] error[E0433]: failed to resolve: could not find `test` in `tokio`
[INFO] [stdout]    --> tests/api_test.rs:187:10
[INFO] [stdout]     |
[INFO] [stdout] 187 | #[tokio::test(flavor = "multi_thread")]
[INFO] [stdout]     |          ^^^^ could not find `test` in `tokio`
[INFO] [stdout] 
[INFO] [stdout] 
[INFO] [stdout] error[E0061]: this function takes 1 argument but 2 arguments were supplied
[INFO] [stdout]   --> tests/api_test.rs:11:18
[INFO] [stdout]    |
[INFO] [stdout] 11 |       let client = Client::new(
[INFO] [stdout]    |                    ^^^^^^^^^^^
[INFO] [stdout] ...
[INFO] [stdout] 16 |           },
[INFO] [stdout]    |  __________-
[INFO] [stdout] 17 | |         None,
[INFO] [stdout]    | |         ----
[INFO] [stdout]    | |_________|__|
[INFO] [stdout]    |           |  help: remove the extra argument
[INFO] [stdout]    |           unexpected argument of type `Option<_>`
[INFO] [stdout]    |
[INFO] [stdout] note: associated function defined here
[INFO] [stdout]   --> /opt/rustwide/workdir/src/lib.rs:28:12
[INFO] [stdout]    |
[INFO] [stdout] 28 |     pub fn new(cfg: Config) -> Result<Self> {
[INFO] [stdout]    |            ^^^
[INFO] [stdout] 
[INFO] [stdout] 
[INFO] [stdout] error[E0061]: this function takes 1 argument but 2 arguments were supplied
[INFO] [stdout]   --> tests/api_test.rs:49:18
[INFO] [stdout]    |
[INFO] [stdout] 49 |       let client = Client::new(
[INFO] [stdout]    |                    ^^^^^^^^^^^
[INFO] [stdout] ...
[INFO] [stdout] 54 |           },
[INFO] [stdout]    |  __________-
[INFO] [stdout] 55 | |         None,
[INFO] [stdout]    | |         ----
[INFO] [stdout]    | |_________|__|
[INFO] [stdout]    |           |  help: remove the extra argument
[INFO] [stdout]    |           unexpected argument of type `Option<_>`
[INFO] [stdout]    |
[INFO] [stdout] note: associated function defined here
[INFO] [stdout]   --> /opt/rustwide/workdir/src/lib.rs:28:12
[INFO] [stdout]    |
[INFO] [stdout] 28 |     pub fn new(cfg: Config) -> Result<Self> {
[INFO] [stdout]    |            ^^^
[INFO] [stdout] 
[INFO] [stdout] 
[INFO] [stdout] error[E0061]: this function takes 1 argument but 2 arguments were supplied
[INFO] [stdout]   --> tests/api_test.rs:88:18
[INFO] [stdout]    |
[INFO] [stdout] 88 |       let client = Client::new(
[INFO] [stdout]    |                    ^^^^^^^^^^^
[INFO] [stdout] ...
[INFO] [stdout] 93 |           },
[INFO] [stdout]    |  __________-
[INFO] [stdout] 94 | |         None,
[INFO] [stdout]    | |         ----
[INFO] [stdout]    | |_________|__|
[INFO] [stdout]    |           |  help: remove the extra argument
[INFO] [stdout]    |           unexpected argument of type `Option<_>`
[INFO] [stdout]    |
[INFO] [stdout] note: associated function defined here
[INFO] [stdout]   --> /opt/rustwide/workdir/src/lib.rs:28:12
[INFO] [stdout]    |
[INFO] [stdout] 28 |     pub fn new(cfg: Config) -> Result<Self> {
[INFO] [stdout]    |            ^^^
[INFO] [stdout] 
[INFO] [stdout] 
[INFO] [stdout] error[E0061]: this function takes 1 argument but 2 arguments were supplied
[INFO] [stdout]    --> tests/api_test.rs:125:18
[INFO] [stdout]     |
[INFO] [stdout] 125 |       let client = Client::new(
[INFO] [stdout]     |                    ^^^^^^^^^^^
[INFO] [stdout] ...
[INFO] [stdout] 130 |           },
[INFO] [stdout]     |  __________-
[INFO] [stdout] 131 | |         None,
[INFO] [stdout]     | |         ----
[INFO] [stdout]     | |_________|__|
[INFO] [stdout]     |           |  help: remove the extra argument
[INFO] [stdout]     |           unexpected argument of type `Option<_>`
[INFO] [stdout]     |
[INFO] [stdout] note: associated function defined here
[INFO] [stdout]    --> /opt/rustwide/workdir/src/lib.rs:28:12
[INFO] [stdout]     |
[INFO] [stdout] 28  |     pub fn new(cfg: Config) -> Result<Self> {
[INFO] [stdout]     |            ^^^
[INFO] [stdout] 
[INFO] [stdout] 
[INFO] [stdout] error[E0599]: no function or associated item named `new_from_abi_paths` found for struct `Client` in the current scope
[INFO] [stdout]    --> tests/api_test.rs:193:26
[INFO] [stdout]     |
[INFO] [stdout] 193 |     let client = Client::new_from_abi_paths(
[INFO] [stdout]     |                          ^^^^^^^^^^^^^^^^^^ function or associated item not found in `Client`
[INFO] [stdout]     |
[INFO] [stdout] note: if you're trying to build a new `Client`, consider using `Client::new` which returns `Result<Client, anyhow::Error>`
[INFO] [stdout]    --> /opt/rustwide/workdir/src/lib.rs:28:5
[INFO] [stdout]     |
[INFO] [stdout] 28  |     pub fn new(cfg: Config) -> Result<Self> {
[INFO] [stdout]     |     ^^^^^^^^^^^^^^^^^^^^^^^^^^^^^^^^^^^^^^^
[INFO] [stdout] 
[INFO] [stdout] 
[INFO] [stdout] error: aborting due to 10 previous errors
[INFO] [stdout] 
[INFO] [stdout] 
[INFO] [stdout] Some errors have detailed explanations: E0061, E0433, E0599.
[INFO] [stdout] 
[INFO] [stdout] For more information about an error, try `rustc --explain E0061`.
[INFO] [stdout] 
[INFO] [stderr] error: could not compile `skar-client` (test "api_test") due to 11 previous errors
[INFO] [stderr] warning: build failed, waiting for other jobs to finish...
[INFO] running `Command { std: "docker" "inspect" "4d9e986d8625b0f07638b18f02044795d9d920c8d467e7e9fd2480c9eb8060f4", kill_on_drop: false }`
[INFO] running `Command { std: "docker" "rm" "-f" "4d9e986d8625b0f07638b18f02044795d9d920c8d467e7e9fd2480c9eb8060f4", kill_on_drop: false }`
[INFO] [stdout] 4d9e986d8625b0f07638b18f02044795d9d920c8d467e7e9fd2480c9eb8060f4
[INFO] testing skar-client-0.5.0 against beta-2023-12-22 for beta-1.76-1
[INFO] extracting crate skar-client 0.5.0 into /workspace/builds/worker-5-tc2/source
[INFO] validating manifest of crates.io crate skar-client 0.5.0 on toolchain beta-2023-12-22
[INFO] running `Command { std: CARGO_HOME="/workspace/cargo-home" RUSTUP_HOME="/workspace/rustup-home" "/workspace/cargo-home/bin/cargo" "+beta-2023-12-22" "metadata" "--manifest-path" "Cargo.toml" "--no-deps", kill_on_drop: false }`
[INFO] started tweaking crates.io crate skar-client 0.5.0
[INFO] finished tweaking crates.io crate skar-client 0.5.0
[INFO] tweaked toml for crates.io crate skar-client 0.5.0 written to /workspace/builds/worker-5-tc2/source/Cargo.toml
[INFO] running `Command { std: CARGO_HOME="/workspace/cargo-home" RUSTUP_HOME="/workspace/rustup-home" "/workspace/cargo-home/bin/cargo" "+beta-2023-12-22" "generate-lockfile" "--manifest-path" "Cargo.toml", kill_on_drop: false }`
[INFO] [stderr]     Updating crates.io index
[INFO] running `Command { std: CARGO_HOME="/workspace/cargo-home" RUSTUP_HOME="/workspace/rustup-home" "/workspace/cargo-home/bin/cargo" "+beta-2023-12-22" "fetch" "--manifest-path" "Cargo.toml", kill_on_drop: false }`
[INFO] running `Command { std: "docker" "create" "-v" "/var/lib/crater-agent-workspace/builds/worker-5-tc2/target:/opt/rustwide/target:rw,Z" "-v" "/var/lib/crater-agent-workspace/builds/worker-5-tc2/source:/opt/rustwide/workdir:ro,Z" "-v" "/var/lib/crater-agent-workspace/cargo-home:/opt/rustwide/cargo-home:ro,Z" "-v" "/var/lib/crater-agent-workspace/rustup-home:/opt/rustwide/rustup-home:ro,Z" "-e" "SOURCE_DIR=/opt/rustwide/workdir" "-e" "CARGO_TARGET_DIR=/opt/rustwide/target" "-e" "CARGO_HOME=/opt/rustwide/cargo-home" "-e" "RUSTUP_HOME=/opt/rustwide/rustup-home" "-w" "/opt/rustwide/workdir" "-m" "1610612736" "--user" "0:0" "--network" "none" "ghcr.io/rust-lang/crates-build-env/linux@sha256:2788e3201cd34a07e3172128adcd8b3090168a8e3bcc40d7c032b9dda1df7d1c" "/opt/rustwide/cargo-home/bin/cargo" "+beta-2023-12-22" "metadata" "--no-deps" "--format-version=1", kill_on_drop: false }`
[INFO] [stdout] bf76c515d72c4ab01b845af6a6de7929ab5ea796f2c30b8d58a61d8e57afe04c
[INFO] running `Command { std: "docker" "start" "-a" "bf76c515d72c4ab01b845af6a6de7929ab5ea796f2c30b8d58a61d8e57afe04c", kill_on_drop: false }`
[INFO] running `Command { std: "docker" "inspect" "bf76c515d72c4ab01b845af6a6de7929ab5ea796f2c30b8d58a61d8e57afe04c", kill_on_drop: false }`
[INFO] running `Command { std: "docker" "rm" "-f" "bf76c515d72c4ab01b845af6a6de7929ab5ea796f2c30b8d58a61d8e57afe04c", kill_on_drop: false }`
[INFO] [stdout] bf76c515d72c4ab01b845af6a6de7929ab5ea796f2c30b8d58a61d8e57afe04c
[INFO] running `Command { std: "docker" "create" "-v" "/var/lib/crater-agent-workspace/builds/worker-5-tc2/target:/opt/rustwide/target:rw,Z" "-v" "/var/lib/crater-agent-workspace/builds/worker-5-tc2/source:/opt/rustwide/workdir:ro,Z" "-v" "/var/lib/crater-agent-workspace/cargo-home:/opt/rustwide/cargo-home:ro,Z" "-v" "/var/lib/crater-agent-workspace/rustup-home:/opt/rustwide/rustup-home:ro,Z" "-e" "SOURCE_DIR=/opt/rustwide/workdir" "-e" "CARGO_TARGET_DIR=/opt/rustwide/target" "-e" "CARGO_INCREMENTAL=0" "-e" "RUST_BACKTRACE=full" "-e" "RUSTFLAGS=--cap-lints=warn" "-e" "RUSTDOCFLAGS=--cap-lints=warn" "-e" "CARGO_HOME=/opt/rustwide/cargo-home" "-e" "RUSTUP_HOME=/opt/rustwide/rustup-home" "-w" "/opt/rustwide/workdir" "-m" "1610612736" "--user" "0:0" "--network" "none" "ghcr.io/rust-lang/crates-build-env/linux@sha256:2788e3201cd34a07e3172128adcd8b3090168a8e3bcc40d7c032b9dda1df7d1c" "/opt/rustwide/cargo-home/bin/cargo" "+beta-2023-12-22" "build" "--frozen" "--message-format=json", kill_on_drop: false }`
[INFO] [stdout] 89a588d279a00474afc6560fdc7e55f675376523cdfe1c1d01e4e0f1c1926713
[INFO] running `Command { std: "docker" "start" "-a" "89a588d279a00474afc6560fdc7e55f675376523cdfe1c1d01e4e0f1c1926713", kill_on_drop: false }`
[INFO] [stderr]    Compiling libc v0.2.151
[INFO] [stderr]    Compiling syn v1.0.109
[INFO] [stderr]    Compiling futures-io v0.3.30
[INFO] [stderr]    Compiling ahash v0.8.7
[INFO] [stderr]    Compiling zerocopy v0.7.32
[INFO] [stderr]    Compiling crunchy v0.2.2
[INFO] [stderr]    Compiling convert_case v0.4.0
[INFO] [stderr]    Compiling static_assertions v1.1.0
[INFO] [stderr]    Compiling semver v1.0.21
[INFO] [stderr]    Compiling untrusted v0.9.0
[INFO] [stderr]    Compiling tiny-keccak v2.0.2
[INFO] [stderr]    Compiling cpufeatures v0.2.12
[INFO] [stderr]    Compiling spin v0.9.8
[INFO] [stderr]    Compiling tracing-core v0.1.32
[INFO] [stderr]    Compiling syn v2.0.48
[INFO] [stderr]    Compiling proc-macro-error-attr v1.0.4
[INFO] [stderr]    Compiling lexical-util v0.8.5
[INFO] [stderr]    Compiling zstd-safe v6.0.6
[INFO] [stderr]    Compiling paste v1.0.14
[INFO] [stderr]    Compiling proc-macro-error v1.0.4
[INFO] [stderr]    Compiling indexmap v1.9.3
[INFO] [stderr]    Compiling num-traits v0.2.17
[INFO] [stderr]    Compiling thiserror v1.0.56
[INFO] [stderr]    Compiling ruint-macro v1.1.0
[INFO] [stderr]    Compiling crc32fast v1.3.2
[INFO] [stderr]    Compiling tinyvec_macros v0.1.1
[INFO] [stderr]    Compiling rustls v0.21.10
[INFO] [stderr]    Compiling tinyvec v1.6.0
[INFO] [stderr]    Compiling tracing v0.1.40
[INFO] [stderr]    Compiling rustc_version v0.4.0
[INFO] [stderr]    Compiling lexical-parse-integer v0.8.6
[INFO] [stderr]    Compiling lexical-write-integer v0.8.5
[INFO] [stderr]    Compiling base64 v0.21.5
[INFO] [stderr]    Compiling fallible-streaming-iterator v0.1.9
[INFO] [stderr]    Compiling hashbrown v0.14.3
[INFO] [stderr]    Compiling capnp v0.18.10
[INFO] [stderr]    Compiling hex-literal v0.4.1
[INFO] [stderr]    Compiling array-init-cursor v0.2.0
[INFO] [stderr]    Compiling hashbrown v0.12.3
[INFO] [stderr]    Compiling adler v1.0.2
[INFO] [stderr]    Compiling arrow2 v0.18.0
[INFO] [stderr]    Compiling lexical-write-float v0.8.5
[INFO] [stderr]    Compiling miniz_oxide v0.7.1
[INFO] [stderr]    Compiling planus v0.3.1
[INFO] [stderr]    Compiling jobserver v0.1.27
[INFO] [stderr]    Compiling getrandom v0.2.11
[INFO] [stderr]    Compiling mio v0.8.10
[INFO] [stderr]    Compiling socket2 v0.5.5
[INFO] [stderr]    Compiling num_cpus v1.16.0
[INFO] [stderr]    Compiling cc v1.0.83
[INFO] [stderr]    Compiling indexmap v2.1.0
[INFO] [stderr]    Compiling unicode-normalization v0.1.22
[INFO] [stderr]    Compiling lexical-parse-float v0.8.5
[INFO] [stderr]    Compiling streaming-decompression v0.1.2
[INFO] [stderr]    Compiling form_urlencoded v1.2.1
[INFO] [stderr]    Compiling const-hex v1.10.0
[INFO] [stderr]    Compiling heck v0.4.1
[INFO] [stderr]    Compiling dunce v1.0.4
[INFO] [stderr]    Compiling seq-macro v0.3.5
[INFO] [stderr]    Compiling unicode-bidi v0.3.14
[INFO] [stderr]    Compiling anyhow v1.0.79
[INFO] [stderr]    Compiling winnow v0.5.32
[INFO] [stderr]    Compiling lexical-core v0.8.5
[INFO] [stderr]    Compiling chrono v0.4.31
[INFO] [stderr]    Compiling json-deserializer v0.4.4
[INFO] [stderr]    Compiling flate2 v1.0.28
[INFO] [stderr]    Compiling rand_core v0.6.4
[INFO] [stderr]    Compiling dyn-clone v1.0.16
[INFO] [stderr]    Compiling simdutf8 v0.1.4
[INFO] [stderr]    Compiling streaming-iterator v0.1.9
[INFO] [stderr]    Compiling foreign_vec v0.1.0
[INFO] [stderr]    Compiling ethnum v1.5.0
[INFO] [stderr]    Compiling hash_hasher v2.0.3
[INFO] [stderr]    Compiling idna v0.5.0
[INFO] [stderr]    Compiling rand_chacha v0.3.1
[INFO] [stderr]    Compiling rustls-pemfile v1.0.4
[INFO] [stderr]    Compiling webpki-roots v0.25.3
[INFO] [stderr]    Compiling ipnet v2.9.0
[INFO] [stderr]    Compiling fastrange-rs v0.1.0
[INFO] [stderr]    Compiling capnpc v0.18.0
[INFO] [stderr]    Compiling rand v0.8.5
[INFO] [stderr]    Compiling xxhash-rust v0.8.8
[INFO] [stderr]    Compiling ring v0.17.7
[INFO] [stderr]    Compiling zstd-sys v2.0.9+zstd.1.5.5
[INFO] [stderr]    Compiling lz4-sys v1.9.4
[INFO] [stderr]    Compiling syn-solidity v0.5.4
[INFO] [stderr]    Compiling derive_more v0.99.17
[INFO] [stderr]    Compiling alloy-sol-type-parser v0.5.4
[INFO] [stderr]    Compiling skar-net-types v0.1.2
[INFO] [stderr]    Compiling serde_derive v1.0.194
[INFO] [stderr]    Compiling futures-macro v0.3.30
[INFO] [stderr]    Compiling async-stream-impl v0.3.5
[INFO] [stderr]    Compiling async-trait v0.1.77
[INFO] [stderr]    Compiling thiserror-impl v1.0.56
[INFO] [stderr]    Compiling bytemuck_derive v1.5.0
[INFO] [stderr]    Compiling async-stream v0.3.5
[INFO] [stderr]    Compiling futures-util v0.3.30
[INFO] [stderr]    Compiling bytemuck v1.14.0
[INFO] [stderr]    Compiling alloy-sol-macro v0.5.4
[INFO] [stderr]    Compiling serde v1.0.194
[INFO] [stderr]    Compiling sct v0.7.1
[INFO] [stderr]    Compiling rustls-webpki v0.101.7
[INFO] [stderr]    Compiling zstd v0.12.4
[INFO] [stderr]    Compiling futures-executor v0.3.30
[INFO] [stderr]    Compiling futures v0.3.30
[INFO] [stderr]    Compiling parquet-format-safe v0.2.4
[INFO] [stderr]    Compiling lz4 v1.24.0
[INFO] [stderr]    Compiling bytes v1.5.0
[INFO] [stderr]    Compiling ruint v1.11.1
[INFO] [stderr]    Compiling arrayvec v0.7.4
[INFO] [stderr]    Compiling faster-hex v0.9.0
[INFO] [stderr]    Compiling arrow-format v0.8.1
[INFO] [stderr]    Compiling serde_json v1.0.111
[INFO] [stderr]    Compiling serde_urlencoded v0.7.1
[INFO] [stderr]    Compiling url v2.5.0
[INFO] [stderr]    Compiling skar-format v0.2.1
[INFO] [stderr]    Compiling skar-format v0.1.0
[INFO] [stderr]    Compiling tokio v1.35.1
[INFO] [stderr]    Compiling http v0.2.11
[INFO] [stderr]    Compiling alloy-primitives v0.5.4
[INFO] [stderr]    Compiling http-body v0.4.6
[INFO] [stderr]    Compiling alloy-sol-types v0.5.4
[INFO] [stderr]    Compiling alloy-json-abi v0.5.4
[INFO] [stderr]    Compiling parquet2 v0.17.2
[INFO] [stderr]    Compiling alloy-dyn-abi v0.5.4
[INFO] [stderr]    Compiling tokio-util v0.7.10
[INFO] [stderr]    Compiling tokio-rustls v0.24.1
[INFO] [stderr]    Compiling async-compression v0.4.5
[INFO] [stderr]    Compiling h2 v0.3.22
[INFO] [stderr]    Compiling hyper v0.14.28
[INFO] [stderr]    Compiling hyper-rustls v0.24.2
[INFO] [stderr]    Compiling reqwest v0.11.23
[INFO] [stderr]    Compiling skar-schema v0.1.0
[INFO] [stderr]    Compiling skar-client v0.5.0 (/opt/rustwide/workdir)
[INFO] [stderr]     Finished dev [unoptimized + debuginfo] target(s) in 28.06s
[INFO] running `Command { std: "docker" "inspect" "89a588d279a00474afc6560fdc7e55f675376523cdfe1c1d01e4e0f1c1926713", kill_on_drop: false }`
[INFO] running `Command { std: "docker" "rm" "-f" "89a588d279a00474afc6560fdc7e55f675376523cdfe1c1d01e4e0f1c1926713", kill_on_drop: false }`
[INFO] [stdout] 89a588d279a00474afc6560fdc7e55f675376523cdfe1c1d01e4e0f1c1926713
[INFO] running `Command { std: "docker" "create" "-v" "/var/lib/crater-agent-workspace/builds/worker-5-tc2/target:/opt/rustwide/target:rw,Z" "-v" "/var/lib/crater-agent-workspace/builds/worker-5-tc2/source:/opt/rustwide/workdir:ro,Z" "-v" "/var/lib/crater-agent-workspace/cargo-home:/opt/rustwide/cargo-home:ro,Z" "-v" "/var/lib/crater-agent-workspace/rustup-home:/opt/rustwide/rustup-home:ro,Z" "-e" "SOURCE_DIR=/opt/rustwide/workdir" "-e" "CARGO_TARGET_DIR=/opt/rustwide/target" "-e" "CARGO_INCREMENTAL=0" "-e" "RUST_BACKTRACE=full" "-e" "RUSTFLAGS=--cap-lints=warn" "-e" "RUSTDOCFLAGS=--cap-lints=warn" "-e" "CARGO_HOME=/opt/rustwide/cargo-home" "-e" "RUSTUP_HOME=/opt/rustwide/rustup-home" "-w" "/opt/rustwide/workdir" "-m" "1610612736" "--user" "0:0" "--network" "none" "ghcr.io/rust-lang/crates-build-env/linux@sha256:2788e3201cd34a07e3172128adcd8b3090168a8e3bcc40d7c032b9dda1df7d1c" "/opt/rustwide/cargo-home/bin/cargo" "+beta-2023-12-22" "test" "--frozen" "--no-run" "--message-format=json", kill_on_drop: false }`
[INFO] [stdout] 2e537ce1734b89bdb11c2fd21e033512d15ff041e94ac0c4bb45f1e4aa74ea0f
[INFO] running `Command { std: "docker" "start" "-a" "2e537ce1734b89bdb11c2fd21e033512d15ff041e94ac0c4bb45f1e4aa74ea0f", kill_on_drop: false }`
[INFO] [stderr]    Compiling maplit v1.0.2
[INFO] [stderr]    Compiling skar-client v0.5.0 (/opt/rustwide/workdir)
[INFO] [stdout] error[E0433]: failed to resolve: could not find `test` in `tokio`
[INFO] [stdout]  --> tests/api_test.rs:8:10
[INFO] [stdout]   |
[INFO] [stdout] 8 | #[tokio::test(flavor = "multi_thread")]
[INFO] [stdout]   |          ^^^^ could not find `test` in `tokio`
[INFO] [stdout] 
[INFO] [stdout] 
[INFO] [stdout] error[E0433]: failed to resolve: could not find `test` in `tokio`
[INFO] [stdout]   --> tests/api_test.rs:46:10
[INFO] [stdout]    |
[INFO] [stdout] 46 | #[tokio::test(flavor = "multi_thread")]
[INFO] [stdout]    |          ^^^^ could not find `test` in `tokio`
[INFO] [stdout] 
[INFO] [stdout] 
[INFO] [stdout] error[E0433]: failed to resolve: could not find `test` in `tokio`
[INFO] [stdout]   --> tests/api_test.rs:85:10
[INFO] [stdout]    |
[INFO] [stdout] 85 | #[tokio::test(flavor = "multi_thread")]
[INFO] [stdout]    |          ^^^^ could not find `test` in `tokio`
[INFO] [stdout] 
[INFO] [stdout] 
[INFO] [stdout] error[E0433]: failed to resolve: could not find `test` in `tokio`
[INFO] [stdout]    --> tests/api_test.rs:122:10
[INFO] [stdout]     |
[INFO] [stdout] 122 | #[tokio::test(flavor = "multi_thread")]
[INFO] [stdout]     |          ^^^^ could not find `test` in `tokio`
[INFO] [stdout] 
[INFO] [stdout] 
[INFO] [stdout] error[E0433]: failed to resolve: could not find `test` in `tokio`
[INFO] [stdout]    --> tests/api_test.rs:187:10
[INFO] [stdout]     |
[INFO] [stdout] 187 | #[tokio::test(flavor = "multi_thread")]
[INFO] [stdout]     |          ^^^^ could not find `test` in `tokio`
[INFO] [stdout] 
[INFO] [stdout] 
[INFO] [stdout] error[E0061]: this function takes 1 argument but 2 arguments were supplied
[INFO] [stdout]   --> tests/api_test.rs:11:18
[INFO] [stdout]    |
[INFO] [stdout] 11 |       let client = Client::new(
[INFO] [stdout]    |                    ^^^^^^^^^^^
[INFO] [stdout] ...
[INFO] [stdout] 16 |           },
[INFO] [stdout]    |  __________-
[INFO] [stdout] 17 | |         None,
[INFO] [stdout]    | |         ----
[INFO] [stdout]    | |_________|__|
[INFO] [stdout]    |           |  help: remove the extra argument
[INFO] [stdout]    |           unexpected argument of type `Option<_>`
[INFO] [stdout]    |
[INFO] [stdout] note: associated function defined here
[INFO] [stdout]   --> /opt/rustwide/workdir/src/lib.rs:28:12
[INFO] [stdout]    |
[INFO] [stdout] 28 |     pub fn new(cfg: Config) -> Result<Self> {
[INFO] [stdout]    |            ^^^
[INFO] [stdout] 
[INFO] [stdout] 
[INFO] [stdout] error[E0061]: this function takes 1 argument but 2 arguments were supplied
[INFO] [stdout]   --> tests/api_test.rs:49:18
[INFO] [stdout]    |
[INFO] [stdout] 49 |       let client = Client::new(
[INFO] [stdout]    |                    ^^^^^^^^^^^
[INFO] [stdout] ...
[INFO] [stdout] 54 |           },
[INFO] [stdout]    |  __________-
[INFO] [stdout] 55 | |         None,
[INFO] [stdout]    | |         ----
[INFO] [stdout]    | |_________|__|
[INFO] [stdout]    |           |  help: remove the extra argument
[INFO] [stdout]    |           unexpected argument of type `Option<_>`
[INFO] [stdout]    |
[INFO] [stdout] note: associated function defined here
[INFO] [stdout]   --> /opt/rustwide/workdir/src/lib.rs:28:12
[INFO] [stdout]    |
[INFO] [stdout] 28 |     pub fn new(cfg: Config) -> Result<Self> {
[INFO] [stdout]    |            ^^^
[INFO] [stdout] 
[INFO] [stdout] 
[INFO] [stdout] error[E0061]: this function takes 1 argument but 2 arguments were supplied
[INFO] [stdout]   --> tests/api_test.rs:88:18
[INFO] [stdout]    |
[INFO] [stdout] 88 |       let client = Client::new(
[INFO] [stdout]    |                    ^^^^^^^^^^^
[INFO] [stdout] ...
[INFO] [stdout] 93 |           },
[INFO] [stdout]    |  __________-
[INFO] [stdout] 94 | |         None,
[INFO] [stdout]    | |         ----
[INFO] [stdout]    | |_________|__|
[INFO] [stdout]    |           |  help: remove the extra argument
[INFO] [stdout]    |           unexpected argument of type `Option<_>`
[INFO] [stdout]    |
[INFO] [stdout] note: associated function defined here
[INFO] [stdout]   --> /opt/rustwide/workdir/src/lib.rs:28:12
[INFO] [stdout]    |
[INFO] [stdout] 28 |     pub fn new(cfg: Config) -> Result<Self> {
[INFO] [stdout]    |            ^^^
[INFO] [stdout] 
[INFO] [stdout] 
[INFO] [stdout] error[E0061]: this function takes 1 argument but 2 arguments were supplied
[INFO] [stdout]    --> tests/api_test.rs:125:18
[INFO] [stdout]     |
[INFO] [stdout] 125 |       let client = Client::new(
[INFO] [stdout]     |                    ^^^^^^^^^^^
[INFO] [stdout] ...
[INFO] [stdout] 130 |           },
[INFO] [stdout]     |  __________-
[INFO] [stdout] 131 | |         None,
[INFO] [stdout]     | |         ----
[INFO] [stdout]     | |_________|__|
[INFO] [stdout]     |           |  help: remove the extra argument
[INFO] [stdout]     |           unexpected argument of type `Option<_>`
[INFO] [stdout]     |
[INFO] [stdout] note: associated function defined here
[INFO] [stdout]    --> /opt/rustwide/workdir/src/lib.rs:28:12
[INFO] [stdout]     |
[INFO] [stdout] 28  |     pub fn new(cfg: Config) -> Result<Self> {
[INFO] [stdout]     |            ^^^
[INFO] [stdout] 
[INFO] [stdout] 
[INFO] [stdout] error[E0599]: no function or associated item named `new_from_abi_paths` found for struct `Client` in the current scope
[INFO] [stdout]    --> tests/api_test.rs:193:26
[INFO] [stdout]     |
[INFO] [stdout] 193 |     let client = Client::new_from_abi_paths(
[INFO] [stdout]     |                          ^^^^^^^^^^^^^^^^^^ function or associated item not found in `Client`
[INFO] [stdout]     |
[INFO] [stdout] note: if you're trying to build a new `Client`, consider using `Client::new` which returns `Result<Client, anyhow::Error>`
[INFO] [stdout]    --> /opt/rustwide/workdir/src/lib.rs:28:5
[INFO] [stdout]     |
[INFO] [stdout] 28  |     pub fn new(cfg: Config) -> Result<Self> {
[INFO] [stdout]     |     ^^^^^^^^^^^^^^^^^^^^^^^^^^^^^^^^^^^^^^^
[INFO] [stdout] 
[INFO] [stdout] 
[INFO] [stdout] error: aborting due to 10 previous errors
[INFO] [stdout] 
[INFO] [stdout] 
[INFO] [stdout] Some errors have detailed explanations: E0061, E0433, E0599.
[INFO] [stdout] 
[INFO] [stdout] For more information about an error, try `rustc --explain E0061`.
[INFO] [stdout] 
[INFO] [stderr] error: could not compile `skar-client` (test "api_test") due to 11 previous errors
[INFO] [stderr] warning: build failed, waiting for other jobs to finish...
[INFO] running `Command { std: "docker" "inspect" "2e537ce1734b89bdb11c2fd21e033512d15ff041e94ac0c4bb45f1e4aa74ea0f", kill_on_drop: false }`
[INFO] running `Command { std: "docker" "rm" "-f" "2e537ce1734b89bdb11c2fd21e033512d15ff041e94ac0c4bb45f1e4aa74ea0f", kill_on_drop: false }`
[INFO] [stdout] 2e537ce1734b89bdb11c2fd21e033512d15ff041e94ac0c4bb45f1e4aa74ea0f
