[INFO] fetching crate simple_config 0.129.0...
[INFO] testing simple_config-0.129.0 against 1.75.0 for beta-1.76-1
[INFO] extracting crate simple_config 0.129.0 into /workspace/builds/worker-4-tc1/source
[INFO] validating manifest of crates.io crate simple_config 0.129.0 on toolchain 1.75.0
[INFO] running `Command { std: CARGO_HOME="/workspace/cargo-home" RUSTUP_HOME="/workspace/rustup-home" "/workspace/cargo-home/bin/cargo" "+1.75.0" "metadata" "--manifest-path" "Cargo.toml" "--no-deps", kill_on_drop: false }`
[INFO] started tweaking crates.io crate simple_config 0.129.0
[INFO] removed 2 missing examples
[INFO] finished tweaking crates.io crate simple_config 0.129.0
[INFO] tweaked toml for crates.io crate simple_config 0.129.0 written to /workspace/builds/worker-4-tc1/source/Cargo.toml
[INFO] crate crates.io crate simple_config 0.129.0 already has a lockfile, it will not be regenerated
[INFO] running `Command { std: CARGO_HOME="/workspace/cargo-home" RUSTUP_HOME="/workspace/rustup-home" "/workspace/cargo-home/bin/cargo" "+1.75.0" "fetch" "--manifest-path" "Cargo.toml", kill_on_drop: false }`
[INFO] [stderr]     Updating crates.io index
[INFO] [stderr]  Downloading crates ...
[INFO] [stderr]   Downloaded buffered-reader v1.1.3
[INFO] running `Command { std: "docker" "create" "-v" "/var/lib/crater-agent-workspace/builds/worker-4-tc1/target:/opt/rustwide/target:rw,Z" "-v" "/var/lib/crater-agent-workspace/builds/worker-4-tc1/source:/opt/rustwide/workdir:ro,Z" "-v" "/var/lib/crater-agent-workspace/cargo-home:/opt/rustwide/cargo-home:ro,Z" "-v" "/var/lib/crater-agent-workspace/rustup-home:/opt/rustwide/rustup-home:ro,Z" "-e" "SOURCE_DIR=/opt/rustwide/workdir" "-e" "CARGO_TARGET_DIR=/opt/rustwide/target" "-e" "CARGO_HOME=/opt/rustwide/cargo-home" "-e" "RUSTUP_HOME=/opt/rustwide/rustup-home" "-w" "/opt/rustwide/workdir" "-m" "1610612736" "--user" "0:0" "--network" "none" "ghcr.io/rust-lang/crates-build-env/linux@sha256:2788e3201cd34a07e3172128adcd8b3090168a8e3bcc40d7c032b9dda1df7d1c" "/opt/rustwide/cargo-home/bin/cargo" "+1.75.0" "metadata" "--no-deps" "--format-version=1", kill_on_drop: false }`
[INFO] [stdout] c42102ffe0d59f6fad4d8adefc0a1edb761447f550e6bfbd46e82ccc92ceca47
[INFO] running `Command { std: "docker" "start" "-a" "c42102ffe0d59f6fad4d8adefc0a1edb761447f550e6bfbd46e82ccc92ceca47", kill_on_drop: false }`
[INFO] running `Command { std: "docker" "inspect" "c42102ffe0d59f6fad4d8adefc0a1edb761447f550e6bfbd46e82ccc92ceca47", kill_on_drop: false }`
[INFO] running `Command { std: "docker" "rm" "-f" "c42102ffe0d59f6fad4d8adefc0a1edb761447f550e6bfbd46e82ccc92ceca47", kill_on_drop: false }`
[INFO] [stdout] c42102ffe0d59f6fad4d8adefc0a1edb761447f550e6bfbd46e82ccc92ceca47
[INFO] running `Command { std: "docker" "create" "-v" "/var/lib/crater-agent-workspace/builds/worker-4-tc1/target:/opt/rustwide/target:rw,Z" "-v" "/var/lib/crater-agent-workspace/builds/worker-4-tc1/source:/opt/rustwide/workdir:ro,Z" "-v" "/var/lib/crater-agent-workspace/cargo-home:/opt/rustwide/cargo-home:ro,Z" "-v" "/var/lib/crater-agent-workspace/rustup-home:/opt/rustwide/rustup-home:ro,Z" "-e" "SOURCE_DIR=/opt/rustwide/workdir" "-e" "CARGO_TARGET_DIR=/opt/rustwide/target" "-e" "CARGO_INCREMENTAL=0" "-e" "RUST_BACKTRACE=full" "-e" "RUSTFLAGS=--cap-lints=warn" "-e" "RUSTDOCFLAGS=--cap-lints=warn" "-e" "CARGO_HOME=/opt/rustwide/cargo-home" "-e" "RUSTUP_HOME=/opt/rustwide/rustup-home" "-w" "/opt/rustwide/workdir" "-m" "1610612736" "--user" "0:0" "--network" "none" "ghcr.io/rust-lang/crates-build-env/linux@sha256:2788e3201cd34a07e3172128adcd8b3090168a8e3bcc40d7c032b9dda1df7d1c" "/opt/rustwide/cargo-home/bin/cargo" "+1.75.0" "build" "--frozen" "--message-format=json", kill_on_drop: false }`
[INFO] [stdout] 83fca041f605c83d692cb48a381915992df242e101dc43bbd7f915b1cff6bf1e
[INFO] running `Command { std: "docker" "start" "-a" "83fca041f605c83d692cb48a381915992df242e101dc43bbd7f915b1cff6bf1e", kill_on_drop: false }`
[INFO] [stderr]    Compiling proc-macro2 v1.0.40
[INFO] [stderr]    Compiling pkg-config v0.3.25
[INFO] [stderr]    Compiling quote v1.0.20
[INFO] [stderr]    Compiling unicode-ident v1.0.2
[INFO] [stderr]    Compiling libc v0.2.126
[INFO] [stderr]    Compiling cc v1.0.73
[INFO] [stderr]    Compiling crc32fast v1.3.2
[INFO] [stderr]    Compiling syn v1.0.98
[INFO] [stderr]    Compiling adler v1.0.2
[INFO] [stderr]    Compiling memchr v2.5.0
[INFO] [stderr]    Compiling serde v1.0.139
[INFO] [stderr]    Compiling regex-automata v0.1.10
[INFO] [stderr]    Compiling miniz_oxide v0.5.3
[INFO] [stderr]    Compiling flate2 v1.0.24
[INFO] [stderr]    Compiling bstr v0.2.17
[INFO] [stderr]    Compiling bzip2-sys v0.1.11+1.0.8
[INFO] [stderr]    Compiling bzip2 v0.4.3
[INFO] [stderr]    Compiling buffered-reader v1.1.3
[INFO] [stderr]    Compiling thiserror-impl v1.0.31
[INFO] [stderr]    Compiling thiserror v1.0.31
[INFO] [stderr]    Compiling simple_config v0.129.0 (/opt/rustwide/workdir)
[INFO] [stderr]     Finished dev [unoptimized + debuginfo] target(s) in 3.13s
[INFO] running `Command { std: "docker" "inspect" "83fca041f605c83d692cb48a381915992df242e101dc43bbd7f915b1cff6bf1e", kill_on_drop: false }`
[INFO] running `Command { std: "docker" "rm" "-f" "83fca041f605c83d692cb48a381915992df242e101dc43bbd7f915b1cff6bf1e", kill_on_drop: false }`
[INFO] [stdout] 83fca041f605c83d692cb48a381915992df242e101dc43bbd7f915b1cff6bf1e
[INFO] running `Command { std: "docker" "create" "-v" "/var/lib/crater-agent-workspace/builds/worker-4-tc1/target:/opt/rustwide/target:rw,Z" "-v" "/var/lib/crater-agent-workspace/builds/worker-4-tc1/source:/opt/rustwide/workdir:ro,Z" "-v" "/var/lib/crater-agent-workspace/cargo-home:/opt/rustwide/cargo-home:ro,Z" "-v" "/var/lib/crater-agent-workspace/rustup-home:/opt/rustwide/rustup-home:ro,Z" "-e" "SOURCE_DIR=/opt/rustwide/workdir" "-e" "CARGO_TARGET_DIR=/opt/rustwide/target" "-e" "CARGO_INCREMENTAL=0" "-e" "RUST_BACKTRACE=full" "-e" "RUSTFLAGS=--cap-lints=warn" "-e" "RUSTDOCFLAGS=--cap-lints=warn" "-e" "CARGO_HOME=/opt/rustwide/cargo-home" "-e" "RUSTUP_HOME=/opt/rustwide/rustup-home" "-w" "/opt/rustwide/workdir" "-m" "1610612736" "--user" "0:0" "--network" "none" "ghcr.io/rust-lang/crates-build-env/linux@sha256:2788e3201cd34a07e3172128adcd8b3090168a8e3bcc40d7c032b9dda1df7d1c" "/opt/rustwide/cargo-home/bin/cargo" "+1.75.0" "test" "--frozen" "--no-run" "--message-format=json", kill_on_drop: false }`
[INFO] [stdout] 173d300704836033cc5fef82140640837211c7c709652e8cb48aceac83fce9ba
[INFO] running `Command { std: "docker" "start" "-a" "173d300704836033cc5fef82140640837211c7c709652e8cb48aceac83fce9ba", kill_on_drop: false }`
[INFO] [stderr]    Compiling syn v1.0.98
[INFO] [stderr]    Compiling serde_derive v1.0.139
[INFO] [stderr]    Compiling serde v1.0.139
[INFO] [stderr]    Compiling fnv v1.0.7
[INFO] [stderr]    Compiling ident_case v1.0.1
[INFO] [stderr]    Compiling strsim v0.10.0
[INFO] [stderr]    Compiling linked-hash-map v0.5.6
[INFO] [stderr]    Compiling indexmap v1.9.1
[INFO] [stderr]    Compiling hashbrown v0.12.3
[INFO] [stderr]    Compiling ryu v1.0.10
[INFO] [stderr]    Compiling yaml-rust v0.4.5
[INFO] [stderr]    Compiling darling_core v0.14.1
[INFO] [stderr]    Compiling thiserror-impl v1.0.31
[INFO] [stderr]    Compiling darling_macro v0.14.1
[INFO] [stderr]    Compiling thiserror v1.0.31
[INFO] [stderr]    Compiling darling v0.14.1
[INFO] [stderr]    Compiling serde_with_macros v2.0.0
[INFO] [stderr]    Compiling humantime-serde v1.1.1
[INFO] [stderr]    Compiling serde_yaml v0.8.26
[INFO] [stderr]    Compiling serde_with v2.0.0
[INFO] [stderr]    Compiling simple_config v0.129.0 (/opt/rustwide/workdir)
[INFO] [stdout] error[E0601]: `main` function not found in crate `gitlab_ci`
[INFO] [stdout]   --> examples/gitlab-ci/main.rs:63:2
[INFO] [stdout]    |
[INFO] [stdout] 63 | }
[INFO] [stdout]    |  ^ consider adding a `main` function to `examples/gitlab-ci/main.rs`
[INFO] [stdout] 
[INFO] [stdout] 
[INFO] [stdout] error[E0601]: `main` function not found in crate `github_workflow`
[INFO] [stdout]   --> examples/github-workflow/main.rs:86:2
[INFO] [stdout]    |
[INFO] [stdout] 86 | }
[INFO] [stdout]    |  ^ consider adding a `main` function to `examples/github-workflow/main.rs`
[INFO] [stdout] 
[INFO] [stdout] 
[INFO] [stdout] error: aborting due to previous error
[INFO] [stdout] 
[INFO] [stdout] 
[INFO] [stdout] For more information about this error, try `rustc --explain E0601`.
[INFO] [stdout] 
[INFO] [stderr] error: could not compile `simple_config` (example "gitlab-ci") due to 2 previous errors
[INFO] [stderr] warning: build failed, waiting for other jobs to finish...
[INFO] [stdout] error: aborting due to previous error
[INFO] [stdout] 
[INFO] [stdout] 
[INFO] [stdout] For more information about this error, try `rustc --explain E0601`.
[INFO] [stdout] 
[INFO] [stderr] error: could not compile `simple_config` (example "github-workflow") due to 2 previous errors
[INFO] running `Command { std: "docker" "inspect" "173d300704836033cc5fef82140640837211c7c709652e8cb48aceac83fce9ba", kill_on_drop: false }`
[INFO] running `Command { std: "docker" "rm" "-f" "173d300704836033cc5fef82140640837211c7c709652e8cb48aceac83fce9ba", kill_on_drop: false }`
[INFO] [stdout] 173d300704836033cc5fef82140640837211c7c709652e8cb48aceac83fce9ba
[INFO] testing simple_config-0.129.0 against beta-2023-12-22 for beta-1.76-1
[INFO] extracting crate simple_config 0.129.0 into /workspace/builds/worker-4-tc2/source
[INFO] validating manifest of crates.io crate simple_config 0.129.0 on toolchain beta-2023-12-22
[INFO] running `Command { std: CARGO_HOME="/workspace/cargo-home" RUSTUP_HOME="/workspace/rustup-home" "/workspace/cargo-home/bin/cargo" "+beta-2023-12-22" "metadata" "--manifest-path" "Cargo.toml" "--no-deps", kill_on_drop: false }`
[INFO] started tweaking crates.io crate simple_config 0.129.0
[INFO] removed 2 missing examples
[INFO] finished tweaking crates.io crate simple_config 0.129.0
[INFO] tweaked toml for crates.io crate simple_config 0.129.0 written to /workspace/builds/worker-4-tc2/source/Cargo.toml
[INFO] crate crates.io crate simple_config 0.129.0 already has a lockfile, it will not be regenerated
[INFO] running `Command { std: CARGO_HOME="/workspace/cargo-home" RUSTUP_HOME="/workspace/rustup-home" "/workspace/cargo-home/bin/cargo" "+beta-2023-12-22" "fetch" "--manifest-path" "Cargo.toml", kill_on_drop: false }`
[INFO] running `Command { std: "docker" "create" "-v" "/var/lib/crater-agent-workspace/builds/worker-4-tc2/target:/opt/rustwide/target:rw,Z" "-v" "/var/lib/crater-agent-workspace/builds/worker-4-tc2/source:/opt/rustwide/workdir:ro,Z" "-v" "/var/lib/crater-agent-workspace/cargo-home:/opt/rustwide/cargo-home:ro,Z" "-v" "/var/lib/crater-agent-workspace/rustup-home:/opt/rustwide/rustup-home:ro,Z" "-e" "SOURCE_DIR=/opt/rustwide/workdir" "-e" "CARGO_TARGET_DIR=/opt/rustwide/target" "-e" "CARGO_HOME=/opt/rustwide/cargo-home" "-e" "RUSTUP_HOME=/opt/rustwide/rustup-home" "-w" "/opt/rustwide/workdir" "-m" "1610612736" "--user" "0:0" "--network" "none" "ghcr.io/rust-lang/crates-build-env/linux@sha256:2788e3201cd34a07e3172128adcd8b3090168a8e3bcc40d7c032b9dda1df7d1c" "/opt/rustwide/cargo-home/bin/cargo" "+beta-2023-12-22" "metadata" "--no-deps" "--format-version=1", kill_on_drop: false }`
[INFO] [stdout] b743f3eeea5044029fce90ac7a109120ac7cbfc2e530085290372720b9c5c803
[INFO] running `Command { std: "docker" "start" "-a" "b743f3eeea5044029fce90ac7a109120ac7cbfc2e530085290372720b9c5c803", kill_on_drop: false }`
[INFO] running `Command { std: "docker" "inspect" "b743f3eeea5044029fce90ac7a109120ac7cbfc2e530085290372720b9c5c803", kill_on_drop: false }`
[INFO] running `Command { std: "docker" "rm" "-f" "b743f3eeea5044029fce90ac7a109120ac7cbfc2e530085290372720b9c5c803", kill_on_drop: false }`
[INFO] [stdout] b743f3eeea5044029fce90ac7a109120ac7cbfc2e530085290372720b9c5c803
[INFO] running `Command { std: "docker" "create" "-v" "/var/lib/crater-agent-workspace/builds/worker-4-tc2/target:/opt/rustwide/target:rw,Z" "-v" "/var/lib/crater-agent-workspace/builds/worker-4-tc2/source:/opt/rustwide/workdir:ro,Z" "-v" "/var/lib/crater-agent-workspace/cargo-home:/opt/rustwide/cargo-home:ro,Z" "-v" "/var/lib/crater-agent-workspace/rustup-home:/opt/rustwide/rustup-home:ro,Z" "-e" "SOURCE_DIR=/opt/rustwide/workdir" "-e" "CARGO_TARGET_DIR=/opt/rustwide/target" "-e" "CARGO_INCREMENTAL=0" "-e" "RUST_BACKTRACE=full" "-e" "RUSTFLAGS=--cap-lints=warn" "-e" "RUSTDOCFLAGS=--cap-lints=warn" "-e" "CARGO_HOME=/opt/rustwide/cargo-home" "-e" "RUSTUP_HOME=/opt/rustwide/rustup-home" "-w" "/opt/rustwide/workdir" "-m" "1610612736" "--user" "0:0" "--network" "none" "ghcr.io/rust-lang/crates-build-env/linux@sha256:2788e3201cd34a07e3172128adcd8b3090168a8e3bcc40d7c032b9dda1df7d1c" "/opt/rustwide/cargo-home/bin/cargo" "+beta-2023-12-22" "build" "--frozen" "--message-format=json", kill_on_drop: false }`
[INFO] [stdout] c4dc74dfdad379073cd5c149d9537bf25cd456ba36d7a7479fd24f2e50fa6437
[INFO] running `Command { std: "docker" "start" "-a" "c4dc74dfdad379073cd5c149d9537bf25cd456ba36d7a7479fd24f2e50fa6437", kill_on_drop: false }`
[INFO] [stderr]    Compiling proc-macro2 v1.0.40
[INFO] [stderr]    Compiling quote v1.0.20
[INFO] [stderr]    Compiling libc v0.2.126
[INFO] [stderr]    Compiling cc v1.0.73
[INFO] [stderr]    Compiling unicode-ident v1.0.2
[INFO] [stderr]    Compiling pkg-config v0.3.25
[INFO] [stderr]    Compiling crc32fast v1.3.2
[INFO] [stderr]    Compiling syn v1.0.98
[INFO] [stderr]    Compiling adler v1.0.2
[INFO] [stderr]    Compiling memchr v2.5.0
[INFO] [stderr]    Compiling serde v1.0.139
[INFO] [stderr]    Compiling regex-automata v0.1.10
[INFO] [stderr]    Compiling miniz_oxide v0.5.3
[INFO] [stderr]    Compiling flate2 v1.0.24
[INFO] [stderr]    Compiling bzip2-sys v0.1.11+1.0.8
[INFO] [stderr]    Compiling bstr v0.2.17
[INFO] [stderr]    Compiling bzip2 v0.4.3
[INFO] [stderr]    Compiling buffered-reader v1.1.3
[INFO] [stderr]    Compiling thiserror-impl v1.0.31
[INFO] [stderr]    Compiling thiserror v1.0.31
[INFO] [stderr]    Compiling simple_config v0.129.0 (/opt/rustwide/workdir)
[INFO] [stderr]     Finished dev [unoptimized + debuginfo] target(s) in 3.36s
[INFO] running `Command { std: "docker" "inspect" "c4dc74dfdad379073cd5c149d9537bf25cd456ba36d7a7479fd24f2e50fa6437", kill_on_drop: false }`
[INFO] running `Command { std: "docker" "rm" "-f" "c4dc74dfdad379073cd5c149d9537bf25cd456ba36d7a7479fd24f2e50fa6437", kill_on_drop: false }`
[INFO] [stdout] c4dc74dfdad379073cd5c149d9537bf25cd456ba36d7a7479fd24f2e50fa6437
[INFO] running `Command { std: "docker" "create" "-v" "/var/lib/crater-agent-workspace/builds/worker-4-tc2/target:/opt/rustwide/target:rw,Z" "-v" "/var/lib/crater-agent-workspace/builds/worker-4-tc2/source:/opt/rustwide/workdir:ro,Z" "-v" "/var/lib/crater-agent-workspace/cargo-home:/opt/rustwide/cargo-home:ro,Z" "-v" "/var/lib/crater-agent-workspace/rustup-home:/opt/rustwide/rustup-home:ro,Z" "-e" "SOURCE_DIR=/opt/rustwide/workdir" "-e" "CARGO_TARGET_DIR=/opt/rustwide/target" "-e" "CARGO_INCREMENTAL=0" "-e" "RUST_BACKTRACE=full" "-e" "RUSTFLAGS=--cap-lints=warn" "-e" "RUSTDOCFLAGS=--cap-lints=warn" "-e" "CARGO_HOME=/opt/rustwide/cargo-home" "-e" "RUSTUP_HOME=/opt/rustwide/rustup-home" "-w" "/opt/rustwide/workdir" "-m" "1610612736" "--user" "0:0" "--network" "none" "ghcr.io/rust-lang/crates-build-env/linux@sha256:2788e3201cd34a07e3172128adcd8b3090168a8e3bcc40d7c032b9dda1df7d1c" "/opt/rustwide/cargo-home/bin/cargo" "+beta-2023-12-22" "test" "--frozen" "--no-run" "--message-format=json", kill_on_drop: false }`
[INFO] [stdout] 47c2941e807af19e33a37e39026f8aae9bdf151c1d71c606c40ed8d53151c836
[INFO] running `Command { std: "docker" "start" "-a" "47c2941e807af19e33a37e39026f8aae9bdf151c1d71c606c40ed8d53151c836", kill_on_drop: false }`
[INFO] [stderr]    Compiling syn v1.0.98
[INFO] [stderr]    Compiling serde_derive v1.0.139
[INFO] [stderr]    Compiling serde v1.0.139
[INFO] [stderr]    Compiling strsim v0.10.0
[INFO] [stderr]    Compiling fnv v1.0.7
[INFO] [stderr]    Compiling ident_case v1.0.1
[INFO] [stderr]    Compiling linked-hash-map v0.5.6
[INFO] [stderr]    Compiling indexmap v1.9.1
[INFO] [stderr]    Compiling hashbrown v0.12.3
[INFO] [stderr]    Compiling ryu v1.0.10
[INFO] [stderr]    Compiling yaml-rust v0.4.5
[INFO] [stderr]    Compiling darling_core v0.14.1
[INFO] [stderr]    Compiling thiserror-impl v1.0.31
[INFO] [stderr]    Compiling darling_macro v0.14.1
[INFO] [stderr]    Compiling thiserror v1.0.31
[INFO] [stderr]    Compiling darling v0.14.1
[INFO] [stderr]    Compiling serde_with_macros v2.0.0
[INFO] [stderr]    Compiling serde_with v2.0.0
[INFO] [stderr]    Compiling serde_yaml v0.8.26
[INFO] [stderr]    Compiling humantime-serde v1.1.1
[INFO] [stderr]    Compiling simple_config v0.129.0 (/opt/rustwide/workdir)
[INFO] [stdout] error[E0601]: `main` function not found in crate `gitlab_ci`
[INFO] [stdout]   --> examples/gitlab-ci/main.rs:63:2
[INFO] [stdout]    |
[INFO] [stdout] 63 | }
[INFO] [stdout]    |  ^ consider adding a `main` function to `examples/gitlab-ci/main.rs`
[INFO] [stdout] 
[INFO] [stdout] 
[INFO] [stdout] error[E0601]: `main` function not found in crate `github_workflow`
[INFO] [stdout]   --> examples/github-workflow/main.rs:86:2
[INFO] [stdout]    |
[INFO] [stdout] 86 | }
[INFO] [stdout]    |  ^ consider adding a `main` function to `examples/github-workflow/main.rs`
[INFO] [stdout] 
[INFO] [stdout] 
[INFO] [stdout] error: aborting due to 1 previous error
[INFO] [stdout] 
[INFO] [stdout] 
[INFO] [stdout] For more information about this error, try `rustc --explain E0601`.
[INFO] [stdout] 
[INFO] [stderr] error: could not compile `simple_config` (example "gitlab-ci") due to 2 previous errors
[INFO] [stderr] warning: build failed, waiting for other jobs to finish...
[INFO] [stdout] error: aborting due to 1 previous error
[INFO] [stdout] 
[INFO] [stdout] 
[INFO] [stdout] For more information about this error, try `rustc --explain E0601`.
[INFO] [stdout] 
[INFO] [stderr] error: could not compile `simple_config` (example "github-workflow") due to 2 previous errors
[INFO] running `Command { std: "docker" "inspect" "47c2941e807af19e33a37e39026f8aae9bdf151c1d71c606c40ed8d53151c836", kill_on_drop: false }`
[INFO] running `Command { std: "docker" "rm" "-f" "47c2941e807af19e33a37e39026f8aae9bdf151c1d71c606c40ed8d53151c836", kill_on_drop: false }`
[INFO] [stdout] 47c2941e807af19e33a37e39026f8aae9bdf151c1d71c606c40ed8d53151c836
