[INFO] fetching crate simetry 0.2.2...
[INFO] testing simetry-0.2.2 against 1.75.0 for beta-1.76-1
[INFO] extracting crate simetry 0.2.2 into /workspace/builds/worker-1-tc1/source
[INFO] validating manifest of crates.io crate simetry 0.2.2 on toolchain 1.75.0
[INFO] running `Command { std: CARGO_HOME="/workspace/cargo-home" RUSTUP_HOME="/workspace/rustup-home" "/workspace/cargo-home/bin/cargo" "+1.75.0" "metadata" "--manifest-path" "Cargo.toml" "--no-deps", kill_on_drop: false }`
[INFO] started tweaking crates.io crate simetry 0.2.2
[INFO] finished tweaking crates.io crate simetry 0.2.2
[INFO] tweaked toml for crates.io crate simetry 0.2.2 written to /workspace/builds/worker-1-tc1/source/Cargo.toml
[INFO] crate crates.io crate simetry 0.2.2 already has a lockfile, it will not be regenerated
[INFO] running `Command { std: CARGO_HOME="/workspace/cargo-home" RUSTUP_HOME="/workspace/rustup-home" "/workspace/cargo-home/bin/cargo" "+1.75.0" "fetch" "--manifest-path" "Cargo.toml", kill_on_drop: false }`
[INFO] [stderr]     Updating crates.io index
[INFO] [stderr]  Downloading crates ...
[INFO] [stderr]   Downloaded typename_derive v0.1.4
[INFO] [stderr]   Downloaded bitmask v0.5.0
[INFO] [stderr]   Downloaded uom v0.34.0
[INFO] [stderr]   Downloaded h2 v0.3.17
[INFO] [stderr]   Downloaded typename v0.1.2
[INFO] running `Command { std: "docker" "create" "-v" "/var/lib/crater-agent-workspace/builds/worker-1-tc1/target:/opt/rustwide/target:rw,Z" "-v" "/var/lib/crater-agent-workspace/builds/worker-1-tc1/source:/opt/rustwide/workdir:ro,Z" "-v" "/var/lib/crater-agent-workspace/cargo-home:/opt/rustwide/cargo-home:ro,Z" "-v" "/var/lib/crater-agent-workspace/rustup-home:/opt/rustwide/rustup-home:ro,Z" "-e" "SOURCE_DIR=/opt/rustwide/workdir" "-e" "CARGO_TARGET_DIR=/opt/rustwide/target" "-e" "CARGO_HOME=/opt/rustwide/cargo-home" "-e" "RUSTUP_HOME=/opt/rustwide/rustup-home" "-w" "/opt/rustwide/workdir" "-m" "1610612736" "--user" "0:0" "--network" "none" "ghcr.io/rust-lang/crates-build-env/linux@sha256:2788e3201cd34a07e3172128adcd8b3090168a8e3bcc40d7c032b9dda1df7d1c" "/opt/rustwide/cargo-home/bin/cargo" "+1.75.0" "metadata" "--no-deps" "--format-version=1", kill_on_drop: false }`
[INFO] [stdout] d9030f5356b25f6e7c7aa60c40f67cad75c6316d18edd4cbfdbae65fa13c4b0e
[INFO] running `Command { std: "docker" "start" "-a" "d9030f5356b25f6e7c7aa60c40f67cad75c6316d18edd4cbfdbae65fa13c4b0e", kill_on_drop: false }`
[INFO] running `Command { std: "docker" "inspect" "d9030f5356b25f6e7c7aa60c40f67cad75c6316d18edd4cbfdbae65fa13c4b0e", kill_on_drop: false }`
[INFO] running `Command { std: "docker" "rm" "-f" "d9030f5356b25f6e7c7aa60c40f67cad75c6316d18edd4cbfdbae65fa13c4b0e", kill_on_drop: false }`
[INFO] [stdout] d9030f5356b25f6e7c7aa60c40f67cad75c6316d18edd4cbfdbae65fa13c4b0e
[INFO] running `Command { std: "docker" "create" "-v" "/var/lib/crater-agent-workspace/builds/worker-1-tc1/target:/opt/rustwide/target:rw,Z" "-v" "/var/lib/crater-agent-workspace/builds/worker-1-tc1/source:/opt/rustwide/workdir:ro,Z" "-v" "/var/lib/crater-agent-workspace/cargo-home:/opt/rustwide/cargo-home:ro,Z" "-v" "/var/lib/crater-agent-workspace/rustup-home:/opt/rustwide/rustup-home:ro,Z" "-e" "SOURCE_DIR=/opt/rustwide/workdir" "-e" "CARGO_TARGET_DIR=/opt/rustwide/target" "-e" "CARGO_INCREMENTAL=0" "-e" "RUST_BACKTRACE=full" "-e" "RUSTFLAGS=--cap-lints=warn" "-e" "RUSTDOCFLAGS=--cap-lints=warn" "-e" "CARGO_HOME=/opt/rustwide/cargo-home" "-e" "RUSTUP_HOME=/opt/rustwide/rustup-home" "-w" "/opt/rustwide/workdir" "-m" "1610612736" "--user" "0:0" "--network" "none" "ghcr.io/rust-lang/crates-build-env/linux@sha256:2788e3201cd34a07e3172128adcd8b3090168a8e3bcc40d7c032b9dda1df7d1c" "/opt/rustwide/cargo-home/bin/cargo" "+1.75.0" "build" "--frozen" "--message-format=json", kill_on_drop: false }`
[INFO] [stdout] 600e8b39ebcd3f3bf5c458aa8f1b458dfc2f5d9ff3cd3958a33115be56bf1fee
[INFO] running `Command { std: "docker" "start" "-a" "600e8b39ebcd3f3bf5c458aa8f1b458dfc2f5d9ff3cd3958a33115be56bf1fee", kill_on_drop: false }`
[INFO] [stderr]    Compiling proc-macro2 v1.0.64
[INFO] [stderr]    Compiling quote v1.0.30
[INFO] [stderr]    Compiling libc v0.2.139
[INFO] [stderr]    Compiling syn v1.0.109
[INFO] [stderr]    Compiling memchr v2.5.0
[INFO] [stderr]    Compiling prettyplease v0.2.9
[INFO] [stderr]    Compiling tokio v1.25.0
[INFO] [stderr]    Compiling serde v1.0.188
[INFO] [stderr]    Compiling futures-task v0.3.27
[INFO] [stderr]    Compiling libloading v0.7.4
[INFO] [stderr]    Compiling indexmap v1.9.2
[INFO] [stderr]    Compiling futures-util v0.3.27
[INFO] [stderr]    Compiling bindgen v0.66.1
[INFO] [stderr]    Compiling either v1.8.1
[INFO] [stderr]    Compiling regex-syntax v0.6.28
[INFO] [stderr]    Compiling http v0.2.9
[INFO] [stderr]    Compiling tracing v0.1.37
[INFO] [stderr]    Compiling futures-sink v0.3.27
[INFO] [stderr]    Compiling futures-channel v0.3.27
[INFO] [stderr]    Compiling bitflags v2.3.3
[INFO] [stderr]    Compiling shlex v1.1.0
[INFO] [stderr]    Compiling try-lock v0.2.4
[INFO] [stderr]    Compiling async-trait v0.1.72
[INFO] [stderr]    Compiling serde_json v1.0.107
[INFO] [stderr]    Compiling want v0.3.0
[INFO] [stderr]    Compiling windows-targets v0.42.1
[INFO] [stderr]    Compiling httpdate v1.0.2
[INFO] [stderr]    Compiling time-core v0.1.1
[INFO] [stderr]    Compiling ryu v1.0.12
[INFO] [stderr]    Compiling windows v0.44.0
[INFO] [stderr]    Compiling bitmask v0.5.0
[INFO] [stderr]    Compiling itertools v0.10.5
[INFO] [stderr]    Compiling nom v7.1.3
[INFO] [stderr]    Compiling syn v2.0.32
[INFO] [stderr]    Compiling http-body v0.4.5
[INFO] [stderr]    Compiling num_cpus v1.15.0
[INFO] [stderr]    Compiling mio v0.8.6
[INFO] [stderr]    Compiling socket2 v0.4.9
[INFO] [stderr]    Compiling clang-sys v1.6.1
[INFO] [stderr]    Compiling which v4.4.0
[INFO] [stderr]    Compiling regex v1.7.1
[INFO] [stderr]    Compiling cexpr v0.6.0
[INFO] [stderr]    Compiling tokio-macros v1.8.2
[INFO] [stderr]    Compiling typename_derive v0.1.4
[INFO] [stderr]    Compiling typename v0.1.2
[INFO] [stderr]    Compiling serde_derive v1.0.188
[INFO] [stderr]    Compiling tokio-util v0.7.8
[INFO] [stderr]    Compiling h2 v0.3.17
[INFO] [stderr]    Compiling simetry v0.2.2 (/opt/rustwide/workdir)
[INFO] [stderr]    Compiling time v0.3.21
[INFO] [stderr]    Compiling uom v0.34.0
[INFO] [stderr]    Compiling hyper v0.14.26
[INFO] [stdout] error[E0308]: mismatched types
[INFO] [stdout]   --> src/raceroom_racing_experience/mod.rs:45:44
[INFO] [stdout]    |
[INFO] [stdout] 45 |             if r3e_shared.version_major != bindings::R3E_VERSION_MAJOR
[INFO] [stdout]    |                                            ^^^^^^^^^^^^^^^^^^^^^^^^^^^ expected `i32`, found `u32`
[INFO] [stdout] 
[INFO] [stdout] 
[INFO] [stdout] error[E0277]: can't compare `i32` with `u32`
[INFO] [stdout]   --> src/raceroom_racing_experience/mod.rs:45:41
[INFO] [stdout]    |
[INFO] [stdout] 45 |             if r3e_shared.version_major != bindings::R3E_VERSION_MAJOR
[INFO] [stdout]    |                                         ^^ no implementation for `i32 == u32`
[INFO] [stdout]    |
[INFO] [stdout]    = help: the trait `PartialEq<u32>` is not implemented for `i32`
[INFO] [stdout]    = help: the following other types implement trait `PartialEq<Rhs>`:
[INFO] [stdout]              <i32 as PartialEq>
[INFO] [stdout]              <i32 as PartialEq<serde_json::Value>>
[INFO] [stdout] 
[INFO] [stdout] 
[INFO] [stdout] error[E0308]: mismatched types
[INFO] [stdout]   --> src/raceroom_racing_experience/mod.rs:46:47
[INFO] [stdout]    |
[INFO] [stdout] 46 |                 || r3e_shared.version_minor < bindings::R3E_VERSION_MINOR
[INFO] [stdout]    |                    ------------------------   ^^^^^^^^^^^^^^^^^^^^^^^^^^^ expected `i32`, found `u32`
[INFO] [stdout]    |                    |
[INFO] [stdout]    |                    expected because this is `i32`
[INFO] [stdout]    |
[INFO] [stdout] help: you can convert a `u32` to an `i32` and panic if the converted value doesn't fit
[INFO] [stdout]    |
[INFO] [stdout] 46 |                 || r3e_shared.version_minor < bindings::R3E_VERSION_MINOR.try_into().unwrap()
[INFO] [stdout]    |                                                                          ++++++++++++++++++++
[INFO] [stdout] 
[INFO] [stdout] 
[INFO] [stdout] error: aborting due to 3 previous errors
[INFO] [stdout] 
[INFO] [stdout] 
[INFO] [stdout] Some errors have detailed explanations: E0277, E0308.
[INFO] [stdout] 
[INFO] [stdout] For more information about an error, try `rustc --explain E0277`.
[INFO] [stdout] 
[INFO] [stderr] error: could not compile `simetry` (lib) due to 4 previous errors
[INFO] running `Command { std: "docker" "inspect" "600e8b39ebcd3f3bf5c458aa8f1b458dfc2f5d9ff3cd3958a33115be56bf1fee", kill_on_drop: false }`
[INFO] running `Command { std: "docker" "rm" "-f" "600e8b39ebcd3f3bf5c458aa8f1b458dfc2f5d9ff3cd3958a33115be56bf1fee", kill_on_drop: false }`
[INFO] [stdout] 600e8b39ebcd3f3bf5c458aa8f1b458dfc2f5d9ff3cd3958a33115be56bf1fee
