[INFO] fetching crate simd-polyfill 0.1.0...
[INFO] testing simd-polyfill-0.1.0 against 1.75.0 for beta-1.76-1
[INFO] extracting crate simd-polyfill 0.1.0 into /workspace/builds/worker-4-tc1/source
[INFO] validating manifest of crates.io crate simd-polyfill 0.1.0 on toolchain 1.75.0
[INFO] running `Command { std: CARGO_HOME="/workspace/cargo-home" RUSTUP_HOME="/workspace/rustup-home" "/workspace/cargo-home/bin/cargo" "+1.75.0" "metadata" "--manifest-path" "Cargo.toml" "--no-deps", kill_on_drop: false }`
[INFO] started tweaking crates.io crate simd-polyfill 0.1.0
[INFO] finished tweaking crates.io crate simd-polyfill 0.1.0
[INFO] tweaked toml for crates.io crate simd-polyfill 0.1.0 written to /workspace/builds/worker-4-tc1/source/Cargo.toml
[INFO] running `Command { std: CARGO_HOME="/workspace/cargo-home" RUSTUP_HOME="/workspace/rustup-home" "/workspace/cargo-home/bin/cargo" "+1.75.0" "generate-lockfile" "--manifest-path" "Cargo.toml", kill_on_drop: false }`
[INFO] [stderr]     Updating crates.io index
[INFO] running `Command { std: CARGO_HOME="/workspace/cargo-home" RUSTUP_HOME="/workspace/rustup-home" "/workspace/cargo-home/bin/cargo" "+1.75.0" "fetch" "--manifest-path" "Cargo.toml", kill_on_drop: false }`
[INFO] running `Command { std: "docker" "create" "-v" "/var/lib/crater-agent-workspace/builds/worker-4-tc1/target:/opt/rustwide/target:rw,Z" "-v" "/var/lib/crater-agent-workspace/builds/worker-4-tc1/source:/opt/rustwide/workdir:ro,Z" "-v" "/var/lib/crater-agent-workspace/cargo-home:/opt/rustwide/cargo-home:ro,Z" "-v" "/var/lib/crater-agent-workspace/rustup-home:/opt/rustwide/rustup-home:ro,Z" "-e" "SOURCE_DIR=/opt/rustwide/workdir" "-e" "CARGO_TARGET_DIR=/opt/rustwide/target" "-e" "CARGO_HOME=/opt/rustwide/cargo-home" "-e" "RUSTUP_HOME=/opt/rustwide/rustup-home" "-w" "/opt/rustwide/workdir" "-m" "1610612736" "--user" "0:0" "--network" "none" "ghcr.io/rust-lang/crates-build-env/linux@sha256:2788e3201cd34a07e3172128adcd8b3090168a8e3bcc40d7c032b9dda1df7d1c" "/opt/rustwide/cargo-home/bin/cargo" "+1.75.0" "metadata" "--no-deps" "--format-version=1", kill_on_drop: false }`
[INFO] [stdout] c33bf5a358bdfdcc98d58aabd9784a85d8f09f0ab7e067c1dd47a6c0a05d1a2e
[INFO] running `Command { std: "docker" "start" "-a" "c33bf5a358bdfdcc98d58aabd9784a85d8f09f0ab7e067c1dd47a6c0a05d1a2e", kill_on_drop: false }`
[INFO] running `Command { std: "docker" "inspect" "c33bf5a358bdfdcc98d58aabd9784a85d8f09f0ab7e067c1dd47a6c0a05d1a2e", kill_on_drop: false }`
[INFO] running `Command { std: "docker" "rm" "-f" "c33bf5a358bdfdcc98d58aabd9784a85d8f09f0ab7e067c1dd47a6c0a05d1a2e", kill_on_drop: false }`
[INFO] [stdout] c33bf5a358bdfdcc98d58aabd9784a85d8f09f0ab7e067c1dd47a6c0a05d1a2e
[INFO] running `Command { std: "docker" "create" "-v" "/var/lib/crater-agent-workspace/builds/worker-4-tc1/target:/opt/rustwide/target:rw,Z" "-v" "/var/lib/crater-agent-workspace/builds/worker-4-tc1/source:/opt/rustwide/workdir:ro,Z" "-v" "/var/lib/crater-agent-workspace/cargo-home:/opt/rustwide/cargo-home:ro,Z" "-v" "/var/lib/crater-agent-workspace/rustup-home:/opt/rustwide/rustup-home:ro,Z" "-e" "SOURCE_DIR=/opt/rustwide/workdir" "-e" "CARGO_TARGET_DIR=/opt/rustwide/target" "-e" "CARGO_INCREMENTAL=0" "-e" "RUST_BACKTRACE=full" "-e" "RUSTFLAGS=--cap-lints=warn" "-e" "RUSTDOCFLAGS=--cap-lints=warn" "-e" "CARGO_HOME=/opt/rustwide/cargo-home" "-e" "RUSTUP_HOME=/opt/rustwide/rustup-home" "-w" "/opt/rustwide/workdir" "-m" "1610612736" "--user" "0:0" "--network" "none" "ghcr.io/rust-lang/crates-build-env/linux@sha256:2788e3201cd34a07e3172128adcd8b3090168a8e3bcc40d7c032b9dda1df7d1c" "/opt/rustwide/cargo-home/bin/cargo" "+1.75.0" "build" "--frozen" "--message-format=json", kill_on_drop: false }`
[INFO] [stdout] 2ba6df4c620d85548969df7d2c294b642ac74800931b1f0bc69634b0fbb9ef03
[INFO] running `Command { std: "docker" "start" "-a" "2ba6df4c620d85548969df7d2c294b642ac74800931b1f0bc69634b0fbb9ef03", kill_on_drop: false }`
[INFO] [stderr]    Compiling simd-polyfill v0.1.0 (/opt/rustwide/workdir)
[INFO] [stdout] error[E0554]: `#![feature]` may not be used on the stable release channel
[INFO] [stdout]  --> src/lib.rs:5:12
[INFO] [stdout]   |
[INFO] [stdout] 5 | #![feature(portable_simd)]
[INFO] [stdout]   |            ^^^^^^^^^^^^^
[INFO] [stdout] 
[INFO] [stdout] 
[INFO] [stdout] error: aborting due to previous error
[INFO] [stdout] 
[INFO] [stdout] 
[INFO] [stdout] For more information about this error, try `rustc --explain E0554`.
[INFO] [stdout] 
[INFO] [stderr] error: could not compile `simd-polyfill` (lib) due to 2 previous errors
[INFO] running `Command { std: "docker" "inspect" "2ba6df4c620d85548969df7d2c294b642ac74800931b1f0bc69634b0fbb9ef03", kill_on_drop: false }`
[INFO] running `Command { std: "docker" "rm" "-f" "2ba6df4c620d85548969df7d2c294b642ac74800931b1f0bc69634b0fbb9ef03", kill_on_drop: false }`
[INFO] [stdout] 2ba6df4c620d85548969df7d2c294b642ac74800931b1f0bc69634b0fbb9ef03
[INFO] testing simd-polyfill-0.1.0 against beta-2023-12-22 for beta-1.76-1
[INFO] extracting crate simd-polyfill 0.1.0 into /workspace/builds/worker-4-tc2/source
[INFO] validating manifest of crates.io crate simd-polyfill 0.1.0 on toolchain beta-2023-12-22
[INFO] running `Command { std: CARGO_HOME="/workspace/cargo-home" RUSTUP_HOME="/workspace/rustup-home" "/workspace/cargo-home/bin/cargo" "+beta-2023-12-22" "metadata" "--manifest-path" "Cargo.toml" "--no-deps", kill_on_drop: false }`
[INFO] started tweaking crates.io crate simd-polyfill 0.1.0
[INFO] finished tweaking crates.io crate simd-polyfill 0.1.0
[INFO] tweaked toml for crates.io crate simd-polyfill 0.1.0 written to /workspace/builds/worker-4-tc2/source/Cargo.toml
[INFO] running `Command { std: CARGO_HOME="/workspace/cargo-home" RUSTUP_HOME="/workspace/rustup-home" "/workspace/cargo-home/bin/cargo" "+beta-2023-12-22" "generate-lockfile" "--manifest-path" "Cargo.toml", kill_on_drop: false }`
[INFO] [stderr]     Updating crates.io index
[INFO] running `Command { std: CARGO_HOME="/workspace/cargo-home" RUSTUP_HOME="/workspace/rustup-home" "/workspace/cargo-home/bin/cargo" "+beta-2023-12-22" "fetch" "--manifest-path" "Cargo.toml", kill_on_drop: false }`
[INFO] running `Command { std: "docker" "create" "-v" "/var/lib/crater-agent-workspace/builds/worker-4-tc2/target:/opt/rustwide/target:rw,Z" "-v" "/var/lib/crater-agent-workspace/builds/worker-4-tc2/source:/opt/rustwide/workdir:ro,Z" "-v" "/var/lib/crater-agent-workspace/cargo-home:/opt/rustwide/cargo-home:ro,Z" "-v" "/var/lib/crater-agent-workspace/rustup-home:/opt/rustwide/rustup-home:ro,Z" "-e" "SOURCE_DIR=/opt/rustwide/workdir" "-e" "CARGO_TARGET_DIR=/opt/rustwide/target" "-e" "CARGO_HOME=/opt/rustwide/cargo-home" "-e" "RUSTUP_HOME=/opt/rustwide/rustup-home" "-w" "/opt/rustwide/workdir" "-m" "1610612736" "--user" "0:0" "--network" "none" "ghcr.io/rust-lang/crates-build-env/linux@sha256:2788e3201cd34a07e3172128adcd8b3090168a8e3bcc40d7c032b9dda1df7d1c" "/opt/rustwide/cargo-home/bin/cargo" "+beta-2023-12-22" "metadata" "--no-deps" "--format-version=1", kill_on_drop: false }`
[INFO] [stdout] 6f222deadbba07bcc6651ae97965e94b95b4765fb20e65208d20a59e6d10ffa0
[INFO] running `Command { std: "docker" "start" "-a" "6f222deadbba07bcc6651ae97965e94b95b4765fb20e65208d20a59e6d10ffa0", kill_on_drop: false }`
[INFO] running `Command { std: "docker" "inspect" "6f222deadbba07bcc6651ae97965e94b95b4765fb20e65208d20a59e6d10ffa0", kill_on_drop: false }`
[INFO] running `Command { std: "docker" "rm" "-f" "6f222deadbba07bcc6651ae97965e94b95b4765fb20e65208d20a59e6d10ffa0", kill_on_drop: false }`
[INFO] [stdout] 6f222deadbba07bcc6651ae97965e94b95b4765fb20e65208d20a59e6d10ffa0
[INFO] running `Command { std: "docker" "create" "-v" "/var/lib/crater-agent-workspace/builds/worker-4-tc2/target:/opt/rustwide/target:rw,Z" "-v" "/var/lib/crater-agent-workspace/builds/worker-4-tc2/source:/opt/rustwide/workdir:ro,Z" "-v" "/var/lib/crater-agent-workspace/cargo-home:/opt/rustwide/cargo-home:ro,Z" "-v" "/var/lib/crater-agent-workspace/rustup-home:/opt/rustwide/rustup-home:ro,Z" "-e" "SOURCE_DIR=/opt/rustwide/workdir" "-e" "CARGO_TARGET_DIR=/opt/rustwide/target" "-e" "CARGO_INCREMENTAL=0" "-e" "RUST_BACKTRACE=full" "-e" "RUSTFLAGS=--cap-lints=warn" "-e" "RUSTDOCFLAGS=--cap-lints=warn" "-e" "CARGO_HOME=/opt/rustwide/cargo-home" "-e" "RUSTUP_HOME=/opt/rustwide/rustup-home" "-w" "/opt/rustwide/workdir" "-m" "1610612736" "--user" "0:0" "--network" "none" "ghcr.io/rust-lang/crates-build-env/linux@sha256:2788e3201cd34a07e3172128adcd8b3090168a8e3bcc40d7c032b9dda1df7d1c" "/opt/rustwide/cargo-home/bin/cargo" "+beta-2023-12-22" "build" "--frozen" "--message-format=json", kill_on_drop: false }`
[INFO] [stdout] 004a807e93d4683550810d0559a34bc3feb75f7783e75bec222fbae1b9747489
[INFO] running `Command { std: "docker" "start" "-a" "004a807e93d4683550810d0559a34bc3feb75f7783e75bec222fbae1b9747489", kill_on_drop: false }`
[INFO] [stderr]    Compiling simd-polyfill v0.1.0 (/opt/rustwide/workdir)
[INFO] [stdout] error[E0432]: unresolved import `core::simd::ToBitMask`
[INFO] [stdout]  --> src/x86/sse.rs:3:5
[INFO] [stdout]   |
[INFO] [stdout] 3 | use core::simd::ToBitMask;
[INFO] [stdout]   |     ^^^^^^^^^^^^^^^^^^^^^ no `ToBitMask` in `simd`
[INFO] [stdout] 
[INFO] [stdout] 
[INFO] [stdout] error[E0432]: unresolved import `core::simd::ToBitMask`
[INFO] [stdout]  --> src/x86/sse2.rs:3:5
[INFO] [stdout]   |
[INFO] [stdout] 3 | use core::simd::ToBitMask;
[INFO] [stdout]   |     ^^^^^^^^^^^^^^^^^^^^^ no `ToBitMask` in `simd`
[INFO] [stdout] 
[INFO] [stdout] 
[INFO] [stdout] error[E0432]: unresolved import `core::simd::Which`
[INFO] [stdout]    --> src/x86/sse.rs:113:25
[INFO] [stdout]     |
[INFO] [stdout] 113 |         use core::simd::Which::*;
[INFO] [stdout]     |                         ^^^^^ could not find `Which` in `simd`
[INFO] [stdout] 
[INFO] [stdout] 
[INFO] [stdout] error[E0432]: unresolved import `core::simd::Which`
[INFO] [stdout]    --> src/x86/sse.rs:120:25
[INFO] [stdout]     |
[INFO] [stdout] 120 |         use core::simd::Which::*;
[INFO] [stdout]     |                         ^^^^^ could not find `Which` in `simd`
[INFO] [stdout] 
[INFO] [stdout] 
[INFO] [stdout] error[E0432]: unresolved imports `core::simd::Swizzle2`, `core::simd::Which`
[INFO] [stdout]    --> src/x86/sse.rs:198:26
[INFO] [stdout]     |
[INFO] [stdout] 198 |         use core::simd::{Swizzle2, Which};
[INFO] [stdout]     |                          ^^^^^^^^  ^^^^^ no `Which` in `simd`
[INFO] [stdout]     |                          |
[INFO] [stdout]     |                          no `Swizzle2` in `simd`
[INFO] [stdout]     |                          help: a similar name exists in the module: `Swizzle`
[INFO] [stdout] 
[INFO] [stdout] 
[INFO] [stdout] error[E0432]: unresolved import `core::simd::Which`
[INFO] [stdout]    --> src/x86.rs:390:17
[INFO] [stdout]     |
[INFO] [stdout] 390 |             use core::simd::Which;
[INFO] [stdout]     |                 ^^^^^^^^^^^^^^^^^ no `Which` in `simd`
[INFO] [stdout]     |
[INFO] [stdout]    ::: src/x86/ssse3.rs:61:9
[INFO] [stdout]     |
[INFO] [stdout] 61  |         alignr!(IMM8, u8, 8, a, b)
[INFO] [stdout]     |         -------------------------- in this macro invocation
[INFO] [stdout]     |
[INFO] [stdout]     = note: this error originates in the macro `alignr` (in Nightly builds, run with -Z macro-backtrace for more info)
[INFO] [stdout] 
[INFO] [stdout] 
[INFO] [stdout] error[E0432]: unresolved import `core::simd::Which`
[INFO] [stdout]    --> src/x86.rs:390:17
[INFO] [stdout]     |
[INFO] [stdout] 390 |             use core::simd::Which;
[INFO] [stdout]     |                 ^^^^^^^^^^^^^^^^^ no `Which` in `simd`
[INFO] [stdout]     |
[INFO] [stdout]    ::: src/x86/ssse3.rs:65:9
[INFO] [stdout]     |
[INFO] [stdout] 65  |         alignr!(IMM8, u8, 16, a, b)
[INFO] [stdout]     |         --------------------------- in this macro invocation
[INFO] [stdout]     |
[INFO] [stdout]     = note: this error originates in the macro `alignr` (in Nightly builds, run with -Z macro-backtrace for more info)
[INFO] [stdout] 
[INFO] [stdout] 
[INFO] [stdout] error[E0432]: unresolved imports `core::simd::Swizzle2`, `core::simd::Which`
[INFO] [stdout]    --> src/x86.rs:537:30
[INFO] [stdout]     |
[INFO] [stdout] 537 |             use core::simd::{Swizzle2, Which};
[INFO] [stdout]     |                              ^^^^^^^^  ^^^^^ no `Which` in `simd`
[INFO] [stdout]     |                              |
[INFO] [stdout]     |                              no `Swizzle2` in `simd`
[INFO] [stdout]     |                              help: a similar name exists in the module: `Swizzle`
[INFO] [stdout]     |
[INFO] [stdout]    ::: src/x86/sse41.rs:5:78
[INFO] [stdout]     |
[INFO] [stdout] 5   |     fn _mm_blend_epi16<const IMM8: i32>(a: __m128i, b: __m128i) -> __m128i { blend!(IMM8, i16x8, a, b) }
[INFO] [stdout]     |                                                                              ------------------------- in this macro invocation
[INFO] [stdout]     |
[INFO] [stdout]     = note: this error originates in the macro `blend` (in Nightly builds, run with -Z macro-backtrace for more info)
[INFO] [stdout] 
[INFO] [stdout] 
[INFO] [stdout] error[E0432]: unresolved imports `core::simd::Swizzle2`, `core::simd::Which`
[INFO] [stdout]    --> src/x86.rs:537:30
[INFO] [stdout]     |
[INFO] [stdout] 537 |             use core::simd::{Swizzle2, Which};
[INFO] [stdout]     |                              ^^^^^^^^  ^^^^^ no `Which` in `simd`
[INFO] [stdout]     |                              |
[INFO] [stdout]     |                              no `Swizzle2` in `simd`
[INFO] [stdout]     |                              help: a similar name exists in the module: `Swizzle`
[INFO] [stdout]     |
[INFO] [stdout]    ::: src/x86/sse41.rs:8:74
[INFO] [stdout]     |
[INFO] [stdout] 8   |     fn _mm_blend_ps<const IMM8: i32>(a: __m128,  b: __m128 ) -> __m128 { blend!(IMM8, f32x4, a, b) }
[INFO] [stdout]     |                                                                          ------------------------- in this macro invocation
[INFO] [stdout]     |
[INFO] [stdout]     = note: this error originates in the macro `blend` (in Nightly builds, run with -Z macro-backtrace for more info)
[INFO] [stdout] 
[INFO] [stdout] 
[INFO] [stdout] error[E0432]: unresolved imports `core::simd::Swizzle2`, `core::simd::Which`
[INFO] [stdout]    --> src/x86.rs:537:30
[INFO] [stdout]     |
[INFO] [stdout] 537 |             use core::simd::{Swizzle2, Which};
[INFO] [stdout]     |                              ^^^^^^^^  ^^^^^ no `Which` in `simd`
[INFO] [stdout]     |                              |
[INFO] [stdout]     |                              no `Swizzle2` in `simd`
[INFO] [stdout]     |                              help: a similar name exists in the module: `Swizzle`
[INFO] [stdout]     |
[INFO] [stdout]    ::: src/x86/sse41.rs:11:75
[INFO] [stdout]     |
[INFO] [stdout] 11  |     fn _mm_blend_pd<const IMM8: i32>(a: __m128d, b: __m128d) -> __m128d { blend!(IMM8, f64x2, a, b) }
[INFO] [stdout]     |                                                                           ------------------------- in this macro invocation
[INFO] [stdout]     |
[INFO] [stdout]     = note: this error originates in the macro `blend` (in Nightly builds, run with -Z macro-backtrace for more info)
[INFO] [stdout] 
[INFO] [stdout] 
[INFO] [stdout] error[E0432]: unresolved import `core::simd::ToBitMask`
[INFO] [stdout]   --> src/x86/sse41.rs:65:13
[INFO] [stdout]    |
[INFO] [stdout] 65 |         use core::simd::ToBitMask;
[INFO] [stdout]    |             ^^^^^^^^^^^^^^^^^^^^^ no `ToBitMask` in `simd`
[INFO] [stdout] 
[INFO] [stdout] 
[INFO] [stdout] error[E0433]: failed to resolve: could not find `Which` in `simd`
[INFO] [stdout]    --> src/x86.rs:255:25
[INFO] [stdout]     |
[INFO] [stdout] 255 |             core::simd::Which::First(0),
[INFO] [stdout]     |                         ^^^^^ could not find `Which` in `simd`
[INFO] [stdout]     |
[INFO] [stdout]    ::: src/x86/mmx.rs:125:9
[INFO] [stdout]     |
[INFO] [stdout] 125 |         packs4! { i8, Into::<i16x4>::into(a), b.into() }.into()
[INFO] [stdout]     |         ------------------------------------------------ in this macro invocation
[INFO] [stdout]     |
[INFO] [stdout]     = note: this error originates in the macro `packs4` (in Nightly builds, run with -Z macro-backtrace for more info)
[INFO] [stdout] 
[INFO] [stdout] 
[INFO] [stdout] error[E0433]: failed to resolve: could not find `Which` in `simd`
[INFO] [stdout]    --> src/x86.rs:256:25
[INFO] [stdout]     |
[INFO] [stdout] 256 |             core::simd::Which::First(1),
[INFO] [stdout]     |                         ^^^^^ could not find `Which` in `simd`
[INFO] [stdout]     |
[INFO] [stdout]    ::: src/x86/mmx.rs:125:9
[INFO] [stdout]     |
[INFO] [stdout] 125 |         packs4! { i8, Into::<i16x4>::into(a), b.into() }.into()
[INFO] [stdout]     |         ------------------------------------------------ in this macro invocation
[INFO] [stdout]     |
[INFO] [stdout]     = note: this error originates in the macro `packs4` (in Nightly builds, run with -Z macro-backtrace for more info)
[INFO] [stdout] 
[INFO] [stdout] 
[INFO] [stdout] error[E0433]: failed to resolve: could not find `Which` in `simd`
[INFO] [stdout]    --> src/x86.rs:257:25
[INFO] [stdout]     |
[INFO] [stdout] 257 |             core::simd::Which::First(2),
[INFO] [stdout]     |                         ^^^^^ could not find `Which` in `simd`
[INFO] [stdout]     |
[INFO] [stdout]    ::: src/x86/mmx.rs:125:9
[INFO] [stdout]     |
[INFO] [stdout] 125 |         packs4! { i8, Into::<i16x4>::into(a), b.into() }.into()
[INFO] [stdout]     |         ------------------------------------------------ in this macro invocation
[INFO] [stdout]     |
[INFO] [stdout]     = note: this error originates in the macro `packs4` (in Nightly builds, run with -Z macro-backtrace for more info)
[INFO] [stdout] 
[INFO] [stdout] 
[INFO] [stdout] error[E0433]: failed to resolve: could not find `Which` in `simd`
[INFO] [stdout]    --> src/x86.rs:258:25
[INFO] [stdout]     |
[INFO] [stdout] 258 |             core::simd::Which::First(3),
[INFO] [stdout]     |                         ^^^^^ could not find `Which` in `simd`
[INFO] [stdout]     |
[INFO] [stdout]    ::: src/x86/mmx.rs:125:9
[INFO] [stdout]     |
[INFO] [stdout] 125 |         packs4! { i8, Into::<i16x4>::into(a), b.into() }.into()
[INFO] [stdout]     |         ------------------------------------------------ in this macro invocation
[INFO] [stdout]     |
[INFO] [stdout]     = note: this error originates in the macro `packs4` (in Nightly builds, run with -Z macro-backtrace for more info)
[INFO] [stdout] 
[INFO] [stdout] 
[INFO] [stdout] error[E0433]: failed to resolve: could not find `Which` in `simd`
[INFO] [stdout]    --> src/x86.rs:259:25
[INFO] [stdout]     |
[INFO] [stdout] 259 |             core::simd::Which::Second(0),
[INFO] [stdout]     |                         ^^^^^ could not find `Which` in `simd`
[INFO] [stdout]     |
[INFO] [stdout]    ::: src/x86/mmx.rs:125:9
[INFO] [stdout]     |
[INFO] [stdout] 125 |         packs4! { i8, Into::<i16x4>::into(a), b.into() }.into()
[INFO] [stdout]     |         ------------------------------------------------ in this macro invocation
[INFO] [stdout]     |
[INFO] [stdout]     = note: this error originates in the macro `packs4` (in Nightly builds, run with -Z macro-backtrace for more info)
[INFO] [stdout] 
[INFO] [stdout] 
[INFO] [stdout] error[E0433]: failed to resolve: could not find `Which` in `simd`
[INFO] [stdout]    --> src/x86.rs:260:25
[INFO] [stdout]     |
[INFO] [stdout] 260 |             core::simd::Which::Second(1),
[INFO] [stdout]     |                         ^^^^^ could not find `Which` in `simd`
[INFO] [stdout]     |
[INFO] [stdout]    ::: src/x86/mmx.rs:125:9
[INFO] [stdout]     |
[INFO] [stdout] 125 |         packs4! { i8, Into::<i16x4>::into(a), b.into() }.into()
[INFO] [stdout]     |         ------------------------------------------------ in this macro invocation
[INFO] [stdout]     |
[INFO] [stdout]     = note: this error originates in the macro `packs4` (in Nightly builds, run with -Z macro-backtrace for more info)
[INFO] [stdout] 
[INFO] [stdout] 
[INFO] [stdout] error[E0433]: failed to resolve: could not find `Which` in `simd`
[INFO] [stdout]    --> src/x86.rs:261:25
[INFO] [stdout]     |
[INFO] [stdout] 261 |             core::simd::Which::Second(2),
[INFO] [stdout]     |                         ^^^^^ could not find `Which` in `simd`
[INFO] [stdout]     |
[INFO] [stdout]    ::: src/x86/mmx.rs:125:9
[INFO] [stdout]     |
[INFO] [stdout] 125 |         packs4! { i8, Into::<i16x4>::into(a), b.into() }.into()
[INFO] [stdout]     |         ------------------------------------------------ in this macro invocation
[INFO] [stdout]     |
[INFO] [stdout]     = note: this error originates in the macro `packs4` (in Nightly builds, run with -Z macro-backtrace for more info)
[INFO] [stdout] 
[INFO] [stdout] 
[INFO] [stdout] error[E0433]: failed to resolve: could not find `Which` in `simd`
[INFO] [stdout]    --> src/x86.rs:262:25
[INFO] [stdout]     |
[INFO] [stdout] 262 |             core::simd::Which::Second(3),
[INFO] [stdout]     |                         ^^^^^ could not find `Which` in `simd`
[INFO] [stdout]     |
[INFO] [stdout]    ::: src/x86/mmx.rs:125:9
[INFO] [stdout]     |
[INFO] [stdout] 125 |         packs4! { i8, Into::<i16x4>::into(a), b.into() }.into()
[INFO] [stdout]     |         ------------------------------------------------ in this macro invocation
[INFO] [stdout]     |
[INFO] [stdout]     = note: this error originates in the macro `packs4` (in Nightly builds, run with -Z macro-backtrace for more info)
[INFO] [stdout] 
[INFO] [stdout] 
[INFO] [stdout] error[E0433]: failed to resolve: could not find `Which` in `simd`
[INFO] [stdout]    --> src/x86.rs:239:25
[INFO] [stdout]     |
[INFO] [stdout] 239 |             core::simd::Which::First(0),
[INFO] [stdout]     |                         ^^^^^ could not find `Which` in `simd`
[INFO] [stdout]     |
[INFO] [stdout]    ::: src/x86/mmx.rs:130:9
[INFO] [stdout]     |
[INFO] [stdout] 130 |         packs2! { i16, Into::<i32x2>::into(a), b.into() }.into()
[INFO] [stdout]     |         ------------------------------------------------- in this macro invocation
[INFO] [stdout]     |
[INFO] [stdout]     = note: this error originates in the macro `packs2` (in Nightly builds, run with -Z macro-backtrace for more info)
[INFO] [stdout] 
[INFO] [stdout] 
[INFO] [stdout] error[E0433]: failed to resolve: could not find `Which` in `simd`
[INFO] [stdout]    --> src/x86.rs:240:25
[INFO] [stdout]     |
[INFO] [stdout] 240 |             core::simd::Which::First(1),
[INFO] [stdout]     |                         ^^^^^ could not find `Which` in `simd`
[INFO] [stdout]     |
[INFO] [stdout]    ::: src/x86/mmx.rs:130:9
[INFO] [stdout]     |
[INFO] [stdout] 130 |         packs2! { i16, Into::<i32x2>::into(a), b.into() }.into()
[INFO] [stdout]     |         ------------------------------------------------- in this macro invocation
[INFO] [stdout]     |
[INFO] [stdout]     = note: this error originates in the macro `packs2` (in Nightly builds, run with -Z macro-backtrace for more info)
[INFO] [stdout] 
[INFO] [stdout] 
[INFO] [stdout] error[E0433]: failed to resolve: could not find `Which` in `simd`
[INFO] [stdout]    --> src/x86.rs:241:25
[INFO] [stdout]     |
[INFO] [stdout] 241 |             core::simd::Which::Second(0),
[INFO] [stdout]     |                         ^^^^^ could not find `Which` in `simd`
[INFO] [stdout]     |
[INFO] [stdout]    ::: src/x86/mmx.rs:130:9
[INFO] [stdout]     |
[INFO] [stdout] 130 |         packs2! { i16, Into::<i32x2>::into(a), b.into() }.into()
[INFO] [stdout]     |         ------------------------------------------------- in this macro invocation
[INFO] [stdout]     |
[INFO] [stdout]     = note: this error originates in the macro `packs2` (in Nightly builds, run with -Z macro-backtrace for more info)
[INFO] [stdout] 
[INFO] [stdout] 
[INFO] [stdout] error[E0433]: failed to resolve: could not find `Which` in `simd`
[INFO] [stdout]    --> src/x86.rs:242:25
[INFO] [stdout]     |
[INFO] [stdout] 242 |             core::simd::Which::Second(1),
[INFO] [stdout]     |                         ^^^^^ could not find `Which` in `simd`
[INFO] [stdout]     |
[INFO] [stdout]    ::: src/x86/mmx.rs:130:9
[INFO] [stdout]     |
[INFO] [stdout] 130 |         packs2! { i16, Into::<i32x2>::into(a), b.into() }.into()
[INFO] [stdout]     |         ------------------------------------------------- in this macro invocation
[INFO] [stdout]     |
[INFO] [stdout]     = note: this error originates in the macro `packs2` (in Nightly builds, run with -Z macro-backtrace for more info)
[INFO] [stdout] 
[INFO] [stdout] 
[INFO] [stdout] error[E0433]: failed to resolve: could not find `Which` in `simd`
[INFO] [stdout]    --> src/x86.rs:255:25
[INFO] [stdout]     |
[INFO] [stdout] 255 |             core::simd::Which::First(0),
[INFO] [stdout]     |                         ^^^^^ could not find `Which` in `simd`
[INFO] [stdout]     |
[INFO] [stdout]    ::: src/x86/mmx.rs:135:9
[INFO] [stdout]     |
[INFO] [stdout] 135 |         packs4! { u8, Into::<i16x4>::into(a), b.into() }.into()
[INFO] [stdout]     |         ------------------------------------------------ in this macro invocation
[INFO] [stdout]     |
[INFO] [stdout]     = note: this error originates in the macro `packs4` (in Nightly builds, run with -Z macro-backtrace for more info)
[INFO] [stdout] 
[INFO] [stdout] 
[INFO] [stdout] error[E0433]: failed to resolve: could not find `Which` in `simd`
[INFO] [stdout]    --> src/x86.rs:256:25
[INFO] [stdout]     |
[INFO] [stdout] 256 |             core::simd::Which::First(1),
[INFO] [stdout]     |                         ^^^^^ could not find `Which` in `simd`
[INFO] [stdout]     |
[INFO] [stdout]    ::: src/x86/mmx.rs:135:9
[INFO] [stdout]     |
[INFO] [stdout] 135 |         packs4! { u8, Into::<i16x4>::into(a), b.into() }.into()
[INFO] [stdout]     |         ------------------------------------------------ in this macro invocation
[INFO] [stdout]     |
[INFO] [stdout]     = note: this error originates in the macro `packs4` (in Nightly builds, run with -Z macro-backtrace for more info)
[INFO] [stdout] 
[INFO] [stdout] 
[INFO] [stdout] error[E0433]: failed to resolve: could not find `Which` in `simd`
[INFO] [stdout]    --> src/x86.rs:257:25
[INFO] [stdout]     |
[INFO] [stdout] 257 |             core::simd::Which::First(2),
[INFO] [stdout]     |                         ^^^^^ could not find `Which` in `simd`
[INFO] [stdout]     |
[INFO] [stdout]    ::: src/x86/mmx.rs:135:9
[INFO] [stdout]     |
[INFO] [stdout] 135 |         packs4! { u8, Into::<i16x4>::into(a), b.into() }.into()
[INFO] [stdout]     |         ------------------------------------------------ in this macro invocation
[INFO] [stdout]     |
[INFO] [stdout]     = note: this error originates in the macro `packs4` (in Nightly builds, run with -Z macro-backtrace for more info)
[INFO] [stdout] 
[INFO] [stdout] 
[INFO] [stdout] error[E0433]: failed to resolve: could not find `Which` in `simd`
[INFO] [stdout]    --> src/x86.rs:258:25
[INFO] [stdout]     |
[INFO] [stdout] 258 |             core::simd::Which::First(3),
[INFO] [stdout]     |                         ^^^^^ could not find `Which` in `simd`
[INFO] [stdout]     |
[INFO] [stdout]    ::: src/x86/mmx.rs:135:9
[INFO] [stdout]     |
[INFO] [stdout] 135 |         packs4! { u8, Into::<i16x4>::into(a), b.into() }.into()
[INFO] [stdout]     |         ------------------------------------------------ in this macro invocation
[INFO] [stdout]     |
[INFO] [stdout]     = note: this error originates in the macro `packs4` (in Nightly builds, run with -Z macro-backtrace for more info)
[INFO] [stdout] 
[INFO] [stdout] 
[INFO] [stdout] error[E0433]: failed to resolve: could not find `Which` in `simd`
[INFO] [stdout]    --> src/x86.rs:259:25
[INFO] [stdout]     |
[INFO] [stdout] 259 |             core::simd::Which::Second(0),
[INFO] [stdout]     |                         ^^^^^ could not find `Which` in `simd`
[INFO] [stdout]     |
[INFO] [stdout]    ::: src/x86/mmx.rs:135:9
[INFO] [stdout]     |
[INFO] [stdout] 135 |         packs4! { u8, Into::<i16x4>::into(a), b.into() }.into()
[INFO] [stdout]     |         ------------------------------------------------ in this macro invocation
[INFO] [stdout]     |
[INFO] [stdout]     = note: this error originates in the macro `packs4` (in Nightly builds, run with -Z macro-backtrace for more info)
[INFO] [stdout] 
[INFO] [stdout] 
[INFO] [stdout] error[E0433]: failed to resolve: could not find `Which` in `simd`
[INFO] [stdout]    --> src/x86.rs:260:25
[INFO] [stdout]     |
[INFO] [stdout] 260 |             core::simd::Which::Second(1),
[INFO] [stdout]     |                         ^^^^^ could not find `Which` in `simd`
[INFO] [stdout]     |
[INFO] [stdout]    ::: src/x86/mmx.rs:135:9
[INFO] [stdout]     |
[INFO] [stdout] 135 |         packs4! { u8, Into::<i16x4>::into(a), b.into() }.into()
[INFO] [stdout]     |         ------------------------------------------------ in this macro invocation
[INFO] [stdout]     |
[INFO] [stdout]     = note: this error originates in the macro `packs4` (in Nightly builds, run with -Z macro-backtrace for more info)
[INFO] [stdout] 
[INFO] [stdout] 
[INFO] [stdout] error[E0433]: failed to resolve: could not find `Which` in `simd`
[INFO] [stdout]    --> src/x86.rs:261:25
[INFO] [stdout]     |
[INFO] [stdout] 261 |             core::simd::Which::Second(2),
[INFO] [stdout]     |                         ^^^^^ could not find `Which` in `simd`
[INFO] [stdout]     |
[INFO] [stdout]    ::: src/x86/mmx.rs:135:9
[INFO] [stdout]     |
[INFO] [stdout] 135 |         packs4! { u8, Into::<i16x4>::into(a), b.into() }.into()
[INFO] [stdout]     |         ------------------------------------------------ in this macro invocation
[INFO] [stdout]     |
[INFO] [stdout]     = note: this error originates in the macro `packs4` (in Nightly builds, run with -Z macro-backtrace for more info)
[INFO] [stdout] 
[INFO] [stdout] 
[INFO] [stdout] error[E0433]: failed to resolve: could not find `Which` in `simd`
[INFO] [stdout]    --> src/x86.rs:262:25
[INFO] [stdout]     |
[INFO] [stdout] 262 |             core::simd::Which::Second(3),
[INFO] [stdout]     |                         ^^^^^ could not find `Which` in `simd`
[INFO] [stdout]     |
[INFO] [stdout]    ::: src/x86/mmx.rs:135:9
[INFO] [stdout]     |
[INFO] [stdout] 135 |         packs4! { u8, Into::<i16x4>::into(a), b.into() }.into()
[INFO] [stdout]     |         ------------------------------------------------ in this macro invocation
[INFO] [stdout]     |
[INFO] [stdout]     = note: this error originates in the macro `packs4` (in Nightly builds, run with -Z macro-backtrace for more info)
[INFO] [stdout] 
[INFO] [stdout] 
[INFO] [stdout] error[E0433]: failed to resolve: could not find `Which` in `simd`
[INFO] [stdout]    --> src/x86.rs:275:25
[INFO] [stdout]     |
[INFO] [stdout] 275 |             core::simd::Which::First(0),
[INFO] [stdout]     |                         ^^^^^ could not find `Which` in `simd`
[INFO] [stdout]     |
[INFO] [stdout]    ::: src/x86/sse2.rs:239:9
[INFO] [stdout]     |
[INFO] [stdout] 239 |         packs8!{ i8, a, b }.into()
[INFO] [stdout]     |         ------------------- in this macro invocation
[INFO] [stdout]     |
[INFO] [stdout]     = note: this error originates in the macro `packs8` (in Nightly builds, run with -Z macro-backtrace for more info)
[INFO] [stdout] 
[INFO] [stdout] 
[INFO] [stdout] error[E0433]: failed to resolve: could not find `Which` in `simd`
[INFO] [stdout]    --> src/x86.rs:276:25
[INFO] [stdout]     |
[INFO] [stdout] 276 |             core::simd::Which::First(1),
[INFO] [stdout]     |                         ^^^^^ could not find `Which` in `simd`
[INFO] [stdout]     |
[INFO] [stdout]    ::: src/x86/sse2.rs:239:9
[INFO] [stdout]     |
[INFO] [stdout] 239 |         packs8!{ i8, a, b }.into()
[INFO] [stdout]     |         ------------------- in this macro invocation
[INFO] [stdout]     |
[INFO] [stdout]     = note: this error originates in the macro `packs8` (in Nightly builds, run with -Z macro-backtrace for more info)
[INFO] [stdout] 
[INFO] [stdout] 
[INFO] [stdout] error[E0433]: failed to resolve: could not find `Which` in `simd`
[INFO] [stdout]    --> src/x86.rs:277:25
[INFO] [stdout]     |
[INFO] [stdout] 277 |             core::simd::Which::First(2),
[INFO] [stdout]     |                         ^^^^^ could not find `Which` in `simd`
[INFO] [stdout]     |
[INFO] [stdout]    ::: src/x86/sse2.rs:239:9
[INFO] [stdout]     |
[INFO] [stdout] 239 |         packs8!{ i8, a, b }.into()
[INFO] [stdout]     |         ------------------- in this macro invocation
[INFO] [stdout]     |
[INFO] [stdout]     = note: this error originates in the macro `packs8` (in Nightly builds, run with -Z macro-backtrace for more info)
[INFO] [stdout] 
[INFO] [stdout] 
[INFO] [stdout] error[E0433]: failed to resolve: could not find `Which` in `simd`
[INFO] [stdout]    --> src/x86.rs:278:25
[INFO] [stdout]     |
[INFO] [stdout] 278 |             core::simd::Which::First(3),
[INFO] [stdout]     |                         ^^^^^ could not find `Which` in `simd`
[INFO] [stdout]     |
[INFO] [stdout]    ::: src/x86/sse2.rs:239:9
[INFO] [stdout]     |
[INFO] [stdout] 239 |         packs8!{ i8, a, b }.into()
[INFO] [stdout]     |         ------------------- in this macro invocation
[INFO] [stdout]     |
[INFO] [stdout]     = note: this error originates in the macro `packs8` (in Nightly builds, run with -Z macro-backtrace for more info)
[INFO] [stdout] 
[INFO] [stdout] 
[INFO] [stdout] error[E0433]: failed to resolve: could not find `Which` in `simd`
[INFO] [stdout]    --> src/x86.rs:279:25
[INFO] [stdout]     |
[INFO] [stdout] 279 |             core::simd::Which::First(4),
[INFO] [stdout]     |                         ^^^^^ could not find `Which` in `simd`
[INFO] [stdout]     |
[INFO] [stdout]    ::: src/x86/sse2.rs:239:9
[INFO] [stdout]     |
[INFO] [stdout] 239 |         packs8!{ i8, a, b }.into()
[INFO] [stdout]     |         ------------------- in this macro invocation
[INFO] [stdout]     |
[INFO] [stdout]     = note: this error originates in the macro `packs8` (in Nightly builds, run with -Z macro-backtrace for more info)
[INFO] [stdout] 
[INFO] [stdout] 
[INFO] [stdout] error[E0433]: failed to resolve: could not find `Which` in `simd`
[INFO] [stdout]    --> src/x86.rs:280:25
[INFO] [stdout]     |
[INFO] [stdout] 280 |             core::simd::Which::First(5),
[INFO] [stdout]     |                         ^^^^^ could not find `Which` in `simd`
[INFO] [stdout]     |
[INFO] [stdout]    ::: src/x86/sse2.rs:239:9
[INFO] [stdout]     |
[INFO] [stdout] 239 |         packs8!{ i8, a, b }.into()
[INFO] [stdout]     |         ------------------- in this macro invocation
[INFO] [stdout]     |
[INFO] [stdout]     = note: this error originates in the macro `packs8` (in Nightly builds, run with -Z macro-backtrace for more info)
[INFO] [stdout] 
[INFO] [stdout] 
[INFO] [stdout] error[E0433]: failed to resolve: could not find `Which` in `simd`
[INFO] [stdout]    --> src/x86.rs:281:25
[INFO] [stdout]     |
[INFO] [stdout] 281 |             core::simd::Which::First(6),
[INFO] [stdout]     |                         ^^^^^ could not find `Which` in `simd`
[INFO] [stdout]     |
[INFO] [stdout]    ::: src/x86/sse2.rs:239:9
[INFO] [stdout]     |
[INFO] [stdout] 239 |         packs8!{ i8, a, b }.into()
[INFO] [stdout]     |         ------------------- in this macro invocation
[INFO] [stdout]     |
[INFO] [stdout]     = note: this error originates in the macro `packs8` (in Nightly builds, run with -Z macro-backtrace for more info)
[INFO] [stdout] 
[INFO] [stdout] 
[INFO] [stdout] error[E0433]: failed to resolve: could not find `Which` in `simd`
[INFO] [stdout]    --> src/x86.rs:282:25
[INFO] [stdout]     |
[INFO] [stdout] 282 |             core::simd::Which::First(7),
[INFO] [stdout]     |                         ^^^^^ could not find `Which` in `simd`
[INFO] [stdout]     |
[INFO] [stdout]    ::: src/x86/sse2.rs:239:9
[INFO] [stdout]     |
[INFO] [stdout] 239 |         packs8!{ i8, a, b }.into()
[INFO] [stdout]     |         ------------------- in this macro invocation
[INFO] [stdout]     |
[INFO] [stdout]     = note: this error originates in the macro `packs8` (in Nightly builds, run with -Z macro-backtrace for more info)
[INFO] [stdout] 
[INFO] [stdout] 
[INFO] [stdout] error[E0433]: failed to resolve: could not find `Which` in `simd`
[INFO] [stdout]    --> src/x86.rs:283:25
[INFO] [stdout]     |
[INFO] [stdout] 283 |             core::simd::Which::Second(0),
[INFO] [stdout]     |                         ^^^^^ could not find `Which` in `simd`
[INFO] [stdout]     |
[INFO] [stdout]    ::: src/x86/sse2.rs:239:9
[INFO] [stdout]     |
[INFO] [stdout] 239 |         packs8!{ i8, a, b }.into()
[INFO] [stdout]     |         ------------------- in this macro invocation
[INFO] [stdout]     |
[INFO] [stdout]     = note: this error originates in the macro `packs8` (in Nightly builds, run with -Z macro-backtrace for more info)
[INFO] [stdout] 
[INFO] [stdout] 
[INFO] [stdout] error[E0433]: failed to resolve: could not find `Which` in `simd`
[INFO] [stdout]    --> src/x86.rs:284:25
[INFO] [stdout]     |
[INFO] [stdout] 284 |             core::simd::Which::Second(1),
[INFO] [stdout]     |                         ^^^^^ could not find `Which` in `simd`
[INFO] [stdout]     |
[INFO] [stdout]    ::: src/x86/sse2.rs:239:9
[INFO] [stdout]     |
[INFO] [stdout] 239 |         packs8!{ i8, a, b }.into()
[INFO] [stdout]     |         ------------------- in this macro invocation
[INFO] [stdout]     |
[INFO] [stdout]     = note: this error originates in the macro `packs8` (in Nightly builds, run with -Z macro-backtrace for more info)
[INFO] [stdout] 
[INFO] [stdout] 
[INFO] [stdout] error[E0433]: failed to resolve: could not find `Which` in `simd`
[INFO] [stdout]    --> src/x86.rs:285:25
[INFO] [stdout]     |
[INFO] [stdout] 285 |             core::simd::Which::Second(2),
[INFO] [stdout]     |                         ^^^^^ could not find `Which` in `simd`
[INFO] [stdout]     |
[INFO] [stdout]    ::: src/x86/sse2.rs:239:9
[INFO] [stdout]     |
[INFO] [stdout] 239 |         packs8!{ i8, a, b }.into()
[INFO] [stdout]     |         ------------------- in this macro invocation
[INFO] [stdout]     |
[INFO] [stdout]     = note: this error originates in the macro `packs8` (in Nightly builds, run with -Z macro-backtrace for more info)
[INFO] [stdout] 
[INFO] [stdout] 
[INFO] [stdout] error[E0433]: failed to resolve: could not find `Which` in `simd`
[INFO] [stdout]    --> src/x86.rs:286:25
[INFO] [stdout]     |
[INFO] [stdout] 286 |             core::simd::Which::Second(3),
[INFO] [stdout]     |                         ^^^^^ could not find `Which` in `simd`
[INFO] [stdout]     |
[INFO] [stdout]    ::: src/x86/sse2.rs:239:9
[INFO] [stdout]     |
[INFO] [stdout] 239 |         packs8!{ i8, a, b }.into()
[INFO] [stdout]     |         ------------------- in this macro invocation
[INFO] [stdout]     |
[INFO] [stdout]     = note: this error originates in the macro `packs8` (in Nightly builds, run with -Z macro-backtrace for more info)
[INFO] [stdout] 
[INFO] [stdout] 
[INFO] [stdout] error[E0433]: failed to resolve: could not find `Which` in `simd`
[INFO] [stdout]    --> src/x86.rs:287:25
[INFO] [stdout]     |
[INFO] [stdout] 287 |             core::simd::Which::Second(4),
[INFO] [stdout]     |                         ^^^^^ could not find `Which` in `simd`
[INFO] [stdout]     |
[INFO] [stdout]    ::: src/x86/sse2.rs:239:9
[INFO] [stdout]     |
[INFO] [stdout] 239 |         packs8!{ i8, a, b }.into()
[INFO] [stdout]     |         ------------------- in this macro invocation
[INFO] [stdout]     |
[INFO] [stdout]     = note: this error originates in the macro `packs8` (in Nightly builds, run with -Z macro-backtrace for more info)
[INFO] [stdout] 
[INFO] [stdout] 
[INFO] [stdout] error[E0433]: failed to resolve: could not find `Which` in `simd`
[INFO] [stdout]    --> src/x86.rs:288:25
[INFO] [stdout]     |
[INFO] [stdout] 288 |             core::simd::Which::Second(5),
[INFO] [stdout]     |                         ^^^^^ could not find `Which` in `simd`
[INFO] [stdout]     |
[INFO] [stdout]    ::: src/x86/sse2.rs:239:9
[INFO] [stdout]     |
[INFO] [stdout] 239 |         packs8!{ i8, a, b }.into()
[INFO] [stdout]     |         ------------------- in this macro invocation
[INFO] [stdout]     |
[INFO] [stdout]     = note: this error originates in the macro `packs8` (in Nightly builds, run with -Z macro-backtrace for more info)
[INFO] [stdout] 
[INFO] [stdout] 
[INFO] [stdout] error[E0433]: failed to resolve: could not find `Which` in `simd`
[INFO] [stdout]    --> src/x86.rs:289:25
[INFO] [stdout]     |
[INFO] [stdout] 289 |             core::simd::Which::Second(6),
[INFO] [stdout]     |                         ^^^^^ could not find `Which` in `simd`
[INFO] [stdout]     |
[INFO] [stdout]    ::: src/x86/sse2.rs:239:9
[INFO] [stdout]     |
[INFO] [stdout] 239 |         packs8!{ i8, a, b }.into()
[INFO] [stdout]     |         ------------------- in this macro invocation
[INFO] [stdout]     |
[INFO] [stdout]     = note: this error originates in the macro `packs8` (in Nightly builds, run with -Z macro-backtrace for more info)
[INFO] [stdout] 
[INFO] [stdout] 
[INFO] [stdout] error[E0433]: failed to resolve: could not find `Which` in `simd`
[INFO] [stdout]    --> src/x86.rs:290:25
[INFO] [stdout]     |
[INFO] [stdout] 290 |             core::simd::Which::Second(7),
[INFO] [stdout]     |                         ^^^^^ could not find `Which` in `simd`
[INFO] [stdout]     |
[INFO] [stdout]    ::: src/x86/sse2.rs:239:9
[INFO] [stdout]     |
[INFO] [stdout] 239 |         packs8!{ i8, a, b }.into()
[INFO] [stdout]     |         ------------------- in this macro invocation
[INFO] [stdout]     |
[INFO] [stdout]     = note: this error originates in the macro `packs8` (in Nightly builds, run with -Z macro-backtrace for more info)
[INFO] [stdout] 
[INFO] [stdout] 
[INFO] [stdout] error[E0433]: failed to resolve: could not find `Which` in `simd`
[INFO] [stdout]    --> src/x86.rs:255:25
[INFO] [stdout]     |
[INFO] [stdout] 255 |             core::simd::Which::First(0),
[INFO] [stdout]     |                         ^^^^^ could not find `Which` in `simd`
[INFO] [stdout]     |
[INFO] [stdout]    ::: src/x86/sse2.rs:245:9
[INFO] [stdout]     |
[INFO] [stdout] 245 |         packs4! { i16, a, b }.into()
[INFO] [stdout]     |         --------------------- in this macro invocation
[INFO] [stdout]     |
[INFO] [stdout]     = note: this error originates in the macro `packs4` (in Nightly builds, run with -Z macro-backtrace for more info)
[INFO] [stdout] 
[INFO] [stdout] 
[INFO] [stdout] error[E0433]: failed to resolve: could not find `Which` in `simd`
[INFO] [stdout]    --> src/x86.rs:256:25
[INFO] [stdout]     |
[INFO] [stdout] 256 |             core::simd::Which::First(1),
[INFO] [stdout]     |                         ^^^^^ could not find `Which` in `simd`
[INFO] [stdout]     |
[INFO] [stdout]    ::: src/x86/sse2.rs:245:9
[INFO] [stdout]     |
[INFO] [stdout] 245 |         packs4! { i16, a, b }.into()
[INFO] [stdout]     |         --------------------- in this macro invocation
[INFO] [stdout]     |
[INFO] [stdout]     = note: this error originates in the macro `packs4` (in Nightly builds, run with -Z macro-backtrace for more info)
[INFO] [stdout] 
[INFO] [stdout] 
[INFO] [stdout] error[E0433]: failed to resolve: could not find `Which` in `simd`
[INFO] [stdout]    --> src/x86.rs:257:25
[INFO] [stdout]     |
[INFO] [stdout] 257 |             core::simd::Which::First(2),
[INFO] [stdout]     |                         ^^^^^ could not find `Which` in `simd`
[INFO] [stdout]     |
[INFO] [stdout]    ::: src/x86/sse2.rs:245:9
[INFO] [stdout]     |
[INFO] [stdout] 245 |         packs4! { i16, a, b }.into()
[INFO] [stdout]     |         --------------------- in this macro invocation
[INFO] [stdout]     |
[INFO] [stdout]     = note: this error originates in the macro `packs4` (in Nightly builds, run with -Z macro-backtrace for more info)
[INFO] [stdout] 
[INFO] [stdout] 
[INFO] [stdout] error[E0433]: failed to resolve: could not find `Which` in `simd`
[INFO] [stdout]    --> src/x86.rs:258:25
[INFO] [stdout]     |
[INFO] [stdout] 258 |             core::simd::Which::First(3),
[INFO] [stdout]     |                         ^^^^^ could not find `Which` in `simd`
[INFO] [stdout]     |
[INFO] [stdout]    ::: src/x86/sse2.rs:245:9
[INFO] [stdout]     |
[INFO] [stdout] 245 |         packs4! { i16, a, b }.into()
[INFO] [stdout]     |         --------------------- in this macro invocation
[INFO] [stdout]     |
[INFO] [stdout]     = note: this error originates in the macro `packs4` (in Nightly builds, run with -Z macro-backtrace for more info)
[INFO] [stdout] 
[INFO] [stdout] 
[INFO] [stdout] error[E0433]: failed to resolve: could not find `Which` in `simd`
[INFO] [stdout]    --> src/x86.rs:259:25
[INFO] [stdout]     |
[INFO] [stdout] 259 |             core::simd::Which::Second(0),
[INFO] [stdout]     |                         ^^^^^ could not find `Which` in `simd`
[INFO] [stdout]     |
[INFO] [stdout]    ::: src/x86/sse2.rs:245:9
[INFO] [stdout]     |
[INFO] [stdout] 245 |         packs4! { i16, a, b }.into()
[INFO] [stdout]     |         --------------------- in this macro invocation
[INFO] [stdout]     |
[INFO] [stdout]     = note: this error originates in the macro `packs4` (in Nightly builds, run with -Z macro-backtrace for more info)
[INFO] [stdout] 
[INFO] [stdout] 
[INFO] [stdout] error[E0433]: failed to resolve: could not find `Which` in `simd`
[INFO] [stdout]    --> src/x86.rs:260:25
[INFO] [stdout]     |
[INFO] [stdout] 260 |             core::simd::Which::Second(1),
[INFO] [stdout]     |                         ^^^^^ could not find `Which` in `simd`
[INFO] [stdout]     |
[INFO] [stdout]    ::: src/x86/sse2.rs:245:9
[INFO] [stdout]     |
[INFO] [stdout] 245 |         packs4! { i16, a, b }.into()
[INFO] [stdout]     |         --------------------- in this macro invocation
[INFO] [stdout]     |
[INFO] [stdout]     = note: this error originates in the macro `packs4` (in Nightly builds, run with -Z macro-backtrace for more info)
[INFO] [stdout] 
[INFO] [stdout] 
[INFO] [stdout] error[E0433]: failed to resolve: could not find `Which` in `simd`
[INFO] [stdout]    --> src/x86.rs:261:25
[INFO] [stdout]     |
[INFO] [stdout] 261 |             core::simd::Which::Second(2),
[INFO] [stdout]     |                         ^^^^^ could not find `Which` in `simd`
[INFO] [stdout]     |
[INFO] [stdout]    ::: src/x86/sse2.rs:245:9
[INFO] [stdout]     |
[INFO] [stdout] 245 |         packs4! { i16, a, b }.into()
[INFO] [stdout]     |         --------------------- in this macro invocation
[INFO] [stdout]     |
[INFO] [stdout]     = note: this error originates in the macro `packs4` (in Nightly builds, run with -Z macro-backtrace for more info)
[INFO] [stdout] 
[INFO] [stdout] 
[INFO] [stdout] error[E0433]: failed to resolve: could not find `Which` in `simd`
[INFO] [stdout]    --> src/x86.rs:262:25
[INFO] [stdout]     |
[INFO] [stdout] 262 |             core::simd::Which::Second(3),
[INFO] [stdout]     |                         ^^^^^ could not find `Which` in `simd`
[INFO] [stdout]     |
[INFO] [stdout]    ::: src/x86/sse2.rs:245:9
[INFO] [stdout]     |
[INFO] [stdout] 245 |         packs4! { i16, a, b }.into()
[INFO] [stdout]     |         --------------------- in this macro invocation
[INFO] [stdout]     |
[INFO] [stdout]     = note: this error originates in the macro `packs4` (in Nightly builds, run with -Z macro-backtrace for more info)
[INFO] [stdout] 
[INFO] [stdout] 
[INFO] [stdout] error[E0433]: failed to resolve: could not find `Which` in `simd`
[INFO] [stdout]    --> src/x86.rs:275:25
[INFO] [stdout]     |
[INFO] [stdout] 275 |             core::simd::Which::First(0),
[INFO] [stdout]     |                         ^^^^^ could not find `Which` in `simd`
[INFO] [stdout]     |
[INFO] [stdout]    ::: src/x86/sse2.rs:251:9
[INFO] [stdout]     |
[INFO] [stdout] 251 |         packs8!{ u8, a, b }.into()
[INFO] [stdout]     |         ------------------- in this macro invocation
[INFO] [stdout]     |
[INFO] [stdout]     = note: this error originates in the macro `packs8` (in Nightly builds, run with -Z macro-backtrace for more info)
[INFO] [stdout] 
[INFO] [stdout] 
[INFO] [stdout] error[E0433]: failed to resolve: could not find `Which` in `simd`
[INFO] [stdout]    --> src/x86.rs:276:25
[INFO] [stdout]     |
[INFO] [stdout] 276 |             core::simd::Which::First(1),
[INFO] [stdout]     |                         ^^^^^ could not find `Which` in `simd`
[INFO] [stdout]     |
[INFO] [stdout]    ::: src/x86/sse2.rs:251:9
[INFO] [stdout]     |
[INFO] [stdout] 251 |         packs8!{ u8, a, b }.into()
[INFO] [stdout]     |         ------------------- in this macro invocation
[INFO] [stdout]     |
[INFO] [stdout]     = note: this error originates in the macro `packs8` (in Nightly builds, run with -Z macro-backtrace for more info)
[INFO] [stdout] 
[INFO] [stdout] 
[INFO] [stdout] error[E0433]: failed to resolve: could not find `Which` in `simd`
[INFO] [stdout]    --> src/x86.rs:277:25
[INFO] [stdout]     |
[INFO] [stdout] 277 |             core::simd::Which::First(2),
[INFO] [stdout]     |                         ^^^^^ could not find `Which` in `simd`
[INFO] [stdout]     |
[INFO] [stdout]    ::: src/x86/sse2.rs:251:9
[INFO] [stdout]     |
[INFO] [stdout] 251 |         packs8!{ u8, a, b }.into()
[INFO] [stdout]     |         ------------------- in this macro invocation
[INFO] [stdout]     |
[INFO] [stdout]     = note: this error originates in the macro `packs8` (in Nightly builds, run with -Z macro-backtrace for more info)
[INFO] [stdout] 
[INFO] [stdout] 
[INFO] [stdout] error[E0433]: failed to resolve: could not find `Which` in `simd`
[INFO] [stdout]    --> src/x86.rs:278:25
[INFO] [stdout]     |
[INFO] [stdout] 278 |             core::simd::Which::First(3),
[INFO] [stdout]     |                         ^^^^^ could not find `Which` in `simd`
[INFO] [stdout]     |
[INFO] [stdout]    ::: src/x86/sse2.rs:251:9
[INFO] [stdout]     |
[INFO] [stdout] 251 |         packs8!{ u8, a, b }.into()
[INFO] [stdout]     |         ------------------- in this macro invocation
[INFO] [stdout]     |
[INFO] [stdout]     = note: this error originates in the macro `packs8` (in Nightly builds, run with -Z macro-backtrace for more info)
[INFO] [stdout] 
[INFO] [stdout] 
[INFO] [stdout] error[E0433]: failed to resolve: could not find `Which` in `simd`
[INFO] [stdout]    --> src/x86.rs:279:25
[INFO] [stdout]     |
[INFO] [stdout] 279 |             core::simd::Which::First(4),
[INFO] [stdout]     |                         ^^^^^ could not find `Which` in `simd`
[INFO] [stdout]     |
[INFO] [stdout]    ::: src/x86/sse2.rs:251:9
[INFO] [stdout]     |
[INFO] [stdout] 251 |         packs8!{ u8, a, b }.into()
[INFO] [stdout]     |         ------------------- in this macro invocation
[INFO] [stdout]     |
[INFO] [stdout]     = note: this error originates in the macro `packs8` (in Nightly builds, run with -Z macro-backtrace for more info)
[INFO] [stdout] 
[INFO] [stdout] 
[INFO] [stdout] error[E0433]: failed to resolve: could not find `Which` in `simd`
[INFO] [stdout]    --> src/x86.rs:280:25
[INFO] [stdout]     |
[INFO] [stdout] 280 |             core::simd::Which::First(5),
[INFO] [stdout]     |                         ^^^^^ could not find `Which` in `simd`
[INFO] [stdout]     |
[INFO] [stdout]    ::: src/x86/sse2.rs:251:9
[INFO] [stdout]     |
[INFO] [stdout] 251 |         packs8!{ u8, a, b }.into()
[INFO] [stdout]     |         ------------------- in this macro invocation
[INFO] [stdout]     |
[INFO] [stdout]     = note: this error originates in the macro `packs8` (in Nightly builds, run with -Z macro-backtrace for more info)
[INFO] [stdout] 
[INFO] [stdout] 
[INFO] [stdout] error[E0433]: failed to resolve: could not find `Which` in `simd`
[INFO] [stdout]    --> src/x86.rs:281:25
[INFO] [stdout]     |
[INFO] [stdout] 281 |             core::simd::Which::First(6),
[INFO] [stdout]     |                         ^^^^^ could not find `Which` in `simd`
[INFO] [stdout]     |
[INFO] [stdout]    ::: src/x86/sse2.rs:251:9
[INFO] [stdout]     |
[INFO] [stdout] 251 |         packs8!{ u8, a, b }.into()
[INFO] [stdout]     |         ------------------- in this macro invocation
[INFO] [stdout]     |
[INFO] [stdout]     = note: this error originates in the macro `packs8` (in Nightly builds, run with -Z macro-backtrace for more info)
[INFO] [stdout] 
[INFO] [stdout] 
[INFO] [stdout] error[E0433]: failed to resolve: could not find `Which` in `simd`
[INFO] [stdout]    --> src/x86.rs:282:25
[INFO] [stdout]     |
[INFO] [stdout] 282 |             core::simd::Which::First(7),
[INFO] [stdout]     |                         ^^^^^ could not find `Which` in `simd`
[INFO] [stdout]     |
[INFO] [stdout]    ::: src/x86/sse2.rs:251:9
[INFO] [stdout]     |
[INFO] [stdout] 251 |         packs8!{ u8, a, b }.into()
[INFO] [stdout]     |         ------------------- in this macro invocation
[INFO] [stdout]     |
[INFO] [stdout]     = note: this error originates in the macro `packs8` (in Nightly builds, run with -Z macro-backtrace for more info)
[INFO] [stdout] 
[INFO] [stdout] 
[INFO] [stdout] error[E0433]: failed to resolve: could not find `Which` in `simd`
[INFO] [stdout]    --> src/x86.rs:283:25
[INFO] [stdout]     |
[INFO] [stdout] 283 |             core::simd::Which::Second(0),
[INFO] [stdout]     |                         ^^^^^ could not find `Which` in `simd`
[INFO] [stdout]     |
[INFO] [stdout]    ::: src/x86/sse2.rs:251:9
[INFO] [stdout]     |
[INFO] [stdout] 251 |         packs8!{ u8, a, b }.into()
[INFO] [stdout]     |         ------------------- in this macro invocation
[INFO] [stdout]     |
[INFO] [stdout]     = note: this error originates in the macro `packs8` (in Nightly builds, run with -Z macro-backtrace for more info)
[INFO] [stdout] 
[INFO] [stdout] 
[INFO] [stdout] error[E0433]: failed to resolve: could not find `Which` in `simd`
[INFO] [stdout]    --> src/x86.rs:284:25
[INFO] [stdout]     |
[INFO] [stdout] 284 |             core::simd::Which::Second(1),
[INFO] [stdout]     |                         ^^^^^ could not find `Which` in `simd`
[INFO] [stdout]     |
[INFO] [stdout]    ::: src/x86/sse2.rs:251:9
[INFO] [stdout]     |
[INFO] [stdout] 251 |         packs8!{ u8, a, b }.into()
[INFO] [stdout]     |         ------------------- in this macro invocation
[INFO] [stdout]     |
[INFO] [stdout]     = note: this error originates in the macro `packs8` (in Nightly builds, run with -Z macro-backtrace for more info)
[INFO] [stdout] 
[INFO] [stdout] 
[INFO] [stdout] error[E0433]: failed to resolve: could not find `Which` in `simd`
[INFO] [stdout]    --> src/x86.rs:285:25
[INFO] [stdout]     |
[INFO] [stdout] 285 |             core::simd::Which::Second(2),
[INFO] [stdout]     |                         ^^^^^ could not find `Which` in `simd`
[INFO] [stdout]     |
[INFO] [stdout]    ::: src/x86/sse2.rs:251:9
[INFO] [stdout]     |
[INFO] [stdout] 251 |         packs8!{ u8, a, b }.into()
[INFO] [stdout]     |         ------------------- in this macro invocation
[INFO] [stdout]     |
[INFO] [stdout]     = note: this error originates in the macro `packs8` (in Nightly builds, run with -Z macro-backtrace for more info)
[INFO] [stdout] 
[INFO] [stdout] 
[INFO] [stdout] error[E0433]: failed to resolve: could not find `Which` in `simd`
[INFO] [stdout]    --> src/x86.rs:286:25
[INFO] [stdout]     |
[INFO] [stdout] 286 |             core::simd::Which::Second(3),
[INFO] [stdout]     |                         ^^^^^ could not find `Which` in `simd`
[INFO] [stdout]     |
[INFO] [stdout]    ::: src/x86/sse2.rs:251:9
[INFO] [stdout]     |
[INFO] [stdout] 251 |         packs8!{ u8, a, b }.into()
[INFO] [stdout]     |         ------------------- in this macro invocation
[INFO] [stdout]     |
[INFO] [stdout]     = note: this error originates in the macro `packs8` (in Nightly builds, run with -Z macro-backtrace for more info)
[INFO] [stdout] 
[INFO] [stdout] 
[INFO] [stdout] error[E0433]: failed to resolve: could not find `Which` in `simd`
[INFO] [stdout]    --> src/x86.rs:287:25
[INFO] [stdout]     |
[INFO] [stdout] 287 |             core::simd::Which::Second(4),
[INFO] [stdout]     |                         ^^^^^ could not find `Which` in `simd`
[INFO] [stdout]     |
[INFO] [stdout]    ::: src/x86/sse2.rs:251:9
[INFO] [stdout]     |
[INFO] [stdout] 251 |         packs8!{ u8, a, b }.into()
[INFO] [stdout]     |         ------------------- in this macro invocation
[INFO] [stdout]     |
[INFO] [stdout]     = note: this error originates in the macro `packs8` (in Nightly builds, run with -Z macro-backtrace for more info)
[INFO] [stdout] 
[INFO] [stdout] 
[INFO] [stdout] error[E0433]: failed to resolve: could not find `Which` in `simd`
[INFO] [stdout]    --> src/x86.rs:288:25
[INFO] [stdout]     |
[INFO] [stdout] 288 |             core::simd::Which::Second(5),
[INFO] [stdout]     |                         ^^^^^ could not find `Which` in `simd`
[INFO] [stdout]     |
[INFO] [stdout]    ::: src/x86/sse2.rs:251:9
[INFO] [stdout]     |
[INFO] [stdout] 251 |         packs8!{ u8, a, b }.into()
[INFO] [stdout]     |         ------------------- in this macro invocation
[INFO] [stdout]     |
[INFO] [stdout]     = note: this error originates in the macro `packs8` (in Nightly builds, run with -Z macro-backtrace for more info)
[INFO] [stdout] 
[INFO] [stdout] 
[INFO] [stdout] error[E0433]: failed to resolve: could not find `Which` in `simd`
[INFO] [stdout]    --> src/x86.rs:289:25
[INFO] [stdout]     |
[INFO] [stdout] 289 |             core::simd::Which::Second(6),
[INFO] [stdout]     |                         ^^^^^ could not find `Which` in `simd`
[INFO] [stdout]     |
[INFO] [stdout]    ::: src/x86/sse2.rs:251:9
[INFO] [stdout]     |
[INFO] [stdout] 251 |         packs8!{ u8, a, b }.into()
[INFO] [stdout]     |         ------------------- in this macro invocation
[INFO] [stdout]     |
[INFO] [stdout]     = note: this error originates in the macro `packs8` (in Nightly builds, run with -Z macro-backtrace for more info)
[INFO] [stdout] 
[INFO] [stdout] 
[INFO] [stdout] error[E0433]: failed to resolve: could not find `Which` in `simd`
[INFO] [stdout]    --> src/x86.rs:290:25
[INFO] [stdout]     |
[INFO] [stdout] 290 |             core::simd::Which::Second(7),
[INFO] [stdout]     |                         ^^^^^ could not find `Which` in `simd`
[INFO] [stdout]     |
[INFO] [stdout]    ::: src/x86/sse2.rs:251:9
[INFO] [stdout]     |
[INFO] [stdout] 251 |         packs8!{ u8, a, b }.into()
[INFO] [stdout]     |         ------------------- in this macro invocation
[INFO] [stdout]     |
[INFO] [stdout]     = note: this error originates in the macro `packs8` (in Nightly builds, run with -Z macro-backtrace for more info)
[INFO] [stdout] 
[INFO] [stdout] 
[INFO] [stdout] error[E0433]: failed to resolve: could not find `Which` in `simd`
[INFO] [stdout]    --> src/x86.rs:255:25
[INFO] [stdout]     |
[INFO] [stdout] 255 |             core::simd::Which::First(0),
[INFO] [stdout]     |                         ^^^^^ could not find `Which` in `simd`
[INFO] [stdout]     |
[INFO] [stdout]    ::: src/x86/sse41.rs:93:9
[INFO] [stdout]     |
[INFO] [stdout] 93  |         packs4!{ u16, a, b }.into()
[INFO] [stdout]     |         -------------------- in this macro invocation
[INFO] [stdout]     |
[INFO] [stdout]     = note: this error originates in the macro `packs4` (in Nightly builds, run with -Z macro-backtrace for more info)
[INFO] [stdout] 
[INFO] [stdout] 
[INFO] [stdout] error[E0433]: failed to resolve: could not find `Which` in `simd`
[INFO] [stdout]    --> src/x86.rs:256:25
[INFO] [stdout]     |
[INFO] [stdout] 256 |             core::simd::Which::First(1),
[INFO] [stdout]     |                         ^^^^^ could not find `Which` in `simd`
[INFO] [stdout]     |
[INFO] [stdout]    ::: src/x86/sse41.rs:93:9
[INFO] [stdout]     |
[INFO] [stdout] 93  |         packs4!{ u16, a, b }.into()
[INFO] [stdout]     |         -------------------- in this macro invocation
[INFO] [stdout]     |
[INFO] [stdout]     = note: this error originates in the macro `packs4` (in Nightly builds, run with -Z macro-backtrace for more info)
[INFO] [stdout] 
[INFO] [stdout] 
[INFO] [stdout] error[E0433]: failed to resolve: could not find `Which` in `simd`
[INFO] [stdout]    --> src/x86.rs:257:25
[INFO] [stdout]     |
[INFO] [stdout] 257 |             core::simd::Which::First(2),
[INFO] [stdout]     |                         ^^^^^ could not find `Which` in `simd`
[INFO] [stdout]     |
[INFO] [stdout]    ::: src/x86/sse41.rs:93:9
[INFO] [stdout]     |
[INFO] [stdout] 93  |         packs4!{ u16, a, b }.into()
[INFO] [stdout]     |         -------------------- in this macro invocation
[INFO] [stdout]     |
[INFO] [stdout]     = note: this error originates in the macro `packs4` (in Nightly builds, run with -Z macro-backtrace for more info)
[INFO] [stdout] 
[INFO] [stdout] 
[INFO] [stdout] error[E0433]: failed to resolve: could not find `Which` in `simd`
[INFO] [stdout]    --> src/x86.rs:258:25
[INFO] [stdout]     |
[INFO] [stdout] 258 |             core::simd::Which::First(3),
[INFO] [stdout]     |                         ^^^^^ could not find `Which` in `simd`
[INFO] [stdout]     |
[INFO] [stdout]    ::: src/x86/sse41.rs:93:9
[INFO] [stdout]     |
[INFO] [stdout] 93  |         packs4!{ u16, a, b }.into()
[INFO] [stdout]     |         -------------------- in this macro invocation
[INFO] [stdout]     |
[INFO] [stdout]     = note: this error originates in the macro `packs4` (in Nightly builds, run with -Z macro-backtrace for more info)
[INFO] [stdout] 
[INFO] [stdout] 
[INFO] [stdout] error[E0433]: failed to resolve: could not find `Which` in `simd`
[INFO] [stdout]    --> src/x86.rs:259:25
[INFO] [stdout]     |
[INFO] [stdout] 259 |             core::simd::Which::Second(0),
[INFO] [stdout]     |                         ^^^^^ could not find `Which` in `simd`
[INFO] [stdout]     |
[INFO] [stdout]    ::: src/x86/sse41.rs:93:9
[INFO] [stdout]     |
[INFO] [stdout] 93  |         packs4!{ u16, a, b }.into()
[INFO] [stdout]     |         -------------------- in this macro invocation
[INFO] [stdout]     |
[INFO] [stdout]     = note: this error originates in the macro `packs4` (in Nightly builds, run with -Z macro-backtrace for more info)
[INFO] [stdout] 
[INFO] [stdout] 
[INFO] [stdout] error[E0433]: failed to resolve: could not find `Which` in `simd`
[INFO] [stdout]    --> src/x86.rs:260:25
[INFO] [stdout]     |
[INFO] [stdout] 260 |             core::simd::Which::Second(1),
[INFO] [stdout]     |                         ^^^^^ could not find `Which` in `simd`
[INFO] [stdout]     |
[INFO] [stdout]    ::: src/x86/sse41.rs:93:9
[INFO] [stdout]     |
[INFO] [stdout] 93  |         packs4!{ u16, a, b }.into()
[INFO] [stdout]     |         -------------------- in this macro invocation
[INFO] [stdout]     |
[INFO] [stdout]     = note: this error originates in the macro `packs4` (in Nightly builds, run with -Z macro-backtrace for more info)
[INFO] [stdout] 
[INFO] [stdout] 
[INFO] [stdout] error[E0433]: failed to resolve: could not find `Which` in `simd`
[INFO] [stdout]    --> src/x86.rs:261:25
[INFO] [stdout]     |
[INFO] [stdout] 261 |             core::simd::Which::Second(2),
[INFO] [stdout]     |                         ^^^^^ could not find `Which` in `simd`
[INFO] [stdout]     |
[INFO] [stdout]    ::: src/x86/sse41.rs:93:9
[INFO] [stdout]     |
[INFO] [stdout] 93  |         packs4!{ u16, a, b }.into()
[INFO] [stdout]     |         -------------------- in this macro invocation
[INFO] [stdout]     |
[INFO] [stdout]     = note: this error originates in the macro `packs4` (in Nightly builds, run with -Z macro-backtrace for more info)
[INFO] [stdout] 
[INFO] [stdout] 
[INFO] [stdout] error[E0433]: failed to resolve: could not find `Which` in `simd`
[INFO] [stdout]    --> src/x86.rs:262:25
[INFO] [stdout]     |
[INFO] [stdout] 262 |             core::simd::Which::Second(3),
[INFO] [stdout]     |                         ^^^^^ could not find `Which` in `simd`
[INFO] [stdout]     |
[INFO] [stdout]    ::: src/x86/sse41.rs:93:9
[INFO] [stdout]     |
[INFO] [stdout] 93  |         packs4!{ u16, a, b }.into()
[INFO] [stdout]     |         -------------------- in this macro invocation
[INFO] [stdout]     |
[INFO] [stdout]     = note: this error originates in the macro `packs4` (in Nightly builds, run with -Z macro-backtrace for more info)
[INFO] [stdout] 
[INFO] [stdout] 
[INFO] [stdout] error[E0554]: `#![feature]` may not be used on the beta release channel
[INFO] [stdout]  --> src/lib.rs:5:12
[INFO] [stdout]   |
[INFO] [stdout] 5 | #![feature(portable_simd)]
[INFO] [stdout]   |            ^^^^^^^^^^^^^
[INFO] [stdout] 
[INFO] [stdout] 
[INFO] [stdout] error[E0107]: trait takes 1 generic argument but 2 generic arguments were supplied
[INFO] [stdout]    --> src/x86.rs:374:35
[INFO] [stdout]     |
[INFO] [stdout] 374 |             impl<const IMM8: i32> Swizzle<4, 4> for Shuffle<IMM8> {
[INFO] [stdout]     |                                   ^^^^^^^    - help: remove this generic argument
[INFO] [stdout]     |                                   |
[INFO] [stdout]     |                                   expected 1 generic argument
[INFO] [stdout]     |
[INFO] [stdout]    ::: src/x86/sse.rs:192:9
[INFO] [stdout]     |
[INFO] [stdout] 192 |         shuffle4! { IMM8, a }.into()
[INFO] [stdout]     |         --------------------- in this macro invocation
[INFO] [stdout]     |
[INFO] [stdout]     = note: this error originates in the macro `shuffle4` (in Nightly builds, run with -Z macro-backtrace for more info)
[INFO] [stdout] 
[INFO] [stdout] 
[INFO] [stdout] error[E0425]: cannot find function, tuple struct or tuple variant `Second` in this scope
[INFO] [stdout]    --> src/x86/sse.rs:114:30
[INFO] [stdout]     |
[INFO] [stdout] 114 |         simd_swizzle!(a, b, [Second(2), Second(3), First(2), First(3)]).into()
[INFO] [stdout]     |                              ^^^^^^ not found in this scope
[INFO] [stdout] 
[INFO] [stdout] 
[INFO] [stdout] error[E0425]: cannot find function, tuple struct or tuple variant `Second` in this scope
[INFO] [stdout]    --> src/x86/sse.rs:114:41
[INFO] [stdout]     |
[INFO] [stdout] 114 |         simd_swizzle!(a, b, [Second(2), Second(3), First(2), First(3)]).into()
[INFO] [stdout]     |                                         ^^^^^^ not found in this scope
[INFO] [stdout] 
[INFO] [stdout] 
[INFO] [stdout] error[E0425]: cannot find function, tuple struct or tuple variant `First` in this scope
[INFO] [stdout]    --> src/x86/sse.rs:114:52
[INFO] [stdout]     |
[INFO] [stdout] 114 |         simd_swizzle!(a, b, [Second(2), Second(3), First(2), First(3)]).into()
[INFO] [stdout]     |                                                    ^^^^^ not found in this scope
[INFO] [stdout] 
[INFO] [stdout] 
[INFO] [stdout] error[E0425]: cannot find function, tuple struct or tuple variant `First` in this scope
[INFO] [stdout]    --> src/x86/sse.rs:114:62
[INFO] [stdout]     |
[INFO] [stdout] 114 |         simd_swizzle!(a, b, [Second(2), Second(3), First(2), First(3)]).into()
[INFO] [stdout]     |                                                              ^^^^^ not found in this scope
[INFO] [stdout] 
[INFO] [stdout] 
[INFO] [stdout] error[E0425]: cannot find function, tuple struct or tuple variant `First` in this scope
[INFO] [stdout]    --> src/x86/sse.rs:121:30
[INFO] [stdout]     |
[INFO] [stdout] 121 |         simd_swizzle!(a, b, [First(0), First(1), Second(0), Second(1)]).into()
[INFO] [stdout]     |                              ^^^^^ not found in this scope
[INFO] [stdout] 
[INFO] [stdout] 
[INFO] [stdout] error[E0425]: cannot find function, tuple struct or tuple variant `First` in this scope
[INFO] [stdout]    --> src/x86/sse.rs:121:40
[INFO] [stdout]     |
[INFO] [stdout] 121 |         simd_swizzle!(a, b, [First(0), First(1), Second(0), Second(1)]).into()
[INFO] [stdout]     |                                        ^^^^^ not found in this scope
[INFO] [stdout] 
[INFO] [stdout] 
[INFO] [stdout] error[E0425]: cannot find function, tuple struct or tuple variant `Second` in this scope
[INFO] [stdout]    --> src/x86/sse.rs:121:50
[INFO] [stdout]     |
[INFO] [stdout] 121 |         simd_swizzle!(a, b, [First(0), First(1), Second(0), Second(1)]).into()
[INFO] [stdout]     |                                                  ^^^^^^ not found in this scope
[INFO] [stdout] 
[INFO] [stdout] 
[INFO] [stdout] error[E0425]: cannot find function, tuple struct or tuple variant `Second` in this scope
[INFO] [stdout]    --> src/x86/sse.rs:121:61
[INFO] [stdout]     |
[INFO] [stdout] 121 |         simd_swizzle!(a, b, [First(0), First(1), Second(0), Second(1)]).into()
[INFO] [stdout]     |                                                             ^^^^^^ not found in this scope
[INFO] [stdout] 
[INFO] [stdout] 
[INFO] [stdout] error: aborting due to 89 previous errors
[INFO] [stdout] 
[INFO] [stdout] 
[INFO] [stdout] Some errors have detailed explanations: E0107, E0425, E0432, E0433, E0554.
[INFO] [stdout] 
[INFO] [stdout] For more information about an error, try `rustc --explain E0107`.
[INFO] [stdout] 
[INFO] [stderr] error: could not compile `simd-polyfill` (lib) due to 90 previous errors
[INFO] running `Command { std: "docker" "inspect" "004a807e93d4683550810d0559a34bc3feb75f7783e75bec222fbae1b9747489", kill_on_drop: false }`
[INFO] running `Command { std: "docker" "rm" "-f" "004a807e93d4683550810d0559a34bc3feb75f7783e75bec222fbae1b9747489", kill_on_drop: false }`
[INFO] [stdout] 004a807e93d4683550810d0559a34bc3feb75f7783e75bec222fbae1b9747489
