[INFO] fetching crate silly-alloc 0.1.0...
[INFO] testing silly-alloc-0.1.0 against 1.75.0 for beta-1.76-1
[INFO] extracting crate silly-alloc 0.1.0 into /workspace/builds/worker-0-tc1/source
[INFO] validating manifest of crates.io crate silly-alloc 0.1.0 on toolchain 1.75.0
[INFO] running `Command { std: CARGO_HOME="/workspace/cargo-home" RUSTUP_HOME="/workspace/rustup-home" "/workspace/cargo-home/bin/cargo" "+1.75.0" "metadata" "--manifest-path" "Cargo.toml" "--no-deps", kill_on_drop: false }`
[INFO] removed /workspace/builds/worker-0-tc1/source/.cargo/config.toml
[INFO] started tweaking crates.io crate silly-alloc 0.1.0
[INFO] finished tweaking crates.io crate silly-alloc 0.1.0
[INFO] tweaked toml for crates.io crate silly-alloc 0.1.0 written to /workspace/builds/worker-0-tc1/source/Cargo.toml
[INFO] running `Command { std: CARGO_HOME="/workspace/cargo-home" RUSTUP_HOME="/workspace/rustup-home" "/workspace/cargo-home/bin/cargo" "+1.75.0" "generate-lockfile" "--manifest-path" "Cargo.toml", kill_on_drop: false }`
[INFO] [stderr]     Updating crates.io index
[INFO] running `Command { std: CARGO_HOME="/workspace/cargo-home" RUSTUP_HOME="/workspace/rustup-home" "/workspace/cargo-home/bin/cargo" "+1.75.0" "fetch" "--manifest-path" "Cargo.toml", kill_on_drop: false }`
[INFO] [stderr]  Downloading crates ...
[INFO] [stderr]   Downloaded silly-alloc-macros v0.1.0
[INFO] [stderr]   Downloaded xorshift v0.1.3
[INFO] running `Command { std: "docker" "create" "-v" "/var/lib/crater-agent-workspace/builds/worker-0-tc1/target:/opt/rustwide/target:rw,Z" "-v" "/var/lib/crater-agent-workspace/builds/worker-0-tc1/source:/opt/rustwide/workdir:ro,Z" "-v" "/var/lib/crater-agent-workspace/cargo-home:/opt/rustwide/cargo-home:ro,Z" "-v" "/var/lib/crater-agent-workspace/rustup-home:/opt/rustwide/rustup-home:ro,Z" "-e" "SOURCE_DIR=/opt/rustwide/workdir" "-e" "CARGO_TARGET_DIR=/opt/rustwide/target" "-e" "CARGO_HOME=/opt/rustwide/cargo-home" "-e" "RUSTUP_HOME=/opt/rustwide/rustup-home" "-w" "/opt/rustwide/workdir" "-m" "1610612736" "--user" "0:0" "--network" "none" "ghcr.io/rust-lang/crates-build-env/linux@sha256:2788e3201cd34a07e3172128adcd8b3090168a8e3bcc40d7c032b9dda1df7d1c" "/opt/rustwide/cargo-home/bin/cargo" "+1.75.0" "metadata" "--no-deps" "--format-version=1", kill_on_drop: false }`
[INFO] [stdout] 0e1ee3c032fc43952ce3d3375ff541c3b05a644b5431cb7a6deff1e2e58c80cc
[INFO] running `Command { std: "docker" "start" "-a" "0e1ee3c032fc43952ce3d3375ff541c3b05a644b5431cb7a6deff1e2e58c80cc", kill_on_drop: false }`
[INFO] running `Command { std: "docker" "inspect" "0e1ee3c032fc43952ce3d3375ff541c3b05a644b5431cb7a6deff1e2e58c80cc", kill_on_drop: false }`
[INFO] running `Command { std: "docker" "rm" "-f" "0e1ee3c032fc43952ce3d3375ff541c3b05a644b5431cb7a6deff1e2e58c80cc", kill_on_drop: false }`
[INFO] [stdout] 0e1ee3c032fc43952ce3d3375ff541c3b05a644b5431cb7a6deff1e2e58c80cc
[INFO] running `Command { std: "docker" "create" "-v" "/var/lib/crater-agent-workspace/builds/worker-0-tc1/target:/opt/rustwide/target:rw,Z" "-v" "/var/lib/crater-agent-workspace/builds/worker-0-tc1/source:/opt/rustwide/workdir:ro,Z" "-v" "/var/lib/crater-agent-workspace/cargo-home:/opt/rustwide/cargo-home:ro,Z" "-v" "/var/lib/crater-agent-workspace/rustup-home:/opt/rustwide/rustup-home:ro,Z" "-e" "SOURCE_DIR=/opt/rustwide/workdir" "-e" "CARGO_TARGET_DIR=/opt/rustwide/target" "-e" "CARGO_INCREMENTAL=0" "-e" "RUST_BACKTRACE=full" "-e" "RUSTFLAGS=--cap-lints=warn" "-e" "RUSTDOCFLAGS=--cap-lints=warn" "-e" "CARGO_HOME=/opt/rustwide/cargo-home" "-e" "RUSTUP_HOME=/opt/rustwide/rustup-home" "-w" "/opt/rustwide/workdir" "-m" "1610612736" "--user" "0:0" "--network" "none" "ghcr.io/rust-lang/crates-build-env/linux@sha256:2788e3201cd34a07e3172128adcd8b3090168a8e3bcc40d7c032b9dda1df7d1c" "/opt/rustwide/cargo-home/bin/cargo" "+1.75.0" "build" "--frozen" "--message-format=json", kill_on_drop: false }`
[INFO] [stdout] 5188b6b7d882c4e72fe6dff9c6e4685e120e02a28615890bf67f4c9d7c1d0d1e
[INFO] running `Command { std: "docker" "start" "-a" "5188b6b7d882c4e72fe6dff9c6e4685e120e02a28615890bf67f4c9d7c1d0d1e", kill_on_drop: false }`
[INFO] [stderr]    Compiling syn v1.0.109
[INFO] [stderr]    Compiling bytemuck v1.14.0
[INFO] [stderr]    Compiling silly-alloc-macros v0.1.0
[INFO] [stderr]    Compiling silly-alloc v0.1.0 (/opt/rustwide/workdir)
[INFO] [stderr]     Finished dev [unoptimized + debuginfo] target(s) in 2.78s
[INFO] running `Command { std: "docker" "inspect" "5188b6b7d882c4e72fe6dff9c6e4685e120e02a28615890bf67f4c9d7c1d0d1e", kill_on_drop: false }`
[INFO] running `Command { std: "docker" "rm" "-f" "5188b6b7d882c4e72fe6dff9c6e4685e120e02a28615890bf67f4c9d7c1d0d1e", kill_on_drop: false }`
[INFO] [stdout] 5188b6b7d882c4e72fe6dff9c6e4685e120e02a28615890bf67f4c9d7c1d0d1e
[INFO] running `Command { std: "docker" "create" "-v" "/var/lib/crater-agent-workspace/builds/worker-0-tc1/target:/opt/rustwide/target:rw,Z" "-v" "/var/lib/crater-agent-workspace/builds/worker-0-tc1/source:/opt/rustwide/workdir:ro,Z" "-v" "/var/lib/crater-agent-workspace/cargo-home:/opt/rustwide/cargo-home:ro,Z" "-v" "/var/lib/crater-agent-workspace/rustup-home:/opt/rustwide/rustup-home:ro,Z" "-e" "SOURCE_DIR=/opt/rustwide/workdir" "-e" "CARGO_TARGET_DIR=/opt/rustwide/target" "-e" "CARGO_INCREMENTAL=0" "-e" "RUST_BACKTRACE=full" "-e" "RUSTFLAGS=--cap-lints=warn" "-e" "RUSTDOCFLAGS=--cap-lints=warn" "-e" "CARGO_HOME=/opt/rustwide/cargo-home" "-e" "RUSTUP_HOME=/opt/rustwide/rustup-home" "-w" "/opt/rustwide/workdir" "-m" "1610612736" "--user" "0:0" "--network" "none" "ghcr.io/rust-lang/crates-build-env/linux@sha256:2788e3201cd34a07e3172128adcd8b3090168a8e3bcc40d7c032b9dda1df7d1c" "/opt/rustwide/cargo-home/bin/cargo" "+1.75.0" "test" "--frozen" "--no-run" "--message-format=json", kill_on_drop: false }`
[INFO] [stdout] 522b2991487e15235994b3d6fd6130c9f8fe0cc6f4869edcac55075298df0bff
[INFO] running `Command { std: "docker" "start" "-a" "522b2991487e15235994b3d6fd6130c9f8fe0cc6f4869edcac55075298df0bff", kill_on_drop: false }`
[INFO] [stderr]    Compiling anyhow v1.0.79
[INFO] [stderr]    Compiling lazy_static v0.2.11
[INFO] [stderr]    Compiling serde_json v1.0.111
[INFO] [stderr]    Compiling xorshift v0.1.3
[INFO] [stderr]    Compiling tinytemplate v1.2.1
[INFO] [stderr]    Compiling silly-alloc v0.1.0 (/opt/rustwide/workdir)
[INFO] [stdout] error[E0432]: unresolved import `silly_alloc::WasmBumpAllocator`
[INFO] [stdout]   --> tests/page_growth.rs:3:5
[INFO] [stdout]    |
[INFO] [stdout] 3  | use silly_alloc::WasmBumpAllocator;
[INFO] [stdout]    |     ^^^^^^^^^^^^^-----------------
[INFO] [stdout]    |     |            |
[INFO] [stdout]    |     |            help: a similar name exists in the module: `BumpAllocator`
[INFO] [stdout]    |     no `WasmBumpAllocator` in the root
[INFO] [stdout]    |
[INFO] [stdout] note: found an item that was configured out
[INFO] [stdout]   --> /opt/rustwide/workdir/src/lib.rs:43:15
[INFO] [stdout]    |
[INFO] [stdout] 43 | pub use bump::WasmBumpAllocator;
[INFO] [stdout]    |               ^^^^^^^^^^^^^^^^^
[INFO] [stdout]    = note: the item is gated behind the `wasm32` feature
[INFO] [stdout] 
[INFO] [stdout] 
[INFO] [stdout] error[E0433]: failed to resolve: could not find `wasm32` in `arch`
[INFO] [stdout]   --> tests/page_growth.rs:13:39
[INFO] [stdout]    |
[INFO] [stdout] 13 |     let num_pages_start = core::arch::wasm32::memory_size::<0>();
[INFO] [stdout]    |                                       ^^^^^^ could not find `wasm32` in `arch`
[INFO] [stdout] 
[INFO] [stdout] 
[INFO] [stdout] error[E0433]: failed to resolve: could not find `wasm32` in `arch`
[INFO] [stdout]   --> tests/page_growth.rs:16:37
[INFO] [stdout]    |
[INFO] [stdout] 16 |     let num_pages_end = core::arch::wasm32::memory_size::<0>();
[INFO] [stdout]    |                                     ^^^^^^ could not find `wasm32` in `arch`
[INFO] [stdout] 
[INFO] [stdout] 
[INFO] [stdout] error: aborting due to 3 previous errors
[INFO] [stdout] 
[INFO] [stdout] 
[INFO] [stdout] Some errors have detailed explanations: E0432, E0433.
[INFO] [stdout] 
[INFO] [stdout] For more information about an error, try `rustc --explain E0432`.
[INFO] [stdout] 
[INFO] [stderr] error: could not compile `silly-alloc` (test "page_growth") due to 4 previous errors
[INFO] [stderr] warning: build failed, waiting for other jobs to finish...
[INFO] [stdout] warning: calls to `std::mem::drop` with a reference instead of an owned value does nothing
[INFO] [stdout]    --> src/bump/mod.rs:285:17
[INFO] [stdout]     |
[INFO] [stdout] 285 |                 drop(last_ptr.insert(ptr));
[INFO] [stdout]     |                 ^^^^^--------------------^
[INFO] [stdout]     |                      |
[INFO] [stdout]     |                      argument has type `&mut usize`
[INFO] [stdout]     |
[INFO] [stdout]     = note: use `let _ = ...` to ignore the expression or result
[INFO] [stdout]     = note: `#[warn(dropping_references)]` on by default
[INFO] [stdout] 
[INFO] [stdout] 
[INFO] [stdout] warning: 1 warning emitted
[INFO] [stdout] 
[INFO] [stdout] 
[INFO] running `Command { std: "docker" "inspect" "522b2991487e15235994b3d6fd6130c9f8fe0cc6f4869edcac55075298df0bff", kill_on_drop: false }`
[INFO] running `Command { std: "docker" "rm" "-f" "522b2991487e15235994b3d6fd6130c9f8fe0cc6f4869edcac55075298df0bff", kill_on_drop: false }`
[INFO] [stdout] 522b2991487e15235994b3d6fd6130c9f8fe0cc6f4869edcac55075298df0bff
[INFO] testing silly-alloc-0.1.0 against beta-2023-12-22 for beta-1.76-1
[INFO] extracting crate silly-alloc 0.1.0 into /workspace/builds/worker-0-tc2/source
[INFO] validating manifest of crates.io crate silly-alloc 0.1.0 on toolchain beta-2023-12-22
[INFO] running `Command { std: CARGO_HOME="/workspace/cargo-home" RUSTUP_HOME="/workspace/rustup-home" "/workspace/cargo-home/bin/cargo" "+beta-2023-12-22" "metadata" "--manifest-path" "Cargo.toml" "--no-deps", kill_on_drop: false }`
[INFO] removed /workspace/builds/worker-0-tc2/source/.cargo/config.toml
[INFO] started tweaking crates.io crate silly-alloc 0.1.0
[INFO] finished tweaking crates.io crate silly-alloc 0.1.0
[INFO] tweaked toml for crates.io crate silly-alloc 0.1.0 written to /workspace/builds/worker-0-tc2/source/Cargo.toml
[INFO] running `Command { std: CARGO_HOME="/workspace/cargo-home" RUSTUP_HOME="/workspace/rustup-home" "/workspace/cargo-home/bin/cargo" "+beta-2023-12-22" "generate-lockfile" "--manifest-path" "Cargo.toml", kill_on_drop: false }`
[INFO] [stderr]     Updating crates.io index
[INFO] running `Command { std: CARGO_HOME="/workspace/cargo-home" RUSTUP_HOME="/workspace/rustup-home" "/workspace/cargo-home/bin/cargo" "+beta-2023-12-22" "fetch" "--manifest-path" "Cargo.toml", kill_on_drop: false }`
[INFO] running `Command { std: "docker" "create" "-v" "/var/lib/crater-agent-workspace/builds/worker-0-tc2/target:/opt/rustwide/target:rw,Z" "-v" "/var/lib/crater-agent-workspace/builds/worker-0-tc2/source:/opt/rustwide/workdir:ro,Z" "-v" "/var/lib/crater-agent-workspace/cargo-home:/opt/rustwide/cargo-home:ro,Z" "-v" "/var/lib/crater-agent-workspace/rustup-home:/opt/rustwide/rustup-home:ro,Z" "-e" "SOURCE_DIR=/opt/rustwide/workdir" "-e" "CARGO_TARGET_DIR=/opt/rustwide/target" "-e" "CARGO_HOME=/opt/rustwide/cargo-home" "-e" "RUSTUP_HOME=/opt/rustwide/rustup-home" "-w" "/opt/rustwide/workdir" "-m" "1610612736" "--user" "0:0" "--network" "none" "ghcr.io/rust-lang/crates-build-env/linux@sha256:2788e3201cd34a07e3172128adcd8b3090168a8e3bcc40d7c032b9dda1df7d1c" "/opt/rustwide/cargo-home/bin/cargo" "+beta-2023-12-22" "metadata" "--no-deps" "--format-version=1", kill_on_drop: false }`
[INFO] [stdout] f6fcd79b0b9ae0fd469d324b03e2210bed1ce3fccc7c2e4592115ee95c54f077
[INFO] running `Command { std: "docker" "start" "-a" "f6fcd79b0b9ae0fd469d324b03e2210bed1ce3fccc7c2e4592115ee95c54f077", kill_on_drop: false }`
[INFO] running `Command { std: "docker" "inspect" "f6fcd79b0b9ae0fd469d324b03e2210bed1ce3fccc7c2e4592115ee95c54f077", kill_on_drop: false }`
[INFO] running `Command { std: "docker" "rm" "-f" "f6fcd79b0b9ae0fd469d324b03e2210bed1ce3fccc7c2e4592115ee95c54f077", kill_on_drop: false }`
[INFO] [stdout] f6fcd79b0b9ae0fd469d324b03e2210bed1ce3fccc7c2e4592115ee95c54f077
[INFO] running `Command { std: "docker" "create" "-v" "/var/lib/crater-agent-workspace/builds/worker-0-tc2/target:/opt/rustwide/target:rw,Z" "-v" "/var/lib/crater-agent-workspace/builds/worker-0-tc2/source:/opt/rustwide/workdir:ro,Z" "-v" "/var/lib/crater-agent-workspace/cargo-home:/opt/rustwide/cargo-home:ro,Z" "-v" "/var/lib/crater-agent-workspace/rustup-home:/opt/rustwide/rustup-home:ro,Z" "-e" "SOURCE_DIR=/opt/rustwide/workdir" "-e" "CARGO_TARGET_DIR=/opt/rustwide/target" "-e" "CARGO_INCREMENTAL=0" "-e" "RUST_BACKTRACE=full" "-e" "RUSTFLAGS=--cap-lints=warn" "-e" "RUSTDOCFLAGS=--cap-lints=warn" "-e" "CARGO_HOME=/opt/rustwide/cargo-home" "-e" "RUSTUP_HOME=/opt/rustwide/rustup-home" "-w" "/opt/rustwide/workdir" "-m" "1610612736" "--user" "0:0" "--network" "none" "ghcr.io/rust-lang/crates-build-env/linux@sha256:2788e3201cd34a07e3172128adcd8b3090168a8e3bcc40d7c032b9dda1df7d1c" "/opt/rustwide/cargo-home/bin/cargo" "+beta-2023-12-22" "build" "--frozen" "--message-format=json", kill_on_drop: false }`
[INFO] [stdout] 902ff94617d2bf641b825705666e48094cd91a5d9214956223e2c80edac84413
[INFO] running `Command { std: "docker" "start" "-a" "902ff94617d2bf641b825705666e48094cd91a5d9214956223e2c80edac84413", kill_on_drop: false }`
[INFO] [stderr]    Compiling syn v1.0.109
[INFO] [stderr]    Compiling bytemuck v1.14.0
[INFO] [stderr]    Compiling silly-alloc-macros v0.1.0
[INFO] [stderr]    Compiling silly-alloc v0.1.0 (/opt/rustwide/workdir)
[INFO] [stderr]     Finished dev [unoptimized + debuginfo] target(s) in 2.96s
[INFO] running `Command { std: "docker" "inspect" "902ff94617d2bf641b825705666e48094cd91a5d9214956223e2c80edac84413", kill_on_drop: false }`
[INFO] running `Command { std: "docker" "rm" "-f" "902ff94617d2bf641b825705666e48094cd91a5d9214956223e2c80edac84413", kill_on_drop: false }`
[INFO] [stdout] 902ff94617d2bf641b825705666e48094cd91a5d9214956223e2c80edac84413
[INFO] running `Command { std: "docker" "create" "-v" "/var/lib/crater-agent-workspace/builds/worker-0-tc2/target:/opt/rustwide/target:rw,Z" "-v" "/var/lib/crater-agent-workspace/builds/worker-0-tc2/source:/opt/rustwide/workdir:ro,Z" "-v" "/var/lib/crater-agent-workspace/cargo-home:/opt/rustwide/cargo-home:ro,Z" "-v" "/var/lib/crater-agent-workspace/rustup-home:/opt/rustwide/rustup-home:ro,Z" "-e" "SOURCE_DIR=/opt/rustwide/workdir" "-e" "CARGO_TARGET_DIR=/opt/rustwide/target" "-e" "CARGO_INCREMENTAL=0" "-e" "RUST_BACKTRACE=full" "-e" "RUSTFLAGS=--cap-lints=warn" "-e" "RUSTDOCFLAGS=--cap-lints=warn" "-e" "CARGO_HOME=/opt/rustwide/cargo-home" "-e" "RUSTUP_HOME=/opt/rustwide/rustup-home" "-w" "/opt/rustwide/workdir" "-m" "1610612736" "--user" "0:0" "--network" "none" "ghcr.io/rust-lang/crates-build-env/linux@sha256:2788e3201cd34a07e3172128adcd8b3090168a8e3bcc40d7c032b9dda1df7d1c" "/opt/rustwide/cargo-home/bin/cargo" "+beta-2023-12-22" "test" "--frozen" "--no-run" "--message-format=json", kill_on_drop: false }`
[INFO] [stdout] 18017f487abd31b7179d48aea8eebf27fe957c9ac898494c7a7f0a257fbd6655
[INFO] running `Command { std: "docker" "start" "-a" "18017f487abd31b7179d48aea8eebf27fe957c9ac898494c7a7f0a257fbd6655", kill_on_drop: false }`
[INFO] [stderr]    Compiling anyhow v1.0.79
[INFO] [stderr]    Compiling lazy_static v0.2.11
[INFO] [stderr]    Compiling serde_json v1.0.111
[INFO] [stderr]    Compiling xorshift v0.1.3
[INFO] [stderr]    Compiling tinytemplate v1.2.1
[INFO] [stderr]    Compiling silly-alloc v0.1.0 (/opt/rustwide/workdir)
[INFO] [stdout] error[E0432]: unresolved import `silly_alloc::WasmBumpAllocator`
[INFO] [stdout]   --> tests/page_growth.rs:3:5
[INFO] [stdout]    |
[INFO] [stdout] 3  | use silly_alloc::WasmBumpAllocator;
[INFO] [stdout]    |     ^^^^^^^^^^^^^-----------------
[INFO] [stdout]    |     |            |
[INFO] [stdout]    |     |            help: a similar name exists in the module: `BumpAllocator`
[INFO] [stdout]    |     no `WasmBumpAllocator` in the root
[INFO] [stdout]    |
[INFO] [stdout] note: found an item that was configured out
[INFO] [stdout]   --> /opt/rustwide/workdir/src/lib.rs:43:15
[INFO] [stdout]    |
[INFO] [stdout] 43 | pub use bump::WasmBumpAllocator;
[INFO] [stdout]    |               ^^^^^^^^^^^^^^^^^
[INFO] [stdout]    = note: the item is gated behind the `wasm32` feature
[INFO] [stdout] 
[INFO] [stdout] 
[INFO] [stdout] error[E0433]: failed to resolve: could not find `wasm32` in `arch`
[INFO] [stdout]   --> tests/page_growth.rs:13:39
[INFO] [stdout]    |
[INFO] [stdout] 13 |     let num_pages_start = core::arch::wasm32::memory_size::<0>();
[INFO] [stdout]    |                                       ^^^^^^ could not find `wasm32` in `arch`
[INFO] [stdout] 
[INFO] [stdout] 
[INFO] [stdout] error[E0433]: failed to resolve: could not find `wasm32` in `arch`
[INFO] [stdout]   --> tests/page_growth.rs:16:37
[INFO] [stdout]    |
[INFO] [stdout] 16 |     let num_pages_end = core::arch::wasm32::memory_size::<0>();
[INFO] [stdout]    |                                     ^^^^^^ could not find `wasm32` in `arch`
[INFO] [stdout] 
[INFO] [stdout] 
[INFO] [stdout] error: aborting due to 3 previous errors
[INFO] [stdout] 
[INFO] [stdout] 
[INFO] [stdout] Some errors have detailed explanations: E0432, E0433.
[INFO] [stdout] 
[INFO] [stdout] For more information about an error, try `rustc --explain E0432`.
[INFO] [stdout] 
[INFO] [stderr] error: could not compile `silly-alloc` (test "page_growth") due to 4 previous errors
[INFO] [stderr] warning: build failed, waiting for other jobs to finish...
[INFO] [stdout] warning: calls to `std::mem::drop` with a reference instead of an owned value does nothing
[INFO] [stdout]    --> src/bump/mod.rs:285:17
[INFO] [stdout]     |
[INFO] [stdout] 285 |                 drop(last_ptr.insert(ptr));
[INFO] [stdout]     |                 ^^^^^--------------------^
[INFO] [stdout]     |                      |
[INFO] [stdout]     |                      argument has type `&mut usize`
[INFO] [stdout]     |
[INFO] [stdout]     = note: use `let _ = ...` to ignore the expression or result
[INFO] [stdout]     = note: `#[warn(dropping_references)]` on by default
[INFO] [stdout] 
[INFO] [stdout] 
[INFO] [stdout] warning: 1 warning emitted
[INFO] [stdout] 
[INFO] [stdout] 
[INFO] running `Command { std: "docker" "inspect" "18017f487abd31b7179d48aea8eebf27fe957c9ac898494c7a7f0a257fbd6655", kill_on_drop: false }`
[INFO] running `Command { std: "docker" "rm" "-f" "18017f487abd31b7179d48aea8eebf27fe957c9ac898494c7a7f0a257fbd6655", kill_on_drop: false }`
[INFO] [stdout] 18017f487abd31b7179d48aea8eebf27fe957c9ac898494c7a7f0a257fbd6655
