[INFO] fetching crate silent-tungstenite 0.1.0...
[INFO] testing silent-tungstenite-0.1.0 against 1.75.0 for beta-1.76-1
[INFO] extracting crate silent-tungstenite 0.1.0 into /workspace/builds/worker-5-tc1/source
[INFO] validating manifest of crates.io crate silent-tungstenite 0.1.0 on toolchain 1.75.0
[INFO] running `Command { std: CARGO_HOME="/workspace/cargo-home" RUSTUP_HOME="/workspace/rustup-home" "/workspace/cargo-home/bin/cargo" "+1.75.0" "metadata" "--manifest-path" "Cargo.toml" "--no-deps", kill_on_drop: false }`
[INFO] started tweaking crates.io crate silent-tungstenite 0.1.0
[INFO] removed 0 missing examples
[INFO] finished tweaking crates.io crate silent-tungstenite 0.1.0
[INFO] tweaked toml for crates.io crate silent-tungstenite 0.1.0 written to /workspace/builds/worker-5-tc1/source/Cargo.toml
[INFO] crate crates.io crate silent-tungstenite 0.1.0 already has a lockfile, it will not be regenerated
[INFO] running `Command { std: CARGO_HOME="/workspace/cargo-home" RUSTUP_HOME="/workspace/rustup-home" "/workspace/cargo-home/bin/cargo" "+1.75.0" "fetch" "--manifest-path" "Cargo.toml", kill_on_drop: false }`
[INFO] [stderr]  Downloading crates ...
[INFO] [stderr]   Downloaded input_buffer v0.5.0
[INFO] running `Command { std: "docker" "create" "-v" "/var/lib/crater-agent-workspace/builds/worker-5-tc1/target:/opt/rustwide/target:rw,Z" "-v" "/var/lib/crater-agent-workspace/builds/worker-5-tc1/source:/opt/rustwide/workdir:ro,Z" "-v" "/var/lib/crater-agent-workspace/cargo-home:/opt/rustwide/cargo-home:ro,Z" "-v" "/var/lib/crater-agent-workspace/rustup-home:/opt/rustwide/rustup-home:ro,Z" "-e" "SOURCE_DIR=/opt/rustwide/workdir" "-e" "CARGO_TARGET_DIR=/opt/rustwide/target" "-e" "CARGO_HOME=/opt/rustwide/cargo-home" "-e" "RUSTUP_HOME=/opt/rustwide/rustup-home" "-w" "/opt/rustwide/workdir" "-m" "1610612736" "--user" "0:0" "--network" "none" "ghcr.io/rust-lang/crates-build-env/linux@sha256:2788e3201cd34a07e3172128adcd8b3090168a8e3bcc40d7c032b9dda1df7d1c" "/opt/rustwide/cargo-home/bin/cargo" "+1.75.0" "metadata" "--no-deps" "--format-version=1", kill_on_drop: false }`
[INFO] [stdout] 0972149ac30b1f6ba9bb9efc2fde6b5692b681b1ff478bc9a899205d07fb9797
[INFO] running `Command { std: "docker" "start" "-a" "0972149ac30b1f6ba9bb9efc2fde6b5692b681b1ff478bc9a899205d07fb9797", kill_on_drop: false }`
[INFO] running `Command { std: "docker" "inspect" "0972149ac30b1f6ba9bb9efc2fde6b5692b681b1ff478bc9a899205d07fb9797", kill_on_drop: false }`
[INFO] running `Command { std: "docker" "rm" "-f" "0972149ac30b1f6ba9bb9efc2fde6b5692b681b1ff478bc9a899205d07fb9797", kill_on_drop: false }`
[INFO] [stdout] 0972149ac30b1f6ba9bb9efc2fde6b5692b681b1ff478bc9a899205d07fb9797
[INFO] running `Command { std: "docker" "create" "-v" "/var/lib/crater-agent-workspace/builds/worker-5-tc1/target:/opt/rustwide/target:rw,Z" "-v" "/var/lib/crater-agent-workspace/builds/worker-5-tc1/source:/opt/rustwide/workdir:ro,Z" "-v" "/var/lib/crater-agent-workspace/cargo-home:/opt/rustwide/cargo-home:ro,Z" "-v" "/var/lib/crater-agent-workspace/rustup-home:/opt/rustwide/rustup-home:ro,Z" "-e" "SOURCE_DIR=/opt/rustwide/workdir" "-e" "CARGO_TARGET_DIR=/opt/rustwide/target" "-e" "CARGO_INCREMENTAL=0" "-e" "RUST_BACKTRACE=full" "-e" "RUSTFLAGS=--cap-lints=warn" "-e" "RUSTDOCFLAGS=--cap-lints=warn" "-e" "CARGO_HOME=/opt/rustwide/cargo-home" "-e" "RUSTUP_HOME=/opt/rustwide/rustup-home" "-w" "/opt/rustwide/workdir" "-m" "1610612736" "--user" "0:0" "--network" "none" "ghcr.io/rust-lang/crates-build-env/linux@sha256:2788e3201cd34a07e3172128adcd8b3090168a8e3bcc40d7c032b9dda1df7d1c" "/opt/rustwide/cargo-home/bin/cargo" "+1.75.0" "build" "--frozen" "--message-format=json", kill_on_drop: false }`
[INFO] [stdout] cb5c99a80e107ea9d9f94683759f2a3fa3c90966fe0df4dedfc0d6c9c690cc7c
[INFO] running `Command { std: "docker" "start" "-a" "cb5c99a80e107ea9d9f94683759f2a3fa3c90966fe0df4dedfc0d6c9c690cc7c", kill_on_drop: false }`
[INFO] [stderr]    Compiling proc-macro2 v1.0.70
[INFO] [stderr]    Compiling libc v0.2.150
[INFO] [stderr]    Compiling cpufeatures v0.2.11
[INFO] [stderr]    Compiling byteorder v1.5.0
[INFO] [stderr]    Compiling utf-8 v0.7.6
[INFO] [stderr]    Compiling http v1.0.0
[INFO] [stderr]    Compiling data-encoding v2.5.0
[INFO] [stderr]    Compiling idna v0.5.0
[INFO] [stderr]    Compiling sha1 v0.10.6
[INFO] [stderr]    Compiling url v2.5.0
[INFO] [stderr]    Compiling quote v1.0.33
[INFO] [stderr]    Compiling syn v2.0.39
[INFO] [stderr]    Compiling getrandom v0.2.11
[INFO] [stderr]    Compiling rand_core v0.6.4
[INFO] [stderr]    Compiling rand_chacha v0.3.1
[INFO] [stderr]    Compiling rand v0.8.5
[INFO] [stderr]    Compiling thiserror-impl v1.0.50
[INFO] [stderr]    Compiling thiserror v1.0.50
[INFO] [stderr]    Compiling silent-tungstenite v0.1.0 (/opt/rustwide/workdir)
[INFO] [stderr]     Finished dev [unoptimized + debuginfo] target(s) in 4.08s
[INFO] running `Command { std: "docker" "inspect" "cb5c99a80e107ea9d9f94683759f2a3fa3c90966fe0df4dedfc0d6c9c690cc7c", kill_on_drop: false }`
[INFO] running `Command { std: "docker" "rm" "-f" "cb5c99a80e107ea9d9f94683759f2a3fa3c90966fe0df4dedfc0d6c9c690cc7c", kill_on_drop: false }`
[INFO] [stdout] cb5c99a80e107ea9d9f94683759f2a3fa3c90966fe0df4dedfc0d6c9c690cc7c
[INFO] running `Command { std: "docker" "create" "-v" "/var/lib/crater-agent-workspace/builds/worker-5-tc1/target:/opt/rustwide/target:rw,Z" "-v" "/var/lib/crater-agent-workspace/builds/worker-5-tc1/source:/opt/rustwide/workdir:ro,Z" "-v" "/var/lib/crater-agent-workspace/cargo-home:/opt/rustwide/cargo-home:ro,Z" "-v" "/var/lib/crater-agent-workspace/rustup-home:/opt/rustwide/rustup-home:ro,Z" "-e" "SOURCE_DIR=/opt/rustwide/workdir" "-e" "CARGO_TARGET_DIR=/opt/rustwide/target" "-e" "CARGO_INCREMENTAL=0" "-e" "RUST_BACKTRACE=full" "-e" "RUSTFLAGS=--cap-lints=warn" "-e" "RUSTDOCFLAGS=--cap-lints=warn" "-e" "CARGO_HOME=/opt/rustwide/cargo-home" "-e" "RUSTUP_HOME=/opt/rustwide/rustup-home" "-w" "/opt/rustwide/workdir" "-m" "1610612736" "--user" "0:0" "--network" "none" "ghcr.io/rust-lang/crates-build-env/linux@sha256:2788e3201cd34a07e3172128adcd8b3090168a8e3bcc40d7c032b9dda1df7d1c" "/opt/rustwide/cargo-home/bin/cargo" "+1.75.0" "test" "--frozen" "--no-run" "--message-format=json", kill_on_drop: false }`
[INFO] [stdout] 36451e213a1b602d68da6c70a2a51642752f7a2910f9c755568422d9ee756830
[INFO] running `Command { std: "docker" "start" "-a" "36451e213a1b602d68da6c70a2a51642752f7a2910f9c755568422d9ee756830", kill_on_drop: false }`
[INFO] [stderr]    Compiling serde v1.0.193
[INFO] [stderr]    Compiling rustix v0.38.25
[INFO] [stderr]    Compiling regex-syntax v0.8.2
[INFO] [stderr]    Compiling ciborium-io v0.2.1
[INFO] [stderr]    Compiling clap_builder v4.4.8
[INFO] [stderr]    Compiling serde_derive v1.0.193
[INFO] [stderr]    Compiling rayon v1.8.0
[INFO] [stderr]    Compiling criterion-plot v0.5.0
[INFO] [stderr]    Compiling plotters v0.3.5
[INFO] [stderr]    Compiling anes v0.1.6
[INFO] [stderr]    Compiling humantime v2.1.0
[INFO] [stderr]    Compiling termcolor v1.4.0
[INFO] [stderr]    Compiling input_buffer v0.5.0
[INFO] [stderr]    Compiling socket2 v0.5.5
[INFO] [stderr]    Compiling ciborium-ll v0.2.1
[INFO] [stderr]    Compiling is-terminal v0.4.9
[INFO] [stderr]    Compiling regex-automata v0.4.3
[INFO] [stderr]    Compiling clap v4.4.8
[INFO] [stderr]    Compiling regex v1.10.2
[INFO] [stderr]    Compiling env_logger v0.10.1
[INFO] [stderr]    Compiling serde_json v1.0.108
[INFO] [stderr]    Compiling ciborium v0.2.1
[INFO] [stderr]    Compiling tinytemplate v1.2.1
[INFO] [stderr]    Compiling criterion v0.5.1
[INFO] [stderr]    Compiling silent-tungstenite v0.1.0 (/opt/rustwide/workdir)
[INFO] [stdout] error[E0432]: unresolved import `tungstenite`
[INFO] [stdout]  --> examples/client.rs:1:5
[INFO] [stdout]   |
[INFO] [stdout] 1 | use tungstenite::{connect, Message};
[INFO] [stdout]   |     ^^^^^^^^^^^ use of undeclared crate or module `tungstenite`
[INFO] [stdout] 
[INFO] [stdout] 
[INFO] [stdout] error[E0432]: unresolved import `tungstenite`
[INFO] [stdout]  --> examples/autobahn-client.rs:4:5
[INFO] [stdout]   |
[INFO] [stdout] 4 | use tungstenite::{connect, Error, Message, Result};
[INFO] [stdout]   |     ^^^^^^^^^^^ use of undeclared crate or module `tungstenite`
[INFO] [stdout] 
[INFO] [stdout] 
[INFO] [stdout] error[E0433]: failed to resolve: use of undeclared crate or module `tungstenite`
[INFO] [stdout]  --> examples/srv_accept_unmasked_frames.rs:2:5
[INFO] [stdout]   |
[INFO] [stdout] 2 | use tungstenite::{
[INFO] [stdout]   |     ^^^^^^^^^^^ use of undeclared crate or module `tungstenite`
[INFO] [stdout] 
[INFO] [stdout] 
[INFO] [stdout] error[E0433]: failed to resolve: use of undeclared crate or module `tungstenite`
[INFO] [stdout]  --> examples/callback-error.rs:3:5
[INFO] [stdout]   |
[INFO] [stdout] 3 | use tungstenite::{
[INFO] [stdout]   |     ^^^^^^^^^^^ use of undeclared crate or module `tungstenite`
[INFO] [stdout] 
[INFO] [stdout] 
[INFO] [stdout] error[E0433]: failed to resolve: use of undeclared crate or module `tungstenite`
[INFO] [stdout]  --> examples/server.rs:3:5
[INFO] [stdout]   |
[INFO] [stdout] 3 | use tungstenite::{
[INFO] [stdout]   |     ^^^^^^^^^^^ use of undeclared crate or module `tungstenite`
[INFO] [stdout] 
[INFO] [stdout] 
[INFO] [stdout] error[E0433]: failed to resolve: use of undeclared crate or module `tungstenite`
[INFO] [stdout]  --> examples/autobahn-server.rs:7:5
[INFO] [stdout]   |
[INFO] [stdout] 7 | use tungstenite::{accept, handshake::HandshakeRole, Error, HandshakeError, Message, Result};
[INFO] [stdout]   |     ^^^^^^^^^^^ use of undeclared crate or module `tungstenite`
[INFO] [stdout] 
[INFO] [stdout] 
[INFO] [stdout] error[E0432]: unresolved import `tungstenite`
[INFO] [stdout]  --> examples/srv_accept_unmasked_frames.rs:2:5
[INFO] [stdout]   |
[INFO] [stdout] 2 | use tungstenite::{
[INFO] [stdout]   |     ^^^^^^^^^^^ use of undeclared crate or module `tungstenite`
[INFO] [stdout] 
[INFO] [stdout] 
[INFO] [stdout] error[E0432]: unresolved import `tungstenite`
[INFO] [stdout]  --> examples/server.rs:3:5
[INFO] [stdout]   |
[INFO] [stdout] 3 | use tungstenite::{
[INFO] [stdout]   |     ^^^^^^^^^^^ use of undeclared crate or module `tungstenite`
[INFO] [stdout] 
[INFO] [stdout] 
[INFO] [stdout] error[E0432]: unresolved import `tungstenite`
[INFO] [stdout]  --> examples/autobahn-server.rs:7:5
[INFO] [stdout]   |
[INFO] [stdout] 7 | use tungstenite::{accept, handshake::HandshakeRole, Error, HandshakeError, Message, Result};
[INFO] [stdout]   |     ^^^^^^^^^^^ use of undeclared crate or module `tungstenite`
[INFO] [stdout] 
[INFO] [stdout] 
[INFO] [stdout] error[E0432]: unresolved import `tungstenite`
[INFO] [stdout]  --> examples/callback-error.rs:3:5
[INFO] [stdout]   |
[INFO] [stdout] 3 | use tungstenite::{
[INFO] [stdout]   |     ^^^^^^^^^^^ use of undeclared crate or module `tungstenite`
[INFO] [stdout] 
[INFO] [stdout] 
[INFO] [stdout] error: aborting due to 2 previous errors
[INFO] [stdout] 
[INFO] [stdout] 
[INFO] [stdout] Some errors have detailed explanations: E0432, E0433.
[INFO] [stdout] 
[INFO] [stdout] For more information about an error, try `rustc --explain E0432`.
[INFO] [stdout] 
[INFO] [stdout] error: aborting due to previous error
[INFO] [stdout] 
[INFO] [stdout] 
[INFO] [stdout] For more information about this error, try `rustc --explain E0432`.
[INFO] [stdout] 
[INFO] [stdout] error: aborting due to 2 previous errors
[INFO] [stdout] 
[INFO] [stdout] 
[INFO] [stdout] Some errors have detailed explanations: E0432, E0433.
[INFO] [stdout] 
[INFO] [stdout] For more information about an error, try `rustc --explain E0432`.
[INFO] [stdout] 
[INFO] [stderr] error: could not compile `silent-tungstenite` (example "autobahn-server") due to 3 previous errors
[INFO] [stderr] warning: build failed, waiting for other jobs to finish...
[INFO] [stdout] error: aborting due to previous error
[INFO] [stdout] 
[INFO] [stdout] 
[INFO] [stdout] For more information about this error, try `rustc --explain E0432`.
[INFO] [stdout] 
[INFO] [stderr] error: could not compile `silent-tungstenite` (example "client") due to 2 previous errors
[INFO] [stderr] error: could not compile `silent-tungstenite` (example "callback-error") due to 3 previous errors
[INFO] [stderr] error: could not compile `silent-tungstenite` (example "autobahn-client") due to 2 previous errors
[INFO] [stdout] error: aborting due to 2 previous errors
[INFO] [stdout] 
[INFO] [stdout] 
[INFO] [stdout] Some errors have detailed explanations: E0432, E0433.
[INFO] [stdout] 
[INFO] [stdout] For more information about an error, try `rustc --explain E0432`.
[INFO] [stdout] 
[INFO] [stdout] error: aborting due to 2 previous errors
[INFO] [stdout] 
[INFO] [stdout] 
[INFO] [stdout] Some errors have detailed explanations: E0432, E0433.
[INFO] [stdout] 
[INFO] [stdout] For more information about an error, try `rustc --explain E0432`.
[INFO] [stdout] 
[INFO] [stderr] error: could not compile `silent-tungstenite` (example "server") due to 3 previous errors
[INFO] [stderr] error: could not compile `silent-tungstenite` (example "srv_accept_unmasked_frames") due to 3 previous errors
[INFO] running `Command { std: "docker" "inspect" "36451e213a1b602d68da6c70a2a51642752f7a2910f9c755568422d9ee756830", kill_on_drop: false }`
[INFO] running `Command { std: "docker" "rm" "-f" "36451e213a1b602d68da6c70a2a51642752f7a2910f9c755568422d9ee756830", kill_on_drop: false }`
[INFO] [stdout] 36451e213a1b602d68da6c70a2a51642752f7a2910f9c755568422d9ee756830
[INFO] testing silent-tungstenite-0.1.0 against beta-2023-12-22 for beta-1.76-1
[INFO] extracting crate silent-tungstenite 0.1.0 into /workspace/builds/worker-5-tc2/source
[INFO] validating manifest of crates.io crate silent-tungstenite 0.1.0 on toolchain beta-2023-12-22
[INFO] running `Command { std: CARGO_HOME="/workspace/cargo-home" RUSTUP_HOME="/workspace/rustup-home" "/workspace/cargo-home/bin/cargo" "+beta-2023-12-22" "metadata" "--manifest-path" "Cargo.toml" "--no-deps", kill_on_drop: false }`
[INFO] started tweaking crates.io crate silent-tungstenite 0.1.0
[INFO] removed 0 missing examples
[INFO] finished tweaking crates.io crate silent-tungstenite 0.1.0
[INFO] tweaked toml for crates.io crate silent-tungstenite 0.1.0 written to /workspace/builds/worker-5-tc2/source/Cargo.toml
[INFO] crate crates.io crate silent-tungstenite 0.1.0 already has a lockfile, it will not be regenerated
[INFO] running `Command { std: CARGO_HOME="/workspace/cargo-home" RUSTUP_HOME="/workspace/rustup-home" "/workspace/cargo-home/bin/cargo" "+beta-2023-12-22" "fetch" "--manifest-path" "Cargo.toml", kill_on_drop: false }`
[INFO] [stderr]     Blocking waiting for file lock on package cache
[INFO] [stderr]     Blocking waiting for file lock on package cache
[INFO] running `Command { std: "docker" "create" "-v" "/var/lib/crater-agent-workspace/builds/worker-5-tc2/target:/opt/rustwide/target:rw,Z" "-v" "/var/lib/crater-agent-workspace/builds/worker-5-tc2/source:/opt/rustwide/workdir:ro,Z" "-v" "/var/lib/crater-agent-workspace/cargo-home:/opt/rustwide/cargo-home:ro,Z" "-v" "/var/lib/crater-agent-workspace/rustup-home:/opt/rustwide/rustup-home:ro,Z" "-e" "SOURCE_DIR=/opt/rustwide/workdir" "-e" "CARGO_TARGET_DIR=/opt/rustwide/target" "-e" "CARGO_HOME=/opt/rustwide/cargo-home" "-e" "RUSTUP_HOME=/opt/rustwide/rustup-home" "-w" "/opt/rustwide/workdir" "-m" "1610612736" "--user" "0:0" "--network" "none" "ghcr.io/rust-lang/crates-build-env/linux@sha256:2788e3201cd34a07e3172128adcd8b3090168a8e3bcc40d7c032b9dda1df7d1c" "/opt/rustwide/cargo-home/bin/cargo" "+beta-2023-12-22" "metadata" "--no-deps" "--format-version=1", kill_on_drop: false }`
[INFO] [stdout] 31b82ad69620fd3366723a879841e1035f436c6366e8fba023ec3db4e91a97db
[INFO] running `Command { std: "docker" "start" "-a" "31b82ad69620fd3366723a879841e1035f436c6366e8fba023ec3db4e91a97db", kill_on_drop: false }`
[INFO] running `Command { std: "docker" "inspect" "31b82ad69620fd3366723a879841e1035f436c6366e8fba023ec3db4e91a97db", kill_on_drop: false }`
[INFO] running `Command { std: "docker" "rm" "-f" "31b82ad69620fd3366723a879841e1035f436c6366e8fba023ec3db4e91a97db", kill_on_drop: false }`
[INFO] [stdout] 31b82ad69620fd3366723a879841e1035f436c6366e8fba023ec3db4e91a97db
[INFO] running `Command { std: "docker" "create" "-v" "/var/lib/crater-agent-workspace/builds/worker-5-tc2/target:/opt/rustwide/target:rw,Z" "-v" "/var/lib/crater-agent-workspace/builds/worker-5-tc2/source:/opt/rustwide/workdir:ro,Z" "-v" "/var/lib/crater-agent-workspace/cargo-home:/opt/rustwide/cargo-home:ro,Z" "-v" "/var/lib/crater-agent-workspace/rustup-home:/opt/rustwide/rustup-home:ro,Z" "-e" "SOURCE_DIR=/opt/rustwide/workdir" "-e" "CARGO_TARGET_DIR=/opt/rustwide/target" "-e" "CARGO_INCREMENTAL=0" "-e" "RUST_BACKTRACE=full" "-e" "RUSTFLAGS=--cap-lints=warn" "-e" "RUSTDOCFLAGS=--cap-lints=warn" "-e" "CARGO_HOME=/opt/rustwide/cargo-home" "-e" "RUSTUP_HOME=/opt/rustwide/rustup-home" "-w" "/opt/rustwide/workdir" "-m" "1610612736" "--user" "0:0" "--network" "none" "ghcr.io/rust-lang/crates-build-env/linux@sha256:2788e3201cd34a07e3172128adcd8b3090168a8e3bcc40d7c032b9dda1df7d1c" "/opt/rustwide/cargo-home/bin/cargo" "+beta-2023-12-22" "build" "--frozen" "--message-format=json", kill_on_drop: false }`
[INFO] [stdout] f15d1ce84c4f8ea7eb88e383a3528715422e7e9d941c960765137a9b1731ef72
[INFO] running `Command { std: "docker" "start" "-a" "f15d1ce84c4f8ea7eb88e383a3528715422e7e9d941c960765137a9b1731ef72", kill_on_drop: false }`
[INFO] [stderr]    Compiling libc v0.2.150
[INFO] [stderr]    Compiling proc-macro2 v1.0.70
[INFO] [stderr]    Compiling cpufeatures v0.2.11
[INFO] [stderr]    Compiling http v1.0.0
[INFO] [stderr]    Compiling byteorder v1.5.0
[INFO] [stderr]    Compiling data-encoding v2.5.0
[INFO] [stderr]    Compiling utf-8 v0.7.6
[INFO] [stderr]    Compiling idna v0.5.0
[INFO] [stderr]    Compiling sha1 v0.10.6
[INFO] [stderr]    Compiling url v2.5.0
[INFO] [stderr]    Compiling quote v1.0.33
[INFO] [stderr]    Compiling syn v2.0.39
[INFO] [stderr]    Compiling getrandom v0.2.11
[INFO] [stderr]    Compiling rand_core v0.6.4
[INFO] [stderr]    Compiling rand_chacha v0.3.1
[INFO] [stderr]    Compiling rand v0.8.5
[INFO] [stderr]    Compiling thiserror-impl v1.0.50
[INFO] [stderr]    Compiling thiserror v1.0.50
[INFO] [stderr]    Compiling silent-tungstenite v0.1.0 (/opt/rustwide/workdir)
[INFO] [stderr]     Finished dev [unoptimized + debuginfo] target(s) in 7.61s
[INFO] running `Command { std: "docker" "inspect" "f15d1ce84c4f8ea7eb88e383a3528715422e7e9d941c960765137a9b1731ef72", kill_on_drop: false }`
[INFO] running `Command { std: "docker" "rm" "-f" "f15d1ce84c4f8ea7eb88e383a3528715422e7e9d941c960765137a9b1731ef72", kill_on_drop: false }`
[INFO] [stdout] f15d1ce84c4f8ea7eb88e383a3528715422e7e9d941c960765137a9b1731ef72
[INFO] running `Command { std: "docker" "create" "-v" "/var/lib/crater-agent-workspace/builds/worker-5-tc2/target:/opt/rustwide/target:rw,Z" "-v" "/var/lib/crater-agent-workspace/builds/worker-5-tc2/source:/opt/rustwide/workdir:ro,Z" "-v" "/var/lib/crater-agent-workspace/cargo-home:/opt/rustwide/cargo-home:ro,Z" "-v" "/var/lib/crater-agent-workspace/rustup-home:/opt/rustwide/rustup-home:ro,Z" "-e" "SOURCE_DIR=/opt/rustwide/workdir" "-e" "CARGO_TARGET_DIR=/opt/rustwide/target" "-e" "CARGO_INCREMENTAL=0" "-e" "RUST_BACKTRACE=full" "-e" "RUSTFLAGS=--cap-lints=warn" "-e" "RUSTDOCFLAGS=--cap-lints=warn" "-e" "CARGO_HOME=/opt/rustwide/cargo-home" "-e" "RUSTUP_HOME=/opt/rustwide/rustup-home" "-w" "/opt/rustwide/workdir" "-m" "1610612736" "--user" "0:0" "--network" "none" "ghcr.io/rust-lang/crates-build-env/linux@sha256:2788e3201cd34a07e3172128adcd8b3090168a8e3bcc40d7c032b9dda1df7d1c" "/opt/rustwide/cargo-home/bin/cargo" "+beta-2023-12-22" "test" "--frozen" "--no-run" "--message-format=json", kill_on_drop: false }`
[INFO] [stdout] 58ec5c23ff80c682d4237881075651cbaf38e442fa42ff3ab11612cf75571416
[INFO] running `Command { std: "docker" "start" "-a" "58ec5c23ff80c682d4237881075651cbaf38e442fa42ff3ab11612cf75571416", kill_on_drop: false }`
[INFO] [stderr]    Compiling serde v1.0.193
[INFO] [stderr]    Compiling rustix v0.38.25
[INFO] [stderr]    Compiling regex-syntax v0.8.2
[INFO] [stderr]    Compiling ciborium-io v0.2.1
[INFO] [stderr]    Compiling serde_derive v1.0.193
[INFO] [stderr]    Compiling clap_builder v4.4.8
[INFO] [stderr]    Compiling plotters v0.3.5
[INFO] [stderr]    Compiling rayon v1.8.0
[INFO] [stderr]    Compiling criterion-plot v0.5.0
[INFO] [stderr]    Compiling termcolor v1.4.0
[INFO] [stderr]    Compiling humantime v2.1.0
[INFO] [stderr]    Compiling anes v0.1.6
[INFO] [stderr]    Compiling input_buffer v0.5.0
[INFO] [stderr]    Compiling socket2 v0.5.5
[INFO] [stderr]    Compiling ciborium-ll v0.2.1
[INFO] [stderr]    Compiling is-terminal v0.4.9
[INFO] [stderr]    Compiling regex-automata v0.4.3
[INFO] [stderr]    Compiling clap v4.4.8
[INFO] [stderr]    Compiling regex v1.10.2
[INFO] [stderr]    Compiling env_logger v0.10.1
[INFO] [stderr]    Compiling serde_json v1.0.108
[INFO] [stderr]    Compiling ciborium v0.2.1
[INFO] [stderr]    Compiling tinytemplate v1.2.1
[INFO] [stderr]    Compiling criterion v0.5.1
[INFO] [stderr]    Compiling silent-tungstenite v0.1.0 (/opt/rustwide/workdir)
[INFO] [stdout] error[E0432]: unresolved import `tungstenite`
[INFO] [stdout]  --> examples/client.rs:1:5
[INFO] [stdout]   |
[INFO] [stdout] 1 | use tungstenite::{connect, Message};
[INFO] [stdout]   |     ^^^^^^^^^^^ use of undeclared crate or module `tungstenite`
[INFO] [stdout] 
[INFO] [stdout] 
[INFO] [stdout] error[E0433]: failed to resolve: use of undeclared crate or module `tungstenite`
[INFO] [stdout]  --> examples/callback-error.rs:3:5
[INFO] [stdout]   |
[INFO] [stdout] 3 | use tungstenite::{
[INFO] [stdout]   |     ^^^^^^^^^^^ use of undeclared crate or module `tungstenite`
[INFO] [stdout] 
[INFO] [stdout] 
[INFO] [stdout] error[E0432]: unresolved import `tungstenite`
[INFO] [stdout]  --> examples/callback-error.rs:3:5
[INFO] [stdout]   |
[INFO] [stdout] 3 | use tungstenite::{
[INFO] [stdout]   |     ^^^^^^^^^^^ use of undeclared crate or module `tungstenite`
[INFO] [stdout] 
[INFO] [stdout] 
[INFO] [stdout] error[E0432]: unresolved import `tungstenite`
[INFO] [stdout]  --> examples/autobahn-client.rs:4:5
[INFO] [stdout]   |
[INFO] [stdout] 4 | use tungstenite::{connect, Error, Message, Result};
[INFO] [stdout]   |     ^^^^^^^^^^^ use of undeclared crate or module `tungstenite`
[INFO] [stdout] 
[INFO] [stdout] 
[INFO] [stdout] error[E0433]: failed to resolve: use of undeclared crate or module `tungstenite`
[INFO] [stdout]  --> examples/autobahn-server.rs:7:5
[INFO] [stdout]   |
[INFO] [stdout] 7 | use tungstenite::{accept, handshake::HandshakeRole, Error, HandshakeError, Message, Result};
[INFO] [stdout]   |     ^^^^^^^^^^^ use of undeclared crate or module `tungstenite`
[INFO] [stdout] 
[INFO] [stdout] 
[INFO] [stdout] error[E0432]: unresolved import `tungstenite`
[INFO] [stdout]  --> examples/autobahn-server.rs:7:5
[INFO] [stdout]   |
[INFO] [stdout] 7 | use tungstenite::{accept, handshake::HandshakeRole, Error, HandshakeError, Message, Result};
[INFO] [stdout]   |     ^^^^^^^^^^^ use of undeclared crate or module `tungstenite`
[INFO] [stdout] 
[INFO] [stdout] 
[INFO] [stdout] error: aborting due to 2 previous errors
[INFO] [stdout] 
[INFO] [stdout] 
[INFO] [stdout] Some errors have detailed explanations: E0432, E0433.
[INFO] [stdout] 
[INFO] [stdout] For more information about an error, try `rustc --explain E0432`.
[INFO] [stdout] 
[INFO] [stdout] error: aborting due to 1 previous error
[INFO] [stdout] 
[INFO] [stdout] 
[INFO] [stdout] For more information about this error, try `rustc --explain E0432`.
[INFO] [stdout] 
[INFO] [stderr] error: could not compile `silent-tungstenite` (example "autobahn-server") due to 3 previous errors
[INFO] [stderr] warning: build failed, waiting for other jobs to finish...
[INFO] [stdout] error[E0433]: failed to resolve: use of undeclared crate or module `tungstenite`
[INFO] [stdout]  --> examples/server.rs:3:5
[INFO] [stdout]   |
[INFO] [stdout] 3 | use tungstenite::{
[INFO] [stdout]   |     ^^^^^^^^^^^ use of undeclared crate or module `tungstenite`
[INFO] [stdout] 
[INFO] [stdout] 
[INFO] [stderr] error: could not compile `silent-tungstenite` (example "client") due to 2 previous errors
[INFO] [stdout] error[E0432]: unresolved import `tungstenite`
[INFO] [stdout]  --> examples/server.rs:3:5
[INFO] [stdout]   |
[INFO] [stdout] 3 | use tungstenite::{
[INFO] [stdout]   |     ^^^^^^^^^^^ use of undeclared crate or module `tungstenite`
[INFO] [stdout] 
[INFO] [stdout] 
[INFO] [stdout] error: aborting due to 2 previous errors
[INFO] [stdout] 
[INFO] [stdout] 
[INFO] [stdout] Some errors have detailed explanations: E0432, E0433.
[INFO] [stdout] 
[INFO] [stdout] For more information about an error, try `rustc --explain E0432`.
[INFO] [stdout] 
[INFO] [stdout] error[E0433]: failed to resolve: use of undeclared crate or module `tungstenite`
[INFO] [stdout]  --> examples/srv_accept_unmasked_frames.rs:2:5
[INFO] [stdout]   |
[INFO] [stdout] 2 | use tungstenite::{
[INFO] [stdout]   |     ^^^^^^^^^^^ use of undeclared crate or module `tungstenite`
[INFO] [stdout] 
[INFO] [stdout] 
[INFO] [stdout] error[E0432]: unresolved import `tungstenite`
[INFO] [stdout]  --> examples/srv_accept_unmasked_frames.rs:2:5
[INFO] [stdout]   |
[INFO] [stdout] 2 | use tungstenite::{
[INFO] [stdout]   |     ^^^^^^^^^^^ use of undeclared crate or module `tungstenite`
[INFO] [stdout] 
[INFO] [stdout] 
[INFO] [stderr] error: could not compile `silent-tungstenite` (example "callback-error") due to 3 previous errors
[INFO] [stdout] error: aborting due to 1 previous error
[INFO] [stdout] 
[INFO] [stdout] 
[INFO] [stdout] For more information about this error, try `rustc --explain E0432`.
[INFO] [stdout] 
[INFO] [stderr] error: could not compile `silent-tungstenite` (example "autobahn-client") due to 2 previous errors
[INFO] [stdout] error: aborting due to 2 previous errors
[INFO] [stdout] 
[INFO] [stdout] 
[INFO] [stderr] error: could not compile `silent-tungstenite` (example "srv_accept_unmasked_frames") due to 3 previous errors
[INFO] [stdout] Some errors have detailed explanations: E0432, E0433.
[INFO] [stdout] 
[INFO] [stdout] For more information about an error, try `rustc --explain E0432`.
[INFO] [stdout] 
[INFO] [stdout] error: aborting due to 2 previous errors
[INFO] [stdout] 
[INFO] [stdout] 
[INFO] [stdout] Some errors have detailed explanations: E0432, E0433.
[INFO] [stdout] 
[INFO] [stdout] For more information about an error, try `rustc --explain E0432`.
[INFO] [stdout] 
[INFO] [stderr] error: could not compile `silent-tungstenite` (example "server") due to 3 previous errors
[INFO] running `Command { std: "docker" "inspect" "58ec5c23ff80c682d4237881075651cbaf38e442fa42ff3ab11612cf75571416", kill_on_drop: false }`
[INFO] running `Command { std: "docker" "rm" "-f" "58ec5c23ff80c682d4237881075651cbaf38e442fa42ff3ab11612cf75571416", kill_on_drop: false }`
[INFO] [stdout] 58ec5c23ff80c682d4237881075651cbaf38e442fa42ff3ab11612cf75571416
