[INFO] fetching crate silent-tokio-tungstenite 0.1.0...
[INFO] testing silent-tokio-tungstenite-0.1.0 against 1.75.0 for beta-1.76-1
[INFO] extracting crate silent-tokio-tungstenite 0.1.0 into /workspace/builds/worker-3-tc1/source
[INFO] validating manifest of crates.io crate silent-tokio-tungstenite 0.1.0 on toolchain 1.75.0
[INFO] running `Command { std: CARGO_HOME="/workspace/cargo-home" RUSTUP_HOME="/workspace/rustup-home" "/workspace/cargo-home/bin/cargo" "+1.75.0" "metadata" "--manifest-path" "Cargo.toml" "--no-deps", kill_on_drop: false }`
[INFO] started tweaking crates.io crate silent-tokio-tungstenite 0.1.0
[INFO] removed 0 missing examples
[INFO] finished tweaking crates.io crate silent-tokio-tungstenite 0.1.0
[INFO] tweaked toml for crates.io crate silent-tokio-tungstenite 0.1.0 written to /workspace/builds/worker-3-tc1/source/Cargo.toml
[INFO] crate crates.io crate silent-tokio-tungstenite 0.1.0 already has a lockfile, it will not be regenerated
[INFO] running `Command { std: CARGO_HOME="/workspace/cargo-home" RUSTUP_HOME="/workspace/rustup-home" "/workspace/cargo-home/bin/cargo" "+1.75.0" "fetch" "--manifest-path" "Cargo.toml", kill_on_drop: false }`
[INFO] [stderr]     Updating crates.io index
[INFO] [stderr]  Downloading crates ...
[INFO] [stderr]   Downloaded silent-tungstenite v0.1.0
[INFO] running `Command { std: "docker" "create" "-v" "/var/lib/crater-agent-workspace/builds/worker-3-tc1/target:/opt/rustwide/target:rw,Z" "-v" "/var/lib/crater-agent-workspace/builds/worker-3-tc1/source:/opt/rustwide/workdir:ro,Z" "-v" "/var/lib/crater-agent-workspace/cargo-home:/opt/rustwide/cargo-home:ro,Z" "-v" "/var/lib/crater-agent-workspace/rustup-home:/opt/rustwide/rustup-home:ro,Z" "-e" "SOURCE_DIR=/opt/rustwide/workdir" "-e" "CARGO_TARGET_DIR=/opt/rustwide/target" "-e" "CARGO_HOME=/opt/rustwide/cargo-home" "-e" "RUSTUP_HOME=/opt/rustwide/rustup-home" "-w" "/opt/rustwide/workdir" "-m" "1610612736" "--user" "0:0" "--network" "none" "ghcr.io/rust-lang/crates-build-env/linux@sha256:2788e3201cd34a07e3172128adcd8b3090168a8e3bcc40d7c032b9dda1df7d1c" "/opt/rustwide/cargo-home/bin/cargo" "+1.75.0" "metadata" "--no-deps" "--format-version=1", kill_on_drop: false }`
[INFO] [stdout] 4187b778bfd8efa965e82e2846ae636a96b3a1c3fb86cd839f6e65539538596d
[INFO] running `Command { std: "docker" "start" "-a" "4187b778bfd8efa965e82e2846ae636a96b3a1c3fb86cd839f6e65539538596d", kill_on_drop: false }`
[INFO] running `Command { std: "docker" "inspect" "4187b778bfd8efa965e82e2846ae636a96b3a1c3fb86cd839f6e65539538596d", kill_on_drop: false }`
[INFO] running `Command { std: "docker" "rm" "-f" "4187b778bfd8efa965e82e2846ae636a96b3a1c3fb86cd839f6e65539538596d", kill_on_drop: false }`
[INFO] [stdout] 4187b778bfd8efa965e82e2846ae636a96b3a1c3fb86cd839f6e65539538596d
[INFO] running `Command { std: "docker" "create" "-v" "/var/lib/crater-agent-workspace/builds/worker-3-tc1/target:/opt/rustwide/target:rw,Z" "-v" "/var/lib/crater-agent-workspace/builds/worker-3-tc1/source:/opt/rustwide/workdir:ro,Z" "-v" "/var/lib/crater-agent-workspace/cargo-home:/opt/rustwide/cargo-home:ro,Z" "-v" "/var/lib/crater-agent-workspace/rustup-home:/opt/rustwide/rustup-home:ro,Z" "-e" "SOURCE_DIR=/opt/rustwide/workdir" "-e" "CARGO_TARGET_DIR=/opt/rustwide/target" "-e" "CARGO_INCREMENTAL=0" "-e" "RUST_BACKTRACE=full" "-e" "RUSTFLAGS=--cap-lints=warn" "-e" "RUSTDOCFLAGS=--cap-lints=warn" "-e" "CARGO_HOME=/opt/rustwide/cargo-home" "-e" "RUSTUP_HOME=/opt/rustwide/rustup-home" "-w" "/opt/rustwide/workdir" "-m" "1610612736" "--user" "0:0" "--network" "none" "ghcr.io/rust-lang/crates-build-env/linux@sha256:2788e3201cd34a07e3172128adcd8b3090168a8e3bcc40d7c032b9dda1df7d1c" "/opt/rustwide/cargo-home/bin/cargo" "+1.75.0" "build" "--frozen" "--message-format=json", kill_on_drop: false }`
[INFO] [stdout] 8ad6f641965b9411bed46a0db0fcd00d7c91ee578340f805d348de4ba4605c46
[INFO] running `Command { std: "docker" "start" "-a" "8ad6f641965b9411bed46a0db0fcd00d7c91ee578340f805d348de4ba4605c46", kill_on_drop: false }`
[INFO] [stderr]    Compiling libc v0.2.150
[INFO] [stderr]    Compiling proc-macro2 v1.0.70
[INFO] [stderr]    Compiling bytes v1.5.0
[INFO] [stderr]    Compiling unicode-bidi v0.3.13
[INFO] [stderr]    Compiling futures-task v0.3.29
[INFO] [stderr]    Compiling futures-core v0.3.29
[INFO] [stderr]    Compiling percent-encoding v2.3.1
[INFO] [stderr]    Compiling httparse v1.8.0
[INFO] [stderr]    Compiling ppv-lite86 v0.2.17
[INFO] [stderr]    Compiling thiserror v1.0.50
[INFO] [stderr]    Compiling generic-array v0.14.7
[INFO] [stderr]    Compiling cpufeatures v0.2.11
[INFO] [stderr]    Compiling fnv v1.0.7
[INFO] [stderr]    Compiling unicode-normalization v0.1.22
[INFO] [stderr]    Compiling itoa v1.0.9
[INFO] [stderr]    Compiling futures-util v0.3.29
[INFO] [stderr]    Compiling log v0.4.20
[INFO] [stderr]    Compiling byteorder v1.5.0
[INFO] [stderr]    Compiling form_urlencoded v1.2.1
[INFO] [stderr]    Compiling utf-8 v0.7.6
[INFO] [stderr]    Compiling data-encoding v2.5.0
[INFO] [stderr]    Compiling futures-sink v0.3.29
[INFO] [stderr]    Compiling http v1.0.0
[INFO] [stderr]    Compiling idna v0.5.0
[INFO] [stderr]    Compiling quote v1.0.33
[INFO] [stderr]    Compiling block-buffer v0.10.4
[INFO] [stderr]    Compiling crypto-common v0.1.6
[INFO] [stderr]    Compiling url v2.5.0
[INFO] [stderr]    Compiling digest v0.10.7
[INFO] [stderr]    Compiling syn v2.0.39
[INFO] [stderr]    Compiling sha1 v0.10.6
[INFO] [stderr]    Compiling getrandom v0.2.11
[INFO] [stderr]    Compiling socket2 v0.5.5
[INFO] [stderr]    Compiling num_cpus v1.16.0
[INFO] [stderr]    Compiling mio v0.8.9
[INFO] [stderr]    Compiling rand_core v0.6.4
[INFO] [stderr]    Compiling rand_chacha v0.3.1
[INFO] [stderr]    Compiling rand v0.8.5
[INFO] [stderr]    Compiling thiserror-impl v1.0.50
[INFO] [stderr]    Compiling tokio-macros v2.2.0
[INFO] [stderr]    Compiling tokio v1.34.0
[INFO] [stderr]    Compiling silent-tungstenite v0.1.0
[INFO] [stderr]    Compiling silent-tokio-tungstenite v0.1.0 (/opt/rustwide/workdir)
[INFO] [stderr]     Finished dev [unoptimized + debuginfo] target(s) in 5.87s
[INFO] running `Command { std: "docker" "inspect" "8ad6f641965b9411bed46a0db0fcd00d7c91ee578340f805d348de4ba4605c46", kill_on_drop: false }`
[INFO] running `Command { std: "docker" "rm" "-f" "8ad6f641965b9411bed46a0db0fcd00d7c91ee578340f805d348de4ba4605c46", kill_on_drop: false }`
[INFO] [stdout] 8ad6f641965b9411bed46a0db0fcd00d7c91ee578340f805d348de4ba4605c46
[INFO] running `Command { std: "docker" "create" "-v" "/var/lib/crater-agent-workspace/builds/worker-3-tc1/target:/opt/rustwide/target:rw,Z" "-v" "/var/lib/crater-agent-workspace/builds/worker-3-tc1/source:/opt/rustwide/workdir:ro,Z" "-v" "/var/lib/crater-agent-workspace/cargo-home:/opt/rustwide/cargo-home:ro,Z" "-v" "/var/lib/crater-agent-workspace/rustup-home:/opt/rustwide/rustup-home:ro,Z" "-e" "SOURCE_DIR=/opt/rustwide/workdir" "-e" "CARGO_TARGET_DIR=/opt/rustwide/target" "-e" "CARGO_INCREMENTAL=0" "-e" "RUST_BACKTRACE=full" "-e" "RUSTFLAGS=--cap-lints=warn" "-e" "RUSTDOCFLAGS=--cap-lints=warn" "-e" "CARGO_HOME=/opt/rustwide/cargo-home" "-e" "RUSTUP_HOME=/opt/rustwide/rustup-home" "-w" "/opt/rustwide/workdir" "-m" "1610612736" "--user" "0:0" "--network" "none" "ghcr.io/rust-lang/crates-build-env/linux@sha256:2788e3201cd34a07e3172128adcd8b3090168a8e3bcc40d7c032b9dda1df7d1c" "/opt/rustwide/cargo-home/bin/cargo" "+1.75.0" "test" "--frozen" "--no-run" "--message-format=json", kill_on_drop: false }`
[INFO] [stdout] fdb79045094a4b31e52b44d1afce9be639f2be75e3a0ee423837de2b5cfc52d6
[INFO] running `Command { std: "docker" "start" "-a" "fdb79045094a4b31e52b44d1afce9be639f2be75e3a0ee423837de2b5cfc52d6", kill_on_drop: false }`
[INFO] [stderr]    Compiling rustix v0.38.25
[INFO] [stderr]    Compiling memchr v2.6.4
[INFO] [stderr]    Compiling linux-raw-sys v0.4.11
[INFO] [stderr]    Compiling regex-syntax v0.8.2
[INFO] [stderr]    Compiling once_cell v1.18.0
[INFO] [stderr]    Compiling futures-channel v0.3.29
[INFO] [stderr]    Compiling bitflags v2.4.1
[INFO] [stderr]    Compiling http v0.2.11
[INFO] [stderr]    Compiling try-lock v0.2.4
[INFO] [stderr]    Compiling socket2 v0.4.10
[INFO] [stderr]    Compiling tower-service v0.3.2
[INFO] [stderr]    Compiling httpdate v1.0.3
[INFO] [stderr]    Compiling termcolor v1.4.0
[INFO] [stderr]    Compiling want v0.3.1
[INFO] [stderr]    Compiling tracing-core v0.1.32
[INFO] [stderr]    Compiling tracing v0.1.40
[INFO] [stderr]    Compiling aho-corasick v1.1.2
[INFO] [stderr]    Compiling http-body v0.4.5
[INFO] [stderr]    Compiling hyper v0.14.27
[INFO] [stderr]    Compiling is-terminal v0.4.9
[INFO] [stderr]    Compiling regex-automata v0.4.3
[INFO] [stderr]    Compiling regex v1.10.2
[INFO] [stderr]    Compiling env_logger v0.10.1
[INFO] [stderr]    Compiling silent-tokio-tungstenite v0.1.0 (/opt/rustwide/workdir)
[INFO] [stdout] error[E0433]: failed to resolve: use of undeclared crate or module `tokio_tungstenite`
[INFO] [stdout]   --> examples/server.rs:32:5
[INFO] [stdout]    |
[INFO] [stdout] 32 | use tokio_tungstenite::tungstenite::protocol::Message;
[INFO] [stdout]    |     ^^^^^^^^^^^^^^^^^ use of undeclared crate or module `tokio_tungstenite`
[INFO] [stdout] 
[INFO] [stdout] 
[INFO] [stdout] error[E0433]: failed to resolve: use of undeclared crate or module `tokio_tungstenite`
[INFO] [stdout]   --> examples/server-custom-accept.rs:42:5
[INFO] [stdout]    |
[INFO] [stdout] 42 | use tokio_tungstenite::{
[INFO] [stdout]    |     ^^^^^^^^^^^^^^^^^ use of undeclared crate or module `tokio_tungstenite`
[INFO] [stdout] 
[INFO] [stdout] 
[INFO] [stdout] error[E0433]: failed to resolve: use of undeclared crate or module `tokio_tungstenite`
[INFO] [stdout]   --> examples/client.rs:17:5
[INFO] [stdout]    |
[INFO] [stdout] 17 | use tokio_tungstenite::{connect_async, tungstenite::protocol::Message};
[INFO] [stdout]    |     ^^^^^^^^^^^^^^^^^ use of undeclared crate or module `tokio_tungstenite`
[INFO] [stdout] 
[INFO] [stdout] 
[INFO] [stdout] error[E0432]: unresolved import `tokio_tungstenite`
[INFO] [stdout]   --> examples/client.rs:17:5
[INFO] [stdout]    |
[INFO] [stdout] 17 | use tokio_tungstenite::{connect_async, tungstenite::protocol::Message};
[INFO] [stdout]    |     ^^^^^^^^^^^^^^^^^ use of undeclared crate or module `tokio_tungstenite`
[INFO] [stdout] 
[INFO] [stdout] 
[INFO] [stdout] error[E0433]: failed to resolve: use of undeclared crate or module `tokio_tungstenite`
[INFO] [stdout]  --> examples/interval-server.rs:5:5
[INFO] [stdout]   |
[INFO] [stdout] 5 | use tokio_tungstenite::{
[INFO] [stdout]   |     ^^^^^^^^^^^^^^^^^ use of undeclared crate or module `tokio_tungstenite`
[INFO] [stdout] 
[INFO] [stdout] 
[INFO] [stdout] error[E0433]: failed to resolve: use of undeclared crate or module `tokio_tungstenite`
[INFO] [stdout]  --> examples/autobahn-client.rs:3:5
[INFO] [stdout]   |
[INFO] [stdout] 3 | use tokio_tungstenite::{
[INFO] [stdout]   |     ^^^^^^^^^^^^^^^^^ use of undeclared crate or module `tokio_tungstenite`
[INFO] [stdout] 
[INFO] [stdout] 
[INFO] [stdout] error[E0432]: unresolved import `tokio_tungstenite`
[INFO] [stdout]  --> examples/interval-server.rs:5:5
[INFO] [stdout]   |
[INFO] [stdout] 5 | use tokio_tungstenite::{
[INFO] [stdout]   |     ^^^^^^^^^^^^^^^^^ use of undeclared crate or module `tokio_tungstenite`
[INFO] [stdout] 
[INFO] [stdout] 
[INFO] [stdout] error[E0432]: unresolved import `tokio_tungstenite`
[INFO] [stdout]  --> examples/autobahn-client.rs:3:5
[INFO] [stdout]   |
[INFO] [stdout] 3 | use tokio_tungstenite::{
[INFO] [stdout]   |     ^^^^^^^^^^^^^^^^^ use of undeclared crate or module `tokio_tungstenite`
[INFO] [stdout] 
[INFO] [stdout] 
[INFO] [stdout] error[E0433]: failed to resolve: use of undeclared crate or module `tokio_tungstenite`
[INFO] [stdout]  --> examples/autobahn-server.rs:5:5
[INFO] [stdout]   |
[INFO] [stdout] 5 | use tokio_tungstenite::{
[INFO] [stdout]   |     ^^^^^^^^^^^^^^^^^ use of undeclared crate or module `tokio_tungstenite`
[INFO] [stdout] 
[INFO] [stdout] 
[INFO] [stdout] error[E0432]: unresolved import `tokio_tungstenite`
[INFO] [stdout]   --> examples/server-custom-accept.rs:42:5
[INFO] [stdout]    |
[INFO] [stdout] 42 | use tokio_tungstenite::{
[INFO] [stdout]    |     ^^^^^^^^^^^^^^^^^ use of undeclared crate or module `tokio_tungstenite`
[INFO] [stdout] 
[INFO] [stdout] 
[INFO] [stdout] error[E0432]: unresolved import `tokio_tungstenite`
[INFO] [stdout]  --> examples/autobahn-server.rs:5:5
[INFO] [stdout]   |
[INFO] [stdout] 5 | use tokio_tungstenite::{
[INFO] [stdout]   |     ^^^^^^^^^^^^^^^^^ use of undeclared crate or module `tokio_tungstenite`
[INFO] [stdout] 
[INFO] [stdout] 
[INFO] [stdout] error[E0433]: failed to resolve: use of undeclared crate or module `tokio_tungstenite`
[INFO] [stdout]   --> examples/server-headers.rs:13:5
[INFO] [stdout]    |
[INFO] [stdout] 13 | use tokio_tungstenite::{
[INFO] [stdout]    |     ^^^^^^^^^^^^^^^^^ use of undeclared crate or module `tokio_tungstenite`
[INFO] [stdout] 
[INFO] [stdout] 
[INFO] [stdout] error[E0432]: unresolved import `tokio_tungstenite`
[INFO] [stdout]   --> examples/server-headers.rs:13:5
[INFO] [stdout]    |
[INFO] [stdout] 13 | use tokio_tungstenite::{
[INFO] [stdout]    |     ^^^^^^^^^^^^^^^^^ use of undeclared crate or module `tokio_tungstenite`
[INFO] [stdout] 
[INFO] [stdout] 
[INFO] [stdout] error[E0433]: failed to resolve: use of undeclared crate or module `tokio_tungstenite`
[INFO] [stdout]   --> examples/echo-server.rs:41:21
[INFO] [stdout]    |
[INFO] [stdout] 41 |     let ws_stream = tokio_tungstenite::accept_async(stream)
[INFO] [stdout]    |                     ^^^^^^^^^^^^^^^^^ use of undeclared crate or module `tokio_tungstenite`
[INFO] [stdout] 
[INFO] [stdout] 
[INFO] [stdout] warning: unused import: `StreamExt`
[INFO] [stdout]  --> examples/autobahn-client.rs:1:29
[INFO] [stdout]   |
[INFO] [stdout] 1 | use futures_util::{SinkExt, StreamExt};
[INFO] [stdout]   |                             ^^^^^^^^^
[INFO] [stdout]   |
[INFO] [stdout]   = note: `#[warn(unused_imports)]` on by default
[INFO] [stdout] 
[INFO] [stdout] 
[INFO] [stdout] warning: unused import: `SinkExt`
[INFO] [stdout]  --> examples/autobahn-client.rs:1:20
[INFO] [stdout]   |
[INFO] [stdout] 1 | use futures_util::{SinkExt, StreamExt};
[INFO] [stdout]   |                    ^^^^^^^
[INFO] [stdout] 
[INFO] [stdout] 
[INFO] [stdout] error[E0433]: failed to resolve: use of undeclared crate or module `tokio_tungstenite`
[INFO] [stdout]   --> examples/server.rs:40:21
[INFO] [stdout]    |
[INFO] [stdout] 40 |     let ws_stream = tokio_tungstenite::accept_async(raw_stream)
[INFO] [stdout]    |                     ^^^^^^^^^^^^^^^^^ use of undeclared crate or module `tokio_tungstenite`
[INFO] [stdout] 
[INFO] [stdout] 
[INFO] [stdout] error: aborting due to 2 previous errors; 2 warnings emitted
[INFO] [stdout] 
[INFO] [stdout] 
[INFO] [stdout] Some errors have detailed explanations: E0432, E0433.
[INFO] [stdout] 
[INFO] [stdout] For more information about an error, try `rustc --explain E0432`.
[INFO] [stdout] 
[INFO] [stdout] warning: unused import: `StreamExt`
[INFO] [stdout]  --> examples/autobahn-server.rs:1:29
[INFO] [stdout]   |
[INFO] [stdout] 1 | use futures_util::{SinkExt, StreamExt};
[INFO] [stdout]   |                             ^^^^^^^^^
[INFO] [stdout]   |
[INFO] [stdout]   = note: `#[warn(unused_imports)]` on by default
[INFO] [stdout] 
[INFO] [stdout] 
[INFO] [stdout] warning: unused import: `SinkExt`
[INFO] [stdout]  --> examples/autobahn-server.rs:1:20
[INFO] [stdout]   |
[INFO] [stdout] 1 | use futures_util::{SinkExt, StreamExt};
[INFO] [stdout]   |                    ^^^^^^^
[INFO] [stdout] 
[INFO] [stdout] 
[INFO] [stdout] warning: unused import: `StreamExt`
[INFO] [stdout]   --> examples/echo-server.rs:16:28
[INFO] [stdout]    |
[INFO] [stdout] 16 | use futures_util::{future, StreamExt, TryStreamExt};
[INFO] [stdout]    |                            ^^^^^^^^^
[INFO] [stdout]    |
[INFO] [stdout]    = note: `#[warn(unused_imports)]` on by default
[INFO] [stdout] 
[INFO] [stdout] 
[INFO] [stderr] error: could not compile `silent-tokio-tungstenite` (example "autobahn-client") due to 3 previous errors; 2 warnings emitted
[INFO] [stdout] warning: unused import: `TryStreamExt`
[INFO] [stdout]   --> examples/echo-server.rs:16:39
[INFO] [stdout]    |
[INFO] [stdout] 16 | use futures_util::{future, StreamExt, TryStreamExt};
[INFO] [stdout]    |                                       ^^^^^^^^^^^^
[INFO] [stdout] 
[INFO] [stdout] 
[INFO] [stderr] warning: build failed, waiting for other jobs to finish...
[INFO] [stdout] error: aborting due to 2 previous errors; 2 warnings emitted
[INFO] [stdout] 
[INFO] [stdout] 
[INFO] [stdout] Some errors have detailed explanations: E0432, E0433.
[INFO] [stdout] 
[INFO] [stdout] For more information about an error, try `rustc --explain E0432`.
[INFO] [stdout] 
[INFO] [stdout] warning: unused import: `StreamExt`
[INFO] [stdout]  --> examples/interval-server.rs:1:29
[INFO] [stdout]   |
[INFO] [stdout] 1 | use futures_util::{SinkExt, StreamExt};
[INFO] [stdout]   |                             ^^^^^^^^^
[INFO] [stdout]   |
[INFO] [stdout]   = note: `#[warn(unused_imports)]` on by default
[INFO] [stdout] 
[INFO] [stdout] 
[INFO] [stdout] warning: unused import: `SinkExt`
[INFO] [stdout]  --> examples/interval-server.rs:1:20
[INFO] [stdout]   |
[INFO] [stdout] 1 | use futures_util::{SinkExt, StreamExt};
[INFO] [stdout]   |                    ^^^^^^^
[INFO] [stdout] 
[INFO] [stdout] 
[INFO] [stdout] error: aborting due to previous error; 2 warnings emitted
[INFO] [stdout] 
[INFO] [stdout] 
[INFO] [stdout] For more information about this error, try `rustc --explain E0433`.
[INFO] [stdout] 
[INFO] [stdout] error: aborting due to 2 previous errors; 2 warnings emitted
[INFO] [stdout] 
[INFO] [stdout] 
[INFO] [stdout] Some errors have detailed explanations: E0432, E0433.
[INFO] [stdout] 
[INFO] [stdout] For more information about an error, try `rustc --explain E0432`.
[INFO] [stdout] 
[INFO] [stderr] error: could not compile `silent-tokio-tungstenite` (example "autobahn-server") due to 3 previous errors; 2 warnings emitted
[INFO] [stderr] error: could not compile `silent-tokio-tungstenite` (example "echo-server") due to 2 previous errors; 2 warnings emitted
[INFO] [stdout] warning: unused import: `StreamExt`
[INFO] [stdout]   --> examples/server-headers.rs:24:29
[INFO] [stdout]    |
[INFO] [stdout] 24 | use futures_util::{SinkExt, StreamExt};
[INFO] [stdout]    |                             ^^^^^^^^^
[INFO] [stdout]    |
[INFO] [stdout]    = note: `#[warn(unused_imports)]` on by default
[INFO] [stdout] 
[INFO] [stdout] 
[INFO] [stdout] warning: unused import: `SinkExt`
[INFO] [stdout]   --> examples/server-headers.rs:24:20
[INFO] [stdout]    |
[INFO] [stdout] 24 | use futures_util::{SinkExt, StreamExt};
[INFO] [stdout]    |                    ^^^^^^^
[INFO] [stdout] 
[INFO] [stdout] 
[INFO] [stderr] error: could not compile `silent-tokio-tungstenite` (example "interval-server") due to 3 previous errors; 2 warnings emitted
[INFO] [stdout] warning: unused import: `StreamExt`
[INFO] [stdout]   --> examples/client.rs:15:37
[INFO] [stdout]    |
[INFO] [stdout] 15 | use futures_util::{future, pin_mut, StreamExt};
[INFO] [stdout]    |                                     ^^^^^^^^^
[INFO] [stdout]    |
[INFO] [stdout]    = note: `#[warn(unused_imports)]` on by default
[INFO] [stdout] 
[INFO] [stdout] 
[INFO] [stdout] error: aborting due to 2 previous errors; 2 warnings emitted
[INFO] [stdout] 
[INFO] [stdout] 
[INFO] [stdout] Some errors have detailed explanations: E0432, E0433.
[INFO] [stdout] 
[INFO] [stdout] For more information about an error, try `rustc --explain E0432`.
[INFO] [stdout] 
[INFO] [stdout] error: aborting due to 2 previous errors
[INFO] [stdout] 
[INFO] [stdout] 
[INFO] [stdout] For more information about this error, try `rustc --explain E0433`.
[INFO] [stdout] 
[INFO] [stdout] error: aborting due to 2 previous errors; 1 warning emitted
[INFO] [stdout] 
[INFO] [stdout] 
[INFO] [stdout] Some errors have detailed explanations: E0432, E0433.
[INFO] [stdout] 
[INFO] [stdout] For more information about an error, try `rustc --explain E0432`.
[INFO] [stdout] 
[INFO] [stderr] error: could not compile `silent-tokio-tungstenite` (example "server-headers") due to 3 previous errors; 2 warnings emitted
[INFO] [stderr] error: could not compile `silent-tokio-tungstenite` (example "server") due to 3 previous errors
[INFO] [stderr] error: could not compile `silent-tokio-tungstenite` (example "client") due to 3 previous errors; 1 warning emitted
[INFO] [stdout] error: aborting due to 2 previous errors
[INFO] [stdout] 
[INFO] [stdout] 
[INFO] [stdout] Some errors have detailed explanations: E0432, E0433.
[INFO] [stdout] 
[INFO] [stdout] For more information about an error, try `rustc --explain E0432`.
[INFO] [stdout] 
[INFO] [stderr] error: could not compile `silent-tokio-tungstenite` (example "server-custom-accept") due to 3 previous errors
[INFO] running `Command { std: "docker" "inspect" "fdb79045094a4b31e52b44d1afce9be639f2be75e3a0ee423837de2b5cfc52d6", kill_on_drop: false }`
[INFO] running `Command { std: "docker" "rm" "-f" "fdb79045094a4b31e52b44d1afce9be639f2be75e3a0ee423837de2b5cfc52d6", kill_on_drop: false }`
[INFO] [stdout] fdb79045094a4b31e52b44d1afce9be639f2be75e3a0ee423837de2b5cfc52d6
