[INFO] fetching crate silent-multer 0.1.0...
[INFO] testing silent-multer-0.1.0 against 1.75.0 for beta-1.76-1
[INFO] extracting crate silent-multer 0.1.0 into /workspace/builds/worker-0-tc1/source
[INFO] validating manifest of crates.io crate silent-multer 0.1.0 on toolchain 1.75.0
[INFO] running `Command { std: CARGO_HOME="/workspace/cargo-home" RUSTUP_HOME="/workspace/rustup-home" "/workspace/cargo-home/bin/cargo" "+1.75.0" "metadata" "--manifest-path" "Cargo.toml" "--no-deps", kill_on_drop: false }`
[INFO] started tweaking crates.io crate silent-multer 0.1.0
[INFO] removed 0 missing examples
[INFO] finished tweaking crates.io crate silent-multer 0.1.0
[INFO] tweaked toml for crates.io crate silent-multer 0.1.0 written to /workspace/builds/worker-0-tc1/source/Cargo.toml
[INFO] crate crates.io crate silent-multer 0.1.0 already has a lockfile, it will not be regenerated
[INFO] running `Command { std: CARGO_HOME="/workspace/cargo-home" RUSTUP_HOME="/workspace/rustup-home" "/workspace/cargo-home/bin/cargo" "+1.75.0" "fetch" "--manifest-path" "Cargo.toml", kill_on_drop: false }`
[INFO] [stderr]     Updating crates.io index
[INFO] [stderr]  Downloading crates ...
[INFO] [stderr]   Downloaded hyper-util v0.1.1
[INFO] [stderr]   Downloaded hyper v1.0.1
[INFO] running `Command { std: "docker" "create" "-v" "/var/lib/crater-agent-workspace/builds/worker-0-tc1/target:/opt/rustwide/target:rw,Z" "-v" "/var/lib/crater-agent-workspace/builds/worker-0-tc1/source:/opt/rustwide/workdir:ro,Z" "-v" "/var/lib/crater-agent-workspace/cargo-home:/opt/rustwide/cargo-home:ro,Z" "-v" "/var/lib/crater-agent-workspace/rustup-home:/opt/rustwide/rustup-home:ro,Z" "-e" "SOURCE_DIR=/opt/rustwide/workdir" "-e" "CARGO_TARGET_DIR=/opt/rustwide/target" "-e" "CARGO_HOME=/opt/rustwide/cargo-home" "-e" "RUSTUP_HOME=/opt/rustwide/rustup-home" "-w" "/opt/rustwide/workdir" "-m" "1610612736" "--user" "0:0" "--network" "none" "ghcr.io/rust-lang/crates-build-env/linux@sha256:2788e3201cd34a07e3172128adcd8b3090168a8e3bcc40d7c032b9dda1df7d1c" "/opt/rustwide/cargo-home/bin/cargo" "+1.75.0" "metadata" "--no-deps" "--format-version=1", kill_on_drop: false }`
[INFO] [stdout] 52b3fb6905120155bcbc7d0058ee86a16c7435e8ce58df893125c1eb3c0e58fa
[INFO] running `Command { std: "docker" "start" "-a" "52b3fb6905120155bcbc7d0058ee86a16c7435e8ce58df893125c1eb3c0e58fa", kill_on_drop: false }`
[INFO] running `Command { std: "docker" "inspect" "52b3fb6905120155bcbc7d0058ee86a16c7435e8ce58df893125c1eb3c0e58fa", kill_on_drop: false }`
[INFO] running `Command { std: "docker" "rm" "-f" "52b3fb6905120155bcbc7d0058ee86a16c7435e8ce58df893125c1eb3c0e58fa", kill_on_drop: false }`
[INFO] [stdout] 52b3fb6905120155bcbc7d0058ee86a16c7435e8ce58df893125c1eb3c0e58fa
[INFO] running `Command { std: "docker" "create" "-v" "/var/lib/crater-agent-workspace/builds/worker-0-tc1/target:/opt/rustwide/target:rw,Z" "-v" "/var/lib/crater-agent-workspace/builds/worker-0-tc1/source:/opt/rustwide/workdir:ro,Z" "-v" "/var/lib/crater-agent-workspace/cargo-home:/opt/rustwide/cargo-home:ro,Z" "-v" "/var/lib/crater-agent-workspace/rustup-home:/opt/rustwide/rustup-home:ro,Z" "-e" "SOURCE_DIR=/opt/rustwide/workdir" "-e" "CARGO_TARGET_DIR=/opt/rustwide/target" "-e" "CARGO_INCREMENTAL=0" "-e" "RUST_BACKTRACE=full" "-e" "RUSTFLAGS=--cap-lints=warn" "-e" "RUSTDOCFLAGS=--cap-lints=warn" "-e" "CARGO_HOME=/opt/rustwide/cargo-home" "-e" "RUSTUP_HOME=/opt/rustwide/rustup-home" "-w" "/opt/rustwide/workdir" "-m" "1610612736" "--user" "0:0" "--network" "none" "ghcr.io/rust-lang/crates-build-env/linux@sha256:2788e3201cd34a07e3172128adcd8b3090168a8e3bcc40d7c032b9dda1df7d1c" "/opt/rustwide/cargo-home/bin/cargo" "+1.75.0" "build" "--frozen" "--message-format=json", kill_on_drop: false }`
[INFO] [stdout] a107ed22b18b24df9c006f5dbcefd3ad79c26be100a05a8d45d6c752f84d55a5
[INFO] running `Command { std: "docker" "start" "-a" "a107ed22b18b24df9c006f5dbcefd3ad79c26be100a05a8d45d6c752f84d55a5", kill_on_drop: false }`
[INFO] [stderr]    Compiling futures-task v0.3.29
[INFO] [stderr]    Compiling futures-core v0.3.29
[INFO] [stderr]    Compiling httparse v1.8.0
[INFO] [stderr]    Compiling version_check v0.9.4
[INFO] [stderr]    Compiling futures-util v0.3.29
[INFO] [stderr]    Compiling pin-utils v0.1.0
[INFO] [stderr]    Compiling bytes v1.5.0
[INFO] [stderr]    Compiling itoa v1.0.9
[INFO] [stderr]    Compiling spin v0.9.8
[INFO] [stderr]    Compiling memchr v2.6.4
[INFO] [stderr]    Compiling mime v0.3.17
[INFO] [stderr]    Compiling encoding_rs v0.8.33
[INFO] [stderr]    Compiling silent-multer v0.1.0 (/opt/rustwide/workdir)
[INFO] [stderr]    Compiling http v1.0.0
[INFO] [stderr]     Finished dev [unoptimized + debuginfo] target(s) in 1.88s
[INFO] running `Command { std: "docker" "inspect" "a107ed22b18b24df9c006f5dbcefd3ad79c26be100a05a8d45d6c752f84d55a5", kill_on_drop: false }`
[INFO] running `Command { std: "docker" "rm" "-f" "a107ed22b18b24df9c006f5dbcefd3ad79c26be100a05a8d45d6c752f84d55a5", kill_on_drop: false }`
[INFO] [stdout] a107ed22b18b24df9c006f5dbcefd3ad79c26be100a05a8d45d6c752f84d55a5
[INFO] running `Command { std: "docker" "create" "-v" "/var/lib/crater-agent-workspace/builds/worker-0-tc1/target:/opt/rustwide/target:rw,Z" "-v" "/var/lib/crater-agent-workspace/builds/worker-0-tc1/source:/opt/rustwide/workdir:ro,Z" "-v" "/var/lib/crater-agent-workspace/cargo-home:/opt/rustwide/cargo-home:ro,Z" "-v" "/var/lib/crater-agent-workspace/rustup-home:/opt/rustwide/rustup-home:ro,Z" "-e" "SOURCE_DIR=/opt/rustwide/workdir" "-e" "CARGO_TARGET_DIR=/opt/rustwide/target" "-e" "CARGO_INCREMENTAL=0" "-e" "RUST_BACKTRACE=full" "-e" "RUSTFLAGS=--cap-lints=warn" "-e" "RUSTDOCFLAGS=--cap-lints=warn" "-e" "CARGO_HOME=/opt/rustwide/cargo-home" "-e" "RUSTUP_HOME=/opt/rustwide/rustup-home" "-w" "/opt/rustwide/workdir" "-m" "1610612736" "--user" "0:0" "--network" "none" "ghcr.io/rust-lang/crates-build-env/linux@sha256:2788e3201cd34a07e3172128adcd8b3090168a8e3bcc40d7c032b9dda1df7d1c" "/opt/rustwide/cargo-home/bin/cargo" "+1.75.0" "test" "--frozen" "--no-run" "--message-format=json", kill_on_drop: false }`
[INFO] [stdout] 4230e38f2ffddc7531ba38216c90c642594ef13fee45b9250a7ed3d7be8a6e84
[INFO] running `Command { std: "docker" "start" "-a" "4230e38f2ffddc7531ba38216c90c642594ef13fee45b9250a7ed3d7be8a6e84", kill_on_drop: false }`
[INFO] [stderr]    Compiling proc-macro2 v1.0.70
[INFO] [stderr]    Compiling libc v0.2.150
[INFO] [stderr]    Compiling parking_lot_core v0.9.9
[INFO] [stderr]    Compiling smallvec v1.11.2
[INFO] [stderr]    Compiling once_cell v1.18.0
[INFO] [stderr]    Compiling slab v0.4.9
[INFO] [stderr]    Compiling futures-channel v0.3.29
[INFO] [stderr]    Compiling hashbrown v0.14.2
[INFO] [stderr]    Compiling futures-sink v0.3.29
[INFO] [stderr]    Compiling http-body v1.0.0
[INFO] [stderr]    Compiling try-lock v0.2.4
[INFO] [stderr]    Compiling serde v1.0.193
[INFO] [stderr]    Compiling tower-layer v0.3.2
[INFO] [stderr]    Compiling httpdate v1.0.3
[INFO] [stderr]    Compiling tower-service v0.3.2
[INFO] [stderr]    Compiling want v0.3.1
[INFO] [stderr]    Compiling http-body-util v0.1.0
[INFO] [stderr]    Compiling tracing-core v0.1.32
[INFO] [stderr]    Compiling tracing v0.1.40
[INFO] [stderr]    Compiling indexmap v2.1.0
[INFO] [stderr]    Compiling quote v1.0.33
[INFO] [stderr]    Compiling syn v2.0.39
[INFO] [stderr]    Compiling mio v0.8.9
[INFO] [stderr]    Compiling signal-hook-registry v1.4.1
[INFO] [stderr]    Compiling num_cpus v1.16.0
[INFO] [stderr]    Compiling socket2 v0.5.5
[INFO] [stderr]    Compiling parking_lot v0.12.1
[INFO] [stderr]    Compiling tokio-macros v2.2.0
[INFO] [stderr]    Compiling pin-project-internal v1.1.3
[INFO] [stderr]    Compiling serde_derive v1.0.193
[INFO] [stderr]    Compiling tokio v1.34.0
[INFO] [stderr]    Compiling pin-project v1.1.3
[INFO] [stderr]    Compiling tokio-util v0.7.10
[INFO] [stderr]    Compiling tower v0.4.13
[INFO] [stderr]    Compiling h2 v0.4.0
[INFO] [stderr]    Compiling hyper v1.0.1
[INFO] [stderr]    Compiling hyper-util v0.1.1
[INFO] [stderr]    Compiling silent-multer v0.1.0 (/opt/rustwide/workdir)
[INFO] [stdout] error[E0432]: unresolved import `multer`
[INFO] [stdout]  --> examples/prevent_dos_attack.rs:6:5
[INFO] [stdout]   |
[INFO] [stdout] 6 | use multer::{Constraints, Multipart, SizeLimit};
[INFO] [stdout]   |     ^^^^^^ use of undeclared crate or module `multer`
[INFO] [stdout] 
[INFO] [stdout] 
[INFO] [stdout] error[E0432]: unresolved import `multer`
[INFO] [stdout]  --> examples/simple_example.rs:6:5
[INFO] [stdout]   |
[INFO] [stdout] 6 | use multer::Multipart;
[INFO] [stdout]   |     ^^^^^^ use of undeclared crate or module `multer`
[INFO] [stdout] 
[INFO] [stdout] 
[INFO] [stdout] error[E0432]: unresolved import `multer`
[INFO] [stdout]  --> examples/hyper_server_example.rs:8:5
[INFO] [stdout]   |
[INFO] [stdout] 8 | use multer::Multipart;
[INFO] [stdout]   |     ^^^^^^ use of undeclared crate or module `multer`
[INFO] [stdout] 
[INFO] [stdout] 
[INFO] [stdout] error[E0432]: unresolved import `multer`
[INFO] [stdout]  --> tests/integration.rs:3:5
[INFO] [stdout]   |
[INFO] [stdout] 3 | use multer::{Constraints, Multipart, SizeLimit};
[INFO] [stdout]   |     ^^^^^^ use of undeclared crate or module `multer`
[INFO] [stdout] 
[INFO] [stdout] 
[INFO] [stdout] error: aborting due to previous error
[INFO] [stdout] 
[INFO] [stdout] 
[INFO] [stdout] For more information about this error, try `rustc --explain E0432`.
[INFO] [stdout] 
[INFO] [stdout] error[E0433]: failed to resolve: use of undeclared crate or module `multer`
[INFO] [stdout]   --> examples/hyper_server_example.rs:17:24
[INFO] [stdout]    |
[INFO] [stdout] 17 |         .and_then(|ct| multer::parse_boundary(ct).ok());
[INFO] [stdout]    |                        ^^^^^^ use of undeclared crate or module `multer`
[INFO] [stdout] 
[INFO] [stdout] 
[INFO] [stdout] error: aborting due to previous error
[INFO] [stdout] 
[INFO] [stdout] 
[INFO] [stdout] For more information about this error, try `rustc --explain E0432`.
[INFO] [stdout] 
[INFO] [stderr] error: could not compile `silent-multer` (example "simple_example") due to 2 previous errors
[INFO] [stdout] error[E0433]: failed to resolve: use of undeclared crate or module `multer`
[INFO] [stdout]    --> tests/integration.rs:266:43
[INFO] [stdout]     |
[INFO] [stdout] 266 |     assert!(matches!(field2.unwrap_err(), multer::Error::LockFailure));
[INFO] [stdout]     |                                           ^^^^^^ use of undeclared crate or module `multer`
[INFO] [stdout]     |
[INFO] [stdout] help: consider importing one of these items
[INFO] [stdout]     |
[INFO] [stdout] 1   + use core::error::Error;
[INFO] [stdout]     |
[INFO] [stdout] 1   + use core::fmt::Error;
[INFO] [stdout]     |
[INFO] [stdout] 1   + use http::Error;
[INFO] [stdout]     |
[INFO] [stdout] 1   + use httparse::Error;
[INFO] [stdout]     |
[INFO] [stdout]       and 14 other candidates
[INFO] [stdout] help: if you import `Error`, refer to it directly
[INFO] [stdout]     |
[INFO] [stdout] 266 -     assert!(matches!(field2.unwrap_err(), multer::Error::LockFailure));
[INFO] [stdout] 266 +     assert!(matches!(field2.unwrap_err(), Error::LockFailure));
[INFO] [stdout]     |
[INFO] [stdout] 
[INFO] [stdout] 
[INFO] [stderr] warning: build failed, waiting for other jobs to finish...
[INFO] [stderr] error: could not compile `silent-multer` (example "prevent_dos_attack") due to 2 previous errors
[INFO] [stdout] error[E0282]: type annotations needed
[INFO] [stdout]   --> tests/integration.rs:10:25
[INFO] [stdout]    |
[INFO] [stdout] 10 |             .map(|part| Ok(Bytes::copy_from_slice(part.as_bytes()))),
[INFO] [stdout]    |                         ^^ cannot infer type of the type parameter `E` declared on the enum `Result`
[INFO] [stdout]    |
[INFO] [stdout] help: consider specifying the generic arguments
[INFO] [stdout]    |
[INFO] [stdout] 10 |             .map(|part| Ok::<bytes::Bytes, E>(Bytes::copy_from_slice(part.as_bytes()))),
[INFO] [stdout]    |                           +++++++++++++++++++
[INFO] [stdout] 
[INFO] [stdout] 
[INFO] [stdout] error[E0433]: failed to resolve: use of undeclared crate or module `multer`
[INFO] [stdout]   --> examples/hyper_server_example.rs:39:65
[INFO] [stdout]    |
[INFO] [stdout] 39 | async fn process_multipart(body: Incoming, boundary: String) -> multer::Result<()> {
[INFO] [stdout]    |                                                                 ^^^^^^ use of undeclared crate or module `multer`
[INFO] [stdout] 
[INFO] [stdout] 
[INFO] [stdout] error: aborting due to 3 previous errors
[INFO] [stdout] 
[INFO] [stdout] 
[INFO] [stdout] Some errors have detailed explanations: E0432, E0433.
[INFO] [stdout] 
[INFO] [stdout] For more information about an error, try `rustc --explain E0432`.
[INFO] [stdout] 
[INFO] [stderr] error: could not compile `silent-multer` (example "hyper_server_example") due to 4 previous errors
[INFO] [stdout] error[E0433]: failed to resolve: use of undeclared crate or module `multer`
[INFO] [stdout]  --> tests/integration.rs:5:59
[INFO] [stdout]   |
[INFO] [stdout] 5 | fn str_stream(string: &'static str) -> impl Stream<Item = multer::Result<Bytes>> {
[INFO] [stdout]   |                                                           ^^^^^^ use of undeclared crate or module `multer`
[INFO] [stdout] 
[INFO] [stdout] 
[INFO] [stdout] error: aborting due to 4 previous errors
[INFO] [stdout] 
[INFO] [stdout] 
[INFO] [stdout] Some errors have detailed explanations: E0282, E0432, E0433.
[INFO] [stdout] 
[INFO] [stdout] For more information about an error, try `rustc --explain E0282`.
[INFO] [stdout] 
[INFO] [stderr] error: could not compile `silent-multer` (test "integration") due to 5 previous errors
[INFO] running `Command { std: "docker" "inspect" "4230e38f2ffddc7531ba38216c90c642594ef13fee45b9250a7ed3d7be8a6e84", kill_on_drop: false }`
[INFO] running `Command { std: "docker" "rm" "-f" "4230e38f2ffddc7531ba38216c90c642594ef13fee45b9250a7ed3d7be8a6e84", kill_on_drop: false }`
[INFO] [stdout] 4230e38f2ffddc7531ba38216c90c642594ef13fee45b9250a7ed3d7be8a6e84
