[INFO] fetching crate sift_science 0.5.0...
[INFO] testing sift_science-0.5.0 against 1.75.0 for beta-1.76-1
[INFO] extracting crate sift_science 0.5.0 into /workspace/builds/worker-1-tc1/source
[INFO] validating manifest of crates.io crate sift_science 0.5.0 on toolchain 1.75.0
[INFO] running `Command { std: CARGO_HOME="/workspace/cargo-home" RUSTUP_HOME="/workspace/rustup-home" "/workspace/cargo-home/bin/cargo" "+1.75.0" "metadata" "--manifest-path" "Cargo.toml" "--no-deps", kill_on_drop: false }`
[INFO] started tweaking crates.io crate sift_science 0.5.0
[INFO] finished tweaking crates.io crate sift_science 0.5.0
[INFO] tweaked toml for crates.io crate sift_science 0.5.0 written to /workspace/builds/worker-1-tc1/source/Cargo.toml
[INFO] crate crates.io crate sift_science 0.5.0 already has a lockfile, it will not be regenerated
[INFO] running `Command { std: CARGO_HOME="/workspace/cargo-home" RUSTUP_HOME="/workspace/rustup-home" "/workspace/cargo-home/bin/cargo" "+1.75.0" "fetch" "--manifest-path" "Cargo.toml", kill_on_drop: false }`
[INFO] [stderr]     Updating crates.io index
[INFO] [stderr]  Downloading crates ...
[INFO] [stderr]   Downloaded serde_with_macros v3.3.0
[INFO] [stderr]   Downloaded actix-tls v3.1.1
[INFO] [stderr]   Downloaded enum-as-inner v0.3.4
[INFO] [stderr]   Downloaded impl-more v0.1.6
[INFO] [stderr]   Downloaded awc v3.2.0
[INFO] [stderr]   Downloaded serde_with v3.3.0
[INFO] [stderr]   Downloaded actix-http v2.2.2
[INFO] [stderr]   Downloaded chrono v0.4.30
[INFO] running `Command { std: "docker" "create" "-v" "/var/lib/crater-agent-workspace/builds/worker-1-tc1/target:/opt/rustwide/target:rw,Z" "-v" "/var/lib/crater-agent-workspace/builds/worker-1-tc1/source:/opt/rustwide/workdir:ro,Z" "-v" "/var/lib/crater-agent-workspace/cargo-home:/opt/rustwide/cargo-home:ro,Z" "-v" "/var/lib/crater-agent-workspace/rustup-home:/opt/rustwide/rustup-home:ro,Z" "-e" "SOURCE_DIR=/opt/rustwide/workdir" "-e" "CARGO_TARGET_DIR=/opt/rustwide/target" "-e" "CARGO_HOME=/opt/rustwide/cargo-home" "-e" "RUSTUP_HOME=/opt/rustwide/rustup-home" "-w" "/opt/rustwide/workdir" "-m" "1610612736" "--user" "0:0" "--network" "none" "ghcr.io/rust-lang/crates-build-env/linux@sha256:2788e3201cd34a07e3172128adcd8b3090168a8e3bcc40d7c032b9dda1df7d1c" "/opt/rustwide/cargo-home/bin/cargo" "+1.75.0" "metadata" "--no-deps" "--format-version=1", kill_on_drop: false }`
[INFO] [stdout] 3295d48514c55cfa2d6aa2ab14ad858eff56525986a674679acfc2ebfe751d8f
[INFO] running `Command { std: "docker" "start" "-a" "3295d48514c55cfa2d6aa2ab14ad858eff56525986a674679acfc2ebfe751d8f", kill_on_drop: false }`
[INFO] running `Command { std: "docker" "inspect" "3295d48514c55cfa2d6aa2ab14ad858eff56525986a674679acfc2ebfe751d8f", kill_on_drop: false }`
[INFO] running `Command { std: "docker" "rm" "-f" "3295d48514c55cfa2d6aa2ab14ad858eff56525986a674679acfc2ebfe751d8f", kill_on_drop: false }`
[INFO] [stdout] 3295d48514c55cfa2d6aa2ab14ad858eff56525986a674679acfc2ebfe751d8f
[INFO] running `Command { std: "docker" "create" "-v" "/var/lib/crater-agent-workspace/builds/worker-1-tc1/target:/opt/rustwide/target:rw,Z" "-v" "/var/lib/crater-agent-workspace/builds/worker-1-tc1/source:/opt/rustwide/workdir:ro,Z" "-v" "/var/lib/crater-agent-workspace/cargo-home:/opt/rustwide/cargo-home:ro,Z" "-v" "/var/lib/crater-agent-workspace/rustup-home:/opt/rustwide/rustup-home:ro,Z" "-e" "SOURCE_DIR=/opt/rustwide/workdir" "-e" "CARGO_TARGET_DIR=/opt/rustwide/target" "-e" "CARGO_INCREMENTAL=0" "-e" "RUST_BACKTRACE=full" "-e" "RUSTFLAGS=--cap-lints=warn" "-e" "RUSTDOCFLAGS=--cap-lints=warn" "-e" "CARGO_HOME=/opt/rustwide/cargo-home" "-e" "RUSTUP_HOME=/opt/rustwide/rustup-home" "-w" "/opt/rustwide/workdir" "-m" "1610612736" "--user" "0:0" "--network" "none" "ghcr.io/rust-lang/crates-build-env/linux@sha256:2788e3201cd34a07e3172128adcd8b3090168a8e3bcc40d7c032b9dda1df7d1c" "/opt/rustwide/cargo-home/bin/cargo" "+1.75.0" "build" "--frozen" "--message-format=json", kill_on_drop: false }`
[INFO] [stdout] 58d49ee292581f2b576966bff7e4ec442d304deca1d28c6808bee4d4dd9d3a6d
[INFO] running `Command { std: "docker" "start" "-a" "58d49ee292581f2b576966bff7e4ec442d304deca1d28c6808bee4d4dd9d3a6d", kill_on_drop: false }`
[INFO] [stderr]    Compiling proc-macro2 v1.0.66
[INFO] [stderr]    Compiling unicode-ident v1.0.11
[INFO] [stderr]    Compiling version_check v0.9.4
[INFO] [stderr]    Compiling typenum v1.16.0
[INFO] [stderr]    Compiling futures-core v0.3.28
[INFO] [stderr]    Compiling futures-task v0.3.28
[INFO] [stderr]    Compiling fnv v1.0.7
[INFO] [stderr]    Compiling ident_case v1.0.1
[INFO] [stderr]    Compiling strsim v0.10.0
[INFO] [stderr]    Compiling futures-channel v0.3.28
[INFO] [stderr]    Compiling serde v1.0.188
[INFO] [stderr]    Compiling futures-sink v0.3.28
[INFO] [stderr]    Compiling futures-util v0.3.28
[INFO] [stderr]    Compiling subtle v2.5.0
[INFO] [stderr]    Compiling futures-io v0.3.28
[INFO] [stderr]    Compiling memchr v2.6.3
[INFO] [stderr]    Compiling ryu v1.0.15
[INFO] [stderr]    Compiling async-trait v0.1.73
[INFO] [stderr]    Compiling itoa v1.0.9
[INFO] [stderr]    Compiling once_cell v1.18.0
[INFO] [stderr]    Compiling serde_json v1.0.105
[INFO] [stderr]    Compiling thiserror v1.0.48
[INFO] [stderr]    Compiling percent-encoding v2.3.0
[INFO] [stderr]    Compiling tracing-core v0.1.31
[INFO] [stderr]    Compiling cpufeatures v0.2.9
[INFO] [stderr]    Compiling urlencoding v2.1.3
[INFO] [stderr]    Compiling form_urlencoded v1.2.0
[INFO] [stderr]    Compiling generic-array v0.14.7
[INFO] [stderr]    Compiling quote v1.0.33
[INFO] [stderr]    Compiling syn v2.0.31
[INFO] [stderr]    Compiling crypto-common v0.1.6
[INFO] [stderr]    Compiling block-buffer v0.10.4
[INFO] [stderr]    Compiling digest v0.10.7
[INFO] [stderr]    Compiling hmac v0.12.1
[INFO] [stderr]    Compiling sha1 v0.10.5
[INFO] [stderr]    Compiling darling_core v0.20.3
[INFO] [stderr]    Compiling serde_derive v1.0.188
[INFO] [stderr]    Compiling futures-macro v0.3.28
[INFO] [stderr]    Compiling tracing-attributes v0.1.26
[INFO] [stderr]    Compiling thiserror-impl v1.0.48
[INFO] [stderr]    Compiling darling_macro v0.20.3
[INFO] [stderr]    Compiling tracing v0.1.37
[INFO] [stderr]    Compiling darling v0.20.3
[INFO] [stderr]    Compiling serde_with_macros v3.3.0
[INFO] [stderr]    Compiling futures-executor v0.3.28
[INFO] [stderr]    Compiling futures v0.3.28
[INFO] [stderr]    Compiling serde_urlencoded v0.7.1
[INFO] [stderr]    Compiling serde_with v3.3.0
[INFO] [stderr]    Compiling sift_science v0.5.0 (/opt/rustwide/workdir)
[INFO] [stderr]     Finished dev [unoptimized + debuginfo] target(s) in 12.55s
[INFO] running `Command { std: "docker" "inspect" "58d49ee292581f2b576966bff7e4ec442d304deca1d28c6808bee4d4dd9d3a6d", kill_on_drop: false }`
[INFO] running `Command { std: "docker" "rm" "-f" "58d49ee292581f2b576966bff7e4ec442d304deca1d28c6808bee4d4dd9d3a6d", kill_on_drop: false }`
[INFO] [stdout] 58d49ee292581f2b576966bff7e4ec442d304deca1d28c6808bee4d4dd9d3a6d
[INFO] running `Command { std: "docker" "create" "-v" "/var/lib/crater-agent-workspace/builds/worker-1-tc1/target:/opt/rustwide/target:rw,Z" "-v" "/var/lib/crater-agent-workspace/builds/worker-1-tc1/source:/opt/rustwide/workdir:ro,Z" "-v" "/var/lib/crater-agent-workspace/cargo-home:/opt/rustwide/cargo-home:ro,Z" "-v" "/var/lib/crater-agent-workspace/rustup-home:/opt/rustwide/rustup-home:ro,Z" "-e" "SOURCE_DIR=/opt/rustwide/workdir" "-e" "CARGO_TARGET_DIR=/opt/rustwide/target" "-e" "CARGO_INCREMENTAL=0" "-e" "RUST_BACKTRACE=full" "-e" "RUSTFLAGS=--cap-lints=warn" "-e" "RUSTDOCFLAGS=--cap-lints=warn" "-e" "CARGO_HOME=/opt/rustwide/cargo-home" "-e" "RUSTUP_HOME=/opt/rustwide/rustup-home" "-w" "/opt/rustwide/workdir" "-m" "1610612736" "--user" "0:0" "--network" "none" "ghcr.io/rust-lang/crates-build-env/linux@sha256:2788e3201cd34a07e3172128adcd8b3090168a8e3bcc40d7c032b9dda1df7d1c" "/opt/rustwide/cargo-home/bin/cargo" "+1.75.0" "test" "--frozen" "--no-run" "--message-format=json", kill_on_drop: false }`
[INFO] [stdout] cb06ef9cf60c1b72991117afeaebd015ee4ccf69ee53b934108288dbd3f781b5
[INFO] running `Command { std: "docker" "start" "-a" "cb06ef9cf60c1b72991117afeaebd015ee4ccf69ee53b934108288dbd3f781b5", kill_on_drop: false }`
[INFO] [stderr]    Compiling libc v0.2.147
[INFO] [stderr]    Compiling tracing-core v0.1.31
[INFO] [stderr]    Compiling lock_api v0.4.10
[INFO] [stderr]    Compiling parking_lot_core v0.9.8
[INFO] [stderr]    Compiling smallvec v1.11.0
[INFO] [stderr]    Compiling log v0.4.20
[INFO] [stderr]    Compiling overload v0.1.1
[INFO] [stderr]    Compiling sharded-slab v0.1.4
[INFO] [stderr]    Compiling tokio-macros v2.1.0
[INFO] [stderr]    Compiling thread_local v1.1.7
[INFO] [stderr]    Compiling bytes v1.5.0
[INFO] [stderr]    Compiling nu-ansi-term v0.46.0
[INFO] [stderr]    Compiling tracing v0.1.37
[INFO] [stderr]    Compiling tracing-log v0.1.3
[INFO] [stderr]    Compiling sift_science v0.5.0 (/opt/rustwide/workdir)
[INFO] [stderr]    Compiling tracing-subscriber v0.3.17
[INFO] [stderr]    Compiling num_cpus v1.16.0
[INFO] [stderr]    Compiling signal-hook-registry v1.4.1
[INFO] [stderr]    Compiling socket2 v0.5.3
[INFO] [stderr]    Compiling mio v0.8.8
[INFO] [stderr]    Compiling parking_lot v0.12.1
[INFO] [stderr]    Compiling tokio v1.32.0
[INFO] [stdout] error[E0433]: failed to resolve: use of undeclared crate or module `reqwest`
[INFO] [stdout]   --> examples/decision.rs:29:37
[INFO] [stdout]    |
[INFO] [stdout] 29 |     let sift = Client::new(api_key, reqwest::Client::new()).with_account_id(account_id);
[INFO] [stdout]    |                                     ^^^^^^^ use of undeclared crate or module `reqwest`
[INFO] [stdout]    |
[INFO] [stdout] help: consider importing one of these items
[INFO] [stdout]    |
[INFO] [stdout] 14 + use crate::Client;
[INFO] [stdout]    |
[INFO] [stdout] 14 + use sift_science::Client;
[INFO] [stdout]    |
[INFO] [stdout] help: if you import `Client`, refer to it directly
[INFO] [stdout]    |
[INFO] [stdout] 29 -     let sift = Client::new(api_key, reqwest::Client::new()).with_account_id(account_id);
[INFO] [stdout] 29 +     let sift = Client::new(api_key, Client::new()).with_account_id(account_id);
[INFO] [stdout]    |
[INFO] [stdout] 
[INFO] [stdout] 
[INFO] [stdout] error[E0433]: failed to resolve: use of undeclared crate or module `reqwest`
[INFO] [stdout]   --> examples/webhooks.rs:27:37
[INFO] [stdout]    |
[INFO] [stdout] 27 |     let sift = Client::new(api_key, reqwest::Client::new()).with_account_id(account_id);
[INFO] [stdout]    |                                     ^^^^^^^ use of undeclared crate or module `reqwest`
[INFO] [stdout]    |
[INFO] [stdout] help: consider importing one of these items
[INFO] [stdout]    |
[INFO] [stdout] 12 + use crate::Client;
[INFO] [stdout]    |
[INFO] [stdout] 12 + use sift_science::Client;
[INFO] [stdout]    |
[INFO] [stdout] help: if you import `Client`, refer to it directly
[INFO] [stdout]    |
[INFO] [stdout] 27 -     let sift = Client::new(api_key, reqwest::Client::new()).with_account_id(account_id);
[INFO] [stdout] 27 +     let sift = Client::new(api_key, Client::new()).with_account_id(account_id);
[INFO] [stdout]    |
[INFO] [stdout] 
[INFO] [stdout] 
[INFO] [stdout] error[E0433]: failed to resolve: use of undeclared crate or module `reqwest`
[INFO] [stdout]   --> examples/track.rs:26:23
[INFO] [stdout]    |
[INFO] [stdout] 26 |     let http_client = reqwest::Client::default();
[INFO] [stdout]    |                       ^^^^^^^ use of undeclared crate or module `reqwest`
[INFO] [stdout]    |
[INFO] [stdout] help: consider importing one of these items
[INFO] [stdout]    |
[INFO] [stdout] 13 + use crate::Client;
[INFO] [stdout]    |
[INFO] [stdout] 13 + use sift_science::Client;
[INFO] [stdout]    |
[INFO] [stdout] help: if you import `Client`, refer to it directly
[INFO] [stdout]    |
[INFO] [stdout] 26 -     let http_client = reqwest::Client::default();
[INFO] [stdout] 26 +     let http_client = Client::default();
[INFO] [stdout]    |
[INFO] [stdout] 
[INFO] [stdout] 
[INFO] [stdout] error[E0433]: failed to resolve: use of undeclared crate or module `reqwest`
[INFO] [stdout]   --> examples/verification.rs:32:23
[INFO] [stdout]    |
[INFO] [stdout] 32 |     let http_client = reqwest::Client::default();
[INFO] [stdout]    |                       ^^^^^^^ use of undeclared crate or module `reqwest`
[INFO] [stdout]    |
[INFO] [stdout] help: consider importing one of these items
[INFO] [stdout]    |
[INFO] [stdout] 13 + use crate::Client;
[INFO] [stdout]    |
[INFO] [stdout] 13 + use sift_science::Client;
[INFO] [stdout]    |
[INFO] [stdout] help: if you import `Client`, refer to it directly
[INFO] [stdout]    |
[INFO] [stdout] 32 -     let http_client = reqwest::Client::default();
[INFO] [stdout] 32 +     let http_client = Client::default();
[INFO] [stdout]    |
[INFO] [stdout] 
[INFO] [stdout] 
[INFO] [stdout] error[E0433]: failed to resolve: use of undeclared crate or module `reqwest`
[INFO] [stdout]   --> examples/label.rs:29:23
[INFO] [stdout]    |
[INFO] [stdout] 29 |     let http_client = reqwest::Client::default();
[INFO] [stdout]    |                       ^^^^^^^ use of undeclared crate or module `reqwest`
[INFO] [stdout]    |
[INFO] [stdout] help: consider importing one of these items
[INFO] [stdout]    |
[INFO] [stdout] 16 + use crate::Client;
[INFO] [stdout]    |
[INFO] [stdout] 16 + use sift_science::Client;
[INFO] [stdout]    |
[INFO] [stdout] help: if you import `Client`, refer to it directly
[INFO] [stdout]    |
[INFO] [stdout] 29 -     let http_client = reqwest::Client::default();
[INFO] [stdout] 29 +     let http_client = Client::default();
[INFO] [stdout]    |
[INFO] [stdout] 
[INFO] [stdout] 
[INFO] [stdout] error[E0433]: failed to resolve: use of undeclared crate or module `reqwest`
[INFO] [stdout]   --> examples/get_user_score.rs:21:23
[INFO] [stdout]    |
[INFO] [stdout] 21 |     let http_client = reqwest::Client::default();
[INFO] [stdout]    |                       ^^^^^^^ use of undeclared crate or module `reqwest`
[INFO] [stdout]    |
[INFO] [stdout] help: consider importing one of these items
[INFO] [stdout]    |
[INFO] [stdout] 12 + use crate::Client;
[INFO] [stdout]    |
[INFO] [stdout] 12 + use sift_science::Client;
[INFO] [stdout]    |
[INFO] [stdout] help: if you import `Client`, refer to it directly
[INFO] [stdout]    |
[INFO] [stdout] 21 -     let http_client = reqwest::Client::default();
[INFO] [stdout] 21 +     let http_client = Client::default();
[INFO] [stdout]    |
[INFO] [stdout] 
[INFO] [stdout] 
[INFO] [stdout] error: aborting due to previous error
[INFO] [stdout] 
[INFO] [stdout] 
[INFO] [stdout] For more information about this error, try `rustc --explain E0433`.
[INFO] [stdout] 
[INFO] [stdout] error: aborting due to previous error
[INFO] [stdout] 
[INFO] [stdout] 
[INFO] [stdout] error: aborting due to previous error
[INFO] [stdout] 
[INFO] [stdout] 
[INFO] [stdout] For more information about this error, try `rustc --explain E0433`.
[INFO] [stdout] 
[INFO] [stdout] For more information about this error, try `rustc --explain E0433`.
[INFO] [stdout] 
[INFO] [stdout] error: aborting due to previous error
[INFO] [stdout] 
[INFO] [stdout] 
[INFO] [stdout] For more information about this error, try `rustc --explain E0433`.
[INFO] [stdout] 
[INFO] [stderr] error: could not compile `sift_science` (example "get_user_score") due to 2 previous errors
[INFO] [stderr] warning: build failed, waiting for other jobs to finish...
[INFO] [stderr] error: could not compile `sift_science` (example "label") due to 2 previous errors
[INFO] [stderr] error: could not compile `sift_science` (example "track") due to 2 previous errors
[INFO] [stderr] error: could not compile `sift_science` (example "verification") due to 2 previous errors
[INFO] [stdout] error: aborting due to previous error
[INFO] [stdout] 
[INFO] [stdout] 
[INFO] [stdout] For more information about this error, try `rustc --explain E0433`.
[INFO] [stdout] 
[INFO] [stdout] error: aborting due to previous error
[INFO] [stdout] 
[INFO] [stdout] 
[INFO] [stdout] For more information about this error, try `rustc --explain E0433`.
[INFO] [stdout] 
[INFO] [stderr] error: could not compile `sift_science` (example "decision") due to 2 previous errors
[INFO] [stderr] error: could not compile `sift_science` (example "webhooks") due to 2 previous errors
[INFO] running `Command { std: "docker" "inspect" "cb06ef9cf60c1b72991117afeaebd015ee4ccf69ee53b934108288dbd3f781b5", kill_on_drop: false }`
[INFO] running `Command { std: "docker" "rm" "-f" "cb06ef9cf60c1b72991117afeaebd015ee4ccf69ee53b934108288dbd3f781b5", kill_on_drop: false }`
[INFO] [stdout] cb06ef9cf60c1b72991117afeaebd015ee4ccf69ee53b934108288dbd3f781b5
