[INFO] fetching crate shopify_function 0.5.0...
[INFO] testing shopify_function-0.5.0 against 1.75.0 for beta-1.76-1
[INFO] extracting crate shopify_function 0.5.0 into /workspace/builds/worker-0-tc1/source
[INFO] validating manifest of crates.io crate shopify_function 0.5.0 on toolchain 1.75.0
[INFO] running `Command { std: CARGO_HOME="/workspace/cargo-home" RUSTUP_HOME="/workspace/rustup-home" "/workspace/cargo-home/bin/cargo" "+1.75.0" "metadata" "--manifest-path" "Cargo.toml" "--no-deps", kill_on_drop: false }`
[INFO] started tweaking crates.io crate shopify_function 0.5.0
[INFO] finished tweaking crates.io crate shopify_function 0.5.0
[INFO] tweaked toml for crates.io crate shopify_function 0.5.0 written to /workspace/builds/worker-0-tc1/source/Cargo.toml
[INFO] running `Command { std: CARGO_HOME="/workspace/cargo-home" RUSTUP_HOME="/workspace/rustup-home" "/workspace/cargo-home/bin/cargo" "+1.75.0" "generate-lockfile" "--manifest-path" "Cargo.toml", kill_on_drop: false }`
[INFO] [stderr]     Updating crates.io index
[INFO] running `Command { std: CARGO_HOME="/workspace/cargo-home" RUSTUP_HOME="/workspace/rustup-home" "/workspace/cargo-home/bin/cargo" "+1.75.0" "fetch" "--manifest-path" "Cargo.toml", kill_on_drop: false }`
[INFO] [stderr]  Downloading crates ...
[INFO] [stderr]   Downloaded graphql_query_derive v0.13.0
[INFO] [stderr]   Downloaded graphql_client v0.13.0
[INFO] [stderr]   Downloaded shopify_function_macro v0.5.0
[INFO] [stderr]   Downloaded graphql_client_codegen v0.13.0
[INFO] running `Command { std: "docker" "create" "-v" "/var/lib/crater-agent-workspace/builds/worker-0-tc1/target:/opt/rustwide/target:rw,Z" "-v" "/var/lib/crater-agent-workspace/builds/worker-0-tc1/source:/opt/rustwide/workdir:ro,Z" "-v" "/var/lib/crater-agent-workspace/cargo-home:/opt/rustwide/cargo-home:ro,Z" "-v" "/var/lib/crater-agent-workspace/rustup-home:/opt/rustwide/rustup-home:ro,Z" "-e" "SOURCE_DIR=/opt/rustwide/workdir" "-e" "CARGO_TARGET_DIR=/opt/rustwide/target" "-e" "CARGO_HOME=/opt/rustwide/cargo-home" "-e" "RUSTUP_HOME=/opt/rustwide/rustup-home" "-w" "/opt/rustwide/workdir" "-m" "1610612736" "--user" "0:0" "--network" "none" "ghcr.io/rust-lang/crates-build-env/linux@sha256:2788e3201cd34a07e3172128adcd8b3090168a8e3bcc40d7c032b9dda1df7d1c" "/opt/rustwide/cargo-home/bin/cargo" "+1.75.0" "metadata" "--no-deps" "--format-version=1", kill_on_drop: false }`
[INFO] [stdout] 29a675ce350861bfe09b068b39ad4311910e1ce4a5097a3d15db5660debebdc4
[INFO] running `Command { std: "docker" "start" "-a" "29a675ce350861bfe09b068b39ad4311910e1ce4a5097a3d15db5660debebdc4", kill_on_drop: false }`
[INFO] running `Command { std: "docker" "inspect" "29a675ce350861bfe09b068b39ad4311910e1ce4a5097a3d15db5660debebdc4", kill_on_drop: false }`
[INFO] running `Command { std: "docker" "rm" "-f" "29a675ce350861bfe09b068b39ad4311910e1ce4a5097a3d15db5660debebdc4", kill_on_drop: false }`
[INFO] [stdout] 29a675ce350861bfe09b068b39ad4311910e1ce4a5097a3d15db5660debebdc4
[INFO] running `Command { std: "docker" "create" "-v" "/var/lib/crater-agent-workspace/builds/worker-0-tc1/target:/opt/rustwide/target:rw,Z" "-v" "/var/lib/crater-agent-workspace/builds/worker-0-tc1/source:/opt/rustwide/workdir:ro,Z" "-v" "/var/lib/crater-agent-workspace/cargo-home:/opt/rustwide/cargo-home:ro,Z" "-v" "/var/lib/crater-agent-workspace/rustup-home:/opt/rustwide/rustup-home:ro,Z" "-e" "SOURCE_DIR=/opt/rustwide/workdir" "-e" "CARGO_TARGET_DIR=/opt/rustwide/target" "-e" "CARGO_INCREMENTAL=0" "-e" "RUST_BACKTRACE=full" "-e" "RUSTFLAGS=--cap-lints=warn" "-e" "RUSTDOCFLAGS=--cap-lints=warn" "-e" "CARGO_HOME=/opt/rustwide/cargo-home" "-e" "RUSTUP_HOME=/opt/rustwide/rustup-home" "-w" "/opt/rustwide/workdir" "-m" "1610612736" "--user" "0:0" "--network" "none" "ghcr.io/rust-lang/crates-build-env/linux@sha256:2788e3201cd34a07e3172128adcd8b3090168a8e3bcc40d7c032b9dda1df7d1c" "/opt/rustwide/cargo-home/bin/cargo" "+1.75.0" "build" "--frozen" "--message-format=json", kill_on_drop: false }`
[INFO] [stdout] 9d2e4395cff285dcaa65298e312345df24472d292eccff2629f5b1cf661bde7b
[INFO] running `Command { std: "docker" "start" "-a" "9d2e4395cff285dcaa65298e312345df24472d292eccff2629f5b1cf661bde7b", kill_on_drop: false }`
[INFO] [stderr]    Compiling syn v1.0.109
[INFO] [stderr]    Compiling unicode-segmentation v1.10.1
[INFO] [stderr]    Compiling serde_json v1.0.111
[INFO] [stderr]    Compiling convert_case v0.6.0
[INFO] [stderr]    Compiling shopify_function_macro v0.5.0
[INFO] [stderr]    Compiling shopify_function v0.5.0 (/opt/rustwide/workdir)
[INFO] [stderr]     Finished dev [unoptimized + debuginfo] target(s) in 3.32s
[INFO] running `Command { std: "docker" "inspect" "9d2e4395cff285dcaa65298e312345df24472d292eccff2629f5b1cf661bde7b", kill_on_drop: false }`
[INFO] running `Command { std: "docker" "rm" "-f" "9d2e4395cff285dcaa65298e312345df24472d292eccff2629f5b1cf661bde7b", kill_on_drop: false }`
[INFO] [stdout] 9d2e4395cff285dcaa65298e312345df24472d292eccff2629f5b1cf661bde7b
[INFO] running `Command { std: "docker" "create" "-v" "/var/lib/crater-agent-workspace/builds/worker-0-tc1/target:/opt/rustwide/target:rw,Z" "-v" "/var/lib/crater-agent-workspace/builds/worker-0-tc1/source:/opt/rustwide/workdir:ro,Z" "-v" "/var/lib/crater-agent-workspace/cargo-home:/opt/rustwide/cargo-home:ro,Z" "-v" "/var/lib/crater-agent-workspace/rustup-home:/opt/rustwide/rustup-home:ro,Z" "-e" "SOURCE_DIR=/opt/rustwide/workdir" "-e" "CARGO_TARGET_DIR=/opt/rustwide/target" "-e" "CARGO_INCREMENTAL=0" "-e" "RUST_BACKTRACE=full" "-e" "RUSTFLAGS=--cap-lints=warn" "-e" "RUSTDOCFLAGS=--cap-lints=warn" "-e" "CARGO_HOME=/opt/rustwide/cargo-home" "-e" "RUSTUP_HOME=/opt/rustwide/rustup-home" "-w" "/opt/rustwide/workdir" "-m" "1610612736" "--user" "0:0" "--network" "none" "ghcr.io/rust-lang/crates-build-env/linux@sha256:2788e3201cd34a07e3172128adcd8b3090168a8e3bcc40d7c032b9dda1df7d1c" "/opt/rustwide/cargo-home/bin/cargo" "+1.75.0" "test" "--frozen" "--no-run" "--message-format=json", kill_on_drop: false }`
[INFO] [stdout] 4090ca65b4b56b26a4bdf8aaee3f1a22a8aabe06b231ccdb1ff8d1a5faa6f753
[INFO] running `Command { std: "docker" "start" "-a" "4090ca65b4b56b26a4bdf8aaee3f1a22a8aabe06b231ccdb1ff8d1a5faa6f753", kill_on_drop: false }`
[INFO] [stderr]    Compiling void v1.0.2
[INFO] [stderr]    Compiling either v1.9.0
[INFO] [stderr]    Compiling ascii v0.9.3
[INFO] [stderr]    Compiling thiserror v1.0.56
[INFO] [stderr]    Compiling byteorder v1.5.0
[INFO] [stderr]    Compiling memchr v2.7.1
[INFO] [stderr]    Compiling heck v0.4.1
[INFO] [stderr]    Compiling graphql-introspection-query v0.2.0
[INFO] [stderr]    Compiling unreachable v1.0.0
[INFO] [stderr]    Compiling combine v3.8.1
[INFO] [stderr]    Compiling graphql-parser v0.4.0
[INFO] [stderr]    Compiling graphql_client_codegen v0.13.0
[INFO] [stderr]    Compiling graphql_query_derive v0.13.0
[INFO] [stderr]    Compiling graphql_client v0.13.0
[INFO] [stderr]    Compiling shopify_function v0.5.0 (/opt/rustwide/workdir)
[INFO] [stdout] error: custom attribute panicked
[INFO] [stdout]   --> tests/shopify_function_target.rs:19:1
[INFO] [stdout]    |
[INFO] [stdout] 19 | / #[shopify_function_target(
[INFO] [stdout] 20 | |   // Implicit target = "test.target-a"
[INFO] [stdout] 21 | |   query_path = "./tests/fixtures/input.graphql",
[INFO] [stdout] 22 | |   schema_path = "./tests/fixtures/schema_with_targets.graphql",
[INFO] [stdout] 23 | |   input_stream = std::io::Cursor::new(TARGET_A_INPUT.as_bytes().to_vec()),
[INFO] [stdout] 24 | |   output_stream = unsafe { &mut TARGET_A_OUTPUT }
[INFO] [stdout] 25 | | )]
[INFO] [stdout]    | |__^
[INFO] [stdout]    |
[INFO] [stdout]    = help: message: Could not create output query file: Os { code: 30, kind: ReadOnlyFilesystem, message: "Read-only file system" }
[INFO] [stdout] 
[INFO] [stdout] 
[INFO] [stdout] error: custom attribute panicked
[INFO] [stdout]   --> tests/shopify_function_target.rs:46:1
[INFO] [stdout]    |
[INFO] [stdout] 46 | / #[shopify_function_target(
[INFO] [stdout] 47 | |   target = "test.target-b",
[INFO] [stdout] 48 | |   module_name = "mod_b",
[INFO] [stdout] 49 | |   query_path = "./tests/fixtures/b.graphql",
[INFO] [stdout] ...  |
[INFO] [stdout] 52 | |   output_stream = unsafe { &mut TARGET_B_OUTPUT }
[INFO] [stdout] 53 | | )]
[INFO] [stdout]    | |__^
[INFO] [stdout]    |
[INFO] [stdout]    = help: message: Could not create output query file: Os { code: 30, kind: ReadOnlyFilesystem, message: "Read-only file system" }
[INFO] [stdout] 
[INFO] [stdout] 
[INFO] [stdout] error: proc macro panicked
[INFO] [stdout]  --> tests/generate_types.rs:3:1
[INFO] [stdout]   |
[INFO] [stdout] 3 | / generate_types!(
[INFO] [stdout] 4 | |     query_path = "./tests/fixtures/input.graphql",
[INFO] [stdout] 5 | |     schema_path = "./tests/fixtures/schema.graphql"
[INFO] [stdout] 6 | | );
[INFO] [stdout]   | |_^
[INFO] [stdout]   |
[INFO] [stdout]   = help: message: Could not create output query file: Os { code: 30, kind: ReadOnlyFilesystem, message: "Read-only file system" }
[INFO] [stdout] 
[INFO] [stdout] 
[INFO] [stdout] error: proc macro panicked
[INFO] [stdout]   --> tests/shopify_function.rs:11:1
[INFO] [stdout]    |
[INFO] [stdout] 11 | / generate_types!(
[INFO] [stdout] 12 | |     query_path = "./tests/fixtures/input.graphql",
[INFO] [stdout] 13 | |     schema_path = "./tests/fixtures/schema.graphql"
[INFO] [stdout] 14 | | );
[INFO] [stdout]    | |_^
[INFO] [stdout]    |
[INFO] [stdout]    = help: message: Could not create output query file: Os { code: 30, kind: ReadOnlyFilesystem, message: "Read-only file system" }
[INFO] [stdout] 
[INFO] [stdout] 
[INFO] [stdout] warning: unused import: `shopify_function::Result`
[INFO] [stdout]  --> tests/shopify_function_target.rs:2:5
[INFO] [stdout]   |
[INFO] [stdout] 2 | use shopify_function::Result;
[INFO] [stdout]   |     ^^^^^^^^^^^^^^^^^^^^^^^^
[INFO] [stdout]   |
[INFO] [stdout]   = note: `#[warn(unused_imports)]` on by default
[INFO] [stdout] 
[INFO] [stdout] 
[INFO] [stdout] error[E0433]: failed to resolve: use of undeclared crate or module `target_a`
[INFO] [stdout]   --> tests/shopify_function_target.rs:14:5
[INFO] [stdout]    |
[INFO] [stdout] 14 |     target_a::export();
[INFO] [stdout]    |     ^^^^^^^^ use of undeclared crate or module `target_a`
[INFO] [stdout] 
[INFO] [stdout] 
[INFO] [stdout] error[E0433]: failed to resolve: use of undeclared crate or module `mod_b`
[INFO] [stdout]   --> tests/shopify_function_target.rs:41:5
[INFO] [stdout]    |
[INFO] [stdout] 41 |     mod_b::export();
[INFO] [stdout]    |     ^^^^^ use of undeclared crate or module `mod_b`
[INFO] [stdout] 
[INFO] [stdout] 
[INFO] [stdout] error[E0433]: failed to resolve: use of undeclared crate or module `input`
[INFO] [stdout]   --> tests/shopify_function.rs:28:23
[INFO] [stdout]    |
[INFO] [stdout] 28 | fn my_function(input: input::ResponseData) -> Result<output::FunctionResult> {
[INFO] [stdout]    |                       ^^^^^ use of undeclared crate or module `input`
[INFO] [stdout] 
[INFO] [stdout] 
[INFO] [stdout] error[E0433]: failed to resolve: use of undeclared crate or module `output`
[INFO] [stdout]   --> tests/shopify_function.rs:28:54
[INFO] [stdout]    |
[INFO] [stdout] 28 | fn my_function(input: input::ResponseData) -> Result<output::FunctionResult> {
[INFO] [stdout]    |                                                      ^^^^^^ use of undeclared crate or module `output`
[INFO] [stdout] 
[INFO] [stdout] 
[INFO] [stdout] error[E0433]: failed to resolve: use of undeclared crate or module `output`
[INFO] [stdout]   --> tests/shopify_function.rs:29:8
[INFO] [stdout]    |
[INFO] [stdout] 29 |     Ok(output::FunctionResult {
[INFO] [stdout]    |        ^^^^^^ use of undeclared crate or module `output`
[INFO] [stdout] 
[INFO] [stdout] 
[INFO] [stdout] error: aborting due to 4 previous errors
[INFO] [stdout] 
[INFO] [stdout] 
[INFO] [stdout] For more information about this error, try `rustc --explain E0433`.
[INFO] [stdout] 
[INFO] [stdout] error[E0433]: failed to resolve: use of undeclared crate or module `input`
[INFO] [stdout]   --> tests/generate_types.rs:16:17
[INFO] [stdout]    |
[INFO] [stdout] 16 |     let parsed: input::ResponseData = serde_json::from_str(input).unwrap();
[INFO] [stdout]    |                 ^^^^^ use of undeclared crate or module `input`
[INFO] [stdout] 
[INFO] [stdout] 
[INFO] [stdout] error: aborting due to 2 previous errors
[INFO] [stdout] 
[INFO] [stdout] 
[INFO] [stdout] For more information about this error, try `rustc --explain E0433`.
[INFO] [stdout] 
[INFO] [stdout] error: aborting due to 4 previous errors; 1 warning emitted
[INFO] [stdout] 
[INFO] [stdout] 
[INFO] [stdout] For more information about this error, try `rustc --explain E0433`.
[INFO] [stdout] 
[INFO] [stderr] error: could not compile `shopify_function` (test "shopify_function_target") due to 5 previous errors; 1 warning emitted
[INFO] [stderr] warning: build failed, waiting for other jobs to finish...
[INFO] [stderr] error: could not compile `shopify_function` (test "shopify_function") due to 5 previous errors
[INFO] [stderr] error: could not compile `shopify_function` (test "generate_types") due to 3 previous errors
[INFO] running `Command { std: "docker" "inspect" "4090ca65b4b56b26a4bdf8aaee3f1a22a8aabe06b231ccdb1ff8d1a5faa6f753", kill_on_drop: false }`
[INFO] running `Command { std: "docker" "rm" "-f" "4090ca65b4b56b26a4bdf8aaee3f1a22a8aabe06b231ccdb1ff8d1a5faa6f753", kill_on_drop: false }`
[INFO] [stdout] 4090ca65b4b56b26a4bdf8aaee3f1a22a8aabe06b231ccdb1ff8d1a5faa6f753
