[INFO] fetching crate shoom_rs 0.1.5...
[INFO] testing shoom_rs-0.1.5 against 1.75.0 for beta-1.76-1
[INFO] extracting crate shoom_rs 0.1.5 into /workspace/builds/worker-1-tc1/source
[INFO] validating manifest of crates.io crate shoom_rs 0.1.5 on toolchain 1.75.0
[INFO] running `Command { std: CARGO_HOME="/workspace/cargo-home" RUSTUP_HOME="/workspace/rustup-home" "/workspace/cargo-home/bin/cargo" "+1.75.0" "metadata" "--manifest-path" "Cargo.toml" "--no-deps", kill_on_drop: false }`
[INFO] started tweaking crates.io crate shoom_rs 0.1.5
[INFO] finished tweaking crates.io crate shoom_rs 0.1.5
[INFO] tweaked toml for crates.io crate shoom_rs 0.1.5 written to /workspace/builds/worker-1-tc1/source/Cargo.toml
[INFO] running `Command { std: CARGO_HOME="/workspace/cargo-home" RUSTUP_HOME="/workspace/rustup-home" "/workspace/cargo-home/bin/cargo" "+1.75.0" "generate-lockfile" "--manifest-path" "Cargo.toml", kill_on_drop: false }`
[INFO] [stderr]     Updating crates.io index
[INFO] running `Command { std: CARGO_HOME="/workspace/cargo-home" RUSTUP_HOME="/workspace/rustup-home" "/workspace/cargo-home/bin/cargo" "+1.75.0" "fetch" "--manifest-path" "Cargo.toml", kill_on_drop: false }`
[INFO] running `Command { std: "docker" "create" "-v" "/var/lib/crater-agent-workspace/builds/worker-1-tc1/target:/opt/rustwide/target:rw,Z" "-v" "/var/lib/crater-agent-workspace/builds/worker-1-tc1/source:/opt/rustwide/workdir:ro,Z" "-v" "/var/lib/crater-agent-workspace/cargo-home:/opt/rustwide/cargo-home:ro,Z" "-v" "/var/lib/crater-agent-workspace/rustup-home:/opt/rustwide/rustup-home:ro,Z" "-e" "SOURCE_DIR=/opt/rustwide/workdir" "-e" "CARGO_TARGET_DIR=/opt/rustwide/target" "-e" "CARGO_HOME=/opt/rustwide/cargo-home" "-e" "RUSTUP_HOME=/opt/rustwide/rustup-home" "-w" "/opt/rustwide/workdir" "-m" "1610612736" "--user" "0:0" "--network" "none" "ghcr.io/rust-lang/crates-build-env/linux@sha256:2788e3201cd34a07e3172128adcd8b3090168a8e3bcc40d7c032b9dda1df7d1c" "/opt/rustwide/cargo-home/bin/cargo" "+1.75.0" "metadata" "--no-deps" "--format-version=1", kill_on_drop: false }`
[INFO] [stdout] 16ccde4ab3c326dea2b00466378a1657b50fde0dc6ac85bf64f41bd68ec8c3c4
[INFO] running `Command { std: "docker" "start" "-a" "16ccde4ab3c326dea2b00466378a1657b50fde0dc6ac85bf64f41bd68ec8c3c4", kill_on_drop: false }`
[INFO] running `Command { std: "docker" "inspect" "16ccde4ab3c326dea2b00466378a1657b50fde0dc6ac85bf64f41bd68ec8c3c4", kill_on_drop: false }`
[INFO] running `Command { std: "docker" "rm" "-f" "16ccde4ab3c326dea2b00466378a1657b50fde0dc6ac85bf64f41bd68ec8c3c4", kill_on_drop: false }`
[INFO] [stdout] 16ccde4ab3c326dea2b00466378a1657b50fde0dc6ac85bf64f41bd68ec8c3c4
[INFO] running `Command { std: "docker" "create" "-v" "/var/lib/crater-agent-workspace/builds/worker-1-tc1/target:/opt/rustwide/target:rw,Z" "-v" "/var/lib/crater-agent-workspace/builds/worker-1-tc1/source:/opt/rustwide/workdir:ro,Z" "-v" "/var/lib/crater-agent-workspace/cargo-home:/opt/rustwide/cargo-home:ro,Z" "-v" "/var/lib/crater-agent-workspace/rustup-home:/opt/rustwide/rustup-home:ro,Z" "-e" "SOURCE_DIR=/opt/rustwide/workdir" "-e" "CARGO_TARGET_DIR=/opt/rustwide/target" "-e" "CARGO_INCREMENTAL=0" "-e" "RUST_BACKTRACE=full" "-e" "RUSTFLAGS=--cap-lints=warn" "-e" "RUSTDOCFLAGS=--cap-lints=warn" "-e" "CARGO_HOME=/opt/rustwide/cargo-home" "-e" "RUSTUP_HOME=/opt/rustwide/rustup-home" "-w" "/opt/rustwide/workdir" "-m" "1610612736" "--user" "0:0" "--network" "none" "ghcr.io/rust-lang/crates-build-env/linux@sha256:2788e3201cd34a07e3172128adcd8b3090168a8e3bcc40d7c032b9dda1df7d1c" "/opt/rustwide/cargo-home/bin/cargo" "+1.75.0" "build" "--frozen" "--message-format=json", kill_on_drop: false }`
[INFO] [stdout] b2089bdf3c73f2f6059a20daad197c5199226aaf163508635652625e5ca554d4
[INFO] running `Command { std: "docker" "start" "-a" "b2089bdf3c73f2f6059a20daad197c5199226aaf163508635652625e5ca554d4", kill_on_drop: false }`
[INFO] [stderr]    Compiling libc v0.2.151
[INFO] [stderr]    Compiling shoom_rs v0.1.5 (/opt/rustwide/workdir)
[INFO] [stdout] error[E0425]: cannot find function `create_or_open` in module `sys`
[INFO] [stdout]   --> src/lib.rs:40:23
[INFO] [stdout]    |
[INFO] [stdout] 40 |         let rs = sys::create_or_open(create, self.path.clone(), self.size)?;
[INFO] [stdout]    |                       ^^^^^^^^^^^^^^ not found in `sys`
[INFO] [stdout] 
[INFO] [stdout] 
[INFO] [stdout] error[E0425]: cannot find function `unmap` in module `sys`
[INFO] [stdout]   --> src/lib.rs:76:18
[INFO] [stdout]    |
[INFO] [stdout] 76 |             sys::unmap(
[INFO] [stdout]    |                  ^^^^^ not found in `sys`
[INFO] [stdout] 
[INFO] [stdout] 
[INFO] [stdout] error[E0554]: `#![feature]` may not be used on the stable release channel
[INFO] [stdout]  --> src/lib.rs:1:1
[INFO] [stdout]   |
[INFO] [stdout] 1 | #![feature(stmt_expr_attributes)]
[INFO] [stdout]   | ^^^^^^^^^^^^^^^^^^^^^^^^^^^^^^^^^
[INFO] [stdout] 
[INFO] [stdout] 
[INFO] [stdout] error[E0063]: missing field `path` in initializer of `Shoom`
[INFO] [stdout]   --> src/lib.rs:26:9
[INFO] [stdout]    |
[INFO] [stdout] 26 |         Self {
[INFO] [stdout]    |         ^^^^ missing `path`
[INFO] [stdout] 
[INFO] [stdout] 
[INFO] [stdout] error: aborting due to 4 previous errors
[INFO] [stdout] 
[INFO] [stdout] 
[INFO] [stdout] Some errors have detailed explanations: E0063, E0425, E0554.
[INFO] [stdout] 
[INFO] [stdout] For more information about an error, try `rustc --explain E0063`.
[INFO] [stdout] 
[INFO] [stderr] error: could not compile `shoom_rs` (lib) due to 5 previous errors
[INFO] running `Command { std: "docker" "inspect" "b2089bdf3c73f2f6059a20daad197c5199226aaf163508635652625e5ca554d4", kill_on_drop: false }`
[INFO] running `Command { std: "docker" "rm" "-f" "b2089bdf3c73f2f6059a20daad197c5199226aaf163508635652625e5ca554d4", kill_on_drop: false }`
[INFO] [stdout] b2089bdf3c73f2f6059a20daad197c5199226aaf163508635652625e5ca554d4
[INFO] testing shoom_rs-0.1.5 against beta-2023-12-22 for beta-1.76-1
[INFO] extracting crate shoom_rs 0.1.5 into /workspace/builds/worker-1-tc2/source
[INFO] validating manifest of crates.io crate shoom_rs 0.1.5 on toolchain beta-2023-12-22
[INFO] running `Command { std: CARGO_HOME="/workspace/cargo-home" RUSTUP_HOME="/workspace/rustup-home" "/workspace/cargo-home/bin/cargo" "+beta-2023-12-22" "metadata" "--manifest-path" "Cargo.toml" "--no-deps", kill_on_drop: false }`
[INFO] started tweaking crates.io crate shoom_rs 0.1.5
[INFO] finished tweaking crates.io crate shoom_rs 0.1.5
[INFO] tweaked toml for crates.io crate shoom_rs 0.1.5 written to /workspace/builds/worker-1-tc2/source/Cargo.toml
[INFO] running `Command { std: CARGO_HOME="/workspace/cargo-home" RUSTUP_HOME="/workspace/rustup-home" "/workspace/cargo-home/bin/cargo" "+beta-2023-12-22" "generate-lockfile" "--manifest-path" "Cargo.toml", kill_on_drop: false }`
[INFO] [stderr]     Updating crates.io index
[INFO] running `Command { std: CARGO_HOME="/workspace/cargo-home" RUSTUP_HOME="/workspace/rustup-home" "/workspace/cargo-home/bin/cargo" "+beta-2023-12-22" "fetch" "--manifest-path" "Cargo.toml", kill_on_drop: false }`
[INFO] running `Command { std: "docker" "create" "-v" "/var/lib/crater-agent-workspace/builds/worker-1-tc2/target:/opt/rustwide/target:rw,Z" "-v" "/var/lib/crater-agent-workspace/builds/worker-1-tc2/source:/opt/rustwide/workdir:ro,Z" "-v" "/var/lib/crater-agent-workspace/cargo-home:/opt/rustwide/cargo-home:ro,Z" "-v" "/var/lib/crater-agent-workspace/rustup-home:/opt/rustwide/rustup-home:ro,Z" "-e" "SOURCE_DIR=/opt/rustwide/workdir" "-e" "CARGO_TARGET_DIR=/opt/rustwide/target" "-e" "CARGO_HOME=/opt/rustwide/cargo-home" "-e" "RUSTUP_HOME=/opt/rustwide/rustup-home" "-w" "/opt/rustwide/workdir" "-m" "1610612736" "--user" "0:0" "--network" "none" "ghcr.io/rust-lang/crates-build-env/linux@sha256:2788e3201cd34a07e3172128adcd8b3090168a8e3bcc40d7c032b9dda1df7d1c" "/opt/rustwide/cargo-home/bin/cargo" "+beta-2023-12-22" "metadata" "--no-deps" "--format-version=1", kill_on_drop: false }`
[INFO] [stdout] 7a3b2a3b97fa96c60de11096df4af09882d0c703aadf1d76440cf5e26173637b
[INFO] running `Command { std: "docker" "start" "-a" "7a3b2a3b97fa96c60de11096df4af09882d0c703aadf1d76440cf5e26173637b", kill_on_drop: false }`
[INFO] running `Command { std: "docker" "inspect" "7a3b2a3b97fa96c60de11096df4af09882d0c703aadf1d76440cf5e26173637b", kill_on_drop: false }`
[INFO] running `Command { std: "docker" "rm" "-f" "7a3b2a3b97fa96c60de11096df4af09882d0c703aadf1d76440cf5e26173637b", kill_on_drop: false }`
[INFO] [stdout] 7a3b2a3b97fa96c60de11096df4af09882d0c703aadf1d76440cf5e26173637b
[INFO] running `Command { std: "docker" "create" "-v" "/var/lib/crater-agent-workspace/builds/worker-1-tc2/target:/opt/rustwide/target:rw,Z" "-v" "/var/lib/crater-agent-workspace/builds/worker-1-tc2/source:/opt/rustwide/workdir:ro,Z" "-v" "/var/lib/crater-agent-workspace/cargo-home:/opt/rustwide/cargo-home:ro,Z" "-v" "/var/lib/crater-agent-workspace/rustup-home:/opt/rustwide/rustup-home:ro,Z" "-e" "SOURCE_DIR=/opt/rustwide/workdir" "-e" "CARGO_TARGET_DIR=/opt/rustwide/target" "-e" "CARGO_INCREMENTAL=0" "-e" "RUST_BACKTRACE=full" "-e" "RUSTFLAGS=--cap-lints=warn" "-e" "RUSTDOCFLAGS=--cap-lints=warn" "-e" "CARGO_HOME=/opt/rustwide/cargo-home" "-e" "RUSTUP_HOME=/opt/rustwide/rustup-home" "-w" "/opt/rustwide/workdir" "-m" "1610612736" "--user" "0:0" "--network" "none" "ghcr.io/rust-lang/crates-build-env/linux@sha256:2788e3201cd34a07e3172128adcd8b3090168a8e3bcc40d7c032b9dda1df7d1c" "/opt/rustwide/cargo-home/bin/cargo" "+beta-2023-12-22" "build" "--frozen" "--message-format=json", kill_on_drop: false }`
[INFO] [stdout] d7162a694827918ded3db48ad53cdb26e12a62430b6807aca77eda8cb3480ef2
[INFO] running `Command { std: "docker" "start" "-a" "d7162a694827918ded3db48ad53cdb26e12a62430b6807aca77eda8cb3480ef2", kill_on_drop: false }`
[INFO] [stderr]    Compiling libc v0.2.151
[INFO] [stderr]    Compiling shoom_rs v0.1.5 (/opt/rustwide/workdir)
[INFO] [stdout] error[E0425]: cannot find function `create_or_open` in module `sys`
[INFO] [stdout]   --> src/lib.rs:40:23
[INFO] [stdout]    |
[INFO] [stdout] 40 |         let rs = sys::create_or_open(create, self.path.clone(), self.size)?;
[INFO] [stdout]    |                       ^^^^^^^^^^^^^^ not found in `sys`
[INFO] [stdout] 
[INFO] [stdout] 
[INFO] [stdout] error[E0425]: cannot find function `unmap` in module `sys`
[INFO] [stdout]   --> src/lib.rs:76:18
[INFO] [stdout]    |
[INFO] [stdout] 76 |             sys::unmap(
[INFO] [stdout]    |                  ^^^^^ not found in `sys`
[INFO] [stdout] 
[INFO] [stdout] 
[INFO] [stdout] error[E0554]: `#![feature]` may not be used on the beta release channel
[INFO] [stdout]  --> src/lib.rs:1:1
[INFO] [stdout]   |
[INFO] [stdout] 1 | #![feature(stmt_expr_attributes)]
[INFO] [stdout]   | ^^^^^^^^^^^^^^^^^^^^^^^^^^^^^^^^^
[INFO] [stdout] 
[INFO] [stdout] 
[INFO] [stdout] error[E0063]: missing field `path` in initializer of `Shoom`
[INFO] [stdout]   --> src/lib.rs:26:9
[INFO] [stdout]    |
[INFO] [stdout] 26 |         Self {
[INFO] [stdout]    |         ^^^^ missing `path`
[INFO] [stdout] 
[INFO] [stdout] 
[INFO] [stdout] error: aborting due to 4 previous errors
[INFO] [stdout] 
[INFO] [stdout] 
[INFO] [stdout] Some errors have detailed explanations: E0063, E0425, E0554.
[INFO] [stdout] 
[INFO] [stdout] For more information about an error, try `rustc --explain E0063`.
[INFO] [stdout] 
[INFO] [stderr] error: could not compile `shoom_rs` (lib) due to 5 previous errors
[INFO] running `Command { std: "docker" "inspect" "d7162a694827918ded3db48ad53cdb26e12a62430b6807aca77eda8cb3480ef2", kill_on_drop: false }`
[INFO] running `Command { std: "docker" "rm" "-f" "d7162a694827918ded3db48ad53cdb26e12a62430b6807aca77eda8cb3480ef2", kill_on_drop: false }`
[INFO] [stdout] d7162a694827918ded3db48ad53cdb26e12a62430b6807aca77eda8cb3480ef2
