[INFO] fetching crate shine-stdext 0.2.0...
[INFO] testing shine-stdext-0.2.0 against 1.75.0 for beta-1.76-1
[INFO] extracting crate shine-stdext 0.2.0 into /workspace/builds/worker-1-tc1/source
[INFO] validating manifest of crates.io crate shine-stdext 0.2.0 on toolchain 1.75.0
[INFO] running `Command { std: CARGO_HOME="/workspace/cargo-home" RUSTUP_HOME="/workspace/rustup-home" "/workspace/cargo-home/bin/cargo" "+1.75.0" "metadata" "--manifest-path" "Cargo.toml" "--no-deps", kill_on_drop: false }`
[INFO] started tweaking crates.io crate shine-stdext 0.2.0
[INFO] finished tweaking crates.io crate shine-stdext 0.2.0
[INFO] tweaked toml for crates.io crate shine-stdext 0.2.0 written to /workspace/builds/worker-1-tc1/source/Cargo.toml
[INFO] running `Command { std: CARGO_HOME="/workspace/cargo-home" RUSTUP_HOME="/workspace/rustup-home" "/workspace/cargo-home/bin/cargo" "+1.75.0" "generate-lockfile" "--manifest-path" "Cargo.toml", kill_on_drop: false }`
[INFO] [stderr]     Updating crates.io index
[INFO] running `Command { std: CARGO_HOME="/workspace/cargo-home" RUSTUP_HOME="/workspace/rustup-home" "/workspace/cargo-home/bin/cargo" "+1.75.0" "fetch" "--manifest-path" "Cargo.toml", kill_on_drop: false }`
[INFO] [stderr]  Downloading crates ...
[INFO] [stderr]   Downloaded shine-gltf v0.2.0
[INFO] [stderr]   Downloaded actix-testing v0.1.0
[INFO] [stderr]   Downloaded unic-ucd-segment v0.7.0
[INFO] [stderr]   Downloaded permutohedron v0.2.4
[INFO] [stderr]   Downloaded unic-common v0.7.0
[INFO] [stderr]   Downloaded unic-char-range v0.7.0
[INFO] [stderr]   Downloaded unic-segment v0.7.0
[INFO] [stderr]   Downloaded actix-service v0.4.2
[INFO] [stderr]   Downloaded actix-session v0.1.1
[INFO] [stderr]   Downloaded actix-codec v0.1.2
[INFO] [stderr]   Downloaded actix-threadpool v0.1.2
[INFO] [stderr]   Downloaded shine-gltf-macro v0.2.0
[INFO] [stderr]   Downloaded awc v0.2.8
[INFO] [stderr]   Downloaded actix-files v0.1.7
[INFO] [stderr]   Downloaded actix-web-codegen v0.1.3
[INFO] [stderr]   Downloaded actix-rt v0.2.6
[INFO] [stderr]   Downloaded actix-server v0.6.1
[INFO] [stderr]   Downloaded actix-server-config v0.1.2
[INFO] [stderr]   Downloaded trust-dns-resolver v0.11.1
[INFO] [stderr]   Downloaded tera v0.11.20
[INFO] [stderr]   Downloaded trust-dns-proto v0.7.4
[INFO] [stderr]   Downloaded actix-web v1.0.9
[INFO] [stderr]   Downloaded actix-http v0.2.11
[INFO] [stderr]   Downloaded shine-testutils v0.2.0
[INFO] [stderr]   Downloaded actix-connect v0.2.5
[INFO] [stderr]   Downloaded enum-as-inner v0.2.1
[INFO] [stderr]   Downloaded derive_more v0.14.1
[INFO] [stderr]   Downloaded actix-utils v0.4.7
[INFO] [stderr]   Downloaded actix-router v0.1.5
[INFO] [stderr]   Downloaded unic-char-property v0.7.0
[INFO] [stderr]   Downloaded unic-ucd-version v0.7.0
[INFO] running `Command { std: "docker" "create" "-v" "/var/lib/crater-agent-workspace/builds/worker-1-tc1/target:/opt/rustwide/target:rw,Z" "-v" "/var/lib/crater-agent-workspace/builds/worker-1-tc1/source:/opt/rustwide/workdir:ro,Z" "-v" "/var/lib/crater-agent-workspace/cargo-home:/opt/rustwide/cargo-home:ro,Z" "-v" "/var/lib/crater-agent-workspace/rustup-home:/opt/rustwide/rustup-home:ro,Z" "-e" "SOURCE_DIR=/opt/rustwide/workdir" "-e" "CARGO_TARGET_DIR=/opt/rustwide/target" "-e" "CARGO_HOME=/opt/rustwide/cargo-home" "-e" "RUSTUP_HOME=/opt/rustwide/rustup-home" "-w" "/opt/rustwide/workdir" "-m" "1610612736" "--user" "0:0" "--network" "none" "ghcr.io/rust-lang/crates-build-env/linux@sha256:2788e3201cd34a07e3172128adcd8b3090168a8e3bcc40d7c032b9dda1df7d1c" "/opt/rustwide/cargo-home/bin/cargo" "+1.75.0" "metadata" "--no-deps" "--format-version=1", kill_on_drop: false }`
[INFO] [stdout] e273cedd02cbc1389282f6a7576f129820688dd8c4fdfd6a4d0defd8960595f5
[INFO] running `Command { std: "docker" "start" "-a" "e273cedd02cbc1389282f6a7576f129820688dd8c4fdfd6a4d0defd8960595f5", kill_on_drop: false }`
[INFO] running `Command { std: "docker" "inspect" "e273cedd02cbc1389282f6a7576f129820688dd8c4fdfd6a4d0defd8960595f5", kill_on_drop: false }`
[INFO] running `Command { std: "docker" "rm" "-f" "e273cedd02cbc1389282f6a7576f129820688dd8c4fdfd6a4d0defd8960595f5", kill_on_drop: false }`
[INFO] [stdout] e273cedd02cbc1389282f6a7576f129820688dd8c4fdfd6a4d0defd8960595f5
[INFO] running `Command { std: "docker" "create" "-v" "/var/lib/crater-agent-workspace/builds/worker-1-tc1/target:/opt/rustwide/target:rw,Z" "-v" "/var/lib/crater-agent-workspace/builds/worker-1-tc1/source:/opt/rustwide/workdir:ro,Z" "-v" "/var/lib/crater-agent-workspace/cargo-home:/opt/rustwide/cargo-home:ro,Z" "-v" "/var/lib/crater-agent-workspace/rustup-home:/opt/rustwide/rustup-home:ro,Z" "-e" "SOURCE_DIR=/opt/rustwide/workdir" "-e" "CARGO_TARGET_DIR=/opt/rustwide/target" "-e" "CARGO_INCREMENTAL=0" "-e" "RUST_BACKTRACE=full" "-e" "RUSTFLAGS=--cap-lints=warn" "-e" "RUSTDOCFLAGS=--cap-lints=warn" "-e" "CARGO_HOME=/opt/rustwide/cargo-home" "-e" "RUSTUP_HOME=/opt/rustwide/rustup-home" "-w" "/opt/rustwide/workdir" "-m" "1610612736" "--user" "0:0" "--network" "none" "ghcr.io/rust-lang/crates-build-env/linux@sha256:2788e3201cd34a07e3172128adcd8b3090168a8e3bcc40d7c032b9dda1df7d1c" "/opt/rustwide/cargo-home/bin/cargo" "+1.75.0" "build" "--frozen" "--message-format=json", kill_on_drop: false }`
[INFO] [stdout] 1ff6246f68c18b467ce29b18cdc9af3a5445634cee814b6d81db4a5a42338d1b
[INFO] running `Command { std: "docker" "start" "-a" "1ff6246f68c18b467ce29b18cdc9af3a5445634cee814b6d81db4a5a42338d1b", kill_on_drop: false }`
[INFO] [stderr]    Compiling libc v0.2.151
[INFO] [stderr]    Compiling num_cpus v1.16.0
[INFO] [stderr]    Compiling shine-stdext v0.2.0 (/opt/rustwide/workdir)
[INFO] [stdout] error[E0554]: `#![feature]` may not be used on the stable release channel
[INFO] [stdout]  --> src/lib.rs:1:12
[INFO] [stdout]   |
[INFO] [stdout] 1 | #![feature(drain_filter)]
[INFO] [stdout]   |            ^^^^^^^^^^^^
[INFO] [stdout] 
[INFO] [stdout] 
[INFO] [stdout] error[E0635]: unknown feature `drain_filter`
[INFO] [stdout]  --> src/lib.rs:1:12
[INFO] [stdout]   |
[INFO] [stdout] 1 | #![feature(drain_filter)]
[INFO] [stdout]   |            ^^^^^^^^^^^^
[INFO] [stdout] 
[INFO] [stdout] 
[INFO] [stdout] warning: trait objects without an explicit `dyn` are deprecated
[INFO] [stdout]  --> src/time/scaledblander.rs:6:21
[INFO] [stdout]   |
[INFO] [stdout] 6 | impl BlendScale for Fn(f32) -> f32 {
[INFO] [stdout]   |                     ^^^^^^^^^^^^^^
[INFO] [stdout]   |
[INFO] [stdout]   = warning: this is accepted in the current edition (Rust 2018) but is a hard error in Rust 2021!
[INFO] [stdout]   = note: for more information, see <https://doc.rust-lang.org/nightly/edition-guide/rust-2021/warnings-promoted-to-error.html>
[INFO] [stdout]   = note: `#[warn(bare_trait_objects)]` on by default
[INFO] [stdout] help: use `dyn`
[INFO] [stdout]   |
[INFO] [stdout] 6 | impl BlendScale for dyn Fn(f32) -> f32 {
[INFO] [stdout]   |                     +++
[INFO] [stdout] help: alternatively use a blanket implementation to implement `BlendScale` for all types that also implement `Fn(f32) -> f32`
[INFO] [stdout]   |
[INFO] [stdout] 6 | impl<T: Fn(f32) -> f32> BlendScale for T {
[INFO] [stdout]   |     +++++++++++++++++++                ~
[INFO] [stdout] 
[INFO] [stdout] 
[INFO] [stdout] error[E0599]: no method named `drain_filter` found for mutable reference `&mut Vec<*mut unnamedstore::Entry<D>>` in the current scope
[INFO] [stdout]    --> src/unnamedstore.rs:154:19
[INFO] [stdout]     |
[INFO] [stdout] 154 |         resources.drain_filter(|&mut v| {
[INFO] [stdout]     |         ----------^^^^^^^^^^^^ method not found in `&mut Vec<*mut Entry<D>>`
[INFO] [stdout] 
[INFO] [stdout] 
[INFO] [stdout] error[E0599]: no method named `drain_filter` found for mutable reference `&mut Vec<*mut unnamedstore::Entry<D>>` in the current scope
[INFO] [stdout]    --> src/unnamedstore.rs:161:18
[INFO] [stdout]     |
[INFO] [stdout] 161 |         requests.drain_filter(|&mut v| {
[INFO] [stdout]     |         ---------^^^^^^^^^^^^ method not found in `&mut Vec<*mut Entry<D>>`
[INFO] [stdout] 
[INFO] [stdout] 
[INFO] [stdout] error[E0599]: no method named `drain_filter` found for mutable reference `&mut Vec<*mut unnamedstore::Entry<D>>` in the current scope
[INFO] [stdout]    --> src/unnamedstore.rs:234:11
[INFO] [stdout]     |
[INFO] [stdout] 234 |         v.drain_filter(|&mut e| {
[INFO] [stdout]     |         --^^^^^^^^^^^^ method not found in `&mut Vec<*mut Entry<D>>`
[INFO] [stdout] 
[INFO] [stdout] 
[INFO] [stdout] error: aborting due to 5 previous errors; 1 warning emitted
[INFO] [stdout] 
[INFO] [stdout] 
[INFO] [stdout] Some errors have detailed explanations: E0554, E0599, E0635.
[INFO] [stdout] 
[INFO] [stdout] For more information about an error, try `rustc --explain E0554`.
[INFO] [stdout] 
[INFO] [stderr] error: could not compile `shine-stdext` (lib) due to 6 previous errors; 1 warning emitted
[INFO] running `Command { std: "docker" "inspect" "1ff6246f68c18b467ce29b18cdc9af3a5445634cee814b6d81db4a5a42338d1b", kill_on_drop: false }`
[INFO] running `Command { std: "docker" "rm" "-f" "1ff6246f68c18b467ce29b18cdc9af3a5445634cee814b6d81db4a5a42338d1b", kill_on_drop: false }`
[INFO] [stdout] 1ff6246f68c18b467ce29b18cdc9af3a5445634cee814b6d81db4a5a42338d1b
[INFO] testing shine-stdext-0.2.0 against beta-2023-12-22 for beta-1.76-1
[INFO] extracting crate shine-stdext 0.2.0 into /workspace/builds/worker-1-tc2/source
[INFO] validating manifest of crates.io crate shine-stdext 0.2.0 on toolchain beta-2023-12-22
[INFO] running `Command { std: CARGO_HOME="/workspace/cargo-home" RUSTUP_HOME="/workspace/rustup-home" "/workspace/cargo-home/bin/cargo" "+beta-2023-12-22" "metadata" "--manifest-path" "Cargo.toml" "--no-deps", kill_on_drop: false }`
[INFO] started tweaking crates.io crate shine-stdext 0.2.0
[INFO] finished tweaking crates.io crate shine-stdext 0.2.0
[INFO] tweaked toml for crates.io crate shine-stdext 0.2.0 written to /workspace/builds/worker-1-tc2/source/Cargo.toml
[INFO] running `Command { std: CARGO_HOME="/workspace/cargo-home" RUSTUP_HOME="/workspace/rustup-home" "/workspace/cargo-home/bin/cargo" "+beta-2023-12-22" "generate-lockfile" "--manifest-path" "Cargo.toml", kill_on_drop: false }`
[INFO] [stderr]     Updating crates.io index
[INFO] running `Command { std: CARGO_HOME="/workspace/cargo-home" RUSTUP_HOME="/workspace/rustup-home" "/workspace/cargo-home/bin/cargo" "+beta-2023-12-22" "fetch" "--manifest-path" "Cargo.toml", kill_on_drop: false }`
[INFO] running `Command { std: "docker" "create" "-v" "/var/lib/crater-agent-workspace/builds/worker-1-tc2/target:/opt/rustwide/target:rw,Z" "-v" "/var/lib/crater-agent-workspace/builds/worker-1-tc2/source:/opt/rustwide/workdir:ro,Z" "-v" "/var/lib/crater-agent-workspace/cargo-home:/opt/rustwide/cargo-home:ro,Z" "-v" "/var/lib/crater-agent-workspace/rustup-home:/opt/rustwide/rustup-home:ro,Z" "-e" "SOURCE_DIR=/opt/rustwide/workdir" "-e" "CARGO_TARGET_DIR=/opt/rustwide/target" "-e" "CARGO_HOME=/opt/rustwide/cargo-home" "-e" "RUSTUP_HOME=/opt/rustwide/rustup-home" "-w" "/opt/rustwide/workdir" "-m" "1610612736" "--user" "0:0" "--network" "none" "ghcr.io/rust-lang/crates-build-env/linux@sha256:2788e3201cd34a07e3172128adcd8b3090168a8e3bcc40d7c032b9dda1df7d1c" "/opt/rustwide/cargo-home/bin/cargo" "+beta-2023-12-22" "metadata" "--no-deps" "--format-version=1", kill_on_drop: false }`
[INFO] [stdout] 7d86b6351071947eb32e6df41763ae70f56d3dac56a1a26475418ab72b7c4cbf
[INFO] running `Command { std: "docker" "start" "-a" "7d86b6351071947eb32e6df41763ae70f56d3dac56a1a26475418ab72b7c4cbf", kill_on_drop: false }`
[INFO] running `Command { std: "docker" "inspect" "7d86b6351071947eb32e6df41763ae70f56d3dac56a1a26475418ab72b7c4cbf", kill_on_drop: false }`
[INFO] running `Command { std: "docker" "rm" "-f" "7d86b6351071947eb32e6df41763ae70f56d3dac56a1a26475418ab72b7c4cbf", kill_on_drop: false }`
[INFO] [stdout] 7d86b6351071947eb32e6df41763ae70f56d3dac56a1a26475418ab72b7c4cbf
[INFO] running `Command { std: "docker" "create" "-v" "/var/lib/crater-agent-workspace/builds/worker-1-tc2/target:/opt/rustwide/target:rw,Z" "-v" "/var/lib/crater-agent-workspace/builds/worker-1-tc2/source:/opt/rustwide/workdir:ro,Z" "-v" "/var/lib/crater-agent-workspace/cargo-home:/opt/rustwide/cargo-home:ro,Z" "-v" "/var/lib/crater-agent-workspace/rustup-home:/opt/rustwide/rustup-home:ro,Z" "-e" "SOURCE_DIR=/opt/rustwide/workdir" "-e" "CARGO_TARGET_DIR=/opt/rustwide/target" "-e" "CARGO_INCREMENTAL=0" "-e" "RUST_BACKTRACE=full" "-e" "RUSTFLAGS=--cap-lints=warn" "-e" "RUSTDOCFLAGS=--cap-lints=warn" "-e" "CARGO_HOME=/opt/rustwide/cargo-home" "-e" "RUSTUP_HOME=/opt/rustwide/rustup-home" "-w" "/opt/rustwide/workdir" "-m" "1610612736" "--user" "0:0" "--network" "none" "ghcr.io/rust-lang/crates-build-env/linux@sha256:2788e3201cd34a07e3172128adcd8b3090168a8e3bcc40d7c032b9dda1df7d1c" "/opt/rustwide/cargo-home/bin/cargo" "+beta-2023-12-22" "build" "--frozen" "--message-format=json", kill_on_drop: false }`
[INFO] [stdout] b8df9d69f01f3cc443805e78f7a703ac7b085bbd0f355510766d257e26f98505
[INFO] running `Command { std: "docker" "start" "-a" "b8df9d69f01f3cc443805e78f7a703ac7b085bbd0f355510766d257e26f98505", kill_on_drop: false }`
[INFO] [stderr]    Compiling libc v0.2.151
[INFO] [stderr]    Compiling num_cpus v1.16.0
[INFO] [stderr]    Compiling shine-stdext v0.2.0 (/opt/rustwide/workdir)
[INFO] [stdout] error[E0554]: `#![feature]` may not be used on the beta release channel
[INFO] [stdout]  --> src/lib.rs:1:12
[INFO] [stdout]   |
[INFO] [stdout] 1 | #![feature(drain_filter)]
[INFO] [stdout]   |            ^^^^^^^^^^^^
[INFO] [stdout] 
[INFO] [stdout] 
[INFO] [stdout] error[E0635]: unknown feature `drain_filter`
[INFO] [stdout]  --> src/lib.rs:1:12
[INFO] [stdout]   |
[INFO] [stdout] 1 | #![feature(drain_filter)]
[INFO] [stdout]   |            ^^^^^^^^^^^^
[INFO] [stdout] 
[INFO] [stdout] 
[INFO] [stdout] warning: trait objects without an explicit `dyn` are deprecated
[INFO] [stdout]  --> src/time/scaledblander.rs:6:21
[INFO] [stdout]   |
[INFO] [stdout] 6 | impl BlendScale for Fn(f32) -> f32 {
[INFO] [stdout]   |                     ^^^^^^^^^^^^^^
[INFO] [stdout]   |
[INFO] [stdout]   = warning: this is accepted in the current edition (Rust 2018) but is a hard error in Rust 2021!
[INFO] [stdout]   = note: for more information, see <https://doc.rust-lang.org/nightly/edition-guide/rust-2021/warnings-promoted-to-error.html>
[INFO] [stdout]   = note: `#[warn(bare_trait_objects)]` on by default
[INFO] [stdout] help: use `dyn`
[INFO] [stdout]   |
[INFO] [stdout] 6 | impl BlendScale for dyn Fn(f32) -> f32 {
[INFO] [stdout]   |                     +++
[INFO] [stdout] help: alternatively use a blanket implementation to implement `BlendScale` for all types that also implement `Fn(f32) -> f32`
[INFO] [stdout]   |
[INFO] [stdout] 6 | impl<T: Fn(f32) -> f32> BlendScale for T {
[INFO] [stdout]   |     +++++++++++++++++++                ~
[INFO] [stdout] 
[INFO] [stdout] 
[INFO] [stdout] error[E0599]: no method named `drain_filter` found for mutable reference `&mut Vec<*mut unnamedstore::Entry<D>>` in the current scope
[INFO] [stdout]    --> src/unnamedstore.rs:154:19
[INFO] [stdout]     |
[INFO] [stdout] 154 |         resources.drain_filter(|&mut v| {
[INFO] [stdout]     |         ----------^^^^^^^^^^^^ method not found in `&mut Vec<*mut Entry<D>>`
[INFO] [stdout] 
[INFO] [stdout] 
[INFO] [stdout] error[E0599]: no method named `drain_filter` found for mutable reference `&mut Vec<*mut unnamedstore::Entry<D>>` in the current scope
[INFO] [stdout]    --> src/unnamedstore.rs:161:18
[INFO] [stdout]     |
[INFO] [stdout] 161 |         requests.drain_filter(|&mut v| {
[INFO] [stdout]     |         ---------^^^^^^^^^^^^ method not found in `&mut Vec<*mut Entry<D>>`
[INFO] [stdout] 
[INFO] [stdout] 
[INFO] [stdout] error[E0599]: no method named `drain_filter` found for mutable reference `&mut Vec<*mut unnamedstore::Entry<D>>` in the current scope
[INFO] [stdout]    --> src/unnamedstore.rs:234:11
[INFO] [stdout]     |
[INFO] [stdout] 234 |         v.drain_filter(|&mut e| {
[INFO] [stdout]     |         --^^^^^^^^^^^^ method not found in `&mut Vec<*mut Entry<D>>`
[INFO] [stdout] 
[INFO] [stdout] 
[INFO] [stdout] error: aborting due to 5 previous errors; 1 warning emitted
[INFO] [stdout] 
[INFO] [stdout] 
[INFO] [stdout] Some errors have detailed explanations: E0554, E0599, E0635.
[INFO] [stdout] 
[INFO] [stdout] For more information about an error, try `rustc --explain E0554`.
[INFO] [stdout] 
[INFO] [stderr] error: could not compile `shine-stdext` (lib) due to 6 previous errors; 1 warning emitted
[INFO] [stderr] warning: build failed, waiting for other jobs to finish...
[INFO] running `Command { std: "docker" "inspect" "b8df9d69f01f3cc443805e78f7a703ac7b085bbd0f355510766d257e26f98505", kill_on_drop: false }`
[INFO] running `Command { std: "docker" "rm" "-f" "b8df9d69f01f3cc443805e78f7a703ac7b085bbd0f355510766d257e26f98505", kill_on_drop: false }`
[INFO] [stdout] b8df9d69f01f3cc443805e78f7a703ac7b085bbd0f355510766d257e26f98505
