[INFO] fetching crate sheepit 0.3.1...
[INFO] testing sheepit-0.3.1 against 1.75.0 for beta-1.76-1
[INFO] extracting crate sheepit 0.3.1 into /workspace/builds/worker-1-tc1/source
[INFO] validating manifest of crates.io crate sheepit 0.3.1 on toolchain 1.75.0
[INFO] running `Command { std: CARGO_HOME="/workspace/cargo-home" RUSTUP_HOME="/workspace/rustup-home" "/workspace/cargo-home/bin/cargo" "+1.75.0" "metadata" "--manifest-path" "Cargo.toml" "--no-deps", kill_on_drop: false }`
[INFO] started tweaking crates.io crate sheepit 0.3.1
[INFO] finished tweaking crates.io crate sheepit 0.3.1
[INFO] tweaked toml for crates.io crate sheepit 0.3.1 written to /workspace/builds/worker-1-tc1/source/Cargo.toml
[INFO] crate crates.io crate sheepit 0.3.1 already has a lockfile, it will not be regenerated
[INFO] running `Command { std: CARGO_HOME="/workspace/cargo-home" RUSTUP_HOME="/workspace/rustup-home" "/workspace/cargo-home/bin/cargo" "+1.75.0" "fetch" "--manifest-path" "Cargo.toml", kill_on_drop: false }`
[INFO] [stderr]     Updating crates.io index
[INFO] [stderr]  Downloading crates ...
[INFO] [stderr]   Downloaded clap_complete_nushell v0.1.11
[INFO] [stderr]   Downloaded mockall_double v0.3.0
[INFO] [stderr]   Downloaded parse-git-url v0.5.1
[INFO] [stderr]   Downloaded clap_complete_command v0.5.1
[INFO] [stderr]   Downloaded clap_complete v4.4.0
[INFO] [stderr]   Downloaded clap v4.3.23
[INFO] [stderr]   Downloaded clap_builder v4.3.23
[INFO] [stderr]   Downloaded clap_complete_fig v4.4.0
[INFO] running `Command { std: "docker" "create" "-v" "/var/lib/crater-agent-workspace/builds/worker-1-tc1/target:/opt/rustwide/target:rw,Z" "-v" "/var/lib/crater-agent-workspace/builds/worker-1-tc1/source:/opt/rustwide/workdir:ro,Z" "-v" "/var/lib/crater-agent-workspace/cargo-home:/opt/rustwide/cargo-home:ro,Z" "-v" "/var/lib/crater-agent-workspace/rustup-home:/opt/rustwide/rustup-home:ro,Z" "-e" "SOURCE_DIR=/opt/rustwide/workdir" "-e" "CARGO_TARGET_DIR=/opt/rustwide/target" "-e" "CARGO_HOME=/opt/rustwide/cargo-home" "-e" "RUSTUP_HOME=/opt/rustwide/rustup-home" "-w" "/opt/rustwide/workdir" "-m" "1610612736" "--user" "0:0" "--network" "none" "ghcr.io/rust-lang/crates-build-env/linux@sha256:2788e3201cd34a07e3172128adcd8b3090168a8e3bcc40d7c032b9dda1df7d1c" "/opt/rustwide/cargo-home/bin/cargo" "+1.75.0" "metadata" "--no-deps" "--format-version=1", kill_on_drop: false }`
[INFO] [stdout] 94864291fad54ad4778f2b2e9658d694be1f416f9e897513831daa67b0bd0d94
[INFO] running `Command { std: "docker" "start" "-a" "94864291fad54ad4778f2b2e9658d694be1f416f9e897513831daa67b0bd0d94", kill_on_drop: false }`
[INFO] running `Command { std: "docker" "inspect" "94864291fad54ad4778f2b2e9658d694be1f416f9e897513831daa67b0bd0d94", kill_on_drop: false }`
[INFO] running `Command { std: "docker" "rm" "-f" "94864291fad54ad4778f2b2e9658d694be1f416f9e897513831daa67b0bd0d94", kill_on_drop: false }`
[INFO] [stdout] 94864291fad54ad4778f2b2e9658d694be1f416f9e897513831daa67b0bd0d94
[INFO] running `Command { std: "docker" "create" "-v" "/var/lib/crater-agent-workspace/builds/worker-1-tc1/target:/opt/rustwide/target:rw,Z" "-v" "/var/lib/crater-agent-workspace/builds/worker-1-tc1/source:/opt/rustwide/workdir:ro,Z" "-v" "/var/lib/crater-agent-workspace/cargo-home:/opt/rustwide/cargo-home:ro,Z" "-v" "/var/lib/crater-agent-workspace/rustup-home:/opt/rustwide/rustup-home:ro,Z" "-e" "SOURCE_DIR=/opt/rustwide/workdir" "-e" "CARGO_TARGET_DIR=/opt/rustwide/target" "-e" "CARGO_INCREMENTAL=0" "-e" "RUST_BACKTRACE=full" "-e" "RUSTFLAGS=--cap-lints=warn" "-e" "RUSTDOCFLAGS=--cap-lints=warn" "-e" "CARGO_HOME=/opt/rustwide/cargo-home" "-e" "RUSTUP_HOME=/opt/rustwide/rustup-home" "-w" "/opt/rustwide/workdir" "-m" "1610612736" "--user" "0:0" "--network" "none" "ghcr.io/rust-lang/crates-build-env/linux@sha256:2788e3201cd34a07e3172128adcd8b3090168a8e3bcc40d7c032b9dda1df7d1c" "/opt/rustwide/cargo-home/bin/cargo" "+1.75.0" "build" "--frozen" "--message-format=json", kill_on_drop: false }`
[INFO] [stdout] d155e1aedf950931b685864970d4d1347098e0309983775f849ca282f353b203
[INFO] running `Command { std: "docker" "start" "-a" "d155e1aedf950931b685864970d4d1347098e0309983775f849ca282f353b203", kill_on_drop: false }`
[INFO] [stderr]    Compiling libc v0.2.147
[INFO] [stderr]    Compiling proc-macro2 v1.0.66
[INFO] [stderr]    Compiling unicode-ident v1.0.11
[INFO] [stderr]    Compiling rustix v0.38.8
[INFO] [stderr]    Compiling bitflags v2.3.3
[INFO] [stderr]    Compiling linux-raw-sys v0.4.5
[INFO] [stderr]    Compiling once_cell v1.18.0
[INFO] [stderr]    Compiling anstyle v1.0.1
[INFO] [stderr]    Compiling memchr v2.5.0
[INFO] [stderr]    Compiling unicode-bidi v0.3.13
[INFO] [stderr]    Compiling semver v1.0.18
[INFO] [stderr]    Compiling unicode-normalization v0.1.22
[INFO] [stderr]    Compiling either v1.9.0
[INFO] [stderr]    Compiling hashbrown v0.14.0
[INFO] [stderr]    Compiling syn v1.0.109
[INFO] [stderr]    Compiling regex-automata v0.3.6
[INFO] [stderr]    Compiling pin-project-lite v0.2.12
[INFO] [stderr]    Compiling tracing-core v0.1.31
[INFO] [stderr]    Compiling log v0.4.19
[INFO] [stderr]    Compiling winnow v0.5.15
[INFO] [stderr]    Compiling itertools v0.10.5
[INFO] [stderr]    Compiling shlex v1.1.0
[INFO] [stderr]    Compiling itertools v0.11.0
[INFO] [stderr]    Compiling idna v0.4.0
[INFO] [stderr]    Compiling indexmap v2.0.0
[INFO] [stderr]    Compiling lenient_semver_version_builder v0.4.2
[INFO] [stderr]    Compiling lenient_semver_parser v0.4.2
[INFO] [stderr]    Compiling os_str_bytes v6.5.1
[INFO] [stderr]    Compiling quote v1.0.32
[INFO] [stderr]    Compiling lenient_semver v0.4.2
[INFO] [stderr]    Compiling syn v2.0.28
[INFO] [stderr]    Compiling url v2.4.0
[INFO] [stderr]    Compiling jobserver v0.1.26
[INFO] [stderr]    Compiling dirs-sys v0.4.1
[INFO] [stderr]    Compiling which v4.4.0
[INFO] [stderr]    Compiling bstr v1.6.0
[INFO] [stderr]    Compiling cc v1.0.82
[INFO] [stderr]    Compiling dirs v5.0.1
[INFO] [stderr]    Compiling shellexpand v3.1.0
[INFO] [stderr]    Compiling openssl-sys v0.9.91
[INFO] [stderr]    Compiling libz-sys v1.1.12
[INFO] [stderr]    Compiling libssh2-sys v0.3.0
[INFO] [stderr]    Compiling libgit2-sys v0.15.2+1.6.4
[INFO] [stderr]    Compiling is-terminal v0.4.9
[INFO] [stderr]    Compiling tempfile v3.7.1
[INFO] [stderr]    Compiling anstream v0.3.2
[INFO] [stderr]    Compiling clap_builder v4.3.23
[INFO] [stderr]    Compiling mockall_double v0.3.0
[INFO] [stderr]    Compiling clap_derive v4.3.12
[INFO] [stderr]    Compiling serde_derive v1.0.188
[INFO] [stderr]    Compiling tracing-attributes v0.1.26
[INFO] [stderr]    Compiling tracing v0.1.37
[INFO] [stderr]    Compiling parse-git-url v0.5.1
[INFO] [stderr]    Compiling clap v4.3.23
[INFO] [stderr]    Compiling clap_complete v4.4.0
[INFO] [stderr]    Compiling git2 v0.17.2
[INFO] [stderr]    Compiling clap_complete_fig v4.4.0
[INFO] [stderr]    Compiling clap_complete_nushell v0.1.11
[INFO] [stderr]    Compiling clap_complete_command v0.5.1
[INFO] [stderr]    Compiling serde v1.0.188
[INFO] [stderr]    Compiling git2-ext v0.6.0
[INFO] [stderr]    Compiling toml_datetime v0.6.3
[INFO] [stderr]    Compiling serde_spanned v0.6.3
[INFO] [stderr]    Compiling toml_edit v0.19.14
[INFO] [stderr]    Compiling toml v0.7.6
[INFO] [stderr]    Compiling sheepit v0.3.1 (/opt/rustwide/workdir)
[INFO] [stderr]     Finished dev [unoptimized + debuginfo] target(s) in 14.79s
[INFO] running `Command { std: "docker" "inspect" "d155e1aedf950931b685864970d4d1347098e0309983775f849ca282f353b203", kill_on_drop: false }`
[INFO] running `Command { std: "docker" "rm" "-f" "d155e1aedf950931b685864970d4d1347098e0309983775f849ca282f353b203", kill_on_drop: false }`
[INFO] [stdout] d155e1aedf950931b685864970d4d1347098e0309983775f849ca282f353b203
[INFO] running `Command { std: "docker" "create" "-v" "/var/lib/crater-agent-workspace/builds/worker-1-tc1/target:/opt/rustwide/target:rw,Z" "-v" "/var/lib/crater-agent-workspace/builds/worker-1-tc1/source:/opt/rustwide/workdir:ro,Z" "-v" "/var/lib/crater-agent-workspace/cargo-home:/opt/rustwide/cargo-home:ro,Z" "-v" "/var/lib/crater-agent-workspace/rustup-home:/opt/rustwide/rustup-home:ro,Z" "-e" "SOURCE_DIR=/opt/rustwide/workdir" "-e" "CARGO_TARGET_DIR=/opt/rustwide/target" "-e" "CARGO_INCREMENTAL=0" "-e" "RUST_BACKTRACE=full" "-e" "RUSTFLAGS=--cap-lints=warn" "-e" "RUSTDOCFLAGS=--cap-lints=warn" "-e" "CARGO_HOME=/opt/rustwide/cargo-home" "-e" "RUSTUP_HOME=/opt/rustwide/rustup-home" "-w" "/opt/rustwide/workdir" "-m" "1610612736" "--user" "0:0" "--network" "none" "ghcr.io/rust-lang/crates-build-env/linux@sha256:2788e3201cd34a07e3172128adcd8b3090168a8e3bcc40d7c032b9dda1df7d1c" "/opt/rustwide/cargo-home/bin/cargo" "+1.75.0" "test" "--frozen" "--no-run" "--message-format=json", kill_on_drop: false }`
[INFO] [stdout] 00bdc04c7785c9399d6d0a51bfe914a7ee6c30e0d347b81eb60052ee3ec373b7
[INFO] running `Command { std: "docker" "start" "-a" "00bdc04c7785c9399d6d0a51bfe914a7ee6c30e0d347b81eb60052ee3ec373b7", kill_on_drop: false }`
[INFO] [stderr]    Compiling sheepit v0.3.1 (/opt/rustwide/workdir)
[INFO] [stdout] error[E0432]: unresolved import `mockall`
[INFO] [stdout]  --> src/file.rs:6:5
[INFO] [stdout]   |
[INFO] [stdout] 6 | use mockall::automock;
[INFO] [stdout]   |     ^^^^^^^ use of undeclared crate or module `mockall`
[INFO] [stdout] 
[INFO] [stdout] 
[INFO] [stdout] error[E0432]: unresolved import `mockall`
[INFO] [stdout]  --> src/file.rs:8:5
[INFO] [stdout]   |
[INFO] [stdout] 8 | use mockall::concretize;
[INFO] [stdout]   |     ^^^^^^^ use of undeclared crate or module `mockall`
[INFO] [stdout] 
[INFO] [stdout] 
[INFO] [stdout] error[E0432]: unresolved imports `crate::file::MockFileReader`, `crate::file::MockFileWriter`
[INFO] [stdout]   --> src/transform/file_transform.rs:72:23
[INFO] [stdout]    |
[INFO] [stdout] 72 |     use crate::file::{MockFileReader, MockFileWriter};
[INFO] [stdout]    |                       ^^^^^^^^^^^^^^  ^^^^^^^^^^^^^^ no `MockFileWriter` in `file`
[INFO] [stdout]    |                       |
[INFO] [stdout]    |                       no `MockFileReader` in `file`
[INFO] [stdout]    |
[INFO] [stdout] help: a similar name exists in the module
[INFO] [stdout]    |
[INFO] [stdout] 72 |     use crate::file::{FileReader, MockFileWriter};
[INFO] [stdout]    |                       ~~~~~~~~~~
[INFO] [stdout] help: a similar name exists in the module
[INFO] [stdout]    |
[INFO] [stdout] 72 |     use crate::file::{MockFileReader, FileWriter};
[INFO] [stdout]    |                                       ~~~~~~~~~~
[INFO] [stdout] 
[INFO] [stdout] 
[INFO] [stdout] error[E0432]: unresolved imports `crate::file::MockFileReader`, `crate::file::MockFileWriter`
[INFO] [stdout]   --> src/transform/project_transform.rs:62:23
[INFO] [stdout]    |
[INFO] [stdout] 62 |     use crate::file::{MockFileReader, MockFileWriter};
[INFO] [stdout]    |                       ^^^^^^^^^^^^^^  ^^^^^^^^^^^^^^ no `MockFileWriter` in `file`
[INFO] [stdout]    |                       |
[INFO] [stdout]    |                       no `MockFileReader` in `file`
[INFO] [stdout]    |
[INFO] [stdout] help: a similar name exists in the module
[INFO] [stdout]    |
[INFO] [stdout] 62 |     use crate::file::{FileReader, MockFileWriter};
[INFO] [stdout]    |                       ~~~~~~~~~~
[INFO] [stdout] help: a similar name exists in the module
[INFO] [stdout]    |
[INFO] [stdout] 62 |     use crate::file::{MockFileReader, FileWriter};
[INFO] [stdout]    |                                       ~~~~~~~~~~
[INFO] [stdout] 
[INFO] [stdout] 
[INFO] [stdout] error[E0432]: unresolved import `crate::file::MockFileChecker`
[INFO] [stdout]  --> src/config/finder.rs:5:5
[INFO] [stdout]   |
[INFO] [stdout] 5 | use crate::file::FileChecker;
[INFO] [stdout]   |     ^^^^^^^^^^^^^-----------
[INFO] [stdout]   |     |            |
[INFO] [stdout]   |     |            help: a similar name exists in the module: `FileChecker`
[INFO] [stdout]   |     no `MockFileChecker` in `file`
[INFO] [stdout] 
[INFO] [stdout] 
[INFO] [stdout] error[E0432]: unresolved import `crate::file::MockFileChecker`
[INFO] [stdout]   --> src/config/finder.rs:33:23
[INFO] [stdout]    |
[INFO] [stdout] 33 |     use crate::file::{FileChecker};
[INFO] [stdout]    |                       ^^^^^^^^^^^
[INFO] [stdout]    |                       |
[INFO] [stdout]    |                       no `MockFileChecker` in `file`
[INFO] [stdout]    |                       help: a similar name exists in the module: `FileChecker`
[INFO] [stdout] 
[INFO] [stdout] 
[INFO] [stdout] error[E0432]: unresolved import `crate::file::MockFileChecker`
[INFO] [stdout]  --> src/config/opener.rs:7:5
[INFO] [stdout]   |
[INFO] [stdout] 7 | use crate::file::FileChecker;
[INFO] [stdout]   |     ^^^^^^^^^^^^^-----------
[INFO] [stdout]   |     |            |
[INFO] [stdout]   |     |            help: a similar name exists in the module: `FileChecker`
[INFO] [stdout]   |     no `MockFileChecker` in `file`
[INFO] [stdout] 
[INFO] [stdout] 
[INFO] [stdout] error[E0432]: unresolved imports `crate::file::MockFileReader`, `crate::file::MockFileWriter`
[INFO] [stdout]  --> src/transform/file_transform.rs:3:19
[INFO] [stdout]   |
[INFO] [stdout] 3 | use crate::file::{FileReader, FileWriter};
[INFO] [stdout]   |                   ^^^^^^^^^^  ^^^^^^^^^^ no `MockFileWriter` in `file`
[INFO] [stdout]   |                   |
[INFO] [stdout]   |                   no `MockFileReader` in `file`
[INFO] [stdout]   |
[INFO] [stdout] help: a similar name exists in the module
[INFO] [stdout]   |
[INFO] [stdout] 3 | use crate::file::{FileReader, FileWriter};
[INFO] [stdout]   |                   ~~~~~~~~~~
[INFO] [stdout] help: a similar name exists in the module
[INFO] [stdout]   |
[INFO] [stdout] 3 | use crate::file::{FileReader, FileWriter};
[INFO] [stdout]   |                               ~~~~~~~~~~
[INFO] [stdout] 
[INFO] [stdout] 
[INFO] [stdout] error[E0432]: unresolved imports `crate::file::MockFileReader`, `crate::file::MockFileWriter`
[INFO] [stdout]  --> src/transform/project_transform.rs:3:19
[INFO] [stdout]   |
[INFO] [stdout] 3 | use crate::file::{FileReader, FileWriter};
[INFO] [stdout]   |                   ^^^^^^^^^^  ^^^^^^^^^^ no `MockFileWriter` in `file`
[INFO] [stdout]   |                   |
[INFO] [stdout]   |                   no `MockFileReader` in `file`
[INFO] [stdout]   |
[INFO] [stdout] help: a similar name exists in the module
[INFO] [stdout]   |
[INFO] [stdout] 3 | use crate::file::{FileReader, FileWriter};
[INFO] [stdout]   |                   ~~~~~~~~~~
[INFO] [stdout] help: a similar name exists in the module
[INFO] [stdout]   |
[INFO] [stdout] 3 | use crate::file::{FileReader, FileWriter};
[INFO] [stdout]   |                               ~~~~~~~~~~
[INFO] [stdout] 
[INFO] [stdout] 
[INFO] [stdout] error: cannot determine resolution for the attribute macro `automock`
[INFO] [stdout]   --> src/file.rs:13:18
[INFO] [stdout]    |
[INFO] [stdout] 13 | #[cfg_attr(test, automock)]
[INFO] [stdout]    |                  ^^^^^^^^
[INFO] [stdout]    |
[INFO] [stdout]    = note: import resolution is stuck, try simplifying macro imports
[INFO] [stdout] 
[INFO] [stdout] 
[INFO] [stdout] error: cannot determine resolution for the attribute macro `concretize`
[INFO] [stdout]   --> src/file.rs:19:22
[INFO] [stdout]    |
[INFO] [stdout] 19 |     #[cfg_attr(test, concretize)]
[INFO] [stdout]    |                      ^^^^^^^^^^
[INFO] [stdout]    |
[INFO] [stdout]    = note: import resolution is stuck, try simplifying macro imports
[INFO] [stdout] 
[INFO] [stdout] 
[INFO] [stdout] error: cannot determine resolution for the attribute macro `automock`
[INFO] [stdout]   --> src/file.rs:27:18
[INFO] [stdout]    |
[INFO] [stdout] 27 | #[cfg_attr(test, automock)]
[INFO] [stdout]    |                  ^^^^^^^^
[INFO] [stdout]    |
[INFO] [stdout]    = note: import resolution is stuck, try simplifying macro imports
[INFO] [stdout] 
[INFO] [stdout] 
[INFO] [stdout] error: cannot determine resolution for the attribute macro `concretize`
[INFO] [stdout]   --> src/file.rs:33:22
[INFO] [stdout]    |
[INFO] [stdout] 33 |     #[cfg_attr(test, concretize)]
[INFO] [stdout]    |                      ^^^^^^^^^^
[INFO] [stdout]    |
[INFO] [stdout]    = note: import resolution is stuck, try simplifying macro imports
[INFO] [stdout] 
[INFO] [stdout] 
[INFO] [stdout] error: cannot determine resolution for the attribute macro `automock`
[INFO] [stdout]   --> src/file.rs:41:18
[INFO] [stdout]    |
[INFO] [stdout] 41 | #[cfg_attr(test, automock)]
[INFO] [stdout]    |                  ^^^^^^^^
[INFO] [stdout]    |
[INFO] [stdout]    = note: import resolution is stuck, try simplifying macro imports
[INFO] [stdout] 
[INFO] [stdout] 
[INFO] [stdout] error: cannot determine resolution for the attribute macro `concretize`
[INFO] [stdout]   --> src/file.rs:47:22
[INFO] [stdout]    |
[INFO] [stdout] 47 |     #[cfg_attr(test, concretize)]
[INFO] [stdout]    |                      ^^^^^^^^^^
[INFO] [stdout]    |
[INFO] [stdout]    = note: import resolution is stuck, try simplifying macro imports
[INFO] [stdout] 
[INFO] [stdout] 
[INFO] [stdout] error: aborting due to 15 previous errors
[INFO] [stdout] 
[INFO] [stdout] 
[INFO] [stdout] For more information about this error, try `rustc --explain E0432`.
[INFO] [stdout] 
[INFO] [stderr] error: could not compile `sheepit` (lib test) due to 16 previous errors
[INFO] [stderr] warning: build failed, waiting for other jobs to finish...
[INFO] running `Command { std: "docker" "inspect" "00bdc04c7785c9399d6d0a51bfe914a7ee6c30e0d347b81eb60052ee3ec373b7", kill_on_drop: false }`
[INFO] running `Command { std: "docker" "rm" "-f" "00bdc04c7785c9399d6d0a51bfe914a7ee6c30e0d347b81eb60052ee3ec373b7", kill_on_drop: false }`
[INFO] [stdout] 00bdc04c7785c9399d6d0a51bfe914a7ee6c30e0d347b81eb60052ee3ec373b7
