[INFO] fetching crate sgx_trts 1.1.1...
[INFO] testing sgx_trts-1.1.1 against 1.75.0 for beta-1.76-1
[INFO] extracting crate sgx_trts 1.1.1 into /workspace/builds/worker-5-tc1/source
[INFO] validating manifest of crates.io crate sgx_trts 1.1.1 on toolchain 1.75.0
[INFO] running `Command { std: CARGO_HOME="/workspace/cargo-home" RUSTUP_HOME="/workspace/rustup-home" "/workspace/cargo-home/bin/cargo" "+1.75.0" "metadata" "--manifest-path" "Cargo.toml" "--no-deps", kill_on_drop: false }`
[INFO] started tweaking crates.io crate sgx_trts 1.1.1
[INFO] finished tweaking crates.io crate sgx_trts 1.1.1
[INFO] tweaked toml for crates.io crate sgx_trts 1.1.1 written to /workspace/builds/worker-5-tc1/source/Cargo.toml
[INFO] running `Command { std: CARGO_HOME="/workspace/cargo-home" RUSTUP_HOME="/workspace/rustup-home" "/workspace/cargo-home/bin/cargo" "+1.75.0" "generate-lockfile" "--manifest-path" "Cargo.toml", kill_on_drop: false }`
[INFO] [stderr]     Updating crates.io index
[INFO] running `Command { std: CARGO_HOME="/workspace/cargo-home" RUSTUP_HOME="/workspace/rustup-home" "/workspace/cargo-home/bin/cargo" "+1.75.0" "fetch" "--manifest-path" "Cargo.toml", kill_on_drop: false }`
[INFO] [stderr]  Downloading crates ...
[INFO] [stderr]   Downloaded sgx_libc v1.1.1
[INFO] running `Command { std: "docker" "create" "-v" "/var/lib/crater-agent-workspace/builds/worker-5-tc1/target:/opt/rustwide/target:rw,Z" "-v" "/var/lib/crater-agent-workspace/builds/worker-5-tc1/source:/opt/rustwide/workdir:ro,Z" "-v" "/var/lib/crater-agent-workspace/cargo-home:/opt/rustwide/cargo-home:ro,Z" "-v" "/var/lib/crater-agent-workspace/rustup-home:/opt/rustwide/rustup-home:ro,Z" "-e" "SOURCE_DIR=/opt/rustwide/workdir" "-e" "CARGO_TARGET_DIR=/opt/rustwide/target" "-e" "CARGO_HOME=/opt/rustwide/cargo-home" "-e" "RUSTUP_HOME=/opt/rustwide/rustup-home" "-w" "/opt/rustwide/workdir" "-m" "1610612736" "--user" "0:0" "--network" "none" "ghcr.io/rust-lang/crates-build-env/linux@sha256:2788e3201cd34a07e3172128adcd8b3090168a8e3bcc40d7c032b9dda1df7d1c" "/opt/rustwide/cargo-home/bin/cargo" "+1.75.0" "metadata" "--no-deps" "--format-version=1", kill_on_drop: false }`
[INFO] [stdout] e3d274341e4b799ba05366fa81b3b3861c4f3109332b633b22190e347d0c555b
[INFO] running `Command { std: "docker" "start" "-a" "e3d274341e4b799ba05366fa81b3b3861c4f3109332b633b22190e347d0c555b", kill_on_drop: false }`
[INFO] running `Command { std: "docker" "inspect" "e3d274341e4b799ba05366fa81b3b3861c4f3109332b633b22190e347d0c555b", kill_on_drop: false }`
[INFO] running `Command { std: "docker" "rm" "-f" "e3d274341e4b799ba05366fa81b3b3861c4f3109332b633b22190e347d0c555b", kill_on_drop: false }`
[INFO] [stdout] e3d274341e4b799ba05366fa81b3b3861c4f3109332b633b22190e347d0c555b
[INFO] running `Command { std: "docker" "create" "-v" "/var/lib/crater-agent-workspace/builds/worker-5-tc1/target:/opt/rustwide/target:rw,Z" "-v" "/var/lib/crater-agent-workspace/builds/worker-5-tc1/source:/opt/rustwide/workdir:ro,Z" "-v" "/var/lib/crater-agent-workspace/cargo-home:/opt/rustwide/cargo-home:ro,Z" "-v" "/var/lib/crater-agent-workspace/rustup-home:/opt/rustwide/rustup-home:ro,Z" "-e" "SOURCE_DIR=/opt/rustwide/workdir" "-e" "CARGO_TARGET_DIR=/opt/rustwide/target" "-e" "CARGO_INCREMENTAL=0" "-e" "RUST_BACKTRACE=full" "-e" "RUSTFLAGS=--cap-lints=warn" "-e" "RUSTDOCFLAGS=--cap-lints=warn" "-e" "CARGO_HOME=/opt/rustwide/cargo-home" "-e" "RUSTUP_HOME=/opt/rustwide/rustup-home" "-w" "/opt/rustwide/workdir" "-m" "1610612736" "--user" "0:0" "--network" "none" "ghcr.io/rust-lang/crates-build-env/linux@sha256:2788e3201cd34a07e3172128adcd8b3090168a8e3bcc40d7c032b9dda1df7d1c" "/opt/rustwide/cargo-home/bin/cargo" "+1.75.0" "build" "--frozen" "--message-format=json", kill_on_drop: false }`
[INFO] [stdout] 24a221a3e7627f94ef3f029069cdea1244c9f201043a43b1239370378a388a17
[INFO] running `Command { std: "docker" "start" "-a" "24a221a3e7627f94ef3f029069cdea1244c9f201043a43b1239370378a388a17", kill_on_drop: false }`
[INFO] [stderr]    Compiling sgx_types v1.1.1
[INFO] [stderr]    Compiling sgx_libc v1.1.1
[INFO] [stderr]    Compiling sgx_trts v1.1.1 (/opt/rustwide/workdir)
[INFO] [stdout] error[E0432]: unresolved import `core::alloc::AllocErr`
[INFO] [stdout]   --> src/oom.rs:21:5
[INFO] [stdout]    |
[INFO] [stdout] 21 | use core::alloc::AllocErr;
[INFO] [stdout]    |     ^^^^^^^^^^^^^--------
[INFO] [stdout]    |     |            |
[INFO] [stdout]    |     |            help: a similar name exists in the module: `AllocError`
[INFO] [stdout]    |     no `AllocErr` in `alloc`
[INFO] [stdout] 
[INFO] [stdout] 
[INFO] [stdout] error: cannot find macro `asm` in this scope
[INFO] [stdout]    --> src/trts.rs:194:14
[INFO] [stdout]     |
[INFO] [stdout] 194 |     unsafe { asm!{"lfence"}; }
[INFO] [stdout]     |              ^^^
[INFO] [stdout]     |
[INFO] [stdout] help: consider importing this macro
[INFO] [stdout]     |
[INFO] [stdout] 18  + use core::arch::asm;
[INFO] [stdout]     |
[INFO] [stdout] 
[INFO] [stdout] 
[INFO] [stdout] error: cannot find macro `asm` in this scope
[INFO] [stdout]    --> src/trts.rs:199:14
[INFO] [stdout]     |
[INFO] [stdout] 199 |     unsafe { asm!{"sfence"}; }
[INFO] [stdout]     |              ^^^
[INFO] [stdout]     |
[INFO] [stdout] help: consider importing this macro
[INFO] [stdout]     |
[INFO] [stdout] 18  + use core::arch::asm;
[INFO] [stdout]     |
[INFO] [stdout] 
[INFO] [stdout] 
[INFO] [stdout] error: cannot find macro `asm` in this scope
[INFO] [stdout]    --> src/trts.rs:204:14
[INFO] [stdout]     |
[INFO] [stdout] 204 |     unsafe { asm!{"mfence"}; }
[INFO] [stdout]     |              ^^^
[INFO] [stdout]     |
[INFO] [stdout] help: consider importing this macro
[INFO] [stdout]     |
[INFO] [stdout] 18  + use core::arch::asm;
[INFO] [stdout]     |
[INFO] [stdout] 
[INFO] [stdout] 
[INFO] [stdout] error[E0554]: `#![feature]` may not be used on the stable release channel
[INFO] [stdout]   --> src/lib.rs:69:1
[INFO] [stdout]    |
[INFO] [stdout] 69 | #![feature(allocator_api)]
[INFO] [stdout]    | ^^^^^^^^^^^^^^^^^^^^^^^^^^
[INFO] [stdout] 
[INFO] [stdout] 
[INFO] [stdout] error[E0554]: `#![feature]` may not be used on the stable release channel
[INFO] [stdout]   --> src/lib.rs:70:1
[INFO] [stdout]    |
[INFO] [stdout] 70 | #![feature(asm)]
[INFO] [stdout]    | ^^^^^^^^^^^^^^^^
[INFO] [stdout] 
[INFO] [stdout] 
[INFO] [stdout] error[E0554]: `#![feature]` may not be used on the stable release channel
[INFO] [stdout]   --> src/lib.rs:72:1
[INFO] [stdout]    |
[INFO] [stdout] 72 | #![feature(const_raw_ptr_deref)]
[INFO] [stdout]    | ^^^^^^^^^^^^^^^^^^^^^^^^^^^^^^^^ help: remove the attribute
[INFO] [stdout]    |
[INFO] [stdout]    = help: the feature `const_raw_ptr_deref` has been stable since `1.58.0` and no longer requires an attribute to enable
[INFO] [stdout] 
[INFO] [stdout] 
[INFO] [stdout] warning: the feature `const_raw_ptr_deref` has been stable since 1.58.0 and no longer requires an attribute to enable
[INFO] [stdout]   --> src/lib.rs:72:12
[INFO] [stdout]    |
[INFO] [stdout] 72 | #![feature(const_raw_ptr_deref)]
[INFO] [stdout]    |            ^^^^^^^^^^^^^^^^^^^
[INFO] [stdout]    |
[INFO] [stdout]    = note: `#[warn(stable_features)]` on by default
[INFO] [stdout] 
[INFO] [stdout] 
[INFO] [stdout] error[E0554]: `#![feature]` may not be used on the stable release channel
[INFO] [stdout]   --> src/lib.rs:69:12
[INFO] [stdout]    |
[INFO] [stdout] 69 | #![feature(allocator_api)]
[INFO] [stdout]    |            ^^^^^^^^^^^^^
[INFO] [stdout] 
[INFO] [stdout] 
[INFO] [stdout] error[E0554]: `#![feature]` may not be used on the stable release channel
[INFO] [stdout]   --> src/lib.rs:70:12
[INFO] [stdout]    |
[INFO] [stdout] 70 | #![feature(asm)]
[INFO] [stdout]    |            ^^^
[INFO] [stdout] 
[INFO] [stdout] 
[INFO] [stdout] warning: the feature `asm` has been stable since 1.59.0 and no longer requires an attribute to enable
[INFO] [stdout]   --> src/lib.rs:70:12
[INFO] [stdout]    |
[INFO] [stdout] 70 | #![feature(asm)]
[INFO] [stdout]    |            ^^^
[INFO] [stdout] 
[INFO] [stdout] 
[INFO] [stdout] error[E0308]: mismatched types
[INFO] [stdout]   --> src/oom.rs:30:35
[INFO] [stdout]    |
[INFO] [stdout] 30 | pub fn rsgx_oom(err: AllocErr) -> ! {
[INFO] [stdout]    |        --------                   ^ expected `!`, found `()`
[INFO] [stdout]    |        |
[INFO] [stdout]    |        implicitly returns `()` as its body has no tail or `return` expression
[INFO] [stdout]    |
[INFO] [stdout]    = note:   expected type `!`
[INFO] [stdout]            found unit type `()`
[INFO] [stdout] 
[INFO] [stdout] 
[INFO] [stdout] error: aborting due to 10 previous errors; 2 warnings emitted
[INFO] [stdout] 
[INFO] [stdout] 
[INFO] [stdout] Some errors have detailed explanations: E0308, E0432, E0554.
[INFO] [stdout] 
[INFO] [stdout] For more information about an error, try `rustc --explain E0308`.
[INFO] [stdout] 
[INFO] [stderr] error: could not compile `sgx_trts` (lib) due to 11 previous errors; 2 warnings emitted
[INFO] [stderr] warning: build failed, waiting for other jobs to finish...
[INFO] running `Command { std: "docker" "inspect" "24a221a3e7627f94ef3f029069cdea1244c9f201043a43b1239370378a388a17", kill_on_drop: false }`
[INFO] running `Command { std: "docker" "rm" "-f" "24a221a3e7627f94ef3f029069cdea1244c9f201043a43b1239370378a388a17", kill_on_drop: false }`
[INFO] [stdout] 24a221a3e7627f94ef3f029069cdea1244c9f201043a43b1239370378a388a17
