[INFO] fetching crate sfconversions 0.2.0...
[INFO] testing sfconversions-0.2.0 against 1.75.0 for beta-1.76-1
[INFO] extracting crate sfconversions 0.2.0 into /workspace/builds/worker-4-tc1/source
[INFO] validating manifest of crates.io crate sfconversions 0.2.0 on toolchain 1.75.0
[INFO] running `Command { std: CARGO_HOME="/workspace/cargo-home" RUSTUP_HOME="/workspace/rustup-home" "/workspace/cargo-home/bin/cargo" "+1.75.0" "metadata" "--manifest-path" "Cargo.toml" "--no-deps", kill_on_drop: false }`
[INFO] started tweaking crates.io crate sfconversions 0.2.0
[INFO] finished tweaking crates.io crate sfconversions 0.2.0
[INFO] tweaked toml for crates.io crate sfconversions 0.2.0 written to /workspace/builds/worker-4-tc1/source/Cargo.toml
[INFO] running `Command { std: CARGO_HOME="/workspace/cargo-home" RUSTUP_HOME="/workspace/rustup-home" "/workspace/cargo-home/bin/cargo" "+1.75.0" "generate-lockfile" "--manifest-path" "Cargo.toml", kill_on_drop: false }`
[INFO] [stderr]     Updating crates.io index
[INFO] running `Command { std: CARGO_HOME="/workspace/cargo-home" RUSTUP_HOME="/workspace/rustup-home" "/workspace/cargo-home/bin/cargo" "+1.75.0" "fetch" "--manifest-path" "Cargo.toml", kill_on_drop: false }`
[INFO] [stderr]  Downloading crates ...
[INFO] [stderr]   Downloaded float_next_after v1.0.0
[INFO] [stderr]   Downloaded extendr-macros v0.6.0
[INFO] [stderr]   Downloaded rstar v0.11.0
[INFO] [stderr]   Downloaded geo v0.27.0
[INFO] [stderr]   Downloaded libR-sys v0.6.0
[INFO] [stderr]   Downloaded earcutr v0.4.3
[INFO] [stderr]   Downloaded extendr-api v0.6.0
[INFO] running `Command { std: "docker" "create" "-v" "/var/lib/crater-agent-workspace/builds/worker-4-tc1/target:/opt/rustwide/target:rw,Z" "-v" "/var/lib/crater-agent-workspace/builds/worker-4-tc1/source:/opt/rustwide/workdir:ro,Z" "-v" "/var/lib/crater-agent-workspace/cargo-home:/opt/rustwide/cargo-home:ro,Z" "-v" "/var/lib/crater-agent-workspace/rustup-home:/opt/rustwide/rustup-home:ro,Z" "-e" "SOURCE_DIR=/opt/rustwide/workdir" "-e" "CARGO_TARGET_DIR=/opt/rustwide/target" "-e" "CARGO_HOME=/opt/rustwide/cargo-home" "-e" "RUSTUP_HOME=/opt/rustwide/rustup-home" "-w" "/opt/rustwide/workdir" "-m" "1610612736" "--user" "0:0" "--network" "none" "ghcr.io/rust-lang/crates-build-env/linux@sha256:2788e3201cd34a07e3172128adcd8b3090168a8e3bcc40d7c032b9dda1df7d1c" "/opt/rustwide/cargo-home/bin/cargo" "+1.75.0" "metadata" "--no-deps" "--format-version=1", kill_on_drop: false }`
[INFO] [stdout] 13797c55ddad83924cbe462ffcbc6d34616e2afe6c3f8cf79ee0f0efede5de32
[INFO] running `Command { std: "docker" "start" "-a" "13797c55ddad83924cbe462ffcbc6d34616e2afe6c3f8cf79ee0f0efede5de32", kill_on_drop: false }`
[INFO] running `Command { std: "docker" "inspect" "13797c55ddad83924cbe462ffcbc6d34616e2afe6c3f8cf79ee0f0efede5de32", kill_on_drop: false }`
[INFO] running `Command { std: "docker" "rm" "-f" "13797c55ddad83924cbe462ffcbc6d34616e2afe6c3f8cf79ee0f0efede5de32", kill_on_drop: false }`
[INFO] [stdout] 13797c55ddad83924cbe462ffcbc6d34616e2afe6c3f8cf79ee0f0efede5de32
[INFO] running `Command { std: "docker" "create" "-v" "/var/lib/crater-agent-workspace/builds/worker-4-tc1/target:/opt/rustwide/target:rw,Z" "-v" "/var/lib/crater-agent-workspace/builds/worker-4-tc1/source:/opt/rustwide/workdir:ro,Z" "-v" "/var/lib/crater-agent-workspace/cargo-home:/opt/rustwide/cargo-home:ro,Z" "-v" "/var/lib/crater-agent-workspace/rustup-home:/opt/rustwide/rustup-home:ro,Z" "-e" "SOURCE_DIR=/opt/rustwide/workdir" "-e" "CARGO_TARGET_DIR=/opt/rustwide/target" "-e" "CARGO_INCREMENTAL=0" "-e" "RUST_BACKTRACE=full" "-e" "RUSTFLAGS=--cap-lints=warn" "-e" "RUSTDOCFLAGS=--cap-lints=warn" "-e" "CARGO_HOME=/opt/rustwide/cargo-home" "-e" "RUSTUP_HOME=/opt/rustwide/rustup-home" "-w" "/opt/rustwide/workdir" "-m" "1610612736" "--user" "0:0" "--network" "none" "ghcr.io/rust-lang/crates-build-env/linux@sha256:2788e3201cd34a07e3172128adcd8b3090168a8e3bcc40d7c032b9dda1df7d1c" "/opt/rustwide/cargo-home/bin/cargo" "+1.75.0" "build" "--frozen" "--message-format=json", kill_on_drop: false }`
[INFO] [stdout] fb4f1c093d8ca9039cdcbb61fe448e28f749243cbc4accdfc1b0f89f65ee8c31
[INFO] running `Command { std: "docker" "start" "-a" "fb4f1c093d8ca9039cdcbb61fe448e28f749243cbc4accdfc1b0f89f65ee8c31", kill_on_drop: false }`
[INFO] [stderr]    Compiling semver v1.0.21
[INFO] [stderr]    Compiling libm v0.2.8
[INFO] [stderr]    Compiling num-traits v0.2.17
[INFO] [stderr]    Compiling lock_api v0.4.11
[INFO] [stderr]    Compiling scopeguard v1.2.0
[INFO] [stderr]    Compiling version_check v0.9.4
[INFO] [stderr]    Compiling byteorder v1.5.0
[INFO] [stderr]    Compiling libR-sys v0.6.0
[INFO] [stderr]    Compiling smallvec v1.11.2
[INFO] [stderr]    Compiling hash32 v0.2.1
[INFO] [stderr]    Compiling stable_deref_trait v1.2.0
[INFO] [stderr]    Compiling ahash v0.8.7
[INFO] [stderr]    Compiling zerocopy v0.7.32
[INFO] [stderr]    Compiling allocator-api2 v0.2.16
[INFO] [stderr]    Compiling rustc_version v0.4.0
[INFO] [stderr]    Compiling spin v0.9.8
[INFO] [stderr]    Compiling paste v1.0.14
[INFO] [stderr]    Compiling either v1.9.0
[INFO] [stderr]    Compiling itertools v0.11.0
[INFO] [stderr]    Compiling syn v2.0.48
[INFO] [stderr]    Compiling heapless v0.7.17
[INFO] [stderr]    Compiling extendr-api v0.6.0
[INFO] [stderr]    Compiling hashbrown v0.14.3
[INFO] [stderr]    Compiling lazy_static v1.4.0
[INFO] [stderr]    Compiling robust v1.1.0
[INFO] [stderr]    Compiling geographiclib-rs v0.2.3
[INFO] [stderr]    Compiling float_next_after v1.0.0
[INFO] [stderr]    Compiling log v0.4.20
[INFO] [stderr]    Compiling rstar v0.11.0
[INFO] [stderr]    Compiling approx v0.5.1
[INFO] [stderr]    Compiling spade v2.5.1
[INFO] [stderr]    Compiling geo-types v0.7.12
[INFO] [stderr]    Compiling earcutr v0.4.3
[INFO] [stderr]    Compiling geo v0.27.0
[INFO] [stderr]    Compiling extendr-macros v0.6.0
[INFO] [stderr]    Compiling sfconversions v0.2.0 (/opt/rustwide/workdir)
[INFO] [stdout] error[E0616]: field `0` of struct `Rfloat` is private
[INFO] [stdout]    --> src/fromsf.rs:113:32
[INFO] [stdout]     |
[INFO] [stdout] 113 |             Ok(geom_point(x[0].0, x[1].0).into())
[INFO] [stdout]     |                                ^ private field
[INFO] [stdout] 
[INFO] [stdout] 
[INFO] [stdout] error[E0616]: field `0` of struct `Rfloat` is private
[INFO] [stdout]    --> src/fromsf.rs:113:40
[INFO] [stdout]     |
[INFO] [stdout] 113 |             Ok(geom_point(x[0].0, x[1].0).into())
[INFO] [stdout]     |                                        ^ private field
[INFO] [stdout] 
[INFO] [stdout] 
[INFO] [stdout] error[E0616]: field `0` of struct `Rfloat` is private
[INFO] [stdout]    --> src/fromsf.rs:152:29
[INFO] [stdout]     |
[INFO] [stdout] 152 |             geom_point(x[0].0, x[1].0)
[INFO] [stdout]     |                             ^ private field
[INFO] [stdout] 
[INFO] [stdout] 
[INFO] [stdout] error[E0616]: field `0` of struct `Rfloat` is private
[INFO] [stdout]    --> src/fromsf.rs:152:37
[INFO] [stdout]     |
[INFO] [stdout] 152 |             geom_point(x[0].0, x[1].0)
[INFO] [stdout]     |                                     ^ private field
[INFO] [stdout] 
[INFO] [stdout] 
[INFO] [stdout] error: aborting due to 4 previous errors
[INFO] [stdout] 
[INFO] [stdout] 
[INFO] [stdout] For more information about this error, try `rustc --explain E0616`.
[INFO] [stdout] 
[INFO] [stderr] error: could not compile `sfconversions` (lib) due to 5 previous errors
[INFO] running `Command { std: "docker" "inspect" "fb4f1c093d8ca9039cdcbb61fe448e28f749243cbc4accdfc1b0f89f65ee8c31", kill_on_drop: false }`
[INFO] running `Command { std: "docker" "rm" "-f" "fb4f1c093d8ca9039cdcbb61fe448e28f749243cbc4accdfc1b0f89f65ee8c31", kill_on_drop: false }`
[INFO] [stdout] fb4f1c093d8ca9039cdcbb61fe448e28f749243cbc4accdfc1b0f89f65ee8c31
