[INFO] fetching crate serum-common 0.4.7...
[INFO] testing serum-common-0.4.7 against 1.75.0 for beta-1.76-1
[INFO] extracting crate serum-common 0.4.7 into /workspace/builds/worker-4-tc1/source
[INFO] validating manifest of crates.io crate serum-common 0.4.7 on toolchain 1.75.0
[INFO] running `Command { std: CARGO_HOME="/workspace/cargo-home" RUSTUP_HOME="/workspace/rustup-home" "/workspace/cargo-home/bin/cargo" "+1.75.0" "metadata" "--manifest-path" "Cargo.toml" "--no-deps", kill_on_drop: false }`
[INFO] started tweaking crates.io crate serum-common 0.4.7
[INFO] finished tweaking crates.io crate serum-common 0.4.7
[INFO] tweaked toml for crates.io crate serum-common 0.4.7 written to /workspace/builds/worker-4-tc1/source/Cargo.toml
[INFO] running `Command { std: CARGO_HOME="/workspace/cargo-home" RUSTUP_HOME="/workspace/rustup-home" "/workspace/cargo-home/bin/cargo" "+1.75.0" "generate-lockfile" "--manifest-path" "Cargo.toml", kill_on_drop: false }`
[INFO] [stderr]     Updating crates.io index
[INFO] running `Command { std: CARGO_HOME="/workspace/cargo-home" RUSTUP_HOME="/workspace/rustup-home" "/workspace/cargo-home/bin/cargo" "+1.75.0" "fetch" "--manifest-path" "Cargo.toml", kill_on_drop: false }`
[INFO] [stderr]  Downloading crates ...
[INFO] [stderr]   Downloaded ouroboros v0.5.1
[INFO] [stderr]   Downloaded solana-logger v1.17.14
[INFO] [stderr]   Downloaded spl-memo v2.0.1
[INFO] [stderr]   Downloaded solana-version v1.17.14
[INFO] [stderr]   Downloaded solana-measure v1.17.14
[INFO] [stderr]   Downloaded solana-config-program v1.17.14
[INFO] [stderr]   Downloaded remove_dir_all v0.5.0
[INFO] [stderr]   Downloaded serum-borsh v0.8.1-serum.1
[INFO] [stderr]   Downloaded solana-stake-program v1.17.14
[INFO] [stderr]   Downloaded solana-metrics v1.17.14
[INFO] [stderr]   Downloaded tungstenite v0.10.1
[INFO] [stderr]   Downloaded zstd-sys v1.4.18+zstd.1.4.7
[INFO] [stderr]   Downloaded spl-memo v3.0.0
[INFO] [stderr]   Downloaded zstd v0.5.4+zstd.1.4.7
[INFO] [stderr]   Downloaded jsonrpc-core v15.1.0
[INFO] [stderr]   Downloaded solana-remote-wallet v1.17.14
[INFO] [stderr]   Downloaded zstd-safe v2.0.6+zstd.1.4.7
[INFO] [stderr]   Downloaded solana-clap-utils v1.17.14
[INFO] [stderr]   Downloaded ouroboros_macro v0.5.1
[INFO] [stderr]   Downloaded solana-program-runtime v1.17.14
[INFO] [stderr]   Downloaded solana-rayon-threadlimit v1.17.14
[INFO] [stderr]   Downloaded solana-vote-program v1.17.14
[INFO] [stderr]   Downloaded spl-token v2.0.8
[INFO] [stderr]   Downloaded solana-client v1.5.14
[INFO] [stderr]   Downloaded solana-net-utils v1.17.14
[INFO] [stderr]   Downloaded solana-sdk v1.17.14
[INFO] [stderr]   Downloaded spl-token v3.1.0
[INFO] [stderr]   Downloaded solana-secp256k1-program v1.5.14
[INFO] [stderr]   Downloaded solana-transaction-status v1.5.14
[INFO] [stderr]   Downloaded solana-account-decoder v1.5.14
[INFO] [stderr]   Downloaded solana-runtime v1.5.14
[INFO] running `Command { std: "docker" "create" "-v" "/var/lib/crater-agent-workspace/builds/worker-4-tc1/target:/opt/rustwide/target:rw,Z" "-v" "/var/lib/crater-agent-workspace/builds/worker-4-tc1/source:/opt/rustwide/workdir:ro,Z" "-v" "/var/lib/crater-agent-workspace/cargo-home:/opt/rustwide/cargo-home:ro,Z" "-v" "/var/lib/crater-agent-workspace/rustup-home:/opt/rustwide/rustup-home:ro,Z" "-e" "SOURCE_DIR=/opt/rustwide/workdir" "-e" "CARGO_TARGET_DIR=/opt/rustwide/target" "-e" "CARGO_HOME=/opt/rustwide/cargo-home" "-e" "RUSTUP_HOME=/opt/rustwide/rustup-home" "-w" "/opt/rustwide/workdir" "-m" "1610612736" "--user" "0:0" "--network" "none" "ghcr.io/rust-lang/crates-build-env/linux@sha256:2788e3201cd34a07e3172128adcd8b3090168a8e3bcc40d7c032b9dda1df7d1c" "/opt/rustwide/cargo-home/bin/cargo" "+1.75.0" "metadata" "--no-deps" "--format-version=1", kill_on_drop: false }`
[INFO] [stdout] a3c4ca7714ae0d48729c7b5928e6fd1f01e3345f1fe8c677ef978ce6b1392726
[INFO] running `Command { std: "docker" "start" "-a" "a3c4ca7714ae0d48729c7b5928e6fd1f01e3345f1fe8c677ef978ce6b1392726", kill_on_drop: false }`
[INFO] running `Command { std: "docker" "inspect" "a3c4ca7714ae0d48729c7b5928e6fd1f01e3345f1fe8c677ef978ce6b1392726", kill_on_drop: false }`
[INFO] running `Command { std: "docker" "rm" "-f" "a3c4ca7714ae0d48729c7b5928e6fd1f01e3345f1fe8c677ef978ce6b1392726", kill_on_drop: false }`
[INFO] [stdout] a3c4ca7714ae0d48729c7b5928e6fd1f01e3345f1fe8c677ef978ce6b1392726
[INFO] running `Command { std: "docker" "create" "-v" "/var/lib/crater-agent-workspace/builds/worker-4-tc1/target:/opt/rustwide/target:rw,Z" "-v" "/var/lib/crater-agent-workspace/builds/worker-4-tc1/source:/opt/rustwide/workdir:ro,Z" "-v" "/var/lib/crater-agent-workspace/cargo-home:/opt/rustwide/cargo-home:ro,Z" "-v" "/var/lib/crater-agent-workspace/rustup-home:/opt/rustwide/rustup-home:ro,Z" "-e" "SOURCE_DIR=/opt/rustwide/workdir" "-e" "CARGO_TARGET_DIR=/opt/rustwide/target" "-e" "CARGO_INCREMENTAL=0" "-e" "RUST_BACKTRACE=full" "-e" "RUSTFLAGS=--cap-lints=warn" "-e" "RUSTDOCFLAGS=--cap-lints=warn" "-e" "CARGO_HOME=/opt/rustwide/cargo-home" "-e" "RUSTUP_HOME=/opt/rustwide/rustup-home" "-w" "/opt/rustwide/workdir" "-m" "1610612736" "--user" "0:0" "--network" "none" "ghcr.io/rust-lang/crates-build-env/linux@sha256:2788e3201cd34a07e3172128adcd8b3090168a8e3bcc40d7c032b9dda1df7d1c" "/opt/rustwide/cargo-home/bin/cargo" "+1.75.0" "build" "--frozen" "--message-format=json", kill_on_drop: false }`
[INFO] [stdout] 3e45857cdea2eeb2c5c28954ab29bab0095faa9c3cc40bdd099d32c204054bad
[INFO] running `Command { std: "docker" "start" "-a" "3e45857cdea2eeb2c5c28954ab29bab0095faa9c3cc40bdd099d32c204054bad", kill_on_drop: false }`
[INFO] [stderr]    Compiling proc-macro2 v1.0.75
[INFO] [stderr]    Compiling unicode-ident v1.0.12
[INFO] [stderr]    Compiling serde v1.0.194
[INFO] [stderr]    Compiling version_check v0.9.4
[INFO] [stderr]    Compiling libc v0.2.151
[INFO] [stderr]    Compiling cfg-if v1.0.0
[INFO] [stderr]    Compiling typenum v1.17.0
[INFO] [stderr]    Compiling syn v1.0.109
[INFO] [stderr]    Compiling subtle v2.5.0
[INFO] [stderr]    Compiling once_cell v1.19.0
[INFO] [stderr]    Compiling autocfg v1.1.0
[INFO] [stderr]    Compiling semver v1.0.21
[INFO] [stderr]    Compiling ppv-lite86 v0.2.17
[INFO] [stderr]    Compiling either v1.9.0
[INFO] [stderr]    Compiling crunchy v0.2.2
[INFO] [stderr]    Compiling crossbeam-utils v0.8.18
[INFO] [stderr]    Compiling getrandom v0.1.16
[INFO] [stderr]    Compiling zerocopy v0.7.32
[INFO] [stderr]    Compiling paste v1.0.14
[INFO] [stderr]    Compiling thiserror v1.0.56
[INFO] [stderr]    Compiling wasm-bindgen-shared v0.2.89
[INFO] [stderr]    Compiling hashbrown v0.14.3
[INFO] [stderr]    Compiling generic-array v0.14.7
[INFO] [stderr]    Compiling ahash v0.8.7
[INFO] [stderr]    Compiling num-traits v0.2.17
[INFO] [stderr]    Compiling num-integer v0.1.45
[INFO] [stderr]    Compiling num-bigint v0.4.4
[INFO] [stderr]    Compiling equivalent v1.0.1
[INFO] [stderr]    Compiling itertools v0.10.5
[INFO] [stderr]    Compiling toml_datetime v0.6.5
[INFO] [stderr]    Compiling rayon-core v1.12.0
[INFO] [stderr]    Compiling winnow v0.5.32
[INFO] [stderr]    Compiling cpufeatures v0.2.12
[INFO] [stderr]    Compiling log v0.4.20
[INFO] [stderr]    Compiling rustc_version v0.4.0
[INFO] [stderr]    Compiling ahash v0.7.7
[INFO] [stderr]    Compiling indexmap v2.1.0
[INFO] [stderr]    Compiling arrayref v0.3.7
[INFO] [stderr]    Compiling fnv v1.0.7
[INFO] [stderr]    Compiling feature-probe v0.1.1
[INFO] [stderr]    Compiling bumpalo v3.14.0
[INFO] [stderr]    Compiling im v15.1.0
[INFO] [stderr]    Compiling quote v1.0.35
[INFO] [stderr]    Compiling crossbeam-epoch v0.9.17
[INFO] [stderr]    Compiling bv v0.11.1
[INFO] [stderr]    Compiling opaque-debug v0.3.0
[INFO] [stderr]    Compiling tinyvec_macros v0.1.1
[INFO] [stderr]    Compiling crossbeam-deque v0.8.4
[INFO] [stderr]    Compiling solana-frozen-abi-macro v1.17.14
[INFO] [stderr]    Compiling syn v2.0.48
[INFO] [stderr]    Compiling ident_case v1.0.1
[INFO] [stderr]    Compiling anyhow v1.0.79
[INFO] [stderr]    Compiling serde_json v1.0.111
[INFO] [stderr]    Compiling strsim v0.10.0
[INFO] [stderr]    Compiling rustversion v1.0.14
[INFO] [stderr]    Compiling tinyvec v1.6.0
[INFO] [stderr]    Compiling solana-frozen-abi v1.17.14
[INFO] [stderr]    Compiling memoffset v0.9.0
[INFO] [stderr]    Compiling constant_time_eq v0.3.0
[INFO] [stderr]    Compiling bitmaps v2.1.0
[INFO] [stderr]    Compiling itoa v1.0.10
[INFO] [stderr]    Compiling lazy_static v1.4.0
[INFO] [stderr]    Compiling wasm-bindgen v0.2.89
[INFO] [stderr]    Compiling arrayvec v0.7.4
[INFO] [stderr]    Compiling bs58 v0.4.0
[INFO] [stderr]    Compiling rayon v1.8.0
[INFO] [stderr]    Compiling ryu v1.0.16
[INFO] [stderr]    Compiling byteorder v1.5.0
[INFO] [stderr]    Compiling base64 v0.12.3
[INFO] [stderr]    Compiling rustc-hash v1.1.0
[INFO] [stderr]    Compiling keccak v0.1.4
[INFO] [stderr]    Compiling getrandom v0.2.11
[INFO] [stderr]    Compiling jobserver v0.1.27
[INFO] [stderr]    Compiling rand_core v0.6.4
[INFO] [stderr]    Compiling cc v1.0.83
[INFO] [stderr]    Compiling rand_core v0.5.1
[INFO] [stderr]    Compiling rand_chacha v0.3.1
[INFO] [stderr]    Compiling toml_edit v0.19.15
[INFO] [stderr]    Compiling rand_chacha v0.2.2
[INFO] [stderr]    Compiling rand_xoshiro v0.6.0
[INFO] [stderr]    Compiling hashbrown v0.13.2
[INFO] [stderr]    Compiling sized-chunks v0.6.5
[INFO] [stderr]    Compiling unicode-normalization v0.1.22
[INFO] [stderr]    Compiling hashbrown v0.11.2
[INFO] [stderr]    Compiling memmap2 v0.5.10
[INFO] [stderr]    Compiling base64 v0.21.5
[INFO] [stderr]    Compiling rand v0.8.5
[INFO] [stderr]    Compiling rand v0.7.3
[INFO] [stderr]    Compiling solana-sdk v1.17.14
[INFO] [stderr]    Compiling ahash v0.4.8
[INFO] [stderr]    Compiling percent-encoding v2.3.1
[INFO] [stderr]    Compiling uriparse v0.6.4
[INFO] [stderr]    Compiling qstring v0.7.2
[INFO] [stderr]    Compiling remove_dir_all v0.5.0
[INFO] [stderr]    Compiling hashbrown v0.9.1
[INFO] [stderr]    Compiling derivation-path v0.2.0
[INFO] [stderr]    Compiling ark-std v0.4.0
[INFO] [stderr]    Compiling blake3 v1.5.0
[INFO] [stderr]    Compiling solana-program v1.17.14
[INFO] [stderr]    Compiling proc-macro-crate v1.3.1
[INFO] [stderr]    Compiling borsh-schema-derive-internal v0.10.3
[INFO] [stderr]    Compiling borsh-derive-internal v0.9.3
[INFO] [stderr]    Compiling borsh-schema-derive-internal v0.9.3
[INFO] [stderr]    Compiling borsh-derive-internal v0.10.3
[INFO] [stderr]    Compiling borsh-derive-internal v0.8.2
[INFO] [stderr]    Compiling borsh-schema-derive-internal v0.8.2
[INFO] [stderr]    Compiling wasm-bindgen-backend v0.2.89
[INFO] [stderr]    Compiling darling_core v0.20.3
[INFO] [stderr]    Compiling ark-serialize-derive v0.4.2
[INFO] [stderr]    Compiling derivative v2.2.0
[INFO] [stderr]    Compiling ark-ff-macros v0.4.2
[INFO] [stderr]    Compiling ark-ff-asm v0.4.2
[INFO] [stderr]    Compiling num-derive v0.3.3
[INFO] [stderr]    Compiling num_enum_derive v0.5.11
[INFO] [stderr]    Compiling serde_derive v1.0.194
[INFO] [stderr]    Compiling zeroize_derive v1.4.2
[INFO] [stderr]    Compiling thiserror-impl v1.0.56
[INFO] [stderr]    Compiling bytemuck_derive v1.5.0
[INFO] [stderr]    Compiling solana-sdk-macro v1.17.14
[INFO] [stderr]    Compiling num_enum_derive v0.6.1
[INFO] [stderr]    Compiling qualifier_attr v0.2.2
[INFO] [stderr]    Compiling wasm-bindgen-macro-support v0.2.89
[INFO] [stderr]    Compiling wasm-bindgen-macro v0.2.89
[INFO] [stderr]    Compiling zeroize v1.3.0
[INFO] [stderr]    Compiling darling_macro v0.20.3
[INFO] [stderr]    Compiling bytemuck v1.14.0
[INFO] [stderr]    Compiling num_enum v0.5.11
[INFO] [stderr]    Compiling spl-token v2.0.8
[INFO] [stderr]    Compiling num_enum v0.6.1
[INFO] [stdout] error[E0433]: failed to resolve: use of undeclared crate or module `solana_sdk`
[INFO] [stdout]  --> /opt/rustwide/cargo-home/registry/src/index.crates.io-6f17d22bba15001f/spl-token-2.0.8/src/error.rs:4:5
[INFO] [stdout]   |
[INFO] [stdout] 4 | use solana_sdk::{decode_error::DecodeError, program_error::ProgramError};
[INFO] [stdout]   |     ^^^^^^^^^^ use of undeclared crate or module `solana_sdk`
[INFO] [stdout] 
[INFO] [stdout] 
[INFO] [stdout] error[E0433]: failed to resolve: use of undeclared crate or module `solana_sdk`
[INFO] [stdout]  --> /opt/rustwide/cargo-home/registry/src/index.crates.io-6f17d22bba15001f/spl-token-2.0.8/src/instruction.rs:4:5
[INFO] [stdout]   |
[INFO] [stdout] 4 | use solana_sdk::{
[INFO] [stdout]   |     ^^^^^^^^^^ use of undeclared crate or module `solana_sdk`
[INFO] [stdout] 
[INFO] [stdout] 
[INFO] [stdout] error[E0433]: failed to resolve: use of undeclared crate or module `solana_sdk`
[INFO] [stdout]  --> /opt/rustwide/cargo-home/registry/src/index.crates.io-6f17d22bba15001f/spl-token-2.0.8/src/state.rs:6:5
[INFO] [stdout]   |
[INFO] [stdout] 6 | use solana_sdk::{
[INFO] [stdout]   |     ^^^^^^^^^^ use of undeclared crate or module `solana_sdk`
[INFO] [stdout] 
[INFO] [stdout] 
[INFO] [stdout] error[E0432]: unresolved import `solana_sdk`
[INFO] [stdout]  --> /opt/rustwide/cargo-home/registry/src/index.crates.io-6f17d22bba15001f/spl-token-2.0.8/src/instruction.rs:4:5
[INFO] [stdout]   |
[INFO] [stdout] 4 | use solana_sdk::{
[INFO] [stdout]   |     ^^^^^^^^^^ use of undeclared crate or module `solana_sdk`
[INFO] [stdout] 
[INFO] [stdout] 
[INFO] [stdout] error[E0432]: unresolved import `solana_sdk`
[INFO] [stdout]   --> /opt/rustwide/cargo-home/registry/src/index.crates.io-6f17d22bba15001f/spl-token-2.0.8/src/lib.rs:15:9
[INFO] [stdout]    |
[INFO] [stdout] 15 | pub use solana_sdk;
[INFO] [stdout]    |         ^^^^^^^^^^ no external crate `solana_sdk`
[INFO] [stdout] 
[INFO] [stdout] 
[INFO] [stdout] error[E0433]: failed to resolve: use of undeclared crate or module `solana_sdk`
[INFO] [stdout]  --> /opt/rustwide/cargo-home/registry/src/index.crates.io-6f17d22bba15001f/spl-token-2.0.8/src/native_mint.rs:7:1
[INFO] [stdout]   |
[INFO] [stdout] 7 | solana_sdk::declare_id!("So11111111111111111111111111111111111111112");
[INFO] [stdout]   | ^^^^^^^^^^ use of undeclared crate or module `solana_sdk`
[INFO] [stdout] 
[INFO] [stdout] 
[INFO] [stdout] error: cannot determine resolution for the macro `solana_sdk::declare_id`
[INFO] [stdout]   --> /opt/rustwide/cargo-home/registry/src/index.crates.io-6f17d22bba15001f/spl-token-2.0.8/src/lib.rs:28:1
[INFO] [stdout]    |
[INFO] [stdout] 28 | solana_sdk::declare_id!("TokenkegQfeZyiNwAJbNbGKPFXCWuBvf9Ss623VQ5DA");
[INFO] [stdout]    | ^^^^^^^^^^^^^^^^^^^^^^
[INFO] [stdout]    |
[INFO] [stdout]    = note: import resolution is stuck, try simplifying macro imports
[INFO] [stdout] 
[INFO] [stdout] 
[INFO] [stdout] error: aborting due to 7 previous errors
[INFO] [stdout] 
[INFO] [stdout] 
[INFO] [stdout] Some errors have detailed explanations: E0432, E0433.
[INFO] [stdout] 
[INFO] [stdout] For more information about an error, try `rustc --explain E0432`.
[INFO] [stdout] 
[INFO] [stderr] error: could not compile `spl-token` (lib) due to 8 previous errors
[INFO] [stderr] warning: build failed, waiting for other jobs to finish...
[INFO] running `Command { std: "docker" "inspect" "3e45857cdea2eeb2c5c28954ab29bab0095faa9c3cc40bdd099d32c204054bad", kill_on_drop: false }`
[INFO] running `Command { std: "docker" "rm" "-f" "3e45857cdea2eeb2c5c28954ab29bab0095faa9c3cc40bdd099d32c204054bad", kill_on_drop: false }`
[INFO] [stdout] 3e45857cdea2eeb2c5c28954ab29bab0095faa9c3cc40bdd099d32c204054bad
[INFO] testing serum-common-0.4.7 against beta-2023-12-22 for beta-1.76-1
[INFO] extracting crate serum-common 0.4.7 into /workspace/builds/worker-4-tc2/source
[INFO] validating manifest of crates.io crate serum-common 0.4.7 on toolchain beta-2023-12-22
[INFO] running `Command { std: CARGO_HOME="/workspace/cargo-home" RUSTUP_HOME="/workspace/rustup-home" "/workspace/cargo-home/bin/cargo" "+beta-2023-12-22" "metadata" "--manifest-path" "Cargo.toml" "--no-deps", kill_on_drop: false }`
[INFO] started tweaking crates.io crate serum-common 0.4.7
[INFO] finished tweaking crates.io crate serum-common 0.4.7
[INFO] tweaked toml for crates.io crate serum-common 0.4.7 written to /workspace/builds/worker-4-tc2/source/Cargo.toml
[INFO] running `Command { std: CARGO_HOME="/workspace/cargo-home" RUSTUP_HOME="/workspace/rustup-home" "/workspace/cargo-home/bin/cargo" "+beta-2023-12-22" "generate-lockfile" "--manifest-path" "Cargo.toml", kill_on_drop: false }`
[INFO] [stderr]     Updating crates.io index
[INFO] running `Command { std: CARGO_HOME="/workspace/cargo-home" RUSTUP_HOME="/workspace/rustup-home" "/workspace/cargo-home/bin/cargo" "+beta-2023-12-22" "fetch" "--manifest-path" "Cargo.toml", kill_on_drop: false }`
[INFO] running `Command { std: "docker" "create" "-v" "/var/lib/crater-agent-workspace/builds/worker-4-tc2/target:/opt/rustwide/target:rw,Z" "-v" "/var/lib/crater-agent-workspace/builds/worker-4-tc2/source:/opt/rustwide/workdir:ro,Z" "-v" "/var/lib/crater-agent-workspace/cargo-home:/opt/rustwide/cargo-home:ro,Z" "-v" "/var/lib/crater-agent-workspace/rustup-home:/opt/rustwide/rustup-home:ro,Z" "-e" "SOURCE_DIR=/opt/rustwide/workdir" "-e" "CARGO_TARGET_DIR=/opt/rustwide/target" "-e" "CARGO_HOME=/opt/rustwide/cargo-home" "-e" "RUSTUP_HOME=/opt/rustwide/rustup-home" "-w" "/opt/rustwide/workdir" "-m" "1610612736" "--user" "0:0" "--network" "none" "ghcr.io/rust-lang/crates-build-env/linux@sha256:2788e3201cd34a07e3172128adcd8b3090168a8e3bcc40d7c032b9dda1df7d1c" "/opt/rustwide/cargo-home/bin/cargo" "+beta-2023-12-22" "metadata" "--no-deps" "--format-version=1", kill_on_drop: false }`
[INFO] [stdout] c28187978494b757cf6e7ad50231360bd1ee524605cff5e69f5f85de11344455
[INFO] running `Command { std: "docker" "start" "-a" "c28187978494b757cf6e7ad50231360bd1ee524605cff5e69f5f85de11344455", kill_on_drop: false }`
[INFO] running `Command { std: "docker" "inspect" "c28187978494b757cf6e7ad50231360bd1ee524605cff5e69f5f85de11344455", kill_on_drop: false }`
[INFO] running `Command { std: "docker" "rm" "-f" "c28187978494b757cf6e7ad50231360bd1ee524605cff5e69f5f85de11344455", kill_on_drop: false }`
[INFO] [stdout] c28187978494b757cf6e7ad50231360bd1ee524605cff5e69f5f85de11344455
[INFO] running `Command { std: "docker" "create" "-v" "/var/lib/crater-agent-workspace/builds/worker-4-tc2/target:/opt/rustwide/target:rw,Z" "-v" "/var/lib/crater-agent-workspace/builds/worker-4-tc2/source:/opt/rustwide/workdir:ro,Z" "-v" "/var/lib/crater-agent-workspace/cargo-home:/opt/rustwide/cargo-home:ro,Z" "-v" "/var/lib/crater-agent-workspace/rustup-home:/opt/rustwide/rustup-home:ro,Z" "-e" "SOURCE_DIR=/opt/rustwide/workdir" "-e" "CARGO_TARGET_DIR=/opt/rustwide/target" "-e" "CARGO_INCREMENTAL=0" "-e" "RUST_BACKTRACE=full" "-e" "RUSTFLAGS=--cap-lints=warn" "-e" "RUSTDOCFLAGS=--cap-lints=warn" "-e" "CARGO_HOME=/opt/rustwide/cargo-home" "-e" "RUSTUP_HOME=/opt/rustwide/rustup-home" "-w" "/opt/rustwide/workdir" "-m" "1610612736" "--user" "0:0" "--network" "none" "ghcr.io/rust-lang/crates-build-env/linux@sha256:2788e3201cd34a07e3172128adcd8b3090168a8e3bcc40d7c032b9dda1df7d1c" "/opt/rustwide/cargo-home/bin/cargo" "+beta-2023-12-22" "build" "--frozen" "--message-format=json", kill_on_drop: false }`
[INFO] [stdout] 7a554a26ced3a18af2fef15628ba95cd835186f9ed53bbfc75a65715f0d5a539
[INFO] running `Command { std: "docker" "start" "-a" "7a554a26ced3a18af2fef15628ba95cd835186f9ed53bbfc75a65715f0d5a539", kill_on_drop: false }`
[INFO] [stderr]    Compiling proc-macro2 v1.0.75
[INFO] [stderr]    Compiling unicode-ident v1.0.12
[INFO] [stderr]    Compiling serde v1.0.194
[INFO] [stderr]    Compiling version_check v0.9.4
[INFO] [stderr]    Compiling libc v0.2.151
[INFO] [stderr]    Compiling typenum v1.17.0
[INFO] [stderr]    Compiling cfg-if v1.0.0
[INFO] [stderr]    Compiling syn v1.0.109
[INFO] [stderr]    Compiling subtle v2.5.0
[INFO] [stderr]    Compiling once_cell v1.19.0
[INFO] [stderr]    Compiling autocfg v1.1.0
[INFO] [stderr]    Compiling semver v1.0.21
[INFO] [stderr]    Compiling ppv-lite86 v0.2.17
[INFO] [stderr]    Compiling either v1.9.0
[INFO] [stderr]    Compiling crossbeam-utils v0.8.18
[INFO] [stderr]    Compiling getrandom v0.1.16
[INFO] [stderr]    Compiling crunchy v0.2.2
[INFO] [stderr]    Compiling zerocopy v0.7.32
[INFO] [stderr]    Compiling paste v1.0.14
[INFO] [stderr]    Compiling equivalent v1.0.1
[INFO] [stderr]    Compiling hashbrown v0.14.3
[INFO] [stderr]    Compiling thiserror v1.0.56
[INFO] [stderr]    Compiling wasm-bindgen-shared v0.2.89
[INFO] [stderr]    Compiling itertools v0.10.5
[INFO] [stderr]    Compiling generic-array v0.14.7
[INFO] [stderr]    Compiling ahash v0.8.7
[INFO] [stderr]    Compiling cpufeatures v0.2.12
[INFO] [stderr]    Compiling toml_datetime v0.6.5
[INFO] [stderr]    Compiling num-traits v0.2.17
[INFO] [stderr]    Compiling num-integer v0.1.45
[INFO] [stderr]    Compiling num-bigint v0.4.4
[INFO] [stderr]    Compiling rustc_version v0.4.0
[INFO] [stderr]    Compiling winnow v0.5.32
[INFO] [stderr]    Compiling rayon-core v1.12.0
[INFO] [stderr]    Compiling log v0.4.20
[INFO] [stderr]    Compiling ahash v0.7.7
[INFO] [stderr]    Compiling bumpalo v3.14.0
[INFO] [stderr]    Compiling quote v1.0.35
[INFO] [stderr]    Compiling crossbeam-epoch v0.9.17
[INFO] [stderr]    Compiling fnv v1.0.7
[INFO] [stderr]    Compiling arrayref v0.3.7
[INFO] [stderr]    Compiling indexmap v2.1.0
[INFO] [stderr]    Compiling feature-probe v0.1.1
[INFO] [stderr]    Compiling solana-frozen-abi-macro v1.17.14
[INFO] [stderr]    Compiling syn v2.0.48
[INFO] [stderr]    Compiling im v15.1.0
[INFO] [stderr]    Compiling ident_case v1.0.1
[INFO] [stderr]    Compiling bv v0.11.1
[INFO] [stderr]    Compiling crossbeam-deque v0.8.4
[INFO] [stderr]    Compiling serde_json v1.0.111
[INFO] [stderr]    Compiling opaque-debug v0.3.0
[INFO] [stderr]    Compiling strsim v0.10.0
[INFO] [stderr]    Compiling anyhow v1.0.79
[INFO] [stderr]    Compiling tinyvec_macros v0.1.1
[INFO] [stderr]    Compiling rustversion v1.0.14
[INFO] [stderr]    Compiling tinyvec v1.6.0
[INFO] [stderr]    Compiling solana-frozen-abi v1.17.14
[INFO] [stderr]    Compiling memoffset v0.9.0
[INFO] [stderr]    Compiling itoa v1.0.10
[INFO] [stderr]    Compiling bitmaps v2.1.0
[INFO] [stderr]    Compiling ryu v1.0.16
[INFO] [stderr]    Compiling byteorder v1.5.0
[INFO] [stderr]    Compiling wasm-bindgen v0.2.89
[INFO] [stderr]    Compiling getrandom v0.2.11
[INFO] [stderr]    Compiling jobserver v0.1.27
[INFO] [stderr]    Compiling rayon v1.8.0
[INFO] [stderr]    Compiling constant_time_eq v0.3.0
[INFO] [stderr]    Compiling arrayvec v0.7.4
[INFO] [stderr]    Compiling lazy_static v1.4.0
[INFO] [stderr]    Compiling bs58 v0.4.0
[INFO] [stderr]    Compiling rand_core v0.6.4
[INFO] [stderr]    Compiling rand_core v0.5.1
[INFO] [stderr]    Compiling rand_chacha v0.3.1
[INFO] [stderr]    Compiling cc v1.0.83
[INFO] [stderr]    Compiling toml_edit v0.19.15
[INFO] [stderr]    Compiling rand_xoshiro v0.6.0
[INFO] [stderr]    Compiling rand_chacha v0.2.2
[INFO] [stderr]    Compiling unicode-normalization v0.1.22
[INFO] [stderr]    Compiling sized-chunks v0.6.5
[INFO] [stderr]    Compiling hashbrown v0.13.2
[INFO] [stderr]    Compiling hashbrown v0.11.2
[INFO] [stderr]    Compiling rand v0.8.5
[INFO] [stderr]    Compiling rand v0.7.3
[INFO] [stderr]    Compiling memmap2 v0.5.10
[INFO] [stderr]    Compiling keccak v0.1.4
[INFO] [stderr]    Compiling rustc-hash v1.1.0
[INFO] [stderr]    Compiling base64 v0.12.3
[INFO] [stderr]    Compiling base64 v0.21.5
[INFO] [stderr]    Compiling solana-sdk v1.17.14
[INFO] [stderr]    Compiling percent-encoding v2.3.1
[INFO] [stderr]    Compiling ahash v0.4.8
[INFO] [stderr]    Compiling uriparse v0.6.4
[INFO] [stderr]    Compiling ark-std v0.4.0
[INFO] [stderr]    Compiling hashbrown v0.9.1
[INFO] [stderr]    Compiling qstring v0.7.2
[INFO] [stderr]    Compiling derivation-path v0.2.0
[INFO] [stderr]    Compiling remove_dir_all v0.5.0
[INFO] [stderr]    Compiling proc-macro-crate v1.3.1
[INFO] [stderr]    Compiling blake3 v1.5.0
[INFO] [stderr]    Compiling solana-program v1.17.14
[INFO] [stderr]    Compiling wasm-bindgen-backend v0.2.89
[INFO] [stderr]    Compiling darling_core v0.20.3
[INFO] [stderr]    Compiling borsh-derive-internal v0.10.3
[INFO] [stderr]    Compiling borsh-schema-derive-internal v0.10.3
[INFO] [stderr]    Compiling borsh-derive-internal v0.9.3
[INFO] [stderr]    Compiling borsh-schema-derive-internal v0.9.3
[INFO] [stderr]    Compiling borsh-derive-internal v0.8.2
[INFO] [stderr]    Compiling borsh-schema-derive-internal v0.8.2
[INFO] [stderr]    Compiling serde_derive v1.0.194
[INFO] [stderr]    Compiling zeroize_derive v1.4.2
[INFO] [stderr]    Compiling thiserror-impl v1.0.56
[INFO] [stderr]    Compiling bytemuck_derive v1.5.0
[INFO] [stderr]    Compiling solana-sdk-macro v1.17.14
[INFO] [stderr]    Compiling num_enum_derive v0.6.1
[INFO] [stderr]    Compiling qualifier_attr v0.2.2
[INFO] [stderr]    Compiling wasm-bindgen-macro-support v0.2.89
[INFO] [stderr]    Compiling ark-serialize-derive v0.4.2
[INFO] [stderr]    Compiling ark-ff-macros v0.4.2
[INFO] [stderr]    Compiling derivative v2.2.0
[INFO] [stderr]    Compiling ark-ff-asm v0.4.2
[INFO] [stderr]    Compiling num-derive v0.3.3
[INFO] [stderr]    Compiling num_enum_derive v0.5.11
[INFO] [stderr]    Compiling zeroize v1.3.0
[INFO] [stderr]    Compiling wasm-bindgen-macro v0.2.89
[INFO] [stderr]    Compiling darling_macro v0.20.3
[INFO] [stderr]    Compiling bytemuck v1.14.0
[INFO] [stderr]    Compiling num_enum v0.6.1
[INFO] [stderr]    Compiling darling v0.20.3
[INFO] [stderr]    Compiling serde_with_macros v2.3.3
[INFO] [stderr]    Compiling num_enum v0.5.11
[INFO] [stderr]    Compiling spl-token v2.0.8
[INFO] [stdout] error[E0433]: failed to resolve: use of undeclared crate or module `solana_sdk`
[INFO] [stdout]  --> /opt/rustwide/cargo-home/registry/src/index.crates.io-6f17d22bba15001f/spl-token-2.0.8/src/error.rs:4:5
[INFO] [stdout]   |
[INFO] [stdout] 4 | use solana_sdk::{decode_error::DecodeError, program_error::ProgramError};
[INFO] [stdout]   |     ^^^^^^^^^^ use of undeclared crate or module `solana_sdk`
[INFO] [stdout] 
[INFO] [stdout] 
[INFO] [stdout] error[E0433]: failed to resolve: use of undeclared crate or module `solana_sdk`
[INFO] [stdout]  --> /opt/rustwide/cargo-home/registry/src/index.crates.io-6f17d22bba15001f/spl-token-2.0.8/src/instruction.rs:4:5
[INFO] [stdout]   |
[INFO] [stdout] 4 | use solana_sdk::{
[INFO] [stdout]   |     ^^^^^^^^^^ use of undeclared crate or module `solana_sdk`
[INFO] [stdout] 
[INFO] [stdout] 
[INFO] [stdout] error[E0433]: failed to resolve: use of undeclared crate or module `solana_sdk`
[INFO] [stdout]  --> /opt/rustwide/cargo-home/registry/src/index.crates.io-6f17d22bba15001f/spl-token-2.0.8/src/state.rs:6:5
[INFO] [stdout]   |
[INFO] [stdout] 6 | use solana_sdk::{
[INFO] [stdout]   |     ^^^^^^^^^^ use of undeclared crate or module `solana_sdk`
[INFO] [stdout] 
[INFO] [stdout] 
[INFO] [stdout] error[E0432]: unresolved import `solana_sdk`
[INFO] [stdout]  --> /opt/rustwide/cargo-home/registry/src/index.crates.io-6f17d22bba15001f/spl-token-2.0.8/src/instruction.rs:4:5
[INFO] [stdout]   |
[INFO] [stdout] 4 | use solana_sdk::{
[INFO] [stdout]   |     ^^^^^^^^^^ use of undeclared crate or module `solana_sdk`
[INFO] [stdout] 
[INFO] [stdout] 
[INFO] [stdout] error[E0432]: unresolved import `solana_sdk`
[INFO] [stdout]   --> /opt/rustwide/cargo-home/registry/src/index.crates.io-6f17d22bba15001f/spl-token-2.0.8/src/lib.rs:15:9
[INFO] [stdout]    |
[INFO] [stdout] 15 | pub use solana_sdk;
[INFO] [stdout]    |         ^^^^^^^^^^ no external crate `solana_sdk`
[INFO] [stdout] 
[INFO] [stdout] 
[INFO] [stdout] error[E0433]: failed to resolve: use of undeclared crate or module `solana_sdk`
[INFO] [stdout]  --> /opt/rustwide/cargo-home/registry/src/index.crates.io-6f17d22bba15001f/spl-token-2.0.8/src/native_mint.rs:7:1
[INFO] [stdout]   |
[INFO] [stdout] 7 | solana_sdk::declare_id!("So11111111111111111111111111111111111111112");
[INFO] [stdout]   | ^^^^^^^^^^ use of undeclared crate or module `solana_sdk`
[INFO] [stdout] 
[INFO] [stdout] 
[INFO] [stdout] error: cannot determine resolution for the macro `solana_sdk::declare_id`
[INFO] [stdout]   --> /opt/rustwide/cargo-home/registry/src/index.crates.io-6f17d22bba15001f/spl-token-2.0.8/src/lib.rs:28:1
[INFO] [stdout]    |
[INFO] [stdout] 28 | solana_sdk::declare_id!("TokenkegQfeZyiNwAJbNbGKPFXCWuBvf9Ss623VQ5DA");
[INFO] [stdout]    | ^^^^^^^^^^^^^^^^^^^^^^
[INFO] [stdout]    |
[INFO] [stdout]    = note: import resolution is stuck, try simplifying macro imports
[INFO] [stdout] 
[INFO] [stdout] 
[INFO] [stdout] error: aborting due to 7 previous errors
[INFO] [stdout] 
[INFO] [stdout] 
[INFO] [stdout] Some errors have detailed explanations: E0432, E0433.
[INFO] [stdout] 
[INFO] [stdout] For more information about an error, try `rustc --explain E0432`.
[INFO] [stdout] 
[INFO] [stderr] error: could not compile `spl-token` (lib) due to 8 previous errors
[INFO] [stderr] warning: build failed, waiting for other jobs to finish...
[INFO] running `Command { std: "docker" "inspect" "7a554a26ced3a18af2fef15628ba95cd835186f9ed53bbfc75a65715f0d5a539", kill_on_drop: false }`
[INFO] running `Command { std: "docker" "rm" "-f" "7a554a26ced3a18af2fef15628ba95cd835186f9ed53bbfc75a65715f0d5a539", kill_on_drop: false }`
[INFO] [stdout] 7a554a26ced3a18af2fef15628ba95cd835186f9ed53bbfc75a65715f0d5a539
