[INFO] fetching crate serde_taml 0.0.3...
[INFO] testing serde_taml-0.0.3 against 1.75.0 for beta-1.76-1
[INFO] extracting crate serde_taml 0.0.3 into /workspace/builds/worker-6-tc1/source
[INFO] validating manifest of crates.io crate serde_taml 0.0.3 on toolchain 1.75.0
[INFO] running `Command { std: CARGO_HOME="/workspace/cargo-home" RUSTUP_HOME="/workspace/rustup-home" "/workspace/cargo-home/bin/cargo" "+1.75.0" "metadata" "--manifest-path" "Cargo.toml" "--no-deps", kill_on_drop: false }`
[INFO] started tweaking crates.io crate serde_taml 0.0.3
[INFO] finished tweaking crates.io crate serde_taml 0.0.3
[INFO] tweaked toml for crates.io crate serde_taml 0.0.3 written to /workspace/builds/worker-6-tc1/source/Cargo.toml
[INFO] running `Command { std: CARGO_HOME="/workspace/cargo-home" RUSTUP_HOME="/workspace/rustup-home" "/workspace/cargo-home/bin/cargo" "+1.75.0" "generate-lockfile" "--manifest-path" "Cargo.toml", kill_on_drop: false }`
[INFO] [stderr]     Updating crates.io index
[INFO] running `Command { std: CARGO_HOME="/workspace/cargo-home" RUSTUP_HOME="/workspace/rustup-home" "/workspace/cargo-home/bin/cargo" "+1.75.0" "fetch" "--manifest-path" "Cargo.toml", kill_on_drop: false }`
[INFO] [stderr]  Downloading crates ...
[INFO] [stderr]   Downloaded try_match_inner v0.3.0
[INFO] [stderr]   Downloaded gnaw v0.0.2
[INFO] [stderr]   Downloaded serde-object v0.0.0-alpha.0
[INFO] [stderr]   Downloaded linkme v0.2.10
[INFO] [stderr]   Downloaded linkme-impl v0.2.10
[INFO] [stderr]   Downloaded lazy-transform-str v0.0.6
[INFO] [stderr]   Downloaded taml v0.0.11
[INFO] [stderr]   Downloaded codemap-diagnostic v0.1.2
[INFO] [stderr]   Downloaded debugless-unwrap v0.0.4
[INFO] [stderr]   Downloaded enum_properties v0.3.0
[INFO] [stderr]   Downloaded try_match v0.2.3
[INFO] [stderr]   Downloaded cervine v0.0.6
[INFO] [stderr]   Downloaded scientific v0.1.3
[INFO] running `Command { std: "docker" "create" "-v" "/var/lib/crater-agent-workspace/builds/worker-6-tc1/target:/opt/rustwide/target:rw,Z" "-v" "/var/lib/crater-agent-workspace/builds/worker-6-tc1/source:/opt/rustwide/workdir:ro,Z" "-v" "/var/lib/crater-agent-workspace/cargo-home:/opt/rustwide/cargo-home:ro,Z" "-v" "/var/lib/crater-agent-workspace/rustup-home:/opt/rustwide/rustup-home:ro,Z" "-e" "SOURCE_DIR=/opt/rustwide/workdir" "-e" "CARGO_TARGET_DIR=/opt/rustwide/target" "-e" "CARGO_HOME=/opt/rustwide/cargo-home" "-e" "RUSTUP_HOME=/opt/rustwide/rustup-home" "-w" "/opt/rustwide/workdir" "-m" "1610612736" "--user" "0:0" "--network" "none" "ghcr.io/rust-lang/crates-build-env/linux@sha256:2788e3201cd34a07e3172128adcd8b3090168a8e3bcc40d7c032b9dda1df7d1c" "/opt/rustwide/cargo-home/bin/cargo" "+1.75.0" "metadata" "--no-deps" "--format-version=1", kill_on_drop: false }`
[INFO] [stdout] ae5f3d45405fae5ffc615c4f45ee2c567f599bcb87a37e4c34b9245a85a13e21
[INFO] running `Command { std: "docker" "start" "-a" "ae5f3d45405fae5ffc615c4f45ee2c567f599bcb87a37e4c34b9245a85a13e21", kill_on_drop: false }`
[INFO] running `Command { std: "docker" "inspect" "ae5f3d45405fae5ffc615c4f45ee2c567f599bcb87a37e4c34b9245a85a13e21", kill_on_drop: false }`
[INFO] running `Command { std: "docker" "rm" "-f" "ae5f3d45405fae5ffc615c4f45ee2c567f599bcb87a37e4c34b9245a85a13e21", kill_on_drop: false }`
[INFO] [stdout] ae5f3d45405fae5ffc615c4f45ee2c567f599bcb87a37e4c34b9245a85a13e21
[INFO] running `Command { std: "docker" "create" "-v" "/var/lib/crater-agent-workspace/builds/worker-6-tc1/target:/opt/rustwide/target:rw,Z" "-v" "/var/lib/crater-agent-workspace/builds/worker-6-tc1/source:/opt/rustwide/workdir:ro,Z" "-v" "/var/lib/crater-agent-workspace/cargo-home:/opt/rustwide/cargo-home:ro,Z" "-v" "/var/lib/crater-agent-workspace/rustup-home:/opt/rustwide/rustup-home:ro,Z" "-e" "SOURCE_DIR=/opt/rustwide/workdir" "-e" "CARGO_TARGET_DIR=/opt/rustwide/target" "-e" "CARGO_INCREMENTAL=0" "-e" "RUST_BACKTRACE=full" "-e" "RUSTFLAGS=--cap-lints=warn" "-e" "RUSTDOCFLAGS=--cap-lints=warn" "-e" "CARGO_HOME=/opt/rustwide/cargo-home" "-e" "RUSTUP_HOME=/opt/rustwide/rustup-home" "-w" "/opt/rustwide/workdir" "-m" "1610612736" "--user" "0:0" "--network" "none" "ghcr.io/rust-lang/crates-build-env/linux@sha256:2788e3201cd34a07e3172128adcd8b3090168a8e3bcc40d7c032b9dda1df7d1c" "/opt/rustwide/cargo-home/bin/cargo" "+1.75.0" "build" "--frozen" "--message-format=json", kill_on_drop: false }`
[INFO] [stdout] 93b9b4eadc8575006da747f163ea4289a2ba8a853f674add2e6a566bacfbfd94
[INFO] running `Command { std: "docker" "start" "-a" "93b9b4eadc8575006da747f163ea4289a2ba8a853f674add2e6a566bacfbfd94", kill_on_drop: false }`
[INFO] [stderr]    Compiling unicode-ident v1.0.12
[INFO] [stderr]    Compiling syn v1.0.109
[INFO] [stderr]    Compiling proc-macro-hack v0.5.20+deprecated
[INFO] [stderr]    Compiling proc-macro2 v1.0.75
[INFO] [stderr]    Compiling beef v0.5.2
[INFO] [stderr]    Compiling proc-macro-error-attr v1.0.4
[INFO] [stderr]    Compiling proc-macro-error v1.0.4
[INFO] [stderr]    Compiling indexmap v1.9.3
[INFO] [stderr]    Compiling serde v1.0.194
[INFO] [stderr]    Compiling regex-syntax v0.6.29
[INFO] [stderr]    Compiling fnv v1.0.7
[INFO] [stderr]    Compiling hashbrown v0.12.3
[INFO] [stderr]    Compiling cervine v0.0.6
[INFO] [stderr]    Compiling quote v1.0.35
[INFO] [stderr]    Compiling gnaw v0.0.2
[INFO] [stderr]    Compiling paste v1.0.14
[INFO] [stderr]    Compiling lazy-transform-str v0.0.6
[INFO] [stderr]    Compiling enum_properties v0.3.0
[INFO] [stderr]    Compiling tap v1.0.1
[INFO] [stderr]    Compiling debugless-unwrap v0.0.4
[INFO] [stderr]    Compiling either v1.9.0
[INFO] [stderr]    Compiling joinery v2.1.0
[INFO] [stderr]    Compiling logos-derive v0.12.1
[INFO] [stderr]    Compiling try_match_inner v0.3.0
[INFO] [stderr]    Compiling scientific v0.1.3
[INFO] [stderr]    Compiling try_match v0.2.3
[INFO] [stderr]    Compiling logos v0.12.1
[INFO] [stderr]    Compiling taml v0.0.11
[INFO] [stderr]    Compiling serde_taml v0.0.3 (/opt/rustwide/workdir)
[INFO] [stdout] error[E0308]: mismatched types
[INFO] [stdout]    --> src/de/type_overrides.rs:458:15
[INFO] [stdout]     |
[INFO] [stdout] 458 |     OVERRIDE.set(ForcedTamlValueType::DataLiteral);
[INFO] [stdout]     |              --- ^^^^^^^^^^^^^^^^^^^^^^^^^^^^^^^^ expected `Option<ForcedTamlValueType>`, found `ForcedTamlValueType`
[INFO] [stdout]     |              |
[INFO] [stdout]     |              arguments to this method are incorrect
[INFO] [stdout]     |
[INFO] [stdout]     = note: expected enum `std::option::Option<ForcedTamlValueType>`
[INFO] [stdout]                found enum `ForcedTamlValueType`
[INFO] [stdout] note: method defined here
[INFO] [stdout]    --> /rustc/82e1608dfa6e0b5569232559e3d385fea5a93112/library/std/src/thread/local.rs:329:12
[INFO] [stdout] help: try wrapping the expression in `Some`
[INFO] [stdout]     |
[INFO] [stdout] 458 |     OVERRIDE.set(Some(ForcedTamlValueType::DataLiteral));
[INFO] [stdout]     |                  +++++                                +
[INFO] [stdout] 
[INFO] [stdout] 
[INFO] [stdout] error[E0308]: mismatched types
[INFO] [stdout]    --> src/de/type_overrides.rs:480:15
[INFO] [stdout]     |
[INFO] [stdout] 480 |     OVERRIDE.set(ForcedTamlValueType::Decimal);
[INFO] [stdout]     |              --- ^^^^^^^^^^^^^^^^^^^^^^^^^^^^ expected `Option<ForcedTamlValueType>`, found `ForcedTamlValueType`
[INFO] [stdout]     |              |
[INFO] [stdout]     |              arguments to this method are incorrect
[INFO] [stdout]     |
[INFO] [stdout]     = note: expected enum `std::option::Option<ForcedTamlValueType>`
[INFO] [stdout]                found enum `ForcedTamlValueType`
[INFO] [stdout] note: method defined here
[INFO] [stdout]    --> /rustc/82e1608dfa6e0b5569232559e3d385fea5a93112/library/std/src/thread/local.rs:329:12
[INFO] [stdout] help: try wrapping the expression in `Some`
[INFO] [stdout]     |
[INFO] [stdout] 480 |     OVERRIDE.set(Some(ForcedTamlValueType::Decimal));
[INFO] [stdout]     |                  +++++                            +
[INFO] [stdout] 
[INFO] [stdout] 
[INFO] [stdout] error[E0308]: mismatched types
[INFO] [stdout]    --> src/de/type_overrides.rs:502:15
[INFO] [stdout]     |
[INFO] [stdout] 502 |     OVERRIDE.set(ForcedTamlValueType::EnumVariant);
[INFO] [stdout]     |              --- ^^^^^^^^^^^^^^^^^^^^^^^^^^^^^^^^ expected `Option<ForcedTamlValueType>`, found `ForcedTamlValueType`
[INFO] [stdout]     |              |
[INFO] [stdout]     |              arguments to this method are incorrect
[INFO] [stdout]     |
[INFO] [stdout]     = note: expected enum `std::option::Option<ForcedTamlValueType>`
[INFO] [stdout]                found enum `ForcedTamlValueType`
[INFO] [stdout] note: method defined here
[INFO] [stdout]    --> /rustc/82e1608dfa6e0b5569232559e3d385fea5a93112/library/std/src/thread/local.rs:329:12
[INFO] [stdout] help: try wrapping the expression in `Some`
[INFO] [stdout]     |
[INFO] [stdout] 502 |     OVERRIDE.set(Some(ForcedTamlValueType::EnumVariant));
[INFO] [stdout]     |                  +++++                                +
[INFO] [stdout] 
[INFO] [stdout] 
[INFO] [stdout] error[E0308]: mismatched types
[INFO] [stdout]    --> src/de/type_overrides.rs:524:15
[INFO] [stdout]     |
[INFO] [stdout] 524 |     OVERRIDE.set(ForcedTamlValueType::Integer);
[INFO] [stdout]     |              --- ^^^^^^^^^^^^^^^^^^^^^^^^^^^^ expected `Option<ForcedTamlValueType>`, found `ForcedTamlValueType`
[INFO] [stdout]     |              |
[INFO] [stdout]     |              arguments to this method are incorrect
[INFO] [stdout]     |
[INFO] [stdout]     = note: expected enum `std::option::Option<ForcedTamlValueType>`
[INFO] [stdout]                found enum `ForcedTamlValueType`
[INFO] [stdout] note: method defined here
[INFO] [stdout]    --> /rustc/82e1608dfa6e0b5569232559e3d385fea5a93112/library/std/src/thread/local.rs:329:12
[INFO] [stdout] help: try wrapping the expression in `Some`
[INFO] [stdout]     |
[INFO] [stdout] 524 |     OVERRIDE.set(Some(ForcedTamlValueType::Integer));
[INFO] [stdout]     |                  +++++                            +
[INFO] [stdout] 
[INFO] [stdout] 
[INFO] [stdout] error[E0308]: mismatched types
[INFO] [stdout]    --> src/de/type_overrides.rs:546:15
[INFO] [stdout]     |
[INFO] [stdout] 546 |     OVERRIDE.set(ForcedTamlValueType::List);
[INFO] [stdout]     |              --- ^^^^^^^^^^^^^^^^^^^^^^^^^ expected `Option<ForcedTamlValueType>`, found `ForcedTamlValueType`
[INFO] [stdout]     |              |
[INFO] [stdout]     |              arguments to this method are incorrect
[INFO] [stdout]     |
[INFO] [stdout]     = note: expected enum `std::option::Option<ForcedTamlValueType>`
[INFO] [stdout]                found enum `ForcedTamlValueType`
[INFO] [stdout] note: method defined here
[INFO] [stdout]    --> /rustc/82e1608dfa6e0b5569232559e3d385fea5a93112/library/std/src/thread/local.rs:329:12
[INFO] [stdout] help: try wrapping the expression in `Some`
[INFO] [stdout]     |
[INFO] [stdout] 546 |     OVERRIDE.set(Some(ForcedTamlValueType::List));
[INFO] [stdout]     |                  +++++                         +
[INFO] [stdout] 
[INFO] [stdout] 
[INFO] [stdout] error[E0308]: mismatched types
[INFO] [stdout]    --> src/de/type_overrides.rs:568:15
[INFO] [stdout]     |
[INFO] [stdout] 568 |     OVERRIDE.set(ForcedTamlValueType::String);
[INFO] [stdout]     |              --- ^^^^^^^^^^^^^^^^^^^^^^^^^^^ expected `Option<ForcedTamlValueType>`, found `ForcedTamlValueType`
[INFO] [stdout]     |              |
[INFO] [stdout]     |              arguments to this method are incorrect
[INFO] [stdout]     |
[INFO] [stdout]     = note: expected enum `std::option::Option<ForcedTamlValueType>`
[INFO] [stdout]                found enum `ForcedTamlValueType`
[INFO] [stdout] note: method defined here
[INFO] [stdout]    --> /rustc/82e1608dfa6e0b5569232559e3d385fea5a93112/library/std/src/thread/local.rs:329:12
[INFO] [stdout] help: try wrapping the expression in `Some`
[INFO] [stdout]     |
[INFO] [stdout] 568 |     OVERRIDE.set(Some(ForcedTamlValueType::String));
[INFO] [stdout]     |                  +++++                           +
[INFO] [stdout] 
[INFO] [stdout] 
[INFO] [stdout] error[E0308]: mismatched types
[INFO] [stdout]    --> src/de/type_overrides.rs:590:15
[INFO] [stdout]     |
[INFO] [stdout] 590 |     OVERRIDE.set(ForcedTamlValueType::Struct);
[INFO] [stdout]     |              --- ^^^^^^^^^^^^^^^^^^^^^^^^^^^ expected `Option<ForcedTamlValueType>`, found `ForcedTamlValueType`
[INFO] [stdout]     |              |
[INFO] [stdout]     |              arguments to this method are incorrect
[INFO] [stdout]     |
[INFO] [stdout]     = note: expected enum `std::option::Option<ForcedTamlValueType>`
[INFO] [stdout]                found enum `ForcedTamlValueType`
[INFO] [stdout] note: method defined here
[INFO] [stdout]    --> /rustc/82e1608dfa6e0b5569232559e3d385fea5a93112/library/std/src/thread/local.rs:329:12
[INFO] [stdout] help: try wrapping the expression in `Some`
[INFO] [stdout]     |
[INFO] [stdout] 590 |     OVERRIDE.set(Some(ForcedTamlValueType::Struct));
[INFO] [stdout]     |                  +++++                           +
[INFO] [stdout] 
[INFO] [stdout] 
[INFO] [stdout] warning: unused import: `Override`
[INFO] [stdout]  --> src/de/struct_or_map_access.rs:3:19
[INFO] [stdout]   |
[INFO] [stdout] 3 |     type_overrides::{Override, OVERRIDE},
[INFO] [stdout]   |                      ^^^^^^^^
[INFO] [stdout]   |
[INFO] [stdout]   = note: `#[warn(unused_imports)]` on by default
[INFO] [stdout] 
[INFO] [stdout] 
[INFO] [stdout] error: aborting due to 7 previous errors; 1 warning emitted
[INFO] [stdout] 
[INFO] [stdout] 
[INFO] [stdout] For more information about this error, try `rustc --explain E0308`.
[INFO] [stdout] 
[INFO] [stderr] error: could not compile `serde_taml` (lib) due to 8 previous errors; 1 warning emitted
[INFO] running `Command { std: "docker" "inspect" "93b9b4eadc8575006da747f163ea4289a2ba8a853f674add2e6a566bacfbfd94", kill_on_drop: false }`
[INFO] running `Command { std: "docker" "rm" "-f" "93b9b4eadc8575006da747f163ea4289a2ba8a853f674add2e6a566bacfbfd94", kill_on_drop: false }`
[INFO] [stdout] 93b9b4eadc8575006da747f163ea4289a2ba8a853f674add2e6a566bacfbfd94
