[INFO] fetching crate serde-pgrow 0.3.4...
[INFO] testing serde-pgrow-0.3.4 against 1.75.0 for beta-1.76-1
[INFO] extracting crate serde-pgrow 0.3.4 into /workspace/builds/worker-1-tc1/source
[INFO] validating manifest of crates.io crate serde-pgrow 0.3.4 on toolchain 1.75.0
[INFO] running `Command { std: CARGO_HOME="/workspace/cargo-home" RUSTUP_HOME="/workspace/rustup-home" "/workspace/cargo-home/bin/cargo" "+1.75.0" "metadata" "--manifest-path" "Cargo.toml" "--no-deps", kill_on_drop: false }`
[INFO] started tweaking crates.io crate serde-pgrow 0.3.4
[INFO] finished tweaking crates.io crate serde-pgrow 0.3.4
[INFO] tweaked toml for crates.io crate serde-pgrow 0.3.4 written to /workspace/builds/worker-1-tc1/source/Cargo.toml
[INFO] crate crates.io crate serde-pgrow 0.3.4 already has a lockfile, it will not be regenerated
[INFO] running `Command { std: CARGO_HOME="/workspace/cargo-home" RUSTUP_HOME="/workspace/rustup-home" "/workspace/cargo-home/bin/cargo" "+1.75.0" "fetch" "--manifest-path" "Cargo.toml", kill_on_drop: false }`
[INFO] [stderr]  Downloading crates ...
[INFO] [stderr]   Downloaded cpufeatures v0.1.1
[INFO] [stderr]   Downloaded tokio-util v0.6.6
[INFO] [stderr]   Downloaded postgres-protocol v0.6.1
[INFO] [stderr]   Downloaded siphasher v0.3.5
[INFO] [stderr]   Downloaded postgres-types v0.2.1
[INFO] [stderr]   Downloaded tokio-postgres v0.7.2
[INFO] [stderr]   Downloaded tokio v1.5.0
[INFO] running `Command { std: "docker" "create" "-v" "/var/lib/crater-agent-workspace/builds/worker-1-tc1/target:/opt/rustwide/target:rw,Z" "-v" "/var/lib/crater-agent-workspace/builds/worker-1-tc1/source:/opt/rustwide/workdir:ro,Z" "-v" "/var/lib/crater-agent-workspace/cargo-home:/opt/rustwide/cargo-home:ro,Z" "-v" "/var/lib/crater-agent-workspace/rustup-home:/opt/rustwide/rustup-home:ro,Z" "-e" "SOURCE_DIR=/opt/rustwide/workdir" "-e" "CARGO_TARGET_DIR=/opt/rustwide/target" "-e" "CARGO_HOME=/opt/rustwide/cargo-home" "-e" "RUSTUP_HOME=/opt/rustwide/rustup-home" "-w" "/opt/rustwide/workdir" "-m" "1610612736" "--user" "0:0" "--network" "none" "ghcr.io/rust-lang/crates-build-env/linux@sha256:2788e3201cd34a07e3172128adcd8b3090168a8e3bcc40d7c032b9dda1df7d1c" "/opt/rustwide/cargo-home/bin/cargo" "+1.75.0" "metadata" "--no-deps" "--format-version=1", kill_on_drop: false }`
[INFO] [stdout] abdbe9adc0bba62de0b3b92e60d8f4f00b4bad824f5d8f9b11276d8b71f395ce
[INFO] running `Command { std: "docker" "start" "-a" "abdbe9adc0bba62de0b3b92e60d8f4f00b4bad824f5d8f9b11276d8b71f395ce", kill_on_drop: false }`
[INFO] running `Command { std: "docker" "inspect" "abdbe9adc0bba62de0b3b92e60d8f4f00b4bad824f5d8f9b11276d8b71f395ce", kill_on_drop: false }`
[INFO] running `Command { std: "docker" "rm" "-f" "abdbe9adc0bba62de0b3b92e60d8f4f00b4bad824f5d8f9b11276d8b71f395ce", kill_on_drop: false }`
[INFO] [stdout] abdbe9adc0bba62de0b3b92e60d8f4f00b4bad824f5d8f9b11276d8b71f395ce
[INFO] running `Command { std: "docker" "create" "-v" "/var/lib/crater-agent-workspace/builds/worker-1-tc1/target:/opt/rustwide/target:rw,Z" "-v" "/var/lib/crater-agent-workspace/builds/worker-1-tc1/source:/opt/rustwide/workdir:ro,Z" "-v" "/var/lib/crater-agent-workspace/cargo-home:/opt/rustwide/cargo-home:ro,Z" "-v" "/var/lib/crater-agent-workspace/rustup-home:/opt/rustwide/rustup-home:ro,Z" "-e" "SOURCE_DIR=/opt/rustwide/workdir" "-e" "CARGO_TARGET_DIR=/opt/rustwide/target" "-e" "CARGO_INCREMENTAL=0" "-e" "RUST_BACKTRACE=full" "-e" "RUSTFLAGS=--cap-lints=warn" "-e" "RUSTDOCFLAGS=--cap-lints=warn" "-e" "CARGO_HOME=/opt/rustwide/cargo-home" "-e" "RUSTUP_HOME=/opt/rustwide/rustup-home" "-w" "/opt/rustwide/workdir" "-m" "1610612736" "--user" "0:0" "--network" "none" "ghcr.io/rust-lang/crates-build-env/linux@sha256:2788e3201cd34a07e3172128adcd8b3090168a8e3bcc40d7c032b9dda1df7d1c" "/opt/rustwide/cargo-home/bin/cargo" "+1.75.0" "build" "--frozen" "--message-format=json", kill_on_drop: false }`
[INFO] [stdout] 9d927814e1a11cd942cebcba0222145b2452422aef8a7239fc277c45e767f5e5
[INFO] running `Command { std: "docker" "start" "-a" "9d927814e1a11cd942cebcba0222145b2452422aef8a7239fc277c45e767f5e5", kill_on_drop: false }`
[INFO] [stderr]    Compiling proc-macro2 v1.0.26
[INFO] [stderr]    Compiling unicode-xid v0.2.2
[INFO] [stderr]    Compiling syn v1.0.72
[INFO] [stderr]    Compiling libc v0.2.94
[INFO] [stderr]    Compiling version_check v0.9.3
[INFO] [stderr]    Compiling typenum v1.13.0
[INFO] [stderr]    Compiling memchr v2.4.0
[INFO] [stderr]    Compiling getrandom v0.2.2
[INFO] [stderr]    Compiling futures-core v0.3.15
[INFO] [stderr]    Compiling proc-macro-hack v0.5.19
[INFO] [stderr]    Compiling futures-macro v0.3.15
[INFO] [stderr]    Compiling log v0.4.14
[INFO] [stderr]    Compiling serde_derive v1.0.126
[INFO] [stderr]    Compiling proc-macro-nested v0.1.7
[INFO] [stderr]    Compiling futures-sink v0.3.15
[INFO] [stderr]    Compiling tinyvec_macros v0.1.0
[INFO] [stderr]    Compiling futures-channel v0.3.15
[INFO] [stderr]    Compiling futures-task v0.3.15
[INFO] [stderr]    Compiling pin-project-lite v0.2.6
[INFO] [stderr]    Compiling tinyvec v1.2.0
[INFO] [stderr]    Compiling instant v0.1.9
[INFO] [stderr]    Compiling futures-util v0.3.15
[INFO] [stderr]    Compiling matches v0.1.8
[INFO] [stderr]    Compiling serde v1.0.126
[INFO] [stderr]    Compiling ppv-lite86 v0.2.10
[INFO] [stderr]    Compiling generic-array v0.14.4
[INFO] [stderr]    Compiling subtle v2.4.0
[INFO] [stderr]    Compiling smallvec v1.6.1
[INFO] [stderr]    Compiling bytes v1.0.1
[INFO] [stderr]    Compiling scopeguard v1.1.0
[INFO] [stderr]    Compiling unicode-bidi v0.3.5
[INFO] [stderr]    Compiling lock_api v0.4.4
[INFO] [stderr]    Compiling tokio v1.5.0
[INFO] [stderr]    Compiling serde_json v1.0.64
[INFO] [stderr]    Compiling once_cell v1.7.2
[INFO] [stderr]    Compiling futures-io v0.3.15
[INFO] [stderr]    Compiling cpufeatures v0.1.1
[INFO] [stderr]    Compiling slab v0.4.3
[INFO] [stderr]    Compiling base64 v0.13.0
[INFO] [stderr]    Compiling itoa v0.4.7
[INFO] [stderr]    Compiling fallible-iterator v0.2.0
[INFO] [stderr]    Compiling siphasher v0.3.5
[INFO] [stderr]    Compiling quote v1.0.9
[INFO] [stderr]    Compiling async-trait v0.1.50
[INFO] [stderr]    Compiling eyre v0.6.5
[INFO] [stderr]    Compiling phf_shared v0.8.0
[INFO] [stderr]    Compiling percent-encoding v2.1.0
[INFO] [stderr]    Compiling parking_lot_core v0.8.3
[INFO] [stderr]    Compiling signal-hook-registry v1.3.0
[INFO] [stderr]    Compiling mio v0.7.11
[INFO] [stderr]    Compiling num_cpus v1.13.0
[INFO] [stderr]    Compiling phf v0.8.0
[INFO] [stderr]    Compiling socket2 v0.4.0
[INFO] [stderr]    Compiling unicode-normalization v0.1.17
[INFO] [stderr]    Compiling rand_core v0.6.2
[INFO] [stderr]    Compiling parking_lot v0.11.1
[INFO] [stderr]    Compiling rand_chacha v0.3.0
[INFO] [stderr]    Compiling rand v0.8.3
[INFO] [stderr]    Compiling digest v0.9.0
[INFO] [stderr]    Compiling block-buffer v0.9.0
[INFO] [stderr]    Compiling crypto-mac v0.10.0
[INFO] [stderr]    Compiling stringprep v0.1.2
[INFO] [stderr]    Compiling sha2 v0.9.5
[INFO] [stderr]    Compiling md-5 v0.9.1
[INFO] [stderr]    Compiling hmac v0.10.1
[INFO] [stderr]    Compiling postgres-protocol v0.6.1
[INFO] [stderr]    Compiling tokio-macros v1.1.0
[INFO] [stderr]    Compiling thiserror-impl v1.0.24
[INFO] [stderr]    Compiling thiserror v1.0.24
[INFO] [stderr]    Compiling futures-executor v0.3.15
[INFO] [stderr]    Compiling futures v0.3.15
[INFO] [stderr]    Compiling tokio-util v0.6.6
[INFO] [stderr]    Compiling postgres-types v0.2.1
[INFO] [stderr]    Compiling tokio-postgres v0.7.2
[INFO] [stderr]    Compiling serde-pgrow v0.3.4 (/opt/rustwide/workdir)
[INFO] [stdout] warning: field `struct_name` is never read
[INFO] [stdout]  --> src/de/de_row_struct.rs:6:16
[INFO] [stdout]   |
[INFO] [stdout] 4 | pub struct DeRowStruct<'a> {
[INFO] [stdout]   |            ----------- field in this struct
[INFO] [stdout] 5 |     pub(super) de_row: &'a DeRow<'a>,
[INFO] [stdout] 6 |     pub(super) struct_name: &'static str,
[INFO] [stdout]   |                ^^^^^^^^^^^
[INFO] [stdout]   |
[INFO] [stdout]   = note: `DeRowStruct` has a derived impl for the trait `Debug`, but this is intentionally ignored during dead code analysis
[INFO] [stdout]   = note: `#[warn(dead_code)]` on by default
[INFO] [stdout] 
[INFO] [stdout] 
[INFO] [stdout] warning: field `struct_name` is never read
[INFO] [stdout]  --> src/de/de_row_tuple.rs:6:16
[INFO] [stdout]   |
[INFO] [stdout] 4 | pub struct DeRowTuple<'a> {
[INFO] [stdout]   |            ---------- field in this struct
[INFO] [stdout] 5 |     pub(super) de_row: &'a DeRow<'a>,
[INFO] [stdout] 6 |     pub(super) struct_name: Option<&'static str>,
[INFO] [stdout]   |                ^^^^^^^^^^^
[INFO] [stdout]   |
[INFO] [stdout]   = note: `DeRowTuple` has a derived impl for the trait `Debug`, but this is intentionally ignored during dead code analysis
[INFO] [stdout] 
[INFO] [stdout] 
[INFO] [stdout] warning: 2 warnings emitted
[INFO] [stdout] 
[INFO] [stdout] 
[INFO] [stderr]     Finished dev [unoptimized + debuginfo] target(s) in 9.63s
[INFO] running `Command { std: "docker" "inspect" "9d927814e1a11cd942cebcba0222145b2452422aef8a7239fc277c45e767f5e5", kill_on_drop: false }`
[INFO] running `Command { std: "docker" "rm" "-f" "9d927814e1a11cd942cebcba0222145b2452422aef8a7239fc277c45e767f5e5", kill_on_drop: false }`
[INFO] [stdout] 9d927814e1a11cd942cebcba0222145b2452422aef8a7239fc277c45e767f5e5
[INFO] running `Command { std: "docker" "create" "-v" "/var/lib/crater-agent-workspace/builds/worker-1-tc1/target:/opt/rustwide/target:rw,Z" "-v" "/var/lib/crater-agent-workspace/builds/worker-1-tc1/source:/opt/rustwide/workdir:ro,Z" "-v" "/var/lib/crater-agent-workspace/cargo-home:/opt/rustwide/cargo-home:ro,Z" "-v" "/var/lib/crater-agent-workspace/rustup-home:/opt/rustwide/rustup-home:ro,Z" "-e" "SOURCE_DIR=/opt/rustwide/workdir" "-e" "CARGO_TARGET_DIR=/opt/rustwide/target" "-e" "CARGO_INCREMENTAL=0" "-e" "RUST_BACKTRACE=full" "-e" "RUSTFLAGS=--cap-lints=warn" "-e" "RUSTDOCFLAGS=--cap-lints=warn" "-e" "CARGO_HOME=/opt/rustwide/cargo-home" "-e" "RUSTUP_HOME=/opt/rustwide/rustup-home" "-w" "/opt/rustwide/workdir" "-m" "1610612736" "--user" "0:0" "--network" "none" "ghcr.io/rust-lang/crates-build-env/linux@sha256:2788e3201cd34a07e3172128adcd8b3090168a8e3bcc40d7c032b9dda1df7d1c" "/opt/rustwide/cargo-home/bin/cargo" "+1.75.0" "test" "--frozen" "--no-run" "--message-format=json", kill_on_drop: false }`
[INFO] [stdout] 9b298f4649e14539ef3241b345b70fcd3001b14ce939e949bb3e71193b517953
[INFO] running `Command { std: "docker" "start" "-a" "9b298f4649e14539ef3241b345b70fcd3001b14ce939e949bb3e71193b517953", kill_on_drop: false }`
[INFO] [stderr]    Compiling aho-corasick v0.7.18
[INFO] [stderr]    Compiling regex-syntax v0.6.25
[INFO] [stderr]    Compiling atty v0.2.14
[INFO] [stderr]    Compiling termcolor v1.1.2
[INFO] [stdout] warning: field `struct_name` is never read
[INFO] [stdout]  --> src/de/de_row_struct.rs:6:16
[INFO] [stdout]   |
[INFO] [stdout] 4 | pub struct DeRowStruct<'a> {
[INFO] [stdout]   |            ----------- field in this struct
[INFO] [stdout] 5 |     pub(super) de_row: &'a DeRow<'a>,
[INFO] [stdout] 6 |     pub(super) struct_name: &'static str,
[INFO] [stdout]   |                ^^^^^^^^^^^
[INFO] [stdout]   |
[INFO] [stdout]   = note: `DeRowStruct` has a derived impl for the trait `Debug`, but this is intentionally ignored during dead code analysis
[INFO] [stdout]   = note: `#[warn(dead_code)]` on by default
[INFO] [stdout] 
[INFO] [stdout] 
[INFO] [stdout] warning: field `struct_name` is never read
[INFO] [stdout]  --> src/de/de_row_tuple.rs:6:16
[INFO] [stdout]   |
[INFO] [stdout] 4 | pub struct DeRowTuple<'a> {
[INFO] [stdout]   |            ---------- field in this struct
[INFO] [stdout] 5 |     pub(super) de_row: &'a DeRow<'a>,
[INFO] [stdout] 6 |     pub(super) struct_name: Option<&'static str>,
[INFO] [stdout]   |                ^^^^^^^^^^^
[INFO] [stdout]   |
[INFO] [stdout]   = note: `DeRowTuple` has a derived impl for the trait `Debug`, but this is intentionally ignored during dead code analysis
[INFO] [stdout] 
[INFO] [stdout] 
[INFO] [stdout] warning: 2 warnings emitted
[INFO] [stdout] 
[INFO] [stdout] 
[INFO] [stderr]    Compiling regex v1.5.4
[INFO] [stderr]    Compiling env_logger v0.7.1
[INFO] [stderr]    Compiling pretty_env_logger v0.4.0
[INFO] [stderr]    Compiling serde-pgrow v0.3.4 (/opt/rustwide/workdir)
[INFO] [stdout] warning: field `struct_name` is never read
[INFO] [stdout]  --> src/de/de_row_struct.rs:6:16
[INFO] [stdout]   |
[INFO] [stdout] 4 | pub struct DeRowStruct<'a> {
[INFO] [stdout]   |            ----------- field in this struct
[INFO] [stdout] 5 |     pub(super) de_row: &'a DeRow<'a>,
[INFO] [stdout] 6 |     pub(super) struct_name: &'static str,
[INFO] [stdout]   |                ^^^^^^^^^^^
[INFO] [stdout]   |
[INFO] [stdout]   = note: `DeRowStruct` has a derived impl for the trait `Debug`, but this is intentionally ignored during dead code analysis
[INFO] [stdout]   = note: `#[warn(dead_code)]` on by default
[INFO] [stdout] 
[INFO] [stdout] 
[INFO] [stdout] warning: field `struct_name` is never read
[INFO] [stdout]  --> src/de/de_row_tuple.rs:6:16
[INFO] [stdout]   |
[INFO] [stdout] 4 | pub struct DeRowTuple<'a> {
[INFO] [stdout]   |            ---------- field in this struct
[INFO] [stdout] 5 |     pub(super) de_row: &'a DeRow<'a>,
[INFO] [stdout] 6 |     pub(super) struct_name: Option<&'static str>,
[INFO] [stdout]   |                ^^^^^^^^^^^
[INFO] [stdout]   |
[INFO] [stdout]   = note: `DeRowTuple` has a derived impl for the trait `Debug`, but this is intentionally ignored during dead code analysis
[INFO] [stdout] 
[INFO] [stdout] 
[INFO] [stdout] warning: 2 warnings emitted
[INFO] [stdout] 
[INFO] [stdout] 
[INFO] [stderr] error: could not compile `serde-pgrow` (test "t13_record_from_json_field")
[INFO] [stderr] 
[INFO] [stderr] Caused by:
[INFO] [stderr]   process didn't exit successfully: `/opt/rustwide/rustup-home/toolchains/1.75.0-x86_64-unknown-linux-gnu/bin/rustc --crate-name t13_record_from_json_field --edition=2018 tests/t13_record_from_json_field.rs --error-format=json --json=diagnostic-rendered-ansi,artifacts,future-incompat --emit=dep-info,link -C embed-bitcode=no -C debuginfo=2 --test --cfg 'feature="default"' -C metadata=98756af6e748d7d0 -C extra-filename=-98756af6e748d7d0 --out-dir /opt/rustwide/target/debug/deps -L dependency=/opt/rustwide/target/debug/deps --extern eyre=/opt/rustwide/target/debug/deps/libeyre-5911821c60f68f33.rlib --extern futures=/opt/rustwide/target/debug/deps/libfutures-92923a34b87df49a.rlib --extern pretty_env_logger=/opt/rustwide/target/debug/deps/libpretty_env_logger-c9ef71d196d4f721.rlib --extern serde=/opt/rustwide/target/debug/deps/libserde-ef1e13b957d47659.rlib --extern serde_pgrow=/opt/rustwide/target/debug/deps/libserde_pgrow-d99811d1e379ecdb.rlib --extern serde_json=/opt/rustwide/target/debug/deps/libserde_json-3081eafbd7bb93fe.rlib --extern thiserror=/opt/rustwide/target/debug/deps/libthiserror-f7372993f04b5773.rlib --extern tokio=/opt/rustwide/target/debug/deps/libtokio-278ce49fb5654249.rlib --extern tokio_postgres=/opt/rustwide/target/debug/deps/libtokio_postgres-917cc7d23e110e66.rlib --cap-lints=warn` (signal: 9, SIGKILL: kill)
[INFO] [stderr] warning: build failed, waiting for other jobs to finish...
[INFO] [stdout] error: linking with `cc` failed: exit status: 1
[INFO] [stdout]   |
[INFO] [stdout]   = note: LC_ALL="C" PATH="/opt/rustwide/rustup-home/toolchains/1.75.0-x86_64-unknown-linux-gnu/lib/rustlib/x86_64-unknown-linux-gnu/bin:/opt/rustwide/cargo-home/bin:/usr/local/sbin:/usr/local/bin:/usr/sbin:/usr/bin:/sbin:/bin" VSLANG="1033" "cc" "-m64" "/tmp/rustcklcT9p/symbols.o" "/opt/rustwide/target/debug/examples/playground-ee963d3968cc1976.playground.5749fd4799eca9bd-cgu.0.rcgu.o" "/opt/rustwide/target/debug/examples/playground-ee963d3968cc1976.playground.5749fd4799eca9bd-cgu.1.rcgu.o" "/opt/rustwide/target/debug/examples/playground-ee963d3968cc1976.playground.5749fd4799eca9bd-cgu.2.rcgu.o" "/opt/rustwide/target/debug/examples/playground-ee963d3968cc1976.playground.5749fd4799eca9bd-cgu.3.rcgu.o" "/opt/rustwide/target/debug/examples/playground-ee963d3968cc1976.playground.5749fd4799eca9bd-cgu.4.rcgu.o" "/opt/rustwide/target/debug/examples/playground-ee963d3968cc1976.playground.5749fd4799eca9bd-cgu.5.rcgu.o" "/opt/rustwide/target/debug/examples/playground-ee963d3968cc1976.playground.5749fd4799eca9bd-cgu.6.rcgu.o" "/opt/rustwide/target/debug/examples/playground-ee963d3968cc1976.playground.5749fd4799eca9bd-cgu.7.rcgu.o" "/opt/rustwide/target/debug/examples/playground-ee963d3968cc1976.playground.5749fd4799eca9bd-cgu.8.rcgu.o" "/opt/rustwide/target/debug/examples/playground-ee963d3968cc1976.1zdsejballgt5ubb.rcgu.o" "-Wl,--as-needed" "-L" "/opt/rustwide/target/debug/deps" "-L" "/opt/rustwide/rustup-home/toolchains/1.75.0-x86_64-unknown-linux-gnu/lib/rustlib/x86_64-unknown-linux-gnu/lib" "-Wl,-Bstatic" "/opt/rustwide/target/debug/deps/libpretty_env_logger-c9ef71d196d4f721.rlib" "/opt/rustwide/target/debug/deps/libenv_logger-7d4088c376ad5b88.rlib" "/opt/rustwide/target/debug/deps/libtermcolor-0b747f5cb07b617d.rlib" "/opt/rustwide/target/debug/deps/libatty-548a2ad10cea0d05.rlib" "/opt/rustwide/target/debug/deps/libhumantime-ce043b5585f26040.rlib" "/opt/rustwide/target/debug/deps/libquick_error-e0931f21b2f0d487.rlib" "/opt/rustwide/target/debug/deps/libregex-96ab8d1608876c18.rlib" "/opt/rustwide/target/debug/deps/libaho_corasick-b8164b0c4f143ec7.rlib" "/opt/rustwide/target/debug/deps/libregex_syntax-df051bb3664d7987.rlib" "/opt/rustwide/target/debug/deps/libeyre-5911821c60f68f33.rlib" "/opt/rustwide/target/debug/deps/libindenter-38c3d05611f4024c.rlib" "/opt/rustwide/target/debug/deps/libtokio_postgres-917cc7d23e110e66.rlib" "/opt/rustwide/target/debug/deps/libphf-413d1c10ec61315f.rlib" "/opt/rustwide/target/debug/deps/libphf_shared-20e98f6c6fde42fa.rlib" "/opt/rustwide/target/debug/deps/libsiphasher-b7aec4849b6d3f09.rlib" "/opt/rustwide/target/debug/deps/libpercent_encoding-526c9d71c02fb5bb.rlib" "/opt/rustwide/target/debug/deps/libsocket2-4fba9ee28fa9eb48.rlib" "/opt/rustwide/target/debug/deps/libtokio_util-f68129d2a8525631.rlib" "/opt/rustwide/target/debug/deps/libtokio-278ce49fb5654249.rlib" "/opt/rustwide/target/debug/deps/libsignal_hook_registry-9ba59920ac40b301.rlib" "/opt/rustwide/target/debug/deps/libnum_cpus-27c3019301933816.rlib" "/opt/rustwide/target/debug/deps/libonce_cell-9b8fff2b8ecfc155.rlib" "/opt/rustwide/target/debug/deps/libmio-8d2fa13e30c54826.rlib" "/opt/rustwide/target/debug/deps/liblog-5a74203e6e19203f.rlib" "/opt/rustwide/target/debug/deps/libparking_lot-850d4941b49d4e4e.rlib" "/opt/rustwide/target/debug/deps/libparking_lot_core-b3b04d9da649fff0.rlib" "/opt/rustwide/target/debug/deps/libsmallvec-1430197a5a2f37e2.rlib" "/opt/rustwide/target/debug/deps/liblock_api-8584b7e78cda1071.rlib" "/opt/rustwide/target/debug/deps/libscopeguard-b35f5c652940acc2.rlib" "/opt/rustwide/target/debug/deps/libinstant-76a8238f066af930.rlib" "/opt/rustwide/target/debug/deps/libpostgres_types-fd4b58d8db5b264c.rlib" "/opt/rustwide/target/debug/deps/libpostgres_protocol-0bb6e9346b7ee205.rlib" "/opt/rustwide/target/debug/deps/libbase64-8ea64d3566a9d67e.rlib" "/opt/rustwide/target/debug/deps/libstringprep-7bc1c183335095a6.rlib" "/opt/rustwide/target/debug/deps/libunicode_normalization-de284a1e5f83e2f0.rlib" "/opt/rustwide/target/debug/deps/libtinyvec-691f5973303ac2f9.rlib" "/opt/rustwide/target/debug/deps/libtinyvec_macros-bfeb7a087f0273ce.rlib" "/opt/rustwide/target/debug/deps/libunicode_bidi-9190b604449d788c.rlib" "/opt/rustwide/target/debug/deps/libmatches-f26274ea58bc6e21.rlib" "/opt/rustwide/target/debug/deps/libsha2-ac8882f97139fcf5.rlib" "/opt/rustwide/target/debug/deps/libcpufeatures-0064c15baae88fe6.rlib" "/opt/rustwide/target/debug/deps/librand-c10f2f67738fe920.rlib" "/opt/rustwide/target/debug/deps/librand_chacha-153bc5e79c076dbc.rlib" "/opt/rustwide/target/debug/deps/libppv_lite86-d49859d9faa008ca.rlib" "/opt/rustwide/target/debug/deps/librand_core-ec2384bb1e432278.rlib" "/opt/rustwide/target/debug/deps/libgetrandom-95b7ad9349143332.rlib" "/opt/rustwide/target/debug/deps/liblibc-770ce17b6e1c044a.rlib" "/opt/rustwide/target/debug/deps/libcfg_if-61dc7a6799e72b18.rlib" "/opt/rustwide/target/debug/deps/libhmac-c318e5bc58ffaef6.rlib" "/opt/rustwide/target/debug/deps/libcrypto_mac-a2f67e4712acff3d.rlib" "/opt/rustwide/target/debug/deps/libsubtle-3bdbfab57f8cbe63.rlib" "/opt/rustwide/target/debug/deps/libmd5-8927b5415d09282b.rlib" "/opt/rustwide/target/debug/deps/libopaque_debug-15273823c1ba1453.rlib" "/opt/rustwide/target/debug/deps/libblock_buffer-cca17353e5328a75.rlib" "/opt/rustwide/target/debug/deps/libdigest-10d07b33e931fd59.rlib" "/opt/rustwide/target/debug/deps/libgeneric_array-07b9b851fc9aee30.rlib" "/opt/rustwide/target/debug/deps/libtypenum-6d59404dc7dca8b0.rlib" "/opt/rustwide/target/debug/deps/libfallible_iterator-015511a54302f7cf.rlib" "/opt/rustwide/target/debug/deps/libbytes-5e138d6842c3c4cd.rlib" "/opt/rustwide/target/debug/deps/libbyteorder-b7588b59c1d17615.rlib" "/opt/rustwide/target/debug/deps/libfutures-92923a34b87df49a.rlib" "/opt/rustwide/target/debug/deps/libfutures_executor-c8309b91e99b6676.rlib" "/opt/rustwide/target/debug/deps/libfutures_util-9b88df459b61b951.rlib" "/opt/rustwide/target/debug/deps/libmemchr-a2d79df1e1129cb1.rlib" "/opt/rustwide/target/debug/deps/libfutures_io-1b9832edfe28768d.rlib" "/opt/rustwide/target/debug/deps/libslab-6c66dd178426b4e4.rlib" "/opt/rustwide/target/debug/deps/libfutures_channel-a4821805c9e12048.rlib" "/opt/rustwide/target/debug/deps/libpin_project_lite-65baa47c822625a4.rlib" "/opt/rustwide/target/debug/deps/libfutures_sink-8fae870f76e99130.rlib" "/opt/rustwide/target/debug/deps/libfutures_task-bc1ffb09c0679528.rlib" "/opt/rustwide/target/debug/deps/libpin_utils-741f7d9d160e4a16.rlib" "/opt/rustwide/target/debug/deps/libfutures_core-31b7bd8b3feb888c.rlib" "/opt/rustwide/target/debug/deps/libserde_json-3081eafbd7bb93fe.rlib" "/opt/rustwide/target/debug/deps/libryu-aa04a306730705ee.rlib" "/opt/rustwide/target/debug/deps/libitoa-3f4173cfb1c86bd3.rlib" "/opt/rustwide/target/debug/deps/libserde-ef1e13b957d47659.rlib" "/opt/rustwide/rustup-home/toolchains/1.75.0-x86_64-unknown-linux-gnu/lib/rustlib/x86_64-unknown-linux-gnu/lib/libstd-90f6ddbf82de36ec.rlib" "/opt/rustwide/rustup-home/toolchains/1.75.0-x86_64-unknown-linux-gnu/lib/rustlib/x86_64-unknown-linux-gnu/lib/libpanic_unwind-480c41e9d4e1f677.rlib" "/opt/rustwide/rustup-home/toolchains/1.75.0-x86_64-unknown-linux-gnu/lib/rustlib/x86_64-unknown-linux-gnu/lib/libobject-db744c0ca03eed1d.rlib" "/opt/rustwide/rustup-home/toolchains/1.75.0-x86_64-unknown-linux-gnu/lib/rustlib/x86_64-unknown-linux-gnu/lib/libmemchr-8ba652dc7d4b285a.rlib" "/opt/rustwide/rustup-home/toolchains/1.75.0-x86_64-unknown-linux-gnu/lib/rustlib/x86_64-unknown-linux-gnu/lib/libaddr2line-d5f4520a9ebc0d58.rlib" "/opt/rustwide/rustup-home/toolchains/1.75.0-x86_64-unknown-linux-gnu/lib/rustlib/x86_64-unknown-linux-gnu/lib/libgimli-4ad84de58f0cb463.rlib" "/opt/rustwide/rustup-home/toolchains/1.75.0-x86_64-unknown-linux-gnu/lib/rustlib/x86_64-unknown-linux-gnu/lib/librustc_demangle-0d10aae2e0f38735.rlib" "/opt/rustwide/rustup-home/toolchains/1.75.0-x86_64-unknown-linux-gnu/lib/rustlib/x86_64-unknown-linux-gnu/lib/libstd_detect-0c17cff739e6745b.rlib" "/opt/rustwide/rustup-home/toolchains/1.75.0-x86_64-unknown-linux-gnu/lib/rustlib/x86_64-unknown-linux-gnu/lib/libhashbrown-b29e17139dde1aa8.rlib" "/opt/rustwide/rustup-home/toolchains/1.75.0-x86_64-unknown-linux-gnu/lib/rustlib/x86_64-unknown-linux-gnu/lib/librustc_std_workspace_alloc-1f975299829cc7bd.rlib" "/opt/rustwide/rustup-home/toolchains/1.75.0-x86_64-unknown-linux-gnu/lib/rustlib/x86_64-unknown-linux-gnu/lib/libminiz_oxide-86bae3bc3079f89b.rlib" "/opt/rustwide/rustup-home/toolchains/1.75.0-x86_64-unknown-linux-gnu/lib/rustlib/x86_64-unknown-linux-gnu/lib/libadler-321b82c30dffdf5f.rlib" "/opt/rustwide/rustup-home/toolchains/1.75.0-x86_64-unknown-linux-gnu/lib/rustlib/x86_64-unknown-linux-gnu/lib/libunwind-3dd8a6810a0bdfef.rlib" "/opt/rustwide/rustup-home/toolchains/1.75.0-x86_64-unknown-linux-gnu/lib/rustlib/x86_64-unknown-linux-gnu/lib/libcfg_if-eb39a61c0c879984.rlib" "/opt/rustwide/rustup-home/toolchains/1.75.0-x86_64-unknown-linux-gnu/lib/rustlib/x86_64-unknown-linux-gnu/lib/liblibc-aa769569f91c3548.rlib" "/opt/rustwide/rustup-home/toolchains/1.75.0-x86_64-unknown-linux-gnu/lib/rustlib/x86_64-unknown-linux-gnu/lib/liballoc-510a192a50a983ed.rlib" "/opt/rustwide/rustup-home/toolchains/1.75.0-x86_64-unknown-linux-gnu/lib/rustlib/x86_64-unknown-linux-gnu/lib/librustc_std_workspace_core-0577018320f99037.rlib" "/opt/rustwide/rustup-home/toolchains/1.75.0-x86_64-unknown-linux-gnu/lib/rustlib/x86_64-unknown-linux-gnu/lib/libcore-193cf992125ccd4c.rlib" "/opt/rustwide/rustup-home/toolchains/1.75.0-x86_64-unknown-linux-gnu/lib/rustlib/x86_64-unknown-linux-gnu/lib/libcompiler_builtins-8e138eaf26ebb4a8.rlib" "-Wl,-Bdynamic" "-lgcc_s" "-lutil" "-lrt" "-lpthread" "-lm" "-ldl" "-lc" "-Wl,--eh-frame-hdr" "-Wl,-z,noexecstack" "-L" "/opt/rustwide/rustup-home/toolchains/1.75.0-x86_64-unknown-linux-gnu/lib/rustlib/x86_64-unknown-linux-gnu/lib" "-o" "/opt/rustwide/target/debug/examples/playground-ee963d3968cc1976" "-Wl,--gc-sections" "-pie" "-Wl,-z,relro,-z,now" "-nodefaultlibs"
[INFO] [stdout]   = note: collect2: fatal error: ld terminated with signal 9 [Killed]
[INFO] [stdout]           compilation terminated.
[INFO] [stdout]           
[INFO] [stdout] 
[INFO] [stdout] 
[INFO] [stdout] error: aborting due to previous error
[INFO] [stdout] 
[INFO] [stdout] 
[INFO] [stderr] error: could not compile `serde-pgrow` (example "playground") due to 2 previous errors
[INFO] [stdout] error: linking with `cc` failed: exit status: 1
[INFO] [stdout]   |
[INFO] [stdout]   = note: LC_ALL="C" PATH="/opt/rustwide/rustup-home/toolchains/1.75.0-x86_64-unknown-linux-gnu/lib/rustlib/x86_64-unknown-linux-gnu/bin:/opt/rustwide/cargo-home/bin:/usr/local/sbin:/usr/local/bin:/usr/sbin:/usr/bin:/sbin:/bin" VSLANG="1033" "cc" "-m64" "/tmp/rustcXZ80MF/symbols.o" "/opt/rustwide/target/debug/deps/t02_prim_bool-4ec05551e68a05ab.t02_prim_bool.332cb3fa532d974e-cgu.0.rcgu.o" "/opt/rustwide/target/debug/deps/t02_prim_bool-4ec05551e68a05ab.t02_prim_bool.332cb3fa532d974e-cgu.1.rcgu.o" "/opt/rustwide/target/debug/deps/t02_prim_bool-4ec05551e68a05ab.t02_prim_bool.332cb3fa532d974e-cgu.2.rcgu.o" "/opt/rustwide/target/debug/deps/t02_prim_bool-4ec05551e68a05ab.t02_prim_bool.332cb3fa532d974e-cgu.3.rcgu.o" "/opt/rustwide/target/debug/deps/t02_prim_bool-4ec05551e68a05ab.t02_prim_bool.332cb3fa532d974e-cgu.4.rcgu.o" "/opt/rustwide/target/debug/deps/t02_prim_bool-4ec05551e68a05ab.t02_prim_bool.332cb3fa532d974e-cgu.5.rcgu.o" "/opt/rustwide/target/debug/deps/t02_prim_bool-4ec05551e68a05ab.t02_prim_bool.332cb3fa532d974e-cgu.6.rcgu.o" "/opt/rustwide/target/debug/deps/t02_prim_bool-4ec05551e68a05ab.t02_prim_bool.332cb3fa532d974e-cgu.7.rcgu.o" "/opt/rustwide/target/debug/deps/t02_prim_bool-4ec05551e68a05ab.t02_prim_bool.332cb3fa532d974e-cgu.8.rcgu.o" "/opt/rustwide/target/debug/deps/t02_prim_bool-4ec05551e68a05ab.4ytjh3td1s10ajmn.rcgu.o" "-Wl,--as-needed" "-L" "/opt/rustwide/target/debug/deps" "-L" "/opt/rustwide/rustup-home/toolchains/1.75.0-x86_64-unknown-linux-gnu/lib/rustlib/x86_64-unknown-linux-gnu/lib" "-Wl,-Bstatic" "/opt/rustwide/target/debug/deps/libpretty_env_logger-c9ef71d196d4f721.rlib" "/opt/rustwide/target/debug/deps/libenv_logger-7d4088c376ad5b88.rlib" "/opt/rustwide/target/debug/deps/libtermcolor-0b747f5cb07b617d.rlib" "/opt/rustwide/target/debug/deps/libatty-548a2ad10cea0d05.rlib" "/opt/rustwide/target/debug/deps/libhumantime-ce043b5585f26040.rlib" "/opt/rustwide/target/debug/deps/libquick_error-e0931f21b2f0d487.rlib" "/opt/rustwide/target/debug/deps/libregex-96ab8d1608876c18.rlib" "/opt/rustwide/target/debug/deps/libaho_corasick-b8164b0c4f143ec7.rlib" "/opt/rustwide/target/debug/deps/libregex_syntax-df051bb3664d7987.rlib" "/opt/rustwide/rustup-home/toolchains/1.75.0-x86_64-unknown-linux-gnu/lib/rustlib/x86_64-unknown-linux-gnu/lib/libtest-3df1bed8075ce1de.rlib" "/opt/rustwide/rustup-home/toolchains/1.75.0-x86_64-unknown-linux-gnu/lib/rustlib/x86_64-unknown-linux-gnu/lib/libgetopts-2076fd86b325cb5d.rlib" "/opt/rustwide/rustup-home/toolchains/1.75.0-x86_64-unknown-linux-gnu/lib/rustlib/x86_64-unknown-linux-gnu/lib/libunicode_width-caa7152ee70c190f.rlib" "/opt/rustwide/rustup-home/toolchains/1.75.0-x86_64-unknown-linux-gnu/lib/rustlib/x86_64-unknown-linux-gnu/lib/librustc_std_workspace_std-04e6425e07f02a3c.rlib" "/opt/rustwide/target/debug/deps/libserde_pgrow-d99811d1e379ecdb.rlib" "/opt/rustwide/target/debug/deps/libeyre-5911821c60f68f33.rlib" "/opt/rustwide/target/debug/deps/libindenter-38c3d05611f4024c.rlib" "/opt/rustwide/target/debug/deps/libthiserror-f7372993f04b5773.rlib" "/opt/rustwide/target/debug/deps/libtokio_postgres-917cc7d23e110e66.rlib" "/opt/rustwide/target/debug/deps/libphf-413d1c10ec61315f.rlib" "/opt/rustwide/target/debug/deps/libphf_shared-20e98f6c6fde42fa.rlib" "/opt/rustwide/target/debug/deps/libsiphasher-b7aec4849b6d3f09.rlib" "/opt/rustwide/target/debug/deps/libpercent_encoding-526c9d71c02fb5bb.rlib" "/opt/rustwide/target/debug/deps/libsocket2-4fba9ee28fa9eb48.rlib" "/opt/rustwide/target/debug/deps/libtokio_util-f68129d2a8525631.rlib" "/opt/rustwide/target/debug/deps/libtokio-278ce49fb5654249.rlib" "/opt/rustwide/target/debug/deps/libsignal_hook_registry-9ba59920ac40b301.rlib" "/opt/rustwide/target/debug/deps/libnum_cpus-27c3019301933816.rlib" "/opt/rustwide/target/debug/deps/libonce_cell-9b8fff2b8ecfc155.rlib" "/opt/rustwide/target/debug/deps/libmio-8d2fa13e30c54826.rlib" "/opt/rustwide/target/debug/deps/liblog-5a74203e6e19203f.rlib" "/opt/rustwide/target/debug/deps/libparking_lot-850d4941b49d4e4e.rlib" "/opt/rustwide/target/debug/deps/libparking_lot_core-b3b04d9da649fff0.rlib" "/opt/rustwide/target/debug/deps/libsmallvec-1430197a5a2f37e2.rlib" "/opt/rustwide/target/debug/deps/liblock_api-8584b7e78cda1071.rlib" "/opt/rustwide/target/debug/deps/libscopeguard-b35f5c652940acc2.rlib" "/opt/rustwide/target/debug/deps/libinstant-76a8238f066af930.rlib" "/opt/rustwide/target/debug/deps/libpostgres_types-fd4b58d8db5b264c.rlib" "/opt/rustwide/target/debug/deps/libserde_json-3081eafbd7bb93fe.rlib" "/opt/rustwide/target/debug/deps/libryu-aa04a306730705ee.rlib" "/opt/rustwide/target/debug/deps/libitoa-3f4173cfb1c86bd3.rlib" "/opt/rustwide/target/debug/deps/libpostgres_protocol-0bb6e9346b7ee205.rlib" "/opt/rustwide/target/debug/deps/libbase64-8ea64d3566a9d67e.rlib" "/opt/rustwide/target/debug/deps/libstringprep-7bc1c183335095a6.rlib" "/opt/rustwide/target/debug/deps/libunicode_normalization-de284a1e5f83e2f0.rlib" "/opt/rustwide/target/debug/deps/libtinyvec-691f5973303ac2f9.rlib" "/opt/rustwide/target/debug/deps/libtinyvec_macros-bfeb7a087f0273ce.rlib" "/opt/rustwide/target/debug/deps/libunicode_bidi-9190b604449d788c.rlib" "/opt/rustwide/target/debug/deps/libmatches-f26274ea58bc6e21.rlib" "/opt/rustwide/target/debug/deps/libsha2-ac8882f97139fcf5.rlib" "/opt/rustwide/target/debug/deps/libcpufeatures-0064c15baae88fe6.rlib" "/opt/rustwide/target/debug/deps/librand-c10f2f67738fe920.rlib" "/opt/rustwide/target/debug/deps/librand_chacha-153bc5e79c076dbc.rlib" "/opt/rustwide/target/debug/deps/libppv_lite86-d49859d9faa008ca.rlib" "/opt/rustwide/target/debug/deps/librand_core-ec2384bb1e432278.rlib" "/opt/rustwide/target/debug/deps/libgetrandom-95b7ad9349143332.rlib" "/opt/rustwide/target/debug/deps/liblibc-770ce17b6e1c044a.rlib" "/opt/rustwide/target/debug/deps/libcfg_if-61dc7a6799e72b18.rlib" "/opt/rustwide/target/debug/deps/libhmac-c318e5bc58ffaef6.rlib" "/opt/rustwide/target/debug/deps/libcrypto_mac-a2f67e4712acff3d.rlib" "/opt/rustwide/target/debug/deps/libsubtle-3bdbfab57f8cbe63.rlib" "/opt/rustwide/target/debug/deps/libmd5-8927b5415d09282b.rlib" "/opt/rustwide/target/debug/deps/libopaque_debug-15273823c1ba1453.rlib" "/opt/rustwide/target/debug/deps/libblock_buffer-cca17353e5328a75.rlib" "/opt/rustwide/target/debug/deps/libdigest-10d07b33e931fd59.rlib" "/opt/rustwide/target/debug/deps/libgeneric_array-07b9b851fc9aee30.rlib" "/opt/rustwide/target/debug/deps/libtypenum-6d59404dc7dca8b0.rlib" "/opt/rustwide/target/debug/deps/libfallible_iterator-015511a54302f7cf.rlib" "/opt/rustwide/target/debug/deps/libbytes-5e138d6842c3c4cd.rlib" "/opt/rustwide/target/debug/deps/libbyteorder-b7588b59c1d17615.rlib" "/opt/rustwide/target/debug/deps/libserde-ef1e13b957d47659.rlib" "/opt/rustwide/target/debug/deps/libfutures-92923a34b87df49a.rlib" "/opt/rustwide/target/debug/deps/libfutures_executor-c8309b91e99b6676.rlib" "/opt/rustwide/target/debug/deps/libfutures_util-9b88df459b61b951.rlib" "/opt/rustwide/target/debug/deps/libmemchr-a2d79df1e1129cb1.rlib" "/opt/rustwide/target/debug/deps/libfutures_io-1b9832edfe28768d.rlib" "/opt/rustwide/target/debug/deps/libslab-6c66dd178426b4e4.rlib" "/opt/rustwide/target/debug/deps/libfutures_channel-a4821805c9e12048.rlib" "/opt/rustwide/target/debug/deps/libpin_project_lite-65baa47c822625a4.rlib" "/opt/rustwide/target/debug/deps/libfutures_sink-8fae870f76e99130.rlib" "/opt/rustwide/target/debug/deps/libfutures_task-bc1ffb09c0679528.rlib" "/opt/rustwide/target/debug/deps/libpin_utils-741f7d9d160e4a16.rlib" "/opt/rustwide/target/debug/deps/libfutures_core-31b7bd8b3feb888c.rlib" "/opt/rustwide/rustup-home/toolchains/1.75.0-x86_64-unknown-linux-gnu/lib/rustlib/x86_64-unknown-linux-gnu/lib/libstd-90f6ddbf82de36ec.rlib" "/opt/rustwide/rustup-home/toolchains/1.75.0-x86_64-unknown-linux-gnu/lib/rustlib/x86_64-unknown-linux-gnu/lib/libpanic_unwind-480c41e9d4e1f677.rlib" "/opt/rustwide/rustup-home/toolchains/1.75.0-x86_64-unknown-linux-gnu/lib/rustlib/x86_64-unknown-linux-gnu/lib/libobject-db744c0ca03eed1d.rlib" "/opt/rustwide/rustup-home/toolchains/1.75.0-x86_64-unknown-linux-gnu/lib/rustlib/x86_64-unknown-linux-gnu/lib/libmemchr-8ba652dc7d4b285a.rlib" "/opt/rustwide/rustup-home/toolchains/1.75.0-x86_64-unknown-linux-gnu/lib/rustlib/x86_64-unknown-linux-gnu/lib/libaddr2line-d5f4520a9ebc0d58.rlib" "/opt/rustwide/rustup-home/toolchains/1.75.0-x86_64-unknown-linux-gnu/lib/rustlib/x86_64-unknown-linux-gnu/lib/libgimli-4ad84de58f0cb463.rlib" "/opt/rustwide/rustup-home/toolchains/1.75.0-x86_64-unknown-linux-gnu/lib/rustlib/x86_64-unknown-linux-gnu/lib/librustc_demangle-0d10aae2e0f38735.rlib" "/opt/rustwide/rustup-home/toolchains/1.75.0-x86_64-unknown-linux-gnu/lib/rustlib/x86_64-unknown-linux-gnu/lib/libstd_detect-0c17cff739e6745b.rlib" "/opt/rustwide/rustup-home/toolchains/1.75.0-x86_64-unknown-linux-gnu/lib/rustlib/x86_64-unknown-linux-gnu/lib/libhashbrown-b29e17139dde1aa8.rlib" "/opt/rustwide/rustup-home/toolchains/1.75.0-x86_64-unknown-linux-gnu/lib/rustlib/x86_64-unknown-linux-gnu/lib/librustc_std_workspace_alloc-1f975299829cc7bd.rlib" "/opt/rustwide/rustup-home/toolchains/1.75.0-x86_64-unknown-linux-gnu/lib/rustlib/x86_64-unknown-linux-gnu/lib/libminiz_oxide-86bae3bc3079f89b.rlib" "/opt/rustwide/rustup-home/toolchains/1.75.0-x86_64-unknown-linux-gnu/lib/rustlib/x86_64-unknown-linux-gnu/lib/libadler-321b82c30dffdf5f.rlib" "/opt/rustwide/rustup-home/toolchains/1.75.0-x86_64-unknown-linux-gnu/lib/rustlib/x86_64-unknown-linux-gnu/lib/libunwind-3dd8a6810a0bdfef.rlib" "/opt/rustwide/rustup-home/toolchains/1.75.0-x86_64-unknown-linux-gnu/lib/rustlib/x86_64-unknown-linux-gnu/lib/libcfg_if-eb39a61c0c879984.rlib" "/opt/rustwide/rustup-home/toolchains/1.75.0-x86_64-unknown-linux-gnu/lib/rustlib/x86_64-unknown-linux-gnu/lib/liblibc-aa769569f91c3548.rlib" "/opt/rustwide/rustup-home/toolchains/1.75.0-x86_64-unknown-linux-gnu/lib/rustlib/x86_64-unknown-linux-gnu/lib/liballoc-510a192a50a983ed.rlib" "/opt/rustwide/rustup-home/toolchains/1.75.0-x86_64-unknown-linux-gnu/lib/rustlib/x86_64-unknown-linux-gnu/lib/librustc_std_workspace_core-0577018320f99037.rlib" "/opt/rustwide/rustup-home/toolchains/1.75.0-x86_64-unknown-linux-gnu/lib/rustlib/x86_64-unknown-linux-gnu/lib/libcore-193cf992125ccd4c.rlib" "/opt/rustwide/rustup-home/toolchains/1.75.0-x86_64-unknown-linux-gnu/lib/rustlib/x86_64-unknown-linux-gnu/lib/libcompiler_builtins-8e138eaf26ebb4a8.rlib" "-Wl,-Bdynamic" "-lgcc_s" "-lutil" "-lrt" "-lpthread" "-lm" "-ldl" "-lc" "-Wl,--eh-frame-hdr" "-Wl,-z,noexecstack" "-L" "/opt/rustwide/rustup-home/toolchains/1.75.0-x86_64-unknown-linux-gnu/lib/rustlib/x86_64-unknown-linux-gnu/lib" "-o" "/opt/rustwide/target/debug/deps/t02_prim_bool-4ec05551e68a05ab" "-Wl,--gc-sections" "-pie" "-Wl,-z,relro,-z,now" "-nodefaultlibs"
[INFO] [stdout]   = note: collect2: fatal error: ld terminated with signal 9 [Killed]
[INFO] [stdout]           compilation terminated.
[INFO] [stdout]           
[INFO] [stdout] 
[INFO] [stdout] 
[INFO] [stdout] error: aborting due to previous error
[INFO] [stdout] 
[INFO] [stdout] 
[INFO] [stderr] error: could not compile `serde-pgrow` (test "t02_prim_bool") due to 2 previous errors
[INFO] [stdout] error: linking with `cc` failed: exit status: 1
[INFO] [stdout]   |
[INFO] [stdout]   = note: LC_ALL="C" PATH="/opt/rustwide/rustup-home/toolchains/1.75.0-x86_64-unknown-linux-gnu/lib/rustlib/x86_64-unknown-linux-gnu/bin:/opt/rustwide/cargo-home/bin:/usr/local/sbin:/usr/local/bin:/usr/sbin:/usr/bin:/sbin:/bin" VSLANG="1033" "cc" "-m64" "/tmp/rustcOmybs9/symbols.o" "/opt/rustwide/target/debug/deps/t05_floats-bfa84139d027e077.t05_floats.8aa2fd89e41fde8f-cgu.0.rcgu.o" "/opt/rustwide/target/debug/deps/t05_floats-bfa84139d027e077.t05_floats.8aa2fd89e41fde8f-cgu.1.rcgu.o" "/opt/rustwide/target/debug/deps/t05_floats-bfa84139d027e077.t05_floats.8aa2fd89e41fde8f-cgu.2.rcgu.o" "/opt/rustwide/target/debug/deps/t05_floats-bfa84139d027e077.t05_floats.8aa2fd89e41fde8f-cgu.3.rcgu.o" "/opt/rustwide/target/debug/deps/t05_floats-bfa84139d027e077.t05_floats.8aa2fd89e41fde8f-cgu.4.rcgu.o" "/opt/rustwide/target/debug/deps/t05_floats-bfa84139d027e077.t05_floats.8aa2fd89e41fde8f-cgu.5.rcgu.o" "/opt/rustwide/target/debug/deps/t05_floats-bfa84139d027e077.t05_floats.8aa2fd89e41fde8f-cgu.6.rcgu.o" "/opt/rustwide/target/debug/deps/t05_floats-bfa84139d027e077.t05_floats.8aa2fd89e41fde8f-cgu.7.rcgu.o" "/opt/rustwide/target/debug/deps/t05_floats-bfa84139d027e077.t05_floats.8aa2fd89e41fde8f-cgu.8.rcgu.o" "/opt/rustwide/target/debug/deps/t05_floats-bfa84139d027e077.3bclof6nzi7uz89b.rcgu.o" "-Wl,--as-needed" "-L" "/opt/rustwide/target/debug/deps" "-L" "/opt/rustwide/rustup-home/toolchains/1.75.0-x86_64-unknown-linux-gnu/lib/rustlib/x86_64-unknown-linux-gnu/lib" "-Wl,-Bstatic" "/opt/rustwide/target/debug/deps/libpretty_env_logger-c9ef71d196d4f721.rlib" "/opt/rustwide/target/debug/deps/libenv_logger-7d4088c376ad5b88.rlib" "/opt/rustwide/target/debug/deps/libtermcolor-0b747f5cb07b617d.rlib" "/opt/rustwide/target/debug/deps/libatty-548a2ad10cea0d05.rlib" "/opt/rustwide/target/debug/deps/libhumantime-ce043b5585f26040.rlib" "/opt/rustwide/target/debug/deps/libquick_error-e0931f21b2f0d487.rlib" "/opt/rustwide/target/debug/deps/libregex-96ab8d1608876c18.rlib" "/opt/rustwide/target/debug/deps/libaho_corasick-b8164b0c4f143ec7.rlib" "/opt/rustwide/target/debug/deps/libregex_syntax-df051bb3664d7987.rlib" "/opt/rustwide/rustup-home/toolchains/1.75.0-x86_64-unknown-linux-gnu/lib/rustlib/x86_64-unknown-linux-gnu/lib/libtest-3df1bed8075ce1de.rlib" "/opt/rustwide/rustup-home/toolchains/1.75.0-x86_64-unknown-linux-gnu/lib/rustlib/x86_64-unknown-linux-gnu/lib/libgetopts-2076fd86b325cb5d.rlib" "/opt/rustwide/rustup-home/toolchains/1.75.0-x86_64-unknown-linux-gnu/lib/rustlib/x86_64-unknown-linux-gnu/lib/libunicode_width-caa7152ee70c190f.rlib" "/opt/rustwide/rustup-home/toolchains/1.75.0-x86_64-unknown-linux-gnu/lib/rustlib/x86_64-unknown-linux-gnu/lib/librustc_std_workspace_std-04e6425e07f02a3c.rlib" "/opt/rustwide/target/debug/deps/libserde_pgrow-d99811d1e379ecdb.rlib" "/opt/rustwide/target/debug/deps/libeyre-5911821c60f68f33.rlib" "/opt/rustwide/target/debug/deps/libindenter-38c3d05611f4024c.rlib" "/opt/rustwide/target/debug/deps/libthiserror-f7372993f04b5773.rlib" "/opt/rustwide/target/debug/deps/libtokio_postgres-917cc7d23e110e66.rlib" "/opt/rustwide/target/debug/deps/libphf-413d1c10ec61315f.rlib" "/opt/rustwide/target/debug/deps/libphf_shared-20e98f6c6fde42fa.rlib" "/opt/rustwide/target/debug/deps/libsiphasher-b7aec4849b6d3f09.rlib" "/opt/rustwide/target/debug/deps/libpercent_encoding-526c9d71c02fb5bb.rlib" "/opt/rustwide/target/debug/deps/libsocket2-4fba9ee28fa9eb48.rlib" "/opt/rustwide/target/debug/deps/libtokio_util-f68129d2a8525631.rlib" "/opt/rustwide/target/debug/deps/libtokio-278ce49fb5654249.rlib" "/opt/rustwide/target/debug/deps/libsignal_hook_registry-9ba59920ac40b301.rlib" "/opt/rustwide/target/debug/deps/libnum_cpus-27c3019301933816.rlib" "/opt/rustwide/target/debug/deps/libonce_cell-9b8fff2b8ecfc155.rlib" "/opt/rustwide/target/debug/deps/libmio-8d2fa13e30c54826.rlib" "/opt/rustwide/target/debug/deps/liblog-5a74203e6e19203f.rlib" "/opt/rustwide/target/debug/deps/libparking_lot-850d4941b49d4e4e.rlib" "/opt/rustwide/target/debug/deps/libparking_lot_core-b3b04d9da649fff0.rlib" "/opt/rustwide/target/debug/deps/libsmallvec-1430197a5a2f37e2.rlib" "/opt/rustwide/target/debug/deps/liblock_api-8584b7e78cda1071.rlib" "/opt/rustwide/target/debug/deps/libscopeguard-b35f5c652940acc2.rlib" "/opt/rustwide/target/debug/deps/libinstant-76a8238f066af930.rlib" "/opt/rustwide/target/debug/deps/libpostgres_types-fd4b58d8db5b264c.rlib" "/opt/rustwide/target/debug/deps/libserde_json-3081eafbd7bb93fe.rlib" "/opt/rustwide/target/debug/deps/libryu-aa04a306730705ee.rlib" "/opt/rustwide/target/debug/deps/libitoa-3f4173cfb1c86bd3.rlib" "/opt/rustwide/target/debug/deps/libpostgres_protocol-0bb6e9346b7ee205.rlib" "/opt/rustwide/target/debug/deps/libbase64-8ea64d3566a9d67e.rlib" "/opt/rustwide/target/debug/deps/libstringprep-7bc1c183335095a6.rlib" "/opt/rustwide/target/debug/deps/libunicode_normalization-de284a1e5f83e2f0.rlib" "/opt/rustwide/target/debug/deps/libtinyvec-691f5973303ac2f9.rlib" "/opt/rustwide/target/debug/deps/libtinyvec_macros-bfeb7a087f0273ce.rlib" "/opt/rustwide/target/debug/deps/libunicode_bidi-9190b604449d788c.rlib" "/opt/rustwide/target/debug/deps/libmatches-f26274ea58bc6e21.rlib" "/opt/rustwide/target/debug/deps/libsha2-ac8882f97139fcf5.rlib" "/opt/rustwide/target/debug/deps/libcpufeatures-0064c15baae88fe6.rlib" "/opt/rustwide/target/debug/deps/librand-c10f2f67738fe920.rlib" "/opt/rustwide/target/debug/deps/librand_chacha-153bc5e79c076dbc.rlib" "/opt/rustwide/target/debug/deps/libppv_lite86-d49859d9faa008ca.rlib" "/opt/rustwide/target/debug/deps/librand_core-ec2384bb1e432278.rlib" "/opt/rustwide/target/debug/deps/libgetrandom-95b7ad9349143332.rlib" "/opt/rustwide/target/debug/deps/liblibc-770ce17b6e1c044a.rlib" "/opt/rustwide/target/debug/deps/libcfg_if-61dc7a6799e72b18.rlib" "/opt/rustwide/target/debug/deps/libhmac-c318e5bc58ffaef6.rlib" "/opt/rustwide/target/debug/deps/libcrypto_mac-a2f67e4712acff3d.rlib" "/opt/rustwide/target/debug/deps/libsubtle-3bdbfab57f8cbe63.rlib" "/opt/rustwide/target/debug/deps/libmd5-8927b5415d09282b.rlib" "/opt/rustwide/target/debug/deps/libopaque_debug-15273823c1ba1453.rlib" "/opt/rustwide/target/debug/deps/libblock_buffer-cca17353e5328a75.rlib" "/opt/rustwide/target/debug/deps/libdigest-10d07b33e931fd59.rlib" "/opt/rustwide/target/debug/deps/libgeneric_array-07b9b851fc9aee30.rlib" "/opt/rustwide/target/debug/deps/libtypenum-6d59404dc7dca8b0.rlib" "/opt/rustwide/target/debug/deps/libfallible_iterator-015511a54302f7cf.rlib" "/opt/rustwide/target/debug/deps/libbytes-5e138d6842c3c4cd.rlib" "/opt/rustwide/target/debug/deps/libbyteorder-b7588b59c1d17615.rlib" "/opt/rustwide/target/debug/deps/libserde-ef1e13b957d47659.rlib" "/opt/rustwide/target/debug/deps/libfutures-92923a34b87df49a.rlib" "/opt/rustwide/target/debug/deps/libfutures_executor-c8309b91e99b6676.rlib" "/opt/rustwide/target/debug/deps/libfutures_util-9b88df459b61b951.rlib" "/opt/rustwide/target/debug/deps/libmemchr-a2d79df1e1129cb1.rlib" "/opt/rustwide/target/debug/deps/libfutures_io-1b9832edfe28768d.rlib" "/opt/rustwide/target/debug/deps/libslab-6c66dd178426b4e4.rlib" "/opt/rustwide/target/debug/deps/libfutures_channel-a4821805c9e12048.rlib" "/opt/rustwide/target/debug/deps/libpin_project_lite-65baa47c822625a4.rlib" "/opt/rustwide/target/debug/deps/libfutures_sink-8fae870f76e99130.rlib" "/opt/rustwide/target/debug/deps/libfutures_task-bc1ffb09c0679528.rlib" "/opt/rustwide/target/debug/deps/libpin_utils-741f7d9d160e4a16.rlib" "/opt/rustwide/target/debug/deps/libfutures_core-31b7bd8b3feb888c.rlib" "/opt/rustwide/rustup-home/toolchains/1.75.0-x86_64-unknown-linux-gnu/lib/rustlib/x86_64-unknown-linux-gnu/lib/libstd-90f6ddbf82de36ec.rlib" "/opt/rustwide/rustup-home/toolchains/1.75.0-x86_64-unknown-linux-gnu/lib/rustlib/x86_64-unknown-linux-gnu/lib/libpanic_unwind-480c41e9d4e1f677.rlib" "/opt/rustwide/rustup-home/toolchains/1.75.0-x86_64-unknown-linux-gnu/lib/rustlib/x86_64-unknown-linux-gnu/lib/libobject-db744c0ca03eed1d.rlib" "/opt/rustwide/rustup-home/toolchains/1.75.0-x86_64-unknown-linux-gnu/lib/rustlib/x86_64-unknown-linux-gnu/lib/libmemchr-8ba652dc7d4b285a.rlib" "/opt/rustwide/rustup-home/toolchains/1.75.0-x86_64-unknown-linux-gnu/lib/rustlib/x86_64-unknown-linux-gnu/lib/libaddr2line-d5f4520a9ebc0d58.rlib" "/opt/rustwide/rustup-home/toolchains/1.75.0-x86_64-unknown-linux-gnu/lib/rustlib/x86_64-unknown-linux-gnu/lib/libgimli-4ad84de58f0cb463.rlib" "/opt/rustwide/rustup-home/toolchains/1.75.0-x86_64-unknown-linux-gnu/lib/rustlib/x86_64-unknown-linux-gnu/lib/librustc_demangle-0d10aae2e0f38735.rlib" "/opt/rustwide/rustup-home/toolchains/1.75.0-x86_64-unknown-linux-gnu/lib/rustlib/x86_64-unknown-linux-gnu/lib/libstd_detect-0c17cff739e6745b.rlib" "/opt/rustwide/rustup-home/toolchains/1.75.0-x86_64-unknown-linux-gnu/lib/rustlib/x86_64-unknown-linux-gnu/lib/libhashbrown-b29e17139dde1aa8.rlib" "/opt/rustwide/rustup-home/toolchains/1.75.0-x86_64-unknown-linux-gnu/lib/rustlib/x86_64-unknown-linux-gnu/lib/librustc_std_workspace_alloc-1f975299829cc7bd.rlib" "/opt/rustwide/rustup-home/toolchains/1.75.0-x86_64-unknown-linux-gnu/lib/rustlib/x86_64-unknown-linux-gnu/lib/libminiz_oxide-86bae3bc3079f89b.rlib" "/opt/rustwide/rustup-home/toolchains/1.75.0-x86_64-unknown-linux-gnu/lib/rustlib/x86_64-unknown-linux-gnu/lib/libadler-321b82c30dffdf5f.rlib" "/opt/rustwide/rustup-home/toolchains/1.75.0-x86_64-unknown-linux-gnu/lib/rustlib/x86_64-unknown-linux-gnu/lib/libunwind-3dd8a6810a0bdfef.rlib" "/opt/rustwide/rustup-home/toolchains/1.75.0-x86_64-unknown-linux-gnu/lib/rustlib/x86_64-unknown-linux-gnu/lib/libcfg_if-eb39a61c0c879984.rlib" "/opt/rustwide/rustup-home/toolchains/1.75.0-x86_64-unknown-linux-gnu/lib/rustlib/x86_64-unknown-linux-gnu/lib/liblibc-aa769569f91c3548.rlib" "/opt/rustwide/rustup-home/toolchains/1.75.0-x86_64-unknown-linux-gnu/lib/rustlib/x86_64-unknown-linux-gnu/lib/liballoc-510a192a50a983ed.rlib" "/opt/rustwide/rustup-home/toolchains/1.75.0-x86_64-unknown-linux-gnu/lib/rustlib/x86_64-unknown-linux-gnu/lib/librustc_std_workspace_core-0577018320f99037.rlib" "/opt/rustwide/rustup-home/toolchains/1.75.0-x86_64-unknown-linux-gnu/lib/rustlib/x86_64-unknown-linux-gnu/lib/libcore-193cf992125ccd4c.rlib" "/opt/rustwide/rustup-home/toolchains/1.75.0-x86_64-unknown-linux-gnu/lib/rustlib/x86_64-unknown-linux-gnu/lib/libcompiler_builtins-8e138eaf26ebb4a8.rlib" "-Wl,-Bdynamic" "-lgcc_s" "-lutil" "-lrt" "-lpthread" "-lm" "-ldl" "-lc" "-Wl,--eh-frame-hdr" "-Wl,-z,noexecstack" "-L" "/opt/rustwide/rustup-home/toolchains/1.75.0-x86_64-unknown-linux-gnu/lib/rustlib/x86_64-unknown-linux-gnu/lib" "-o" "/opt/rustwide/target/debug/deps/t05_floats-bfa84139d027e077" "-Wl,--gc-sections" "-pie" "-Wl,-z,relro,-z,now" "-nodefaultlibs"
[INFO] [stdout]   = note: collect2: fatal error: ld terminated with signal 9 [Killed]
[INFO] [stdout]           compilation terminated.
[INFO] [stdout]           
[INFO] [stdout] 
[INFO] [stdout] 
[INFO] [stdout] error: aborting due to previous error
[INFO] [stdout] 
[INFO] [stdout] 
[INFO] [stderr] error: could not compile `serde-pgrow` (test "t05_floats") due to 2 previous errors
[INFO] [stderr] error: could not compile `serde-pgrow` (test "t12_record_with_flatten")
[INFO] [stderr] 
[INFO] [stderr] Caused by:
[INFO] [stderr]   process didn't exit successfully: `/opt/rustwide/rustup-home/toolchains/1.75.0-x86_64-unknown-linux-gnu/bin/rustc --crate-name t12_record_with_flatten --edition=2018 tests/t12_record_with_flatten.rs --error-format=json --json=diagnostic-rendered-ansi,artifacts,future-incompat --emit=dep-info,link -C embed-bitcode=no -C debuginfo=2 --test --cfg 'feature="default"' -C metadata=fd49b2d62420c6bc -C extra-filename=-fd49b2d62420c6bc --out-dir /opt/rustwide/target/debug/deps -L dependency=/opt/rustwide/target/debug/deps --extern eyre=/opt/rustwide/target/debug/deps/libeyre-5911821c60f68f33.rlib --extern futures=/opt/rustwide/target/debug/deps/libfutures-92923a34b87df49a.rlib --extern pretty_env_logger=/opt/rustwide/target/debug/deps/libpretty_env_logger-c9ef71d196d4f721.rlib --extern serde=/opt/rustwide/target/debug/deps/libserde-ef1e13b957d47659.rlib --extern serde_pgrow=/opt/rustwide/target/debug/deps/libserde_pgrow-d99811d1e379ecdb.rlib --extern serde_json=/opt/rustwide/target/debug/deps/libserde_json-3081eafbd7bb93fe.rlib --extern thiserror=/opt/rustwide/target/debug/deps/libthiserror-f7372993f04b5773.rlib --extern tokio=/opt/rustwide/target/debug/deps/libtokio-278ce49fb5654249.rlib --extern tokio_postgres=/opt/rustwide/target/debug/deps/libtokio_postgres-917cc7d23e110e66.rlib --cap-lints=warn` (signal: 9, SIGKILL: kill)
[INFO] [stderr] error: could not compile `serde-pgrow` (test "t07_structs_with_prim_fields")
[INFO] [stderr] 
[INFO] [stderr] Caused by:
[INFO] [stderr]   process didn't exit successfully: `/opt/rustwide/rustup-home/toolchains/1.75.0-x86_64-unknown-linux-gnu/bin/rustc --crate-name t07_structs_with_prim_fields --edition=2018 tests/t07_structs_with_prim_fields.rs --error-format=json --json=diagnostic-rendered-ansi,artifacts,future-incompat --emit=dep-info,link -C embed-bitcode=no -C debuginfo=2 --test --cfg 'feature="default"' -C metadata=3fc4c9315fb3980f -C extra-filename=-3fc4c9315fb3980f --out-dir /opt/rustwide/target/debug/deps -L dependency=/opt/rustwide/target/debug/deps --extern eyre=/opt/rustwide/target/debug/deps/libeyre-5911821c60f68f33.rlib --extern futures=/opt/rustwide/target/debug/deps/libfutures-92923a34b87df49a.rlib --extern pretty_env_logger=/opt/rustwide/target/debug/deps/libpretty_env_logger-c9ef71d196d4f721.rlib --extern serde=/opt/rustwide/target/debug/deps/libserde-ef1e13b957d47659.rlib --extern serde_pgrow=/opt/rustwide/target/debug/deps/libserde_pgrow-d99811d1e379ecdb.rlib --extern serde_json=/opt/rustwide/target/debug/deps/libserde_json-3081eafbd7bb93fe.rlib --extern thiserror=/opt/rustwide/target/debug/deps/libthiserror-f7372993f04b5773.rlib --extern tokio=/opt/rustwide/target/debug/deps/libtokio-278ce49fb5654249.rlib --extern tokio_postgres=/opt/rustwide/target/debug/deps/libtokio_postgres-917cc7d23e110e66.rlib --cap-lints=warn` (signal: 9, SIGKILL: kill)
[INFO] [stderr] error: could not compile `serde-pgrow` (test "t08_structs_with_struct_fields")
[INFO] [stderr] 
[INFO] [stderr] Caused by:
[INFO] [stderr]   process didn't exit successfully: `/opt/rustwide/rustup-home/toolchains/1.75.0-x86_64-unknown-linux-gnu/bin/rustc --crate-name t08_structs_with_struct_fields --edition=2018 tests/t08_structs_with_struct_fields.rs --error-format=json --json=diagnostic-rendered-ansi,artifacts,future-incompat --emit=dep-info,link -C embed-bitcode=no -C debuginfo=2 --test --cfg 'feature="default"' -C metadata=a39cd8e67d11cd80 -C extra-filename=-a39cd8e67d11cd80 --out-dir /opt/rustwide/target/debug/deps -L dependency=/opt/rustwide/target/debug/deps --extern eyre=/opt/rustwide/target/debug/deps/libeyre-5911821c60f68f33.rlib --extern futures=/opt/rustwide/target/debug/deps/libfutures-92923a34b87df49a.rlib --extern pretty_env_logger=/opt/rustwide/target/debug/deps/libpretty_env_logger-c9ef71d196d4f721.rlib --extern serde=/opt/rustwide/target/debug/deps/libserde-ef1e13b957d47659.rlib --extern serde_pgrow=/opt/rustwide/target/debug/deps/libserde_pgrow-d99811d1e379ecdb.rlib --extern serde_json=/opt/rustwide/target/debug/deps/libserde_json-3081eafbd7bb93fe.rlib --extern thiserror=/opt/rustwide/target/debug/deps/libthiserror-f7372993f04b5773.rlib --extern tokio=/opt/rustwide/target/debug/deps/libtokio-278ce49fb5654249.rlib --extern tokio_postgres=/opt/rustwide/target/debug/deps/libtokio_postgres-917cc7d23e110e66.rlib --cap-lints=warn` (signal: 9, SIGKILL: kill)
[INFO] [stdout] error: linking with `cc` failed: exit status: 1
[INFO] [stdout]   |
[INFO] [stdout]   = note: LC_ALL="C" PATH="/opt/rustwide/rustup-home/toolchains/1.75.0-x86_64-unknown-linux-gnu/lib/rustlib/x86_64-unknown-linux-gnu/bin:/opt/rustwide/cargo-home/bin:/usr/local/sbin:/usr/local/bin:/usr/sbin:/usr/bin:/sbin:/bin" VSLANG="1033" "cc" "-m64" "/tmp/rustcSjYd52/symbols.o" "/opt/rustwide/target/debug/deps/t04_prim_unsigned_integer-1c5956095acc7e91.t04_prim_unsigned_integer.49189df8d33fc7eb-cgu.00.rcgu.o" "/opt/rustwide/target/debug/deps/t04_prim_unsigned_integer-1c5956095acc7e91.t04_prim_unsigned_integer.49189df8d33fc7eb-cgu.01.rcgu.o" "/opt/rustwide/target/debug/deps/t04_prim_unsigned_integer-1c5956095acc7e91.t04_prim_unsigned_integer.49189df8d33fc7eb-cgu.02.rcgu.o" "/opt/rustwide/target/debug/deps/t04_prim_unsigned_integer-1c5956095acc7e91.t04_prim_unsigned_integer.49189df8d33fc7eb-cgu.03.rcgu.o" "/opt/rustwide/target/debug/deps/t04_prim_unsigned_integer-1c5956095acc7e91.t04_prim_unsigned_integer.49189df8d33fc7eb-cgu.04.rcgu.o" "/opt/rustwide/target/debug/deps/t04_prim_unsigned_integer-1c5956095acc7e91.t04_prim_unsigned_integer.49189df8d33fc7eb-cgu.05.rcgu.o" "/opt/rustwide/target/debug/deps/t04_prim_unsigned_integer-1c5956095acc7e91.t04_prim_unsigned_integer.49189df8d33fc7eb-cgu.06.rcgu.o" "/opt/rustwide/target/debug/deps/t04_prim_unsigned_integer-1c5956095acc7e91.t04_prim_unsigned_integer.49189df8d33fc7eb-cgu.07.rcgu.o" "/opt/rustwide/target/debug/deps/t04_prim_unsigned_integer-1c5956095acc7e91.t04_prim_unsigned_integer.49189df8d33fc7eb-cgu.08.rcgu.o" "/opt/rustwide/target/debug/deps/t04_prim_unsigned_integer-1c5956095acc7e91.t04_prim_unsigned_integer.49189df8d33fc7eb-cgu.09.rcgu.o" "/opt/rustwide/target/debug/deps/t04_prim_unsigned_integer-1c5956095acc7e91.t04_prim_unsigned_integer.49189df8d33fc7eb-cgu.10.rcgu.o" "/opt/rustwide/target/debug/deps/t04_prim_unsigned_integer-1c5956095acc7e91.t04_prim_unsigned_integer.49189df8d33fc7eb-cgu.11.rcgu.o" "/opt/rustwide/target/debug/deps/t04_prim_unsigned_integer-1c5956095acc7e91.t04_prim_unsigned_integer.49189df8d33fc7eb-cgu.12.rcgu.o" "/opt/rustwide/target/debug/deps/t04_prim_unsigned_integer-1c5956095acc7e91.t04_prim_unsigned_integer.49189df8d33fc7eb-cgu.13.rcgu.o" "/opt/rustwide/target/debug/deps/t04_prim_unsigned_integer-1c5956095acc7e91.t04_prim_unsigned_integer.49189df8d33fc7eb-cgu.14.rcgu.o" "/opt/rustwide/target/debug/deps/t04_prim_unsigned_integer-1c5956095acc7e91.t04_prim_unsigned_integer.49189df8d33fc7eb-cgu.15.rcgu.o" "/opt/rustwide/target/debug/deps/t04_prim_unsigned_integer-1c5956095acc7e91.52zozhzdqyxm1oo0.rcgu.o" "-Wl,--as-needed" "-L" "/opt/rustwide/target/debug/deps" "-L" "/opt/rustwide/rustup-home/toolchains/1.75.0-x86_64-unknown-linux-gnu/lib/rustlib/x86_64-unknown-linux-gnu/lib" "-Wl,-Bstatic" "/opt/rustwide/target/debug/deps/libpretty_env_logger-c9ef71d196d4f721.rlib" "/opt/rustwide/target/debug/deps/libenv_logger-7d4088c376ad5b88.rlib" "/opt/rustwide/target/debug/deps/libtermcolor-0b747f5cb07b617d.rlib" "/opt/rustwide/target/debug/deps/libatty-548a2ad10cea0d05.rlib" "/opt/rustwide/target/debug/deps/libhumantime-ce043b5585f26040.rlib" "/opt/rustwide/target/debug/deps/libquick_error-e0931f21b2f0d487.rlib" "/opt/rustwide/target/debug/deps/libregex-96ab8d1608876c18.rlib" "/opt/rustwide/target/debug/deps/libaho_corasick-b8164b0c4f143ec7.rlib" "/opt/rustwide/target/debug/deps/libregex_syntax-df051bb3664d7987.rlib" "/opt/rustwide/rustup-home/toolchains/1.75.0-x86_64-unknown-linux-gnu/lib/rustlib/x86_64-unknown-linux-gnu/lib/libtest-3df1bed8075ce1de.rlib" "/opt/rustwide/rustup-home/toolchains/1.75.0-x86_64-unknown-linux-gnu/lib/rustlib/x86_64-unknown-linux-gnu/lib/libgetopts-2076fd86b325cb5d.rlib" "/opt/rustwide/rustup-home/toolchains/1.75.0-x86_64-unknown-linux-gnu/lib/rustlib/x86_64-unknown-linux-gnu/lib/libunicode_width-caa7152ee70c190f.rlib" "/opt/rustwide/rustup-home/toolchains/1.75.0-x86_64-unknown-linux-gnu/lib/rustlib/x86_64-unknown-linux-gnu/lib/librustc_std_workspace_std-04e6425e07f02a3c.rlib" "/opt/rustwide/target/debug/deps/libserde_pgrow-d99811d1e379ecdb.rlib" "/opt/rustwide/target/debug/deps/libeyre-5911821c60f68f33.rlib" "/opt/rustwide/target/debug/deps/libindenter-38c3d05611f4024c.rlib" "/opt/rustwide/target/debug/deps/libthiserror-f7372993f04b5773.rlib" "/opt/rustwide/target/debug/deps/libtokio_postgres-917cc7d23e110e66.rlib" "/opt/rustwide/target/debug/deps/libphf-413d1c10ec61315f.rlib" "/opt/rustwide/target/debug/deps/libphf_shared-20e98f6c6fde42fa.rlib" "/opt/rustwide/target/debug/deps/libsiphasher-b7aec4849b6d3f09.rlib" "/opt/rustwide/target/debug/deps/libpercent_encoding-526c9d71c02fb5bb.rlib" "/opt/rustwide/target/debug/deps/libsocket2-4fba9ee28fa9eb48.rlib" "/opt/rustwide/target/debug/deps/libtokio_util-f68129d2a8525631.rlib" "/opt/rustwide/target/debug/deps/libtokio-278ce49fb5654249.rlib" "/opt/rustwide/target/debug/deps/libsignal_hook_registry-9ba59920ac40b301.rlib" "/opt/rustwide/target/debug/deps/libnum_cpus-27c3019301933816.rlib" "/opt/rustwide/target/debug/deps/libonce_cell-9b8fff2b8ecfc155.rlib" "/opt/rustwide/target/debug/deps/libmio-8d2fa13e30c54826.rlib" "/opt/rustwide/target/debug/deps/liblog-5a74203e6e19203f.rlib" "/opt/rustwide/target/debug/deps/libparking_lot-850d4941b49d4e4e.rlib" "/opt/rustwide/target/debug/deps/libparking_lot_core-b3b04d9da649fff0.rlib" "/opt/rustwide/target/debug/deps/libsmallvec-1430197a5a2f37e2.rlib" "/opt/rustwide/target/debug/deps/liblock_api-8584b7e78cda1071.rlib" "/opt/rustwide/target/debug/deps/libscopeguard-b35f5c652940acc2.rlib" "/opt/rustwide/target/debug/deps/libinstant-76a8238f066af930.rlib" "/opt/rustwide/target/debug/deps/libpostgres_types-fd4b58d8db5b264c.rlib" "/opt/rustwide/target/debug/deps/libserde_json-3081eafbd7bb93fe.rlib" "/opt/rustwide/target/debug/deps/libryu-aa04a306730705ee.rlib" "/opt/rustwide/target/debug/deps/libitoa-3f4173cfb1c86bd3.rlib" "/opt/rustwide/target/debug/deps/libpostgres_protocol-0bb6e9346b7ee205.rlib" "/opt/rustwide/target/debug/deps/libbase64-8ea64d3566a9d67e.rlib" "/opt/rustwide/target/debug/deps/libstringprep-7bc1c183335095a6.rlib" "/opt/rustwide/target/debug/deps/libunicode_normalization-de284a1e5f83e2f0.rlib" "/opt/rustwide/target/debug/deps/libtinyvec-691f5973303ac2f9.rlib" "/opt/rustwide/target/debug/deps/libtinyvec_macros-bfeb7a087f0273ce.rlib" "/opt/rustwide/target/debug/deps/libunicode_bidi-9190b604449d788c.rlib" "/opt/rustwide/target/debug/deps/libmatches-f26274ea58bc6e21.rlib" "/opt/rustwide/target/debug/deps/libsha2-ac8882f97139fcf5.rlib" "/opt/rustwide/target/debug/deps/libcpufeatures-0064c15baae88fe6.rlib" "/opt/rustwide/target/debug/deps/librand-c10f2f67738fe920.rlib" "/opt/rustwide/target/debug/deps/librand_chacha-153bc5e79c076dbc.rlib" "/opt/rustwide/target/debug/deps/libppv_lite86-d49859d9faa008ca.rlib" "/opt/rustwide/target/debug/deps/librand_core-ec2384bb1e432278.rlib" "/opt/rustwide/target/debug/deps/libgetrandom-95b7ad9349143332.rlib" "/opt/rustwide/target/debug/deps/liblibc-770ce17b6e1c044a.rlib" "/opt/rustwide/target/debug/deps/libcfg_if-61dc7a6799e72b18.rlib" "/opt/rustwide/target/debug/deps/libhmac-c318e5bc58ffaef6.rlib" "/opt/rustwide/target/debug/deps/libcrypto_mac-a2f67e4712acff3d.rlib" "/opt/rustwide/target/debug/deps/libsubtle-3bdbfab57f8cbe63.rlib" "/opt/rustwide/target/debug/deps/libmd5-8927b5415d09282b.rlib" "/opt/rustwide/target/debug/deps/libopaque_debug-15273823c1ba1453.rlib" "/opt/rustwide/target/debug/deps/libblock_buffer-cca17353e5328a75.rlib" "/opt/rustwide/target/debug/deps/libdigest-10d07b33e931fd59.rlib" "/opt/rustwide/target/debug/deps/libgeneric_array-07b9b851fc9aee30.rlib" "/opt/rustwide/target/debug/deps/libtypenum-6d59404dc7dca8b0.rlib" "/opt/rustwide/target/debug/deps/libfallible_iterator-015511a54302f7cf.rlib" "/opt/rustwide/target/debug/deps/libbytes-5e138d6842c3c4cd.rlib" "/opt/rustwide/target/debug/deps/libbyteorder-b7588b59c1d17615.rlib" "/opt/rustwide/target/debug/deps/libserde-ef1e13b957d47659.rlib" "/opt/rustwide/target/debug/deps/libfutures-92923a34b87df49a.rlib" "/opt/rustwide/target/debug/deps/libfutures_executor-c8309b91e99b6676.rlib" "/opt/rustwide/target/debug/deps/libfutures_util-9b88df459b61b951.rlib" "/opt/rustwide/target/debug/deps/libmemchr-a2d79df1e1129cb1.rlib" "/opt/rustwide/target/debug/deps/libfutures_io-1b9832edfe28768d.rlib" "/opt/rustwide/target/debug/deps/libslab-6c66dd178426b4e4.rlib" "/opt/rustwide/target/debug/deps/libfutures_channel-a4821805c9e12048.rlib" "/opt/rustwide/target/debug/deps/libpin_project_lite-65baa47c822625a4.rlib" "/opt/rustwide/target/debug/deps/libfutures_sink-8fae870f76e99130.rlib" "/opt/rustwide/target/debug/deps/libfutures_task-bc1ffb09c0679528.rlib" "/opt/rustwide/target/debug/deps/libpin_utils-741f7d9d160e4a16.rlib" "/opt/rustwide/target/debug/deps/libfutures_core-31b7bd8b3feb888c.rlib" "/opt/rustwide/rustup-home/toolchains/1.75.0-x86_64-unknown-linux-gnu/lib/rustlib/x86_64-unknown-linux-gnu/lib/libstd-90f6ddbf82de36ec.rlib" "/opt/rustwide/rustup-home/toolchains/1.75.0-x86_64-unknown-linux-gnu/lib/rustlib/x86_64-unknown-linux-gnu/lib/libpanic_unwind-480c41e9d4e1f677.rlib" "/opt/rustwide/rustup-home/toolchains/1.75.0-x86_64-unknown-linux-gnu/lib/rustlib/x86_64-unknown-linux-gnu/lib/libobject-db744c0ca03eed1d.rlib" "/opt/rustwide/rustup-home/toolchains/1.75.0-x86_64-unknown-linux-gnu/lib/rustlib/x86_64-unknown-linux-gnu/lib/libmemchr-8ba652dc7d4b285a.rlib" "/opt/rustwide/rustup-home/toolchains/1.75.0-x86_64-unknown-linux-gnu/lib/rustlib/x86_64-unknown-linux-gnu/lib/libaddr2line-d5f4520a9ebc0d58.rlib" "/opt/rustwide/rustup-home/toolchains/1.75.0-x86_64-unknown-linux-gnu/lib/rustlib/x86_64-unknown-linux-gnu/lib/libgimli-4ad84de58f0cb463.rlib" "/opt/rustwide/rustup-home/toolchains/1.75.0-x86_64-unknown-linux-gnu/lib/rustlib/x86_64-unknown-linux-gnu/lib/librustc_demangle-0d10aae2e0f38735.rlib" "/opt/rustwide/rustup-home/toolchains/1.75.0-x86_64-unknown-linux-gnu/lib/rustlib/x86_64-unknown-linux-gnu/lib/libstd_detect-0c17cff739e6745b.rlib" "/opt/rustwide/rustup-home/toolchains/1.75.0-x86_64-unknown-linux-gnu/lib/rustlib/x86_64-unknown-linux-gnu/lib/libhashbrown-b29e17139dde1aa8.rlib" "/opt/rustwide/rustup-home/toolchains/1.75.0-x86_64-unknown-linux-gnu/lib/rustlib/x86_64-unknown-linux-gnu/lib/librustc_std_workspace_alloc-1f975299829cc7bd.rlib" "/opt/rustwide/rustup-home/toolchains/1.75.0-x86_64-unknown-linux-gnu/lib/rustlib/x86_64-unknown-linux-gnu/lib/libminiz_oxide-86bae3bc3079f89b.rlib" "/opt/rustwide/rustup-home/toolchains/1.75.0-x86_64-unknown-linux-gnu/lib/rustlib/x86_64-unknown-linux-gnu/lib/libadler-321b82c30dffdf5f.rlib" "/opt/rustwide/rustup-home/toolchains/1.75.0-x86_64-unknown-linux-gnu/lib/rustlib/x86_64-unknown-linux-gnu/lib/libunwind-3dd8a6810a0bdfef.rlib" "/opt/rustwide/rustup-home/toolchains/1.75.0-x86_64-unknown-linux-gnu/lib/rustlib/x86_64-unknown-linux-gnu/lib/libcfg_if-eb39a61c0c879984.rlib" "/opt/rustwide/rustup-home/toolchains/1.75.0-x86_64-unknown-linux-gnu/lib/rustlib/x86_64-unknown-linux-gnu/lib/liblibc-aa769569f91c3548.rlib" "/opt/rustwide/rustup-home/toolchains/1.75.0-x86_64-unknown-linux-gnu/lib/rustlib/x86_64-unknown-linux-gnu/lib/liballoc-510a192a50a983ed.rlib" "/opt/rustwide/rustup-home/toolchains/1.75.0-x86_64-unknown-linux-gnu/lib/rustlib/x86_64-unknown-linux-gnu/lib/librustc_std_workspace_core-0577018320f99037.rlib" "/opt/rustwide/rustup-home/toolchains/1.75.0-x86_64-unknown-linux-gnu/lib/rustlib/x86_64-unknown-linux-gnu/lib/libcore-193cf992125ccd4c.rlib" "/opt/rustwide/rustup-home/toolchains/1.75.0-x86_64-unknown-linux-gnu/lib/rustlib/x86_64-unknown-linux-gnu/lib/libcompiler_builtins-8e138eaf26ebb4a8.rlib" "-Wl,-Bdynamic" "-lgcc_s" "-lutil" "-lrt" "-lpthread" "-lm" "-ldl" "-lc" "-Wl,--eh-frame-hdr" "-Wl,-z,noexecstack" "-L" "/opt/rustwide/rustup-home/toolchains/1.75.0-x86_64-unknown-linux-gnu/lib/rustlib/x86_64-unknown-linux-gnu/lib" "-o" "/opt/rustwide/target/debug/deps/t04_prim_unsigned_integer-1c5956095acc7e91" "-Wl,--gc-sections" "-pie" "-Wl,-z,relro,-z,now" "-nodefaultlibs"
[INFO] [stdout]   = note: collect2: fatal error: ld terminated with signal 9 [Killed]
[INFO] [stdout]           compilation terminated.
[INFO] [stdout]           
[INFO] [stdout] 
[INFO] [stdout] 
[INFO] [stdout] error: aborting due to previous error
[INFO] [stdout] 
[INFO] [stdout] 
[INFO] [stderr] error: could not compile `serde-pgrow` (test "t04_prim_unsigned_integer") due to 2 previous errors
[INFO] running `Command { std: "docker" "inspect" "9b298f4649e14539ef3241b345b70fcd3001b14ce939e949bb3e71193b517953", kill_on_drop: false }`
[INFO] running `Command { std: "docker" "rm" "-f" "9b298f4649e14539ef3241b345b70fcd3001b14ce939e949bb3e71193b517953", kill_on_drop: false }`
[INFO] [stdout] 9b298f4649e14539ef3241b345b70fcd3001b14ce939e949bb3e71193b517953
