[INFO] fetching crate sequoia-sq 0.31.0...
[INFO] testing sequoia-sq-0.31.0 against 1.75.0 for beta-1.76-1
[INFO] extracting crate sequoia-sq 0.31.0 into /workspace/builds/worker-4-tc1/source
[INFO] validating manifest of crates.io crate sequoia-sq 0.31.0 on toolchain 1.75.0
[INFO] running `Command { std: CARGO_HOME="/workspace/cargo-home" RUSTUP_HOME="/workspace/rustup-home" "/workspace/cargo-home/bin/cargo" "+1.75.0" "metadata" "--manifest-path" "Cargo.toml" "--no-deps", kill_on_drop: false }`
[INFO] started tweaking crates.io crate sequoia-sq 0.31.0
[INFO] finished tweaking crates.io crate sequoia-sq 0.31.0
[INFO] tweaked toml for crates.io crate sequoia-sq 0.31.0 written to /workspace/builds/worker-4-tc1/source/Cargo.toml
[INFO] crate crates.io crate sequoia-sq 0.31.0 already has a lockfile, it will not be regenerated
[INFO] running `Command { std: CARGO_HOME="/workspace/cargo-home" RUSTUP_HOME="/workspace/rustup-home" "/workspace/cargo-home/bin/cargo" "+1.75.0" "fetch" "--manifest-path" "Cargo.toml", kill_on_drop: false }`
[INFO] [stderr]     Updating crates.io index
[INFO] [stderr]  Downloading crates ...
[INFO] [stderr]   Downloaded tempfile-fast v0.3.4
[INFO] [stderr]   Downloaded os_str_bytes v6.5.1
[INFO] [stderr]   Downloaded sec1 v0.7.2
[INFO] [stderr]   Downloaded ecdsa v0.16.7
[INFO] [stderr]   Downloaded pest_derive v2.7.0
[INFO] [stderr]   Downloaded x25519-dalek-ng v1.1.1
[INFO] [stderr]   Downloaded line-col v0.2.1
[INFO] [stderr]   Downloaded memsec v0.6.3
[INFO] [stderr]   Downloaded der v0.7.7
[INFO] [stderr]   Downloaded predicates-tree v1.0.7
[INFO] [stderr]   Downloaded dot-writer v0.1.3
[INFO] [stderr]   Downloaded async-trait v0.1.70
[INFO] [stderr]   Downloaded buffered-reader v1.2.0
[INFO] [stderr]   Downloaded pest v2.7.0
[INFO] [stderr]   Downloaded sha1collisiondetection v0.2.7
[INFO] [stderr]   Downloaded bstr v1.5.0
[INFO] [stderr]   Downloaded sequoia-openpgp v1.16.0
[INFO] [stderr]   Downloaded sequoia-cert-store v0.3.2
[INFO] [stderr]   Downloaded file_diff v1.0.0
[INFO] [stderr]   Downloaded clap v4.0.32
[INFO] [stderr]   Downloaded nettle v7.3.0
[INFO] [stderr]   Downloaded tera v1.19.0
[INFO] [stderr]   Downloaded crypto-bigint v0.5.2
[INFO] [stderr]   Downloaded elliptic-curve v0.13.5
[INFO] [stderr]   Downloaded trust-dns-client v0.22.0
[INFO] [stderr]   Downloaded cast5 v0.11.1
[INFO] [stderr]   Downloaded const-oid v0.9.3
[INFO] [stderr]   Downloaded clap_complete v4.0.7
[INFO] [stderr]   Downloaded pest_meta v2.7.0
[INFO] [stderr]   Downloaded sequoia-net v0.27.0
[INFO] [stderr]   Downloaded roadmap v0.5.0
[INFO] [stderr]   Downloaded serde-aux v4.2.0
[INFO] [stderr]   Downloaded ecb v0.1.1
[INFO] [stderr]   Downloaded roff v0.2.1
[INFO] [stderr]   Downloaded eax v0.5.0
[INFO] [stderr]   Downloaded assert_cmd v2.0.8
[INFO] [stderr]   Downloaded fd-lock v3.0.12
[INFO] [stderr]   Downloaded idea v0.5.1
[INFO] [stderr]   Downloaded pest_generator v2.7.0
[INFO] [stderr]   Downloaded cfb-mode v0.8.2
[INFO] [stderr]   Downloaded primeorder v0.13.2
[INFO] [stderr]   Downloaded predicates-core v1.0.5
[INFO] [stderr]   Downloaded clap_mangen v0.2.6
[INFO] [stderr]   Downloaded zbase32 v0.1.2
[INFO] [stderr]   Downloaded botan-sys v0.10.3
[INFO] [stderr]   Downloaded twofish v0.7.1
[INFO] [stderr]   Downloaded subplot-build v0.7.1
[INFO] [stderr]   Downloaded openpgp-cert-d v0.1.0
[INFO] [stderr]   Downloaded subplotlib-derive v0.7.1
[INFO] [stderr]   Downloaded enumber v0.3.0
[INFO] [stderr]   Downloaded sequoia-policy-config v0.6.0
[INFO] [stderr]   Downloaded win-crypto-ng v0.5.0
[INFO] [stderr]   Downloaded botan v0.10.3
[INFO] [stderr]   Downloaded sequoia-autocrypt v0.25.1
[INFO] [stderr]   Downloaded subplotlib v0.7.1
[INFO] [stderr]   Downloaded nettle-sys v2.2.0
[INFO] [stderr]   Downloaded subplot v0.7.1
[INFO] [stderr]   Downloaded pikchr v0.1.1
[INFO] [stderr]   Downloaded sequoia-wot v0.8.1
[INFO] running `Command { std: "docker" "create" "-v" "/var/lib/crater-agent-workspace/builds/worker-4-tc1/target:/opt/rustwide/target:rw,Z" "-v" "/var/lib/crater-agent-workspace/builds/worker-4-tc1/source:/opt/rustwide/workdir:ro,Z" "-v" "/var/lib/crater-agent-workspace/cargo-home:/opt/rustwide/cargo-home:ro,Z" "-v" "/var/lib/crater-agent-workspace/rustup-home:/opt/rustwide/rustup-home:ro,Z" "-e" "SOURCE_DIR=/opt/rustwide/workdir" "-e" "CARGO_TARGET_DIR=/opt/rustwide/target" "-e" "CARGO_HOME=/opt/rustwide/cargo-home" "-e" "RUSTUP_HOME=/opt/rustwide/rustup-home" "-w" "/opt/rustwide/workdir" "-m" "1610612736" "--user" "0:0" "--network" "none" "ghcr.io/rust-lang/crates-build-env/linux@sha256:2788e3201cd34a07e3172128adcd8b3090168a8e3bcc40d7c032b9dda1df7d1c" "/opt/rustwide/cargo-home/bin/cargo" "+1.75.0" "metadata" "--no-deps" "--format-version=1", kill_on_drop: false }`
[INFO] [stdout] afb79a4d44da61aca18d25850291ba618818629386dd55876b09dad50a1aa024
[INFO] running `Command { std: "docker" "start" "-a" "afb79a4d44da61aca18d25850291ba618818629386dd55876b09dad50a1aa024", kill_on_drop: false }`
[INFO] running `Command { std: "docker" "inspect" "afb79a4d44da61aca18d25850291ba618818629386dd55876b09dad50a1aa024", kill_on_drop: false }`
[INFO] running `Command { std: "docker" "rm" "-f" "afb79a4d44da61aca18d25850291ba618818629386dd55876b09dad50a1aa024", kill_on_drop: false }`
[INFO] [stdout] afb79a4d44da61aca18d25850291ba618818629386dd55876b09dad50a1aa024
[INFO] running `Command { std: "docker" "create" "-v" "/var/lib/crater-agent-workspace/builds/worker-4-tc1/target:/opt/rustwide/target:rw,Z" "-v" "/var/lib/crater-agent-workspace/builds/worker-4-tc1/source:/opt/rustwide/workdir:ro,Z" "-v" "/var/lib/crater-agent-workspace/cargo-home:/opt/rustwide/cargo-home:ro,Z" "-v" "/var/lib/crater-agent-workspace/rustup-home:/opt/rustwide/rustup-home:ro,Z" "-e" "SOURCE_DIR=/opt/rustwide/workdir" "-e" "CARGO_TARGET_DIR=/opt/rustwide/target" "-e" "CARGO_INCREMENTAL=0" "-e" "RUST_BACKTRACE=full" "-e" "RUSTFLAGS=--cap-lints=warn" "-e" "RUSTDOCFLAGS=--cap-lints=warn" "-e" "CARGO_HOME=/opt/rustwide/cargo-home" "-e" "RUSTUP_HOME=/opt/rustwide/rustup-home" "-w" "/opt/rustwide/workdir" "-m" "1610612736" "--user" "0:0" "--network" "none" "ghcr.io/rust-lang/crates-build-env/linux@sha256:2788e3201cd34a07e3172128adcd8b3090168a8e3bcc40d7c032b9dda1df7d1c" "/opt/rustwide/cargo-home/bin/cargo" "+1.75.0" "build" "--frozen" "--message-format=json", kill_on_drop: false }`
[INFO] [stdout] f96c53ec377977dd78e692dc175612873b8da3e006da8199887e0390510bfaac
[INFO] running `Command { std: "docker" "start" "-a" "f96c53ec377977dd78e692dc175612873b8da3e006da8199887e0390510bfaac", kill_on_drop: false }`
[INFO] [stderr]    Compiling libc v0.2.147
[INFO] [stderr]    Compiling proc-macro2 v1.0.63
[INFO] [stderr]    Compiling quote v1.0.29
[INFO] [stderr]    Compiling unicode-ident v1.0.10
[INFO] [stderr]    Compiling once_cell v1.18.0
[INFO] [stderr]    Compiling pkg-config v0.3.27
[INFO] [stderr]    Compiling io-lifetimes v1.0.11
[INFO] [stderr]    Compiling cc v1.0.79
[INFO] [stderr]    Compiling rustix v0.37.22
[INFO] [stderr]    Compiling linux-raw-sys v0.3.8
[INFO] [stderr]    Compiling syn v1.0.109
[INFO] [stderr]    Compiling indexmap v1.9.3
[INFO] [stderr]    Compiling smallvec v1.10.0
[INFO] [stderr]    Compiling regex-syntax v0.7.2
[INFO] [stderr]    Compiling pin-project-lite v0.2.10
[INFO] [stderr]    Compiling lock_api v0.4.10
[INFO] [stderr]    Compiling bytes v1.4.0
[INFO] [stderr]    Compiling futures-core v0.3.28
[INFO] [stderr]    Compiling parking_lot_core v0.9.8
[INFO] [stderr]    Compiling log v0.4.19
[INFO] [stderr]    Compiling tokio v1.29.1
[INFO] [stderr]    Compiling tinyvec_macros v0.1.1
[INFO] [stderr]    Compiling glob v0.3.1
[INFO] [stderr]    Compiling tinyvec v1.6.0
[INFO] [stderr]    Compiling futures-task v0.3.28
[INFO] [stderr]    Compiling crunchy v0.2.2
[INFO] [stderr]    Compiling tracing-core v0.1.31
[INFO] [stderr]    Compiling tempfile v3.6.0
[INFO] [stderr]    Compiling tiny-keccak v2.0.2
[INFO] [stderr]    Compiling siphasher v0.3.10
[INFO] [stderr]    Compiling futures-util v0.3.28
[INFO] [stderr]    Compiling unicode-bidi v0.3.13
[INFO] [stderr]    Compiling minimal-lexical v0.2.1
[INFO] [stderr]    Compiling thiserror v1.0.41
[INFO] [stderr]    Compiling clang-sys v1.6.1
[INFO] [stderr]    Compiling phf_shared v0.10.0
[INFO] [stderr]    Compiling libloading v0.7.4
[INFO] [stderr]    Compiling bindgen v0.63.0
[INFO] [stderr]    Compiling fixedbitset v0.4.2
[INFO] [stderr]    Compiling nom v7.1.3
[INFO] [stderr]    Compiling heck v0.4.1
[INFO] [stderr]    Compiling bit-vec v0.6.3
[INFO] [stderr]    Compiling new_debug_unreachable v1.0.4
[INFO] [stderr]    Compiling precomputed-hash v0.1.1
[INFO] [stderr]    Compiling petgraph v0.6.3
[INFO] [stderr]    Compiling itertools v0.10.5
[INFO] [stderr]    Compiling openssl-sys v0.9.90
[INFO] [stderr]    Compiling syn v2.0.23
[INFO] [stderr]    Compiling bit-set v0.5.3
[INFO] [stderr]    Compiling ena v0.14.2
[INFO] [stderr]    Compiling generic-array v0.14.7
[INFO] [stderr]    Compiling regex-syntax v0.6.29
[INFO] [stderr]    Compiling unicode-normalization v0.1.22
[INFO] [stderr]    Compiling itoa v1.0.8
[INFO] [stderr]    Compiling diff v0.1.13
[INFO] [stderr]    Compiling futures-channel v0.3.28
[INFO] [stderr]    Compiling rustc-hash v1.1.0
[INFO] [stderr]    Compiling peeking_take_while v0.1.2
[INFO] [stderr]    Compiling foreign-types-shared v0.1.1
[INFO] [stderr]    Compiling lalrpop-util v0.19.12
[INFO] [stderr]    Compiling lazycell v1.3.0
[INFO] [stderr]    Compiling openssl v0.10.55
[INFO] [stderr]    Compiling unicode-xid v0.2.4
[INFO] [stderr]    Compiling getrandom v0.2.10
[INFO] [stderr]    Compiling num_cpus v1.16.0
[INFO] [stderr]    Compiling mio v0.8.8
[INFO] [stderr]    Compiling socket2 v0.4.9
[INFO] [stderr]    Compiling dirs-sys-next v0.1.2
[INFO] [stderr]    Compiling regex v1.8.4
[INFO] [stderr]    Compiling dirs-next v2.0.0
[INFO] [stderr]    Compiling parking_lot v0.12.1
[INFO] [stderr]    Compiling term v0.7.0
[INFO] [stderr]    Compiling anyhow v1.0.71
[INFO] [stderr]    Compiling string_cache v0.8.7
[INFO] [stderr]    Compiling ascii-canvas v3.0.0
[INFO] [stderr]    Compiling shlex v1.1.0
[INFO] [stderr]    Compiling cexpr v0.6.0
[INFO] [stderr]    Compiling foreign-types v0.3.2
[INFO] [stderr]    Compiling bzip2-sys v0.1.11+1.0.8
[INFO] [stderr]    Compiling crc32fast v1.3.2
[INFO] [stderr]    Compiling fnv v1.0.7
[INFO] [stderr]    Compiling http v0.2.9
[INFO] [stderr]    Compiling futures-sink v0.3.28
[INFO] [stderr]    Compiling adler v1.0.2
[INFO] [stderr]    Compiling miniz_oxide v0.7.1
[INFO] [stderr]    Compiling proc-macro-error-attr v1.0.4
[INFO] [stderr]    Compiling httparse v1.8.0
[INFO] [stderr]    Compiling digest v0.9.0
[INFO] [stderr]    Compiling sha1collisiondetection v0.2.7
[INFO] [stderr]    Compiling rand_core v0.6.4
[INFO] [stderr]    Compiling proc-macro-error v1.0.4
[INFO] [stderr]    Compiling async-trait v0.1.70
[INFO] [stderr]    Compiling try-lock v0.2.4
[INFO] [stderr]    Compiling flate2 v1.0.26
[INFO] [stderr]    Compiling native-tls v0.2.11
[INFO] [stderr]    Compiling percent-encoding v2.3.0
[INFO] [stderr]    Compiling crossbeam-utils v0.8.16
[INFO] [stderr]    Compiling form_urlencoded v1.2.0
[INFO] [stderr]    Compiling is-terminal v0.4.7
[INFO] [stderr]    Compiling lalrpop v0.19.12
[INFO] [stderr]    Compiling http-body v0.4.5
[INFO] [stderr]    Compiling want v0.3.1
[INFO] [stderr]    Compiling rand_chacha v0.3.1
[INFO] [stderr]    Compiling ahash v0.7.6
[INFO] [stderr]    Compiling bzip2 v0.4.4
[INFO] [stderr]    Compiling idna v0.3.0
[INFO] [stderr]    Compiling idna v0.4.0
[INFO] [stderr]    Compiling xxhash-rust v0.8.6
[INFO] [stderr]    Compiling buffered-reader v1.2.0
[INFO] [stderr]    Compiling tower-service v0.3.2
[INFO] [stderr]    Compiling httpdate v1.0.2
[INFO] [stderr]    Compiling base64 v0.21.2
[INFO] [stderr]    Compiling openssl-probe v0.1.5
[INFO] [stderr]    Compiling memsec v0.6.3
[INFO] [stderr]    Compiling dyn-clone v1.0.11
[INFO] [stderr]    Compiling idna v0.2.3
[INFO] [stderr]    Compiling url v2.4.0
[INFO] [stderr]    Compiling hashbrown v0.12.3
[INFO] [stderr]    Compiling rand v0.8.5
[INFO] [stderr]    Compiling memoffset v0.9.0
[INFO] [stderr]    Compiling match_cfg v0.1.0
[INFO] [stderr]    Compiling futures-io v0.3.28
[INFO] [stderr]    Compiling os_str_bytes v6.5.1
[INFO] [stderr]    Compiling data-encoding v2.4.0
[INFO] [stderr]    Compiling ipnet v2.8.0
[INFO] [stderr]    Compiling clap_lex v0.3.0
[INFO] [stderr]    Compiling hostname v0.3.1
[INFO] [stderr]    Compiling terminal_size v0.2.6
[INFO] [stderr]    Compiling nibble_vec v0.1.0
[INFO] [stderr]    Compiling crossbeam-epoch v0.9.15
[INFO] [stderr]    Compiling quick-error v1.2.3
[INFO] [stderr]    Compiling time-core v0.1.0
[INFO] [stderr]    Compiling endian-type v0.1.2
[INFO] [stderr]    Compiling linked-hash-map v0.5.6
[INFO] [stderr]    Compiling resolv-conf v0.7.0
[INFO] [stderr]    Compiling time v0.3.20
[INFO] [stderr]    Compiling radix_trie v0.2.1
[INFO] [stderr]    Compiling num-traits v0.2.15
[INFO] [stderr]    Compiling roff v0.2.1
[INFO] [stderr]    Compiling lru-cache v0.1.2
[INFO] [stderr]    Compiling serde v1.0.166
[INFO] [stderr]    Compiling base64 v0.13.1
[INFO] [stderr]    Compiling vcpkg v0.2.15
[INFO] [stderr]    Compiling zbase32 v0.1.2
[INFO] [stderr]    Compiling crossbeam-channel v0.5.8
[INFO] [stderr]    Compiling time v0.1.45
[INFO] [stderr]    Compiling crossbeam-deque v0.8.3
[INFO] [stderr]    Compiling crossbeam-queue v0.3.8
[INFO] [stderr]    Compiling iana-time-zone v0.1.57
[INFO] [stderr]    Compiling dirs-sys v0.3.7
[INFO] [stderr]    Compiling dirs-sys v0.4.1
[INFO] [stderr]    Compiling hashlink v0.8.1
[INFO] [stderr]    Compiling rayon-core v1.11.0
[INFO] [stderr]    Compiling fd-lock v3.0.12
[INFO] [stderr]    Compiling dirs v4.0.0
[INFO] [stderr]    Compiling sequoia-policy-config v0.6.0
[INFO] [stderr]    Compiling fallible-iterator v0.2.0
[INFO] [stderr]    Compiling fallible-streaming-iterator v0.1.9
[INFO] [stderr]    Compiling bitflags v2.3.3
[INFO] [stderr]    Compiling crossbeam v0.8.2
[INFO] [stderr]    Compiling dirs v5.0.1
[INFO] [stderr]    Compiling serde_json v1.0.100
[INFO] [stderr]    Compiling rtoolbox v0.0.1
[INFO] [stderr]    Compiling dot-writer v0.1.3
[INFO] [stderr]    Compiling ryu v1.0.14
[INFO] [stderr]    Compiling libsqlite3-sys v0.26.0
[INFO] [stderr]    Compiling rayon v1.7.0
[INFO] [stderr]    Compiling chrono v0.4.26
[INFO] [stderr]    Compiling rpassword v7.2.0
[INFO] [stderr]    Compiling enum-as-inner v0.5.1
[INFO] [stderr]    Compiling clap_derive v4.0.21
[INFO] [stderr]    Compiling enumber v0.3.0
[INFO] [stderr]    Compiling tokio-macros v2.1.0
[INFO] [stderr]    Compiling tracing-attributes v0.1.26
[INFO] [stderr]    Compiling futures-macro v0.3.28
[INFO] [stderr]    Compiling thiserror-impl v1.0.41
[INFO] [stderr]    Compiling openssl-macros v0.1.1
[INFO] [stderr]    Compiling serde_derive v1.0.166
[INFO] [stderr]    Compiling rusqlite v0.29.0
[INFO] [stderr]    Compiling openpgp-cert-d v0.1.0
[INFO] [stderr]    Compiling tracing v0.1.37
[INFO] [stderr]    Compiling nettle-sys v2.2.0
[INFO] [stderr]    Compiling clap v4.0.32
[INFO] [stderr]    Compiling clap_complete v4.0.7
[INFO] [stderr]    Compiling clap_mangen v0.2.6
[INFO] [stderr]    Compiling sequoia-openpgp v1.16.0
[INFO] [stderr]    Compiling tokio-util v0.7.8
[INFO] [stderr]    Compiling trust-dns-proto v0.22.0
[INFO] [stderr]    Compiling tokio-native-tls v0.3.1
[INFO] [stderr]    Compiling h2 v0.3.20
[INFO] [stderr]    Compiling sequoia-wot v0.8.1
[INFO] [stderr]    Compiling toml v0.5.11
[INFO] [stderr]    Compiling hyper v0.14.27
[INFO] [stderr]    Compiling trust-dns-client v0.22.0
[INFO] [stderr]    Compiling trust-dns-resolver v0.22.0
[INFO] [stderr]    Compiling nettle v7.3.0
[INFO] [stderr]    Compiling hyper-tls v0.5.0
[INFO] [stderr]    Compiling sequoia-net v0.27.0
[INFO] [stderr]    Compiling sequoia-autocrypt v0.25.1
[INFO] [stderr]    Compiling sequoia-cert-store v0.3.2
[INFO] [stderr] error: could not compile `sequoia-openpgp` (lib)
[INFO] [stderr] 
[INFO] [stderr] Caused by:
[INFO] [stderr]   process didn't exit successfully: `/opt/rustwide/rustup-home/toolchains/1.75.0-x86_64-unknown-linux-gnu/bin/rustc --crate-name sequoia_openpgp --edition=2021 /opt/rustwide/cargo-home/registry/src/index.crates.io-6f17d22bba15001f/sequoia-openpgp-1.16.0/src/lib.rs --error-format=json --json=diagnostic-rendered-ansi,artifacts,future-incompat --crate-type lib --emit=dep-info,metadata,link -C embed-bitcode=no --cfg 'feature="bzip2"' --cfg 'feature="compression-bzip2"' --cfg 'feature="crypto-nettle"' --cfg 'feature="nettle"' -C metadata=3de066fde5578636 -C extra-filename=-3de066fde5578636 --out-dir /opt/rustwide/target/debug/deps -L dependency=/opt/rustwide/target/debug/deps --extern anyhow=/opt/rustwide/target/debug/deps/libanyhow-6ec77de324b5583f.rmeta --extern base64=/opt/rustwide/target/debug/deps/libbase64-4ae6d688b6a59d6a.rmeta --extern buffered_reader=/opt/rustwide/target/debug/deps/libbuffered_reader-250e2918dd1003c6.rmeta --extern bzip2=/opt/rustwide/target/debug/deps/libbzip2-7549d49b2ee036f2.rmeta --extern dyn_clone=/opt/rustwide/target/debug/deps/libdyn_clone-c008a26d1bd7d639.rmeta --extern idna=/opt/rustwide/target/debug/deps/libidna-b88b16256f94c1f5.rmeta --extern lalrpop_util=/opt/rustwide/target/debug/deps/liblalrpop_util-b1ccdb3c6f5ea6a1.rmeta --extern lazy_static=/opt/rustwide/target/debug/deps/liblazy_static-591486ebcb9a7ead.rmeta --extern libc=/opt/rustwide/target/debug/deps/liblibc-eb440e55dfb137ff.rmeta --extern memsec=/opt/rustwide/target/debug/deps/libmemsec-07e8b9743a03e8bb.rmeta --extern nettle=/opt/rustwide/target/debug/deps/libnettle-553dcd4f4d880a5d.rmeta --extern once_cell=/opt/rustwide/target/debug/deps/libonce_cell-865e1c5018a0303a.rmeta --extern regex=/opt/rustwide/target/debug/deps/libregex-e18f9057ae9b65dd.rmeta --extern regex_syntax=/opt/rustwide/target/debug/deps/libregex_syntax-0dc2d12e01b76027.rmeta --extern sha1collisiondetection=/opt/rustwide/target/debug/deps/libsha1collisiondetection-03863facd8263c50.rmeta --extern thiserror=/opt/rustwide/target/debug/deps/libthiserror-b40f132e70621cf0.rmeta --extern xxhash_rust=/opt/rustwide/target/debug/deps/libxxhash_rust-67ebd515bde5cf4d.rmeta --cap-lints allow --cap-lints=warn -L native=/opt/rustwide/target/debug/build/bzip2-sys-8a2d0ac469ea2edd/out/lib -L native=/usr/lib/x86_64-linux-gnu -L native=/usr/lib/x86_64-linux-gnu -L native=/usr/lib/x86_64-linux-gnu` (signal: 9, SIGKILL: kill)
[INFO] [stderr] warning: build failed, waiting for other jobs to finish...
[INFO] [stderr] error: could not compile `sequoia-openpgp` (lib)
[INFO] [stderr] 
[INFO] [stderr] Caused by:
[INFO] [stderr]   process didn't exit successfully: `/opt/rustwide/rustup-home/toolchains/1.75.0-x86_64-unknown-linux-gnu/bin/rustc --crate-name sequoia_openpgp --edition=2021 /opt/rustwide/cargo-home/registry/src/index.crates.io-6f17d22bba15001f/sequoia-openpgp-1.16.0/src/lib.rs --error-format=json --json=diagnostic-rendered-ansi,artifacts,future-incompat --crate-type lib --emit=dep-info,metadata,link -C embed-bitcode=no -C debuginfo=2 --cfg 'feature="bzip2"' --cfg 'feature="compression-bzip2"' --cfg 'feature="compression-deflate"' --cfg 'feature="crypto-nettle"' --cfg 'feature="flate2"' --cfg 'feature="nettle"' -C metadata=cb3f713c205d86f3 -C extra-filename=-cb3f713c205d86f3 --out-dir /opt/rustwide/target/debug/deps -L dependency=/opt/rustwide/target/debug/deps --extern anyhow=/opt/rustwide/target/debug/deps/libanyhow-6ec77de324b5583f.rmeta --extern base64=/opt/rustwide/target/debug/deps/libbase64-4ae6d688b6a59d6a.rmeta --extern buffered_reader=/opt/rustwide/target/debug/deps/libbuffered_reader-250e2918dd1003c6.rmeta --extern bzip2=/opt/rustwide/target/debug/deps/libbzip2-7549d49b2ee036f2.rmeta --extern dyn_clone=/opt/rustwide/target/debug/deps/libdyn_clone-c008a26d1bd7d639.rmeta --extern flate2=/opt/rustwide/target/debug/deps/libflate2-85f4e7f49a33e7b6.rmeta --extern idna=/opt/rustwide/target/debug/deps/libidna-b88b16256f94c1f5.rmeta --extern lalrpop_util=/opt/rustwide/target/debug/deps/liblalrpop_util-b1ccdb3c6f5ea6a1.rmeta --extern lazy_static=/opt/rustwide/target/debug/deps/liblazy_static-591486ebcb9a7ead.rmeta --extern libc=/opt/rustwide/target/debug/deps/liblibc-eb440e55dfb137ff.rmeta --extern memsec=/opt/rustwide/target/debug/deps/libmemsec-07e8b9743a03e8bb.rmeta --extern nettle=/opt/rustwide/target/debug/deps/libnettle-553dcd4f4d880a5d.rmeta --extern once_cell=/opt/rustwide/target/debug/deps/libonce_cell-865e1c5018a0303a.rmeta --extern regex=/opt/rustwide/target/debug/deps/libregex-e18f9057ae9b65dd.rmeta --extern regex_syntax=/opt/rustwide/target/debug/deps/libregex_syntax-0dc2d12e01b76027.rmeta --extern sha1collisiondetection=/opt/rustwide/target/debug/deps/libsha1collisiondetection-03863facd8263c50.rmeta --extern thiserror=/opt/rustwide/target/debug/deps/libthiserror-b40f132e70621cf0.rmeta --extern xxhash_rust=/opt/rustwide/target/debug/deps/libxxhash_rust-67ebd515bde5cf4d.rmeta --cap-lints allow --cap-lints=warn -L native=/opt/rustwide/target/debug/build/bzip2-sys-8a2d0ac469ea2edd/out/lib -L native=/usr/lib/x86_64-linux-gnu -L native=/usr/lib/x86_64-linux-gnu -L native=/usr/lib/x86_64-linux-gnu` (signal: 9, SIGKILL: kill)
[INFO] running `Command { std: "docker" "inspect" "f96c53ec377977dd78e692dc175612873b8da3e006da8199887e0390510bfaac", kill_on_drop: false }`
[INFO] running `Command { std: "docker" "rm" "-f" "f96c53ec377977dd78e692dc175612873b8da3e006da8199887e0390510bfaac", kill_on_drop: false }`
[INFO] [stdout] f96c53ec377977dd78e692dc175612873b8da3e006da8199887e0390510bfaac
[INFO] testing sequoia-sq-0.31.0 against beta-2023-12-22 for beta-1.76-1
[INFO] extracting crate sequoia-sq 0.31.0 into /workspace/builds/worker-4-tc2/source
[INFO] validating manifest of crates.io crate sequoia-sq 0.31.0 on toolchain beta-2023-12-22
[INFO] running `Command { std: CARGO_HOME="/workspace/cargo-home" RUSTUP_HOME="/workspace/rustup-home" "/workspace/cargo-home/bin/cargo" "+beta-2023-12-22" "metadata" "--manifest-path" "Cargo.toml" "--no-deps", kill_on_drop: false }`
[INFO] started tweaking crates.io crate sequoia-sq 0.31.0
[INFO] finished tweaking crates.io crate sequoia-sq 0.31.0
[INFO] tweaked toml for crates.io crate sequoia-sq 0.31.0 written to /workspace/builds/worker-4-tc2/source/Cargo.toml
[INFO] crate crates.io crate sequoia-sq 0.31.0 already has a lockfile, it will not be regenerated
[INFO] running `Command { std: CARGO_HOME="/workspace/cargo-home" RUSTUP_HOME="/workspace/rustup-home" "/workspace/cargo-home/bin/cargo" "+beta-2023-12-22" "fetch" "--manifest-path" "Cargo.toml", kill_on_drop: false }`
[INFO] running `Command { std: "docker" "create" "-v" "/var/lib/crater-agent-workspace/builds/worker-4-tc2/target:/opt/rustwide/target:rw,Z" "-v" "/var/lib/crater-agent-workspace/builds/worker-4-tc2/source:/opt/rustwide/workdir:ro,Z" "-v" "/var/lib/crater-agent-workspace/cargo-home:/opt/rustwide/cargo-home:ro,Z" "-v" "/var/lib/crater-agent-workspace/rustup-home:/opt/rustwide/rustup-home:ro,Z" "-e" "SOURCE_DIR=/opt/rustwide/workdir" "-e" "CARGO_TARGET_DIR=/opt/rustwide/target" "-e" "CARGO_HOME=/opt/rustwide/cargo-home" "-e" "RUSTUP_HOME=/opt/rustwide/rustup-home" "-w" "/opt/rustwide/workdir" "-m" "1610612736" "--user" "0:0" "--network" "none" "ghcr.io/rust-lang/crates-build-env/linux@sha256:2788e3201cd34a07e3172128adcd8b3090168a8e3bcc40d7c032b9dda1df7d1c" "/opt/rustwide/cargo-home/bin/cargo" "+beta-2023-12-22" "metadata" "--no-deps" "--format-version=1", kill_on_drop: false }`
[INFO] [stdout] 3c73cc70004fa333848c94cb83a6bddff9a42b58af9c143456f5d168b6a181f3
[INFO] running `Command { std: "docker" "start" "-a" "3c73cc70004fa333848c94cb83a6bddff9a42b58af9c143456f5d168b6a181f3", kill_on_drop: false }`
[INFO] running `Command { std: "docker" "inspect" "3c73cc70004fa333848c94cb83a6bddff9a42b58af9c143456f5d168b6a181f3", kill_on_drop: false }`
[INFO] running `Command { std: "docker" "rm" "-f" "3c73cc70004fa333848c94cb83a6bddff9a42b58af9c143456f5d168b6a181f3", kill_on_drop: false }`
[INFO] [stdout] 3c73cc70004fa333848c94cb83a6bddff9a42b58af9c143456f5d168b6a181f3
[INFO] running `Command { std: "docker" "create" "-v" "/var/lib/crater-agent-workspace/builds/worker-4-tc2/target:/opt/rustwide/target:rw,Z" "-v" "/var/lib/crater-agent-workspace/builds/worker-4-tc2/source:/opt/rustwide/workdir:ro,Z" "-v" "/var/lib/crater-agent-workspace/cargo-home:/opt/rustwide/cargo-home:ro,Z" "-v" "/var/lib/crater-agent-workspace/rustup-home:/opt/rustwide/rustup-home:ro,Z" "-e" "SOURCE_DIR=/opt/rustwide/workdir" "-e" "CARGO_TARGET_DIR=/opt/rustwide/target" "-e" "CARGO_INCREMENTAL=0" "-e" "RUST_BACKTRACE=full" "-e" "RUSTFLAGS=--cap-lints=warn" "-e" "RUSTDOCFLAGS=--cap-lints=warn" "-e" "CARGO_HOME=/opt/rustwide/cargo-home" "-e" "RUSTUP_HOME=/opt/rustwide/rustup-home" "-w" "/opt/rustwide/workdir" "-m" "1610612736" "--user" "0:0" "--network" "none" "ghcr.io/rust-lang/crates-build-env/linux@sha256:2788e3201cd34a07e3172128adcd8b3090168a8e3bcc40d7c032b9dda1df7d1c" "/opt/rustwide/cargo-home/bin/cargo" "+beta-2023-12-22" "build" "--frozen" "--message-format=json", kill_on_drop: false }`
[INFO] [stdout] 417cd16a6ba0d2dbdc73c22c74df99649884aa3469f62ebeb6e653966c4e66de
[INFO] running `Command { std: "docker" "start" "-a" "417cd16a6ba0d2dbdc73c22c74df99649884aa3469f62ebeb6e653966c4e66de", kill_on_drop: false }`
[INFO] [stderr]    Compiling libc v0.2.147
[INFO] [stderr]    Compiling proc-macro2 v1.0.63
[INFO] [stderr]    Compiling quote v1.0.29
[INFO] [stderr]    Compiling unicode-ident v1.0.10
[INFO] [stderr]    Compiling once_cell v1.18.0
[INFO] [stderr]    Compiling pkg-config v0.3.27
[INFO] [stderr]    Compiling io-lifetimes v1.0.11
[INFO] [stderr]    Compiling cc v1.0.79
[INFO] [stderr]    Compiling rustix v0.37.22
[INFO] [stderr]    Compiling linux-raw-sys v0.3.8
[INFO] [stderr]    Compiling syn v1.0.109
[INFO] [stderr]    Compiling indexmap v1.9.3
[INFO] [stderr]    Compiling smallvec v1.10.0
[INFO] [stderr]    Compiling regex-syntax v0.7.2
[INFO] [stderr]    Compiling pin-project-lite v0.2.10
[INFO] [stderr]    Compiling lock_api v0.4.10
[INFO] [stderr]    Compiling bytes v1.4.0
[INFO] [stderr]    Compiling parking_lot_core v0.9.8
[INFO] [stderr]    Compiling futures-core v0.3.28
[INFO] [stderr]    Compiling log v0.4.19
[INFO] [stderr]    Compiling tokio v1.29.1
[INFO] [stderr]    Compiling glob v0.3.1
[INFO] [stderr]    Compiling tinyvec_macros v0.1.1
[INFO] [stderr]    Compiling tinyvec v1.6.0
[INFO] [stderr]    Compiling futures-task v0.3.28
[INFO] [stderr]    Compiling crunchy v0.2.2
[INFO] [stderr]    Compiling tracing-core v0.1.31
[INFO] [stderr]    Compiling tempfile v3.6.0
[INFO] [stderr]    Compiling futures-util v0.3.28
[INFO] [stderr]    Compiling unicode-bidi v0.3.13
[INFO] [stderr]    Compiling tiny-keccak v2.0.2
[INFO] [stderr]    Compiling siphasher v0.3.10
[INFO] [stderr]    Compiling thiserror v1.0.41
[INFO] [stderr]    Compiling minimal-lexical v0.2.1
[INFO] [stderr]    Compiling clang-sys v1.6.1
[INFO] [stderr]    Compiling phf_shared v0.10.0
[INFO] [stderr]    Compiling libloading v0.7.4
[INFO] [stderr]    Compiling new_debug_unreachable v1.0.4
[INFO] [stderr]    Compiling precomputed-hash v0.1.1
[INFO] [stderr]    Compiling bit-vec v0.6.3
[INFO] [stderr]    Compiling bindgen v0.63.0
[INFO] [stderr]    Compiling syn v2.0.23
[INFO] [stderr]    Compiling nom v7.1.3
[INFO] [stderr]    Compiling heck v0.4.1
[INFO] [stderr]    Compiling fixedbitset v0.4.2
[INFO] [stderr]    Compiling bit-set v0.5.3
[INFO] [stderr]    Compiling itertools v0.10.5
[INFO] [stderr]    Compiling ena v0.14.2
[INFO] [stderr]    Compiling petgraph v0.6.3
[INFO] [stderr]    Compiling unicode-normalization v0.1.22
[INFO] [stderr]    Compiling generic-array v0.14.7
[INFO] [stderr]    Compiling openssl v0.10.55
[INFO] [stderr]    Compiling diff v0.1.13
[INFO] [stderr]    Compiling lalrpop-util v0.19.12
[INFO] [stderr]    Compiling rustc-hash v1.1.0
[INFO] [stderr]    Compiling openssl-sys v0.9.90
[INFO] [stderr]    Compiling itoa v1.0.8
[INFO] [stderr]    Compiling unicode-xid v0.2.4
[INFO] [stderr]    Compiling shlex v1.1.0
[INFO] [stderr]    Compiling foreign-types-shared v0.1.1
[INFO] [stderr]    Compiling regex-syntax v0.6.29
[INFO] [stderr]    Compiling futures-channel v0.3.28
[INFO] [stderr]    Compiling peeking_take_while v0.1.2
[INFO] [stderr]    Compiling lazycell v1.3.0
[INFO] [stderr]    Compiling anyhow v1.0.71
[INFO] [stderr]    Compiling foreign-types v0.3.2
[INFO] [stderr]    Compiling getrandom v0.2.10
[INFO] [stderr]    Compiling num_cpus v1.16.0
[INFO] [stderr]    Compiling mio v0.8.8
[INFO] [stderr]    Compiling dirs-sys-next v0.1.2
[INFO] [stderr]    Compiling socket2 v0.4.9
[INFO] [stderr]    Compiling dirs-next v2.0.0
[INFO] [stderr]    Compiling regex v1.8.4
[INFO] [stderr]    Compiling parking_lot v0.12.1
[INFO] [stderr]    Compiling term v0.7.0
[INFO] [stderr]    Compiling string_cache v0.8.7
[INFO] [stderr]    Compiling bzip2-sys v0.1.11+1.0.8
[INFO] [stderr]    Compiling crc32fast v1.3.2
[INFO] [stderr]    Compiling ascii-canvas v3.0.0
[INFO] [stderr]    Compiling fnv v1.0.7
[INFO] [stderr]    Compiling http v0.2.9
[INFO] [stderr]    Compiling adler v1.0.2
[INFO] [stderr]    Compiling futures-sink v0.3.28
[INFO] [stderr]    Compiling cexpr v0.6.0
[INFO] [stderr]    Compiling miniz_oxide v0.7.1
[INFO] [stderr]    Compiling digest v0.9.0
[INFO] [stderr]    Compiling proc-macro-error-attr v1.0.4
[INFO] [stderr]    Compiling httparse v1.8.0
[INFO] [stderr]    Compiling sha1collisiondetection v0.2.7
[INFO] [stderr]    Compiling rand_core v0.6.4
[INFO] [stderr]    Compiling proc-macro-error v1.0.4
[INFO] [stderr]    Compiling flate2 v1.0.26
[INFO] [stderr]    Compiling async-trait v0.1.70
[INFO] [stderr]    Compiling percent-encoding v2.3.0
[INFO] [stderr]    Compiling try-lock v0.2.4
[INFO] [stderr]    Compiling native-tls v0.2.11
[INFO] [stderr]    Compiling crossbeam-utils v0.8.16
[INFO] [stderr]    Compiling rand_chacha v0.3.1
[INFO] [stderr]    Compiling is-terminal v0.4.7
[INFO] [stderr]    Compiling lalrpop v0.19.12
[INFO] [stderr]    Compiling bzip2 v0.4.4
[INFO] [stderr]    Compiling want v0.3.1
[INFO] [stderr]    Compiling form_urlencoded v1.2.0
[INFO] [stderr]    Compiling http-body v0.4.5
[INFO] [stderr]    Compiling buffered-reader v1.2.0
[INFO] [stderr]    Compiling ahash v0.7.6
[INFO] [stderr]    Compiling idna v0.4.0
[INFO] [stderr]    Compiling idna v0.3.0
[INFO] [stderr]    Compiling openssl-probe v0.1.5
[INFO] [stderr]    Compiling dyn-clone v1.0.11
[INFO] [stderr]    Compiling httpdate v1.0.2
[INFO] [stderr]    Compiling base64 v0.21.2
[INFO] [stderr]    Compiling memsec v0.6.3
[INFO] [stderr]    Compiling xxhash-rust v0.8.6
[INFO] [stderr]    Compiling tower-service v0.3.2
[INFO] [stderr]    Compiling idna v0.2.3
[INFO] [stderr]    Compiling hashbrown v0.12.3
[INFO] [stderr]    Compiling rand v0.8.5
[INFO] [stderr]    Compiling memoffset v0.9.0
[INFO] [stderr]    Compiling match_cfg v0.1.0
[INFO] [stderr]    Compiling url v2.4.0
[INFO] [stderr]    Compiling data-encoding v2.4.0
[INFO] [stderr]    Compiling ipnet v2.8.0
[INFO] [stderr]    Compiling futures-io v0.3.28
[INFO] [stderr]    Compiling os_str_bytes v6.5.1
[INFO] [stderr]    Compiling hostname v0.3.1
[INFO] [stderr]    Compiling terminal_size v0.2.6
[INFO] [stderr]    Compiling nibble_vec v0.1.0
[INFO] [stderr]    Compiling crossbeam-epoch v0.9.15
[INFO] [stderr]    Compiling linked-hash-map v0.5.6
[INFO] [stderr]    Compiling quick-error v1.2.3
[INFO] [stderr]    Compiling clap_lex v0.3.0
[INFO] [stderr]    Compiling endian-type v0.1.2
[INFO] [stderr]    Compiling time-core v0.1.0
[INFO] [stderr]    Compiling resolv-conf v0.7.0
[INFO] [stderr]    Compiling lru-cache v0.1.2
[INFO] [stderr]    Compiling time v0.3.20
[INFO] [stderr]    Compiling radix_trie v0.2.1
[INFO] [stderr]    Compiling num-traits v0.2.15
[INFO] [stderr]    Compiling zbase32 v0.1.2
[INFO] [stderr]    Compiling roff v0.2.1
[INFO] [stderr]    Compiling vcpkg v0.2.15
[INFO] [stderr]    Compiling serde v1.0.166
[INFO] [stderr]    Compiling base64 v0.13.1
[INFO] [stderr]    Compiling crossbeam-deque v0.8.3
[INFO] [stderr]    Compiling crossbeam-channel v0.5.8
[INFO] [stderr]    Compiling time v0.1.45
[INFO] [stderr]    Compiling crossbeam-queue v0.3.8
[INFO] [stderr]    Compiling iana-time-zone v0.1.57
[INFO] [stderr]    Compiling dirs-sys v0.3.7
[INFO] [stderr]    Compiling dirs-sys v0.4.1
[INFO] [stderr]    Compiling hashlink v0.8.1
[INFO] [stderr]    Compiling fd-lock v3.0.12
[INFO] [stderr]    Compiling dirs v4.0.0
[INFO] [stderr]    Compiling rayon-core v1.11.0
[INFO] [stderr]    Compiling fallible-streaming-iterator v0.1.9
[INFO] [stderr]    Compiling sequoia-policy-config v0.6.0
[INFO] [stderr]    Compiling bitflags v2.3.3
[INFO] [stderr]    Compiling fallible-iterator v0.2.0
[INFO] [stderr]    Compiling crossbeam v0.8.2
[INFO] [stderr]    Compiling dirs v5.0.1
[INFO] [stderr]    Compiling serde_json v1.0.100
[INFO] [stderr]    Compiling rtoolbox v0.0.1
[INFO] [stderr]    Compiling ryu v1.0.14
[INFO] [stderr]    Compiling dot-writer v0.1.3
[INFO] [stderr]    Compiling rpassword v7.2.0
[INFO] [stderr]    Compiling libsqlite3-sys v0.26.0
[INFO] [stderr]    Compiling rayon v1.7.0
[INFO] [stderr]    Compiling chrono v0.4.26
[INFO] [stderr]    Compiling tokio-macros v2.1.0
[INFO] [stderr]    Compiling tracing-attributes v0.1.26
[INFO] [stderr]    Compiling futures-macro v0.3.28
[INFO] [stderr]    Compiling thiserror-impl v1.0.41
[INFO] [stderr]    Compiling openssl-macros v0.1.1
[INFO] [stderr]    Compiling serde_derive v1.0.166
[INFO] [stderr]    Compiling enum-as-inner v0.5.1
[INFO] [stderr]    Compiling clap_derive v4.0.21
[INFO] [stderr]    Compiling rusqlite v0.29.0
[INFO] [stderr]    Compiling enumber v0.3.0
[INFO] [stderr]    Compiling openpgp-cert-d v0.1.0
[INFO] [stderr]    Compiling tracing v0.1.37
[INFO] [stderr]    Compiling clap v4.0.32
[INFO] [stderr]    Compiling nettle-sys v2.2.0
[INFO] [stderr]    Compiling clap_mangen v0.2.6
[INFO] [stderr]    Compiling clap_complete v4.0.7
[INFO] [stderr]    Compiling tokio-util v0.7.8
[INFO] [stderr]    Compiling trust-dns-proto v0.22.0
[INFO] [stderr]    Compiling tokio-native-tls v0.3.1
[INFO] [stderr]    Compiling sequoia-openpgp v1.16.0
[INFO] [stderr]    Compiling h2 v0.3.20
[INFO] [stderr]    Compiling toml v0.5.11
[INFO] [stderr]    Compiling sequoia-wot v0.8.1
[INFO] [stderr]    Compiling trust-dns-resolver v0.22.0
[INFO] [stderr]    Compiling trust-dns-client v0.22.0
[INFO] [stderr]    Compiling hyper v0.14.27
[INFO] [stderr]    Compiling nettle v7.3.0
[INFO] [stderr]    Compiling hyper-tls v0.5.0
[INFO] [stderr]    Compiling sequoia-net v0.27.0
[INFO] [stderr]    Compiling sequoia-autocrypt v0.25.1
[INFO] [stderr]    Compiling sequoia-cert-store v0.3.2
[INFO] [stderr]    Compiling sequoia-sq v0.31.0 (/opt/rustwide/workdir)
[INFO] [stderr] warning: sequoia-sq@0.31.0: completion file is generated: "/opt/rustwide/target/sq.bash"
[INFO] [stderr] warning: sequoia-sq@0.31.0: completion file is generated: "/opt/rustwide/target/sq.fish"
[INFO] [stderr] warning: sequoia-sq@0.31.0: completion file is generated: "/opt/rustwide/target/_sq"
[INFO] [stderr] warning: sequoia-sq@0.31.0: completion file is generated: "/opt/rustwide/target/_sq.ps1"
[INFO] [stderr] warning: sequoia-sq@0.31.0: completion file is generated: "/opt/rustwide/target/sq.elv"
[INFO] [stderr]     Finished dev [unoptimized + debuginfo] target(s) in 49.38s
[INFO] running `Command { std: "docker" "inspect" "417cd16a6ba0d2dbdc73c22c74df99649884aa3469f62ebeb6e653966c4e66de", kill_on_drop: false }`
[INFO] running `Command { std: "docker" "rm" "-f" "417cd16a6ba0d2dbdc73c22c74df99649884aa3469f62ebeb6e653966c4e66de", kill_on_drop: false }`
[INFO] [stdout] 417cd16a6ba0d2dbdc73c22c74df99649884aa3469f62ebeb6e653966c4e66de
[INFO] running `Command { std: "docker" "create" "-v" "/var/lib/crater-agent-workspace/builds/worker-4-tc2/target:/opt/rustwide/target:rw,Z" "-v" "/var/lib/crater-agent-workspace/builds/worker-4-tc2/source:/opt/rustwide/workdir:ro,Z" "-v" "/var/lib/crater-agent-workspace/cargo-home:/opt/rustwide/cargo-home:ro,Z" "-v" "/var/lib/crater-agent-workspace/rustup-home:/opt/rustwide/rustup-home:ro,Z" "-e" "SOURCE_DIR=/opt/rustwide/workdir" "-e" "CARGO_TARGET_DIR=/opt/rustwide/target" "-e" "CARGO_INCREMENTAL=0" "-e" "RUST_BACKTRACE=full" "-e" "RUSTFLAGS=--cap-lints=warn" "-e" "RUSTDOCFLAGS=--cap-lints=warn" "-e" "CARGO_HOME=/opt/rustwide/cargo-home" "-e" "RUSTUP_HOME=/opt/rustwide/rustup-home" "-w" "/opt/rustwide/workdir" "-m" "1610612736" "--user" "0:0" "--network" "none" "ghcr.io/rust-lang/crates-build-env/linux@sha256:2788e3201cd34a07e3172128adcd8b3090168a8e3bcc40d7c032b9dda1df7d1c" "/opt/rustwide/cargo-home/bin/cargo" "+beta-2023-12-22" "test" "--frozen" "--no-run" "--message-format=json", kill_on_drop: false }`
[INFO] [stdout] a045c10de2315489577283e228c6b300b8e9d28080dcf3293525b95e4a811d59
[INFO] running `Command { std: "docker" "start" "-a" "a045c10de2315489577283e228c6b300b8e9d28080dcf3293525b95e4a811d59", kill_on_drop: false }`
[INFO] [stderr]    Compiling syn v1.0.109
[INFO] [stderr]    Compiling log v0.4.19
[INFO] [stderr]    Compiling time-macros v0.2.8
[INFO] [stderr]    Compiling petgraph v0.6.3
[INFO] [stderr]    Compiling same-file v1.0.6
[INFO] [stderr]    Compiling ucd-trie v0.1.5
[INFO] [stderr]    Compiling unicode-linebreak v0.1.4
[INFO] [stderr]    Compiling bstr v1.5.0
[INFO] [stderr]    Compiling libm v0.2.7
[INFO] [stderr]    Compiling unicode-width v0.1.10
[INFO] [stderr]    Compiling unic-char-range v0.9.0
[INFO] [stderr]    Compiling unic-common v0.9.0
[INFO] [stderr]    Compiling generic-array v0.14.7
[INFO] [stderr]    Compiling thread_local v1.1.4
[INFO] [stderr]    Compiling unicase v2.6.0
[INFO] [stderr]    Compiling yaml-rust v0.4.5
[INFO] [stderr]    Compiling ena v0.14.2
[INFO] [stderr]    Compiling walkdir v2.3.3
[INFO] [stderr]    Compiling unic-char-property v0.9.0
[INFO] [stderr]    Compiling unic-ucd-version v0.9.0
[INFO] [stderr]    Compiling pikchr v0.1.1
[INFO] [stderr]    Compiling pest v2.7.0
[INFO] [stderr]    Compiling deunicode v0.4.3
[INFO] [stderr]    Compiling unic-ucd-segment v0.9.0
[INFO] [stderr]    Compiling smawk v0.3.1
[INFO] [stderr]    Compiling pulldown-cmark v0.9.3
[INFO] [stderr]    Compiling slug v0.1.4
[INFO] [stderr]    Compiling getopts v0.2.21
[INFO] [stderr]    Compiling native-tls v0.2.11
[INFO] [stderr]    Compiling utf8-width v0.1.6
[INFO] [stderr]    Compiling no-std-compat v0.4.1
[INFO] [stderr]    Compiling globset v0.4.10
[INFO] [stderr]    Compiling subplot v0.7.1
[INFO] [stderr]    Compiling serde_yaml v0.8.26
[INFO] [stderr]    Compiling unic-segment v0.9.0
[INFO] [stderr]    Compiling humantime v2.1.0
[INFO] [stderr]    Compiling unsafe-libyaml v0.2.8
[INFO] [stderr]    Compiling digest v0.9.0
[INFO] [stderr]    Compiling env_logger v0.10.0
[INFO] [stderr]    Compiling tokio-native-tls v0.3.1
[INFO] [stderr]    Compiling sha1collisiondetection v0.2.7
[INFO] [stderr]    Compiling ignore v0.4.20
[INFO] [stderr]    Compiling humansize v2.1.3
[INFO] [stderr]    Compiling html-escape v0.2.13
[INFO] [stderr]    Compiling serde-aux v4.2.0
[INFO] [stderr]    Compiling tempfile-fast v0.3.4
[INFO] [stderr]    Compiling lalrpop v0.19.12
[INFO] [stderr]    Compiling line-col v0.2.1
[INFO] [stderr]    Compiling file_diff v1.0.0
[INFO] [stderr]    Compiling hyper-tls v0.5.0
[INFO] [stderr]    Compiling pest_meta v2.7.0
[INFO] [stderr]    Compiling nix v0.26.2
[INFO] [stderr]    Compiling serde_yaml v0.9.21
[INFO] [stderr]    Compiling cvt v0.1.2
[INFO] [stderr]    Compiling doc-comment v0.3.3
[INFO] [stderr]    Compiling globwalk v0.8.1
[INFO] [stderr]    Compiling predicates-core v1.0.5
[INFO] [stderr]    Compiling float-cmp v0.9.0
[INFO] [stderr]    Compiling regex-automata v0.1.10
[INFO] [stderr]    Compiling normalize-line-endings v0.3.0
[INFO] [stderr]    Compiling termtree v0.4.1
[INFO] [stderr]    Compiling difflib v0.4.0
[INFO] [stderr]    Compiling normpath v1.1.1
[INFO] [stderr]    Compiling wait-timeout v0.2.0
[INFO] [stderr]    Compiling fs2 v0.4.3
[INFO] [stderr]    Compiling predicates-tree v1.0.7
[INFO] [stderr]    Compiling filetime v0.2.21
[INFO] [stderr]    Compiling state v0.5.3
[INFO] [stderr]    Compiling time v0.3.20
[INFO] [stderr]    Compiling pest_generator v2.7.0
[INFO] [stderr]    Compiling fs_at v0.1.8
[INFO] [stderr]    Compiling predicates v2.1.5
[INFO] [stderr]    Compiling unescape v0.1.0
[INFO] [stderr]    Compiling remove_dir_all v0.8.2
[INFO] [stderr]    Compiling assert_cmd v2.0.8
[INFO] [stderr]    Compiling textwrap v0.15.2
[INFO] [stderr]    Compiling roadmap v0.5.0
[INFO] [stderr]    Compiling pest_derive v2.7.0
[INFO] [stderr]    Compiling tera v1.19.0
[INFO] [stderr]    Compiling proc-macro-error v1.0.4
[INFO] [stderr]    Compiling bindgen v0.63.0
[INFO] [stderr]    Compiling clap_derive v4.0.21
[INFO] [stderr]    Compiling enum-as-inner v0.5.1
[INFO] [stderr]    Compiling git-testament-derive v0.1.14
[INFO] [stderr]    Compiling fehler-macros v1.0.0
[INFO] [stderr]    Compiling enumber v0.3.0
[INFO] [stderr]    Compiling trust-dns-proto v0.22.0
[INFO] [stderr]    Compiling git-testament v0.2.4
[INFO] [stderr]    Compiling fehler v1.0.0
[INFO] [stderr]    Compiling subplotlib-derive v0.7.1
[INFO] [stderr]    Compiling clap v4.0.32
[INFO] [stderr]    Compiling nettle-sys v2.2.0
[INFO] [stderr]    Compiling trust-dns-resolver v0.22.0
[INFO] [stderr]    Compiling trust-dns-client v0.22.0
[INFO] [stderr]    Compiling clap_mangen v0.2.6
[INFO] [stderr]    Compiling clap_complete v4.0.7
[INFO] [stderr]    Compiling sequoia-openpgp v1.16.0
[INFO] [stderr]    Compiling subplot-build v0.7.1
[INFO] [stderr]    Compiling sequoia-wot v0.8.1
[INFO] [stderr]    Compiling subplotlib v0.7.1
[INFO] [stderr]    Compiling nettle v7.3.0
[INFO] [stderr]    Compiling sequoia-net v0.27.0
[INFO] [stderr]    Compiling sequoia-policy-config v0.6.0
[INFO] [stderr]    Compiling sequoia-autocrypt v0.25.1
[INFO] [stderr]    Compiling sequoia-cert-store v0.3.2
[INFO] [stderr]    Compiling sequoia-sq v0.31.0 (/opt/rustwide/workdir)
[INFO] [stderr] warning: sequoia-sq@0.31.0: completion file is generated: "/opt/rustwide/target/sq.bash"
[INFO] [stderr] warning: sequoia-sq@0.31.0: completion file is generated: "/opt/rustwide/target/sq.fish"
[INFO] [stderr] warning: sequoia-sq@0.31.0: completion file is generated: "/opt/rustwide/target/_sq"
[INFO] [stderr] warning: sequoia-sq@0.31.0: completion file is generated: "/opt/rustwide/target/_sq.ps1"
[INFO] [stderr] warning: sequoia-sq@0.31.0: completion file is generated: "/opt/rustwide/target/sq.elv"
[INFO] [stderr] The following warnings were emitted during compilation:
[INFO] [stderr] 
[INFO] [stderr] warning: sequoia-sq@0.31.0: completion file is generated: "/opt/rustwide/target/sq.bash"
[INFO] [stderr] warning: sequoia-sq@0.31.0: completion file is generated: "/opt/rustwide/target/sq.fish"
[INFO] [stderr] warning: sequoia-sq@0.31.0: completion file is generated: "/opt/rustwide/target/_sq"
[INFO] [stderr] warning: sequoia-sq@0.31.0: completion file is generated: "/opt/rustwide/target/_sq.ps1"
[INFO] [stderr] warning: sequoia-sq@0.31.0: completion file is generated: "/opt/rustwide/target/sq.elv"
[INFO] [stderr] 
[INFO] [stderr] error: could not compile `sequoia-sq` (test "sq-wot")
[INFO] [stderr] 
[INFO] [stderr] Caused by:
[INFO] [stderr]   process didn't exit successfully: `/opt/rustwide/rustup-home/toolchains/beta-2023-12-22-x86_64-unknown-linux-gnu/bin/rustc --crate-name sq_wot --edition=2021 tests/sq-wot.rs --error-format=json --json=diagnostic-rendered-ansi,artifacts,future-incompat --emit=dep-info,link -C embed-bitcode=no -C debuginfo=2 --test --cfg 'feature="autocrypt"' --cfg 'feature="compression-bzip2"' --cfg 'feature="crypto-nettle"' --cfg 'feature="default"' --cfg 'feature="sequoia-autocrypt"' -C metadata=dfd251b8d7b2dfa8 -C extra-filename=-dfd251b8d7b2dfa8 --out-dir /opt/rustwide/target/debug/deps -L dependency=/opt/rustwide/target/debug/deps --extern anyhow=/opt/rustwide/target/debug/deps/libanyhow-95c64c28af856d3a.rlib --extern assert_cmd=/opt/rustwide/target/debug/deps/libassert_cmd-7e866eb1c7d52188.rlib --extern buffered_reader=/opt/rustwide/target/debug/deps/libbuffered_reader-785b38b0e54dda47.rlib --extern chrono=/opt/rustwide/target/debug/deps/libchrono-a4bbcab85d138daf.rlib --extern clap=/opt/rustwide/target/debug/deps/libclap-8d37647fe00aba0d.rlib --extern dirs=/opt/rustwide/target/debug/deps/libdirs-503ea4023025cc84.rlib --extern dot_writer=/opt/rustwide/target/debug/deps/libdot_writer-ad9cee416a39b76d.rlib --extern fehler=/opt/rustwide/target/debug/deps/libfehler-4063c2363b6ee68a.rlib --extern is_terminal=/opt/rustwide/target/debug/deps/libis_terminal-475f22b2f3115b09.rlib --extern itertools=/opt/rustwide/target/debug/deps/libitertools-9d0001e1bd8ce1a6.rlib --extern once_cell=/opt/rustwide/target/debug/deps/libonce_cell-728f13abc4f8cf5f.rlib --extern predicates=/opt/rustwide/target/debug/deps/libpredicates-8d0365709deef3c2.rlib --extern roff=/opt/rustwide/target/debug/deps/libroff-e49bb8fc50767f2b.rlib --extern rpassword=/opt/rustwide/target/debug/deps/librpassword-80d65cf5e29b655b.rlib --extern sequoia_autocrypt=/opt/rustwide/target/debug/deps/libsequoia_autocrypt-bd0a6e701f97df60.rlib --extern sequoia_cert_store=/opt/rustwide/target/debug/deps/libsequoia_cert_store-c28dd3e30ba9689c.rlib --extern sequoia_net=/opt/rustwide/target/debug/deps/libsequoia_net-afa33849aeacd040.rlib --extern sequoia_openpgp=/opt/rustwide/target/debug/deps/libsequoia_openpgp-329649b34cccf1ed.rlib --extern sequoia_wot=/opt/rustwide/target/debug/deps/libsequoia_wot-a5d4369aeba358ea.rlib --extern serde=/opt/rustwide/target/debug/deps/libserde-58454f30a6b8ddbe.rlib --extern serde_json=/opt/rustwide/target/debug/deps/libserde_json-14fa65d6b5c57bc4.rlib --extern subplotlib=/opt/rustwide/target/debug/deps/libsubplotlib-3f9b0af2e5057d3e.rlib --extern tempfile=/opt/rustwide/target/debug/deps/libtempfile-3755802a3c282d8b.rlib --extern termcolor=/opt/rustwide/target/debug/deps/libtermcolor-7065c8621f7c2ff1.rlib --extern terminal_size=/opt/rustwide/target/debug/deps/libterminal_size-364a71c4c43cb90b.rlib --extern tokio=/opt/rustwide/target/debug/deps/libtokio-f235c5a33f6d2a53.rlib --cap-lints=warn -L native=/opt/rustwide/target/debug/build/bzip2-sys-000f8d035b868002/out/lib -L native=/usr/lib/x86_64-linux-gnu -L native=/usr/lib/x86_64-linux-gnu -L native=/usr/lib/x86_64-linux-gnu` (signal: 9, SIGKILL: kill)
[INFO] [stderr] warning: build failed, waiting for other jobs to finish...
[INFO] [stdout] error: linking with `cc` failed: exit status: 1
[INFO] [stdout]   |
[INFO] [stdout]   = note: LC_ALL="C" PATH="/opt/rustwide/rustup-home/toolchains/beta-2023-12-22-x86_64-unknown-linux-gnu/lib/rustlib/x86_64-unknown-linux-gnu/bin:/opt/rustwide/cargo-home/bin:/usr/local/sbin:/usr/local/bin:/usr/sbin:/usr/bin:/sbin:/bin" VSLANG="1033" "cc" "-m64" "/tmp/rustcKZTiZ9/symbols.o" "/opt/rustwide/target/debug/deps/sq_key_generate-861045b115bfba14.sq_key_generate.182377540dc0869f-cgu.0.rcgu.o" "/opt/rustwide/target/debug/deps/sq_key_generate-861045b115bfba14.sq_key_generate.182377540dc0869f-cgu.1.rcgu.o" "/opt/rustwide/target/debug/deps/sq_key_generate-861045b115bfba14.wo7h6oj3f36fmjr.rcgu.o" "-Wl,--as-needed" "-L" "/opt/rustwide/target/debug/deps" "-L" "/opt/rustwide/target/debug/build/bzip2-sys-000f8d035b868002/out/lib" "-L" "/usr/lib/x86_64-linux-gnu" "-L" "/usr/lib/x86_64-linux-gnu" "-L" "/usr/lib/x86_64-linux-gnu" "-L" "/opt/rustwide/rustup-home/toolchains/beta-2023-12-22-x86_64-unknown-linux-gnu/lib/rustlib/x86_64-unknown-linux-gnu/lib" "-Wl,-Bstatic" "/opt/rustwide/rustup-home/toolchains/beta-2023-12-22-x86_64-unknown-linux-gnu/lib/rustlib/x86_64-unknown-linux-gnu/lib/libtest-cbab71697df97b00.rlib" "/opt/rustwide/rustup-home/toolchains/beta-2023-12-22-x86_64-unknown-linux-gnu/lib/rustlib/x86_64-unknown-linux-gnu/lib/libgetopts-2a2cf8f16c536007.rlib" "/opt/rustwide/rustup-home/toolchains/beta-2023-12-22-x86_64-unknown-linux-gnu/lib/rustlib/x86_64-unknown-linux-gnu/lib/libunicode_width-c5f3cc3cceaf9070.rlib" "/opt/rustwide/rustup-home/toolchains/beta-2023-12-22-x86_64-unknown-linux-gnu/lib/rustlib/x86_64-unknown-linux-gnu/lib/librustc_std_workspace_std-a31324ec815b09db.rlib" "/opt/rustwide/target/debug/deps/libsequoia_openpgp-329649b34cccf1ed.rlib" "/opt/rustwide/target/debug/deps/libidna-34a129a2150038b3.rlib" "/opt/rustwide/target/debug/deps/libunicode_normalization-6720ecd938ebfb2b.rlib" "/opt/rustwide/target/debug/deps/libtinyvec-dcbbce603bc23510.rlib" "/opt/rustwide/target/debug/deps/libtinyvec_macros-333661e3b238a9a3.rlib" "/opt/rustwide/target/debug/deps/libunicode_bidi-c077d6a813fe7ae8.rlib" "/opt/rustwide/target/debug/deps/libmemsec-e8413a44090b1eb0.rlib" "/opt/rustwide/target/debug/deps/libsha1collisiondetection-78d2261ab8fd88b5.rlib" "/opt/rustwide/target/debug/deps/libgeneric_array-b3175673e67b1380.rlib" "/opt/rustwide/target/debug/deps/libregex_syntax-b113d34fa562c5bb.rlib" "/opt/rustwide/target/debug/deps/liblalrpop_util-96d18bd8f1436b1d.rlib" "/opt/rustwide/target/debug/deps/libanyhow-95c64c28af856d3a.rlib" "/opt/rustwide/target/debug/deps/libxxhash_rust-9831d78d1626ec30.rlib" "/opt/rustwide/target/debug/deps/libdyn_clone-3cebdd6c38708430.rlib" "/opt/rustwide/target/debug/deps/libnettle-8f76095064737e6e.rlib" "/opt/rustwide/target/debug/deps/libthiserror-cde754b4ffda7cec.rlib" "/opt/rustwide/target/debug/deps/libtypenum-486446c5d1f61c48.rlib" "/opt/rustwide/target/debug/deps/libgetrandom-8b22c2a8d664de18.rlib" "/opt/rustwide/target/debug/deps/libnettle_sys-735af779d6f5650f.rlib" "/opt/rustwide/target/debug/deps/libbase64-f38862f3d93516f9.rlib" "/opt/rustwide/target/debug/deps/libbuffered_reader-785b38b0e54dda47.rlib" "/opt/rustwide/target/debug/deps/liblazy_static-efa3519517df6cf0.rlib" "/opt/rustwide/target/debug/deps/libbzip2-e7cc798dd72d54d8.rlib" "/opt/rustwide/target/debug/deps/libbzip2_sys-ec35db183d88f159.rlib" "/opt/rustwide/target/debug/deps/libflate2-8fa33c2ed34dcca8.rlib" "/opt/rustwide/target/debug/deps/libminiz_oxide-fdd9e74574a7bd2a.rlib" "/opt/rustwide/target/debug/deps/libadler-eba61f23bb3cdb48.rlib" "/opt/rustwide/target/debug/deps/libcrc32fast-dbea8ee6fb11ce73.rlib" "/opt/rustwide/target/debug/deps/libtempfile-3755802a3c282d8b.rlib" "/opt/rustwide/target/debug/deps/libfastrand-9a0695f12d217e0d.rlib" "/opt/rustwide/target/debug/deps/librustix-0a3554c49bc4dd27.rlib" "/opt/rustwide/target/debug/deps/libio_lifetimes-f46807c510606b33.rlib" "/opt/rustwide/target/debug/deps/libbitflags-85e13ed1e0c6d910.rlib" "/opt/rustwide/target/debug/deps/liblinux_raw_sys-777f6c1fa6b62135.rlib" "/opt/rustwide/target/debug/deps/libcfg_if-e7002d307f97bc56.rlib" "/opt/rustwide/target/debug/deps/libassert_cmd-7e866eb1c7d52188.rlib" "/opt/rustwide/target/debug/deps/libwait_timeout-62bd0840bcb76c23.rlib" "/opt/rustwide/target/debug/deps/liblibc-28cb6a1af7d75d80.rlib" "/opt/rustwide/target/debug/deps/libdoc_comment-8766726346b4cbde.rlib" "/opt/rustwide/target/debug/deps/libbstr-5b5f8fa0087c482d.rlib" "/opt/rustwide/target/debug/deps/libonce_cell-728f13abc4f8cf5f.rlib" "/opt/rustwide/target/debug/deps/libregex_automata-d911e44eb55ac229.rlib" "/opt/rustwide/target/debug/deps/libpredicates_tree-3b8073f0599b9289.rlib" "/opt/rustwide/target/debug/deps/libtermtree-6d973ba1c301efb7.rlib" "/opt/rustwide/target/debug/deps/libpredicates-8d0365709deef3c2.rlib" "/opt/rustwide/target/debug/deps/libregex-b44fd9d166d0c4c5.rlib" "/opt/rustwide/target/debug/deps/libaho_corasick-d424b0a92ce0dc1c.rlib" "/opt/rustwide/target/debug/deps/libmemchr-33d05ae5bba76030.rlib" "/opt/rustwide/target/debug/deps/libregex_syntax-0491398fbb248b2a.rlib" "/opt/rustwide/target/debug/deps/libitertools-9d0001e1bd8ce1a6.rlib" "/opt/rustwide/target/debug/deps/libeither-ede8120b5409efc0.rlib" "/opt/rustwide/target/debug/deps/libdifflib-c8685f26d2b11ad9.rlib" "/opt/rustwide/target/debug/deps/libnormalize_line_endings-f28a36dd344fb685.rlib" "/opt/rustwide/target/debug/deps/libfloat_cmp-a84edf83c4a8028a.rlib" "/opt/rustwide/target/debug/deps/libnum_traits-b277a111beb39735.rlib" "/opt/rustwide/target/debug/deps/libpredicates_core-b79a364d83687104.rlib" "/opt/rustwide/rustup-home/toolchains/beta-2023-12-22-x86_64-unknown-linux-gnu/lib/rustlib/x86_64-unknown-linux-gnu/lib/libstd-0672489a78b613de.rlib" "/opt/rustwide/rustup-home/toolchains/beta-2023-12-22-x86_64-unknown-linux-gnu/lib/rustlib/x86_64-unknown-linux-gnu/lib/libpanic_unwind-7eb3ffc34a49f675.rlib" "/opt/rustwide/rustup-home/toolchains/beta-2023-12-22-x86_64-unknown-linux-gnu/lib/rustlib/x86_64-unknown-linux-gnu/lib/libobject-6478a9daa4bee8e2.rlib" "/opt/rustwide/rustup-home/toolchains/beta-2023-12-22-x86_64-unknown-linux-gnu/lib/rustlib/x86_64-unknown-linux-gnu/lib/libmemchr-0c75d871a5c3923d.rlib" "/opt/rustwide/rustup-home/toolchains/beta-2023-12-22-x86_64-unknown-linux-gnu/lib/rustlib/x86_64-unknown-linux-gnu/lib/libaddr2line-d163ef63ad37bb71.rlib" "/opt/rustwide/rustup-home/toolchains/beta-2023-12-22-x86_64-unknown-linux-gnu/lib/rustlib/x86_64-unknown-linux-gnu/lib/libgimli-8a3fd810a85b9f4c.rlib" "/opt/rustwide/rustup-home/toolchains/beta-2023-12-22-x86_64-unknown-linux-gnu/lib/rustlib/x86_64-unknown-linux-gnu/lib/librustc_demangle-462a2cde8c5dfc10.rlib" "/opt/rustwide/rustup-home/toolchains/beta-2023-12-22-x86_64-unknown-linux-gnu/lib/rustlib/x86_64-unknown-linux-gnu/lib/libstd_detect-cb06ac9f54713f71.rlib" "/opt/rustwide/rustup-home/toolchains/beta-2023-12-22-x86_64-unknown-linux-gnu/lib/rustlib/x86_64-unknown-linux-gnu/lib/libhashbrown-f20bfd1f8e59b393.rlib" "/opt/rustwide/rustup-home/toolchains/beta-2023-12-22-x86_64-unknown-linux-gnu/lib/rustlib/x86_64-unknown-linux-gnu/lib/librustc_std_workspace_alloc-1ef460949b49da4b.rlib" "/opt/rustwide/rustup-home/toolchains/beta-2023-12-22-x86_64-unknown-linux-gnu/lib/rustlib/x86_64-unknown-linux-gnu/lib/libminiz_oxide-2cb0c0ffe4f87514.rlib" "/opt/rustwide/rustup-home/toolchains/beta-2023-12-22-x86_64-unknown-linux-gnu/lib/rustlib/x86_64-unknown-linux-gnu/lib/libadler-58d841eb322a11a2.rlib" "/opt/rustwide/rustup-home/toolchains/beta-2023-12-22-x86_64-unknown-linux-gnu/lib/rustlib/x86_64-unknown-linux-gnu/lib/libunwind-aa2ae0b0a9d11533.rlib" "/opt/rustwide/rustup-home/toolchains/beta-2023-12-22-x86_64-unknown-linux-gnu/lib/rustlib/x86_64-unknown-linux-gnu/lib/libcfg_if-23874e15830ed336.rlib" "/opt/rustwide/rustup-home/toolchains/beta-2023-12-22-x86_64-unknown-linux-gnu/lib/rustlib/x86_64-unknown-linux-gnu/lib/liblibc-e47cddc003bce885.rlib" "/opt/rustwide/rustup-home/toolchains/beta-2023-12-22-x86_64-unknown-linux-gnu/lib/rustlib/x86_64-unknown-linux-gnu/lib/liballoc-c22b13b48a8f128e.rlib" "/opt/rustwide/rustup-home/toolchains/beta-2023-12-22-x86_64-unknown-linux-gnu/lib/rustlib/x86_64-unknown-linux-gnu/lib/librustc_std_workspace_core-e46bc3da6d7c462f.rlib" "/opt/rustwide/rustup-home/toolchains/beta-2023-12-22-x86_64-unknown-linux-gnu/lib/rustlib/x86_64-unknown-linux-gnu/lib/libcore-8d1ac131d3cb2645.rlib" "/opt/rustwide/rustup-home/toolchains/beta-2023-12-22-x86_64-unknown-linux-gnu/lib/rustlib/x86_64-unknown-linux-gnu/lib/libcompiler_builtins-a1b43df8c6899c1f.rlib" "-Wl,-Bdynamic" "-lnettle" "-lhogweed" "-lgmp" "-lgcc_s" "-lutil" "-lrt" "-lpthread" "-lm" "-ldl" "-lc" "-Wl,--eh-frame-hdr" "-Wl,-z,noexecstack" "-L" "/opt/rustwide/rustup-home/toolchains/beta-2023-12-22-x86_64-unknown-linux-gnu/lib/rustlib/x86_64-unknown-linux-gnu/lib" "-o" "/opt/rustwide/target/debug/deps/sq_key_generate-861045b115bfba14" "-Wl,--gc-sections" "-pie" "-Wl,-z,relro,-z,now" "-nodefaultlibs"
[INFO] [stdout]   = note: collect2: fatal error: ld terminated with signal 9 [Killed]
[INFO] [stdout]           compilation terminated.
[INFO] [stdout]           
[INFO] [stdout] 
[INFO] [stdout] 
[INFO] [stdout] error: aborting due to 1 previous error
[INFO] [stdout] 
[INFO] [stdout] 
[INFO] [stderr] The following warnings were emitted during compilation:
[INFO] [stderr] 
[INFO] [stderr] warning: sequoia-sq@0.31.0: completion file is generated: "/opt/rustwide/target/sq.bash"
[INFO] [stderr] warning: sequoia-sq@0.31.0: completion file is generated: "/opt/rustwide/target/sq.fish"
[INFO] [stderr] warning: sequoia-sq@0.31.0: completion file is generated: "/opt/rustwide/target/_sq"
[INFO] [stderr] warning: sequoia-sq@0.31.0: completion file is generated: "/opt/rustwide/target/_sq.ps1"
[INFO] [stderr] warning: sequoia-sq@0.31.0: completion file is generated: "/opt/rustwide/target/sq.elv"
[INFO] [stderr] 
[INFO] [stderr] error: could not compile `sequoia-sq` (test "sq-key-generate") due to 2 previous errors
[INFO] [stderr] The following warnings were emitted during compilation:
[INFO] [stderr] 
[INFO] [stderr] warning: sequoia-sq@0.31.0: completion file is generated: "/opt/rustwide/target/sq.bash"
[INFO] [stderr] warning: sequoia-sq@0.31.0: completion file is generated: "/opt/rustwide/target/sq.fish"
[INFO] [stderr] warning: sequoia-sq@0.31.0: completion file is generated: "/opt/rustwide/target/_sq"
[INFO] [stderr] warning: sequoia-sq@0.31.0: completion file is generated: "/opt/rustwide/target/_sq.ps1"
[INFO] [stderr] warning: sequoia-sq@0.31.0: completion file is generated: "/opt/rustwide/target/sq.elv"
[INFO] [stderr] 
[INFO] [stderr] error: could not compile `sequoia-sq` (bin "sq")
[INFO] [stderr] 
[INFO] [stderr] Caused by:
[INFO] [stderr]   process didn't exit successfully: `/opt/rustwide/rustup-home/toolchains/beta-2023-12-22-x86_64-unknown-linux-gnu/bin/rustc --crate-name sq --edition=2021 src/sq.rs --error-format=json --json=diagnostic-rendered-ansi,artifacts,future-incompat --crate-type bin --emit=dep-info,link -C embed-bitcode=no -C debuginfo=2 --cfg 'feature="autocrypt"' --cfg 'feature="compression-bzip2"' --cfg 'feature="crypto-nettle"' --cfg 'feature="default"' --cfg 'feature="sequoia-autocrypt"' -C metadata=407e60a70956d541 -C extra-filename=-407e60a70956d541 --out-dir /opt/rustwide/target/debug/deps -L dependency=/opt/rustwide/target/debug/deps --extern anyhow=/opt/rustwide/target/debug/deps/libanyhow-95c64c28af856d3a.rlib --extern buffered_reader=/opt/rustwide/target/debug/deps/libbuffered_reader-785b38b0e54dda47.rlib --extern chrono=/opt/rustwide/target/debug/deps/libchrono-a4bbcab85d138daf.rlib --extern clap=/opt/rustwide/target/debug/deps/libclap-8d37647fe00aba0d.rlib --extern dirs=/opt/rustwide/target/debug/deps/libdirs-503ea4023025cc84.rlib --extern dot_writer=/opt/rustwide/target/debug/deps/libdot_writer-ad9cee416a39b76d.rlib --extern is_terminal=/opt/rustwide/target/debug/deps/libis_terminal-475f22b2f3115b09.rlib --extern itertools=/opt/rustwide/target/debug/deps/libitertools-9d0001e1bd8ce1a6.rlib --extern once_cell=/opt/rustwide/target/debug/deps/libonce_cell-728f13abc4f8cf5f.rlib --extern roff=/opt/rustwide/target/debug/deps/libroff-e49bb8fc50767f2b.rlib --extern rpassword=/opt/rustwide/target/debug/deps/librpassword-80d65cf5e29b655b.rlib --extern sequoia_autocrypt=/opt/rustwide/target/debug/deps/libsequoia_autocrypt-bd0a6e701f97df60.rlib --extern sequoia_cert_store=/opt/rustwide/target/debug/deps/libsequoia_cert_store-c28dd3e30ba9689c.rlib --extern sequoia_net=/opt/rustwide/target/debug/deps/libsequoia_net-afa33849aeacd040.rlib --extern sequoia_openpgp=/opt/rustwide/target/debug/deps/libsequoia_openpgp-329649b34cccf1ed.rlib --extern sequoia_wot=/opt/rustwide/target/debug/deps/libsequoia_wot-a5d4369aeba358ea.rlib --extern serde=/opt/rustwide/target/debug/deps/libserde-58454f30a6b8ddbe.rlib --extern serde_json=/opt/rustwide/target/debug/deps/libserde_json-14fa65d6b5c57bc4.rlib --extern tempfile=/opt/rustwide/target/debug/deps/libtempfile-3755802a3c282d8b.rlib --extern termcolor=/opt/rustwide/target/debug/deps/libtermcolor-7065c8621f7c2ff1.rlib --extern terminal_size=/opt/rustwide/target/debug/deps/libterminal_size-364a71c4c43cb90b.rlib --extern tokio=/opt/rustwide/target/debug/deps/libtokio-f235c5a33f6d2a53.rlib --cap-lints=warn -L native=/opt/rustwide/target/debug/build/bzip2-sys-000f8d035b868002/out/lib -L native=/usr/lib/x86_64-linux-gnu -L native=/usr/lib/x86_64-linux-gnu -L native=/usr/lib/x86_64-linux-gnu` (signal: 9, SIGKILL: kill)
[INFO] [stdout] error: linking with `cc` failed: exit status: 1
[INFO] [stdout]   |
[INFO] [stdout]   = note: LC_ALL="C" PATH="/opt/rustwide/rustup-home/toolchains/beta-2023-12-22-x86_64-unknown-linux-gnu/lib/rustlib/x86_64-unknown-linux-gnu/bin:/opt/rustwide/cargo-home/bin:/usr/local/sbin:/usr/local/bin:/usr/sbin:/usr/bin:/sbin:/bin" VSLANG="1033" "cc" "-m64" "/tmp/rustce1O6Lb/symbols.o" "/opt/rustwide/target/debug/deps/sq_packet_dump-39b9c91456cb46c0.sq_packet_dump.aa104b6e3b4a5633-cgu.0.rcgu.o" "/opt/rustwide/target/debug/deps/sq_packet_dump-39b9c91456cb46c0.50mym9wz4sdeve5q.rcgu.o" "-Wl,--as-needed" "-L" "/opt/rustwide/target/debug/deps" "-L" "/opt/rustwide/target/debug/build/bzip2-sys-000f8d035b868002/out/lib" "-L" "/usr/lib/x86_64-linux-gnu" "-L" "/usr/lib/x86_64-linux-gnu" "-L" "/usr/lib/x86_64-linux-gnu" "-L" "/opt/rustwide/rustup-home/toolchains/beta-2023-12-22-x86_64-unknown-linux-gnu/lib/rustlib/x86_64-unknown-linux-gnu/lib" "-Wl,-Bstatic" "/opt/rustwide/rustup-home/toolchains/beta-2023-12-22-x86_64-unknown-linux-gnu/lib/rustlib/x86_64-unknown-linux-gnu/lib/libtest-cbab71697df97b00.rlib" "/opt/rustwide/rustup-home/toolchains/beta-2023-12-22-x86_64-unknown-linux-gnu/lib/rustlib/x86_64-unknown-linux-gnu/lib/libgetopts-2a2cf8f16c536007.rlib" "/opt/rustwide/rustup-home/toolchains/beta-2023-12-22-x86_64-unknown-linux-gnu/lib/rustlib/x86_64-unknown-linux-gnu/lib/libunicode_width-c5f3cc3cceaf9070.rlib" "/opt/rustwide/rustup-home/toolchains/beta-2023-12-22-x86_64-unknown-linux-gnu/lib/rustlib/x86_64-unknown-linux-gnu/lib/librustc_std_workspace_std-a31324ec815b09db.rlib" "/opt/rustwide/target/debug/deps/libsequoia_openpgp-329649b34cccf1ed.rlib" "/opt/rustwide/target/debug/deps/libidna-34a129a2150038b3.rlib" "/opt/rustwide/target/debug/deps/libunicode_normalization-6720ecd938ebfb2b.rlib" "/opt/rustwide/target/debug/deps/libtinyvec-dcbbce603bc23510.rlib" "/opt/rustwide/target/debug/deps/libtinyvec_macros-333661e3b238a9a3.rlib" "/opt/rustwide/target/debug/deps/libunicode_bidi-c077d6a813fe7ae8.rlib" "/opt/rustwide/target/debug/deps/libmemsec-e8413a44090b1eb0.rlib" "/opt/rustwide/target/debug/deps/libsha1collisiondetection-78d2261ab8fd88b5.rlib" "/opt/rustwide/target/debug/deps/libgeneric_array-b3175673e67b1380.rlib" "/opt/rustwide/target/debug/deps/libregex_syntax-b113d34fa562c5bb.rlib" "/opt/rustwide/target/debug/deps/liblalrpop_util-96d18bd8f1436b1d.rlib" "/opt/rustwide/target/debug/deps/libanyhow-95c64c28af856d3a.rlib" "/opt/rustwide/target/debug/deps/libxxhash_rust-9831d78d1626ec30.rlib" "/opt/rustwide/target/debug/deps/libdyn_clone-3cebdd6c38708430.rlib" "/opt/rustwide/target/debug/deps/libnettle-8f76095064737e6e.rlib" "/opt/rustwide/target/debug/deps/libthiserror-cde754b4ffda7cec.rlib" "/opt/rustwide/target/debug/deps/libtypenum-486446c5d1f61c48.rlib" "/opt/rustwide/target/debug/deps/libgetrandom-8b22c2a8d664de18.rlib" "/opt/rustwide/target/debug/deps/libnettle_sys-735af779d6f5650f.rlib" "/opt/rustwide/target/debug/deps/libbase64-f38862f3d93516f9.rlib" "/opt/rustwide/target/debug/deps/libbuffered_reader-785b38b0e54dda47.rlib" "/opt/rustwide/target/debug/deps/liblazy_static-efa3519517df6cf0.rlib" "/opt/rustwide/target/debug/deps/libbzip2-e7cc798dd72d54d8.rlib" "/opt/rustwide/target/debug/deps/libbzip2_sys-ec35db183d88f159.rlib" "/opt/rustwide/target/debug/deps/libflate2-8fa33c2ed34dcca8.rlib" "/opt/rustwide/target/debug/deps/libminiz_oxide-fdd9e74574a7bd2a.rlib" "/opt/rustwide/target/debug/deps/libadler-eba61f23bb3cdb48.rlib" "/opt/rustwide/target/debug/deps/libcrc32fast-dbea8ee6fb11ce73.rlib" "/opt/rustwide/target/debug/deps/libcfg_if-e7002d307f97bc56.rlib" "/opt/rustwide/target/debug/deps/libassert_cmd-7e866eb1c7d52188.rlib" "/opt/rustwide/target/debug/deps/libwait_timeout-62bd0840bcb76c23.rlib" "/opt/rustwide/target/debug/deps/liblibc-28cb6a1af7d75d80.rlib" "/opt/rustwide/target/debug/deps/libdoc_comment-8766726346b4cbde.rlib" "/opt/rustwide/target/debug/deps/libbstr-5b5f8fa0087c482d.rlib" "/opt/rustwide/target/debug/deps/libonce_cell-728f13abc4f8cf5f.rlib" "/opt/rustwide/target/debug/deps/libregex_automata-d911e44eb55ac229.rlib" "/opt/rustwide/target/debug/deps/libpredicates_tree-3b8073f0599b9289.rlib" "/opt/rustwide/target/debug/deps/libtermtree-6d973ba1c301efb7.rlib" "/opt/rustwide/target/debug/deps/libpredicates-8d0365709deef3c2.rlib" "/opt/rustwide/target/debug/deps/libregex-b44fd9d166d0c4c5.rlib" "/opt/rustwide/target/debug/deps/libaho_corasick-d424b0a92ce0dc1c.rlib" "/opt/rustwide/target/debug/deps/libmemchr-33d05ae5bba76030.rlib" "/opt/rustwide/target/debug/deps/libregex_syntax-0491398fbb248b2a.rlib" "/opt/rustwide/target/debug/deps/libitertools-9d0001e1bd8ce1a6.rlib" "/opt/rustwide/target/debug/deps/libeither-ede8120b5409efc0.rlib" "/opt/rustwide/target/debug/deps/libdifflib-c8685f26d2b11ad9.rlib" "/opt/rustwide/target/debug/deps/libnormalize_line_endings-f28a36dd344fb685.rlib" "/opt/rustwide/target/debug/deps/libfloat_cmp-a84edf83c4a8028a.rlib" "/opt/rustwide/target/debug/deps/libnum_traits-b277a111beb39735.rlib" "/opt/rustwide/target/debug/deps/libpredicates_core-b79a364d83687104.rlib" "/opt/rustwide/rustup-home/toolchains/beta-2023-12-22-x86_64-unknown-linux-gnu/lib/rustlib/x86_64-unknown-linux-gnu/lib/libstd-0672489a78b613de.rlib" "/opt/rustwide/rustup-home/toolchains/beta-2023-12-22-x86_64-unknown-linux-gnu/lib/rustlib/x86_64-unknown-linux-gnu/lib/libpanic_unwind-7eb3ffc34a49f675.rlib" "/opt/rustwide/rustup-home/toolchains/beta-2023-12-22-x86_64-unknown-linux-gnu/lib/rustlib/x86_64-unknown-linux-gnu/lib/libobject-6478a9daa4bee8e2.rlib" "/opt/rustwide/rustup-home/toolchains/beta-2023-12-22-x86_64-unknown-linux-gnu/lib/rustlib/x86_64-unknown-linux-gnu/lib/libmemchr-0c75d871a5c3923d.rlib" "/opt/rustwide/rustup-home/toolchains/beta-2023-12-22-x86_64-unknown-linux-gnu/lib/rustlib/x86_64-unknown-linux-gnu/lib/libaddr2line-d163ef63ad37bb71.rlib" "/opt/rustwide/rustup-home/toolchains/beta-2023-12-22-x86_64-unknown-linux-gnu/lib/rustlib/x86_64-unknown-linux-gnu/lib/libgimli-8a3fd810a85b9f4c.rlib" "/opt/rustwide/rustup-home/toolchains/beta-2023-12-22-x86_64-unknown-linux-gnu/lib/rustlib/x86_64-unknown-linux-gnu/lib/librustc_demangle-462a2cde8c5dfc10.rlib" "/opt/rustwide/rustup-home/toolchains/beta-2023-12-22-x86_64-unknown-linux-gnu/lib/rustlib/x86_64-unknown-linux-gnu/lib/libstd_detect-cb06ac9f54713f71.rlib" "/opt/rustwide/rustup-home/toolchains/beta-2023-12-22-x86_64-unknown-linux-gnu/lib/rustlib/x86_64-unknown-linux-gnu/lib/libhashbrown-f20bfd1f8e59b393.rlib" "/opt/rustwide/rustup-home/toolchains/beta-2023-12-22-x86_64-unknown-linux-gnu/lib/rustlib/x86_64-unknown-linux-gnu/lib/librustc_std_workspace_alloc-1ef460949b49da4b.rlib" "/opt/rustwide/rustup-home/toolchains/beta-2023-12-22-x86_64-unknown-linux-gnu/lib/rustlib/x86_64-unknown-linux-gnu/lib/libminiz_oxide-2cb0c0ffe4f87514.rlib" "/opt/rustwide/rustup-home/toolchains/beta-2023-12-22-x86_64-unknown-linux-gnu/lib/rustlib/x86_64-unknown-linux-gnu/lib/libadler-58d841eb322a11a2.rlib" "/opt/rustwide/rustup-home/toolchains/beta-2023-12-22-x86_64-unknown-linux-gnu/lib/rustlib/x86_64-unknown-linux-gnu/lib/libunwind-aa2ae0b0a9d11533.rlib" "/opt/rustwide/rustup-home/toolchains/beta-2023-12-22-x86_64-unknown-linux-gnu/lib/rustlib/x86_64-unknown-linux-gnu/lib/libcfg_if-23874e15830ed336.rlib" "/opt/rustwide/rustup-home/toolchains/beta-2023-12-22-x86_64-unknown-linux-gnu/lib/rustlib/x86_64-unknown-linux-gnu/lib/liblibc-e47cddc003bce885.rlib" "/opt/rustwide/rustup-home/toolchains/beta-2023-12-22-x86_64-unknown-linux-gnu/lib/rustlib/x86_64-unknown-linux-gnu/lib/liballoc-c22b13b48a8f128e.rlib" "/opt/rustwide/rustup-home/toolchains/beta-2023-12-22-x86_64-unknown-linux-gnu/lib/rustlib/x86_64-unknown-linux-gnu/lib/librustc_std_workspace_core-e46bc3da6d7c462f.rlib" "/opt/rustwide/rustup-home/toolchains/beta-2023-12-22-x86_64-unknown-linux-gnu/lib/rustlib/x86_64-unknown-linux-gnu/lib/libcore-8d1ac131d3cb2645.rlib" "/opt/rustwide/rustup-home/toolchains/beta-2023-12-22-x86_64-unknown-linux-gnu/lib/rustlib/x86_64-unknown-linux-gnu/lib/libcompiler_builtins-a1b43df8c6899c1f.rlib" "-Wl,-Bdynamic" "-lnettle" "-lhogweed" "-lgmp" "-lgcc_s" "-lutil" "-lrt" "-lpthread" "-lm" "-ldl" "-lc" "-Wl,--eh-frame-hdr" "-Wl,-z,noexecstack" "-L" "/opt/rustwide/rustup-home/toolchains/beta-2023-12-22-x86_64-unknown-linux-gnu/lib/rustlib/x86_64-unknown-linux-gnu/lib" "-o" "/opt/rustwide/target/debug/deps/sq_packet_dump-39b9c91456cb46c0" "-Wl,--gc-sections" "-pie" "-Wl,-z,relro,-z,now" "-nodefaultlibs"
[INFO] [stdout]   = note: collect2: fatal error: ld terminated with signal 9 [Killed]
[INFO] [stdout]           compilation terminated.
[INFO] [stdout]           
[INFO] [stdout] 
[INFO] [stdout] 
[INFO] [stdout] error: aborting due to 1 previous error
[INFO] [stdout] 
[INFO] [stdout] 
[INFO] [stderr] The following warnings were emitted during compilation:
[INFO] [stderr] 
[INFO] [stderr] warning: sequoia-sq@0.31.0: completion file is generated: "/opt/rustwide/target/sq.bash"
[INFO] [stderr] warning: sequoia-sq@0.31.0: completion file is generated: "/opt/rustwide/target/sq.fish"
[INFO] [stderr] warning: sequoia-sq@0.31.0: completion file is generated: "/opt/rustwide/target/_sq"
[INFO] [stderr] warning: sequoia-sq@0.31.0: completion file is generated: "/opt/rustwide/target/_sq.ps1"
[INFO] [stderr] warning: sequoia-sq@0.31.0: completion file is generated: "/opt/rustwide/target/sq.elv"
[INFO] [stderr] 
[INFO] [stderr] error: could not compile `sequoia-sq` (test "sq-packet-dump") due to 2 previous errors
[INFO] [stdout] error: linking with `cc` failed: exit status: 1
[INFO] [stdout]   |
[INFO] [stdout]   = note: LC_ALL="C" PATH="/opt/rustwide/rustup-home/toolchains/beta-2023-12-22-x86_64-unknown-linux-gnu/lib/rustlib/x86_64-unknown-linux-gnu/bin:/opt/rustwide/cargo-home/bin:/usr/local/sbin:/usr/local/bin:/usr/sbin:/usr/bin:/sbin:/bin" VSLANG="1033" "cc" "-m64" "/tmp/rustcDHe2oc/symbols.o" "/opt/rustwide/target/debug/deps/sq_key_adopt-630dc972ef66c67a.sq_key_adopt.e1b42bd85d7b8bab-cgu.0.rcgu.o" "/opt/rustwide/target/debug/deps/sq_key_adopt-630dc972ef66c67a.5cjjrgns4k448avf.rcgu.o" "-Wl,--as-needed" "-L" "/opt/rustwide/target/debug/deps" "-L" "/opt/rustwide/target/debug/build/bzip2-sys-000f8d035b868002/out/lib" "-L" "/usr/lib/x86_64-linux-gnu" "-L" "/usr/lib/x86_64-linux-gnu" "-L" "/usr/lib/x86_64-linux-gnu" "-L" "/opt/rustwide/rustup-home/toolchains/beta-2023-12-22-x86_64-unknown-linux-gnu/lib/rustlib/x86_64-unknown-linux-gnu/lib" "-Wl,-Bstatic" "/opt/rustwide/rustup-home/toolchains/beta-2023-12-22-x86_64-unknown-linux-gnu/lib/rustlib/x86_64-unknown-linux-gnu/lib/libtest-cbab71697df97b00.rlib" "/opt/rustwide/rustup-home/toolchains/beta-2023-12-22-x86_64-unknown-linux-gnu/lib/rustlib/x86_64-unknown-linux-gnu/lib/libgetopts-2a2cf8f16c536007.rlib" "/opt/rustwide/rustup-home/toolchains/beta-2023-12-22-x86_64-unknown-linux-gnu/lib/rustlib/x86_64-unknown-linux-gnu/lib/libunicode_width-c5f3cc3cceaf9070.rlib" "/opt/rustwide/rustup-home/toolchains/beta-2023-12-22-x86_64-unknown-linux-gnu/lib/rustlib/x86_64-unknown-linux-gnu/lib/librustc_std_workspace_std-a31324ec815b09db.rlib" "/opt/rustwide/target/debug/deps/libsequoia_openpgp-329649b34cccf1ed.rlib" "/opt/rustwide/target/debug/deps/libidna-34a129a2150038b3.rlib" "/opt/rustwide/target/debug/deps/libunicode_normalization-6720ecd938ebfb2b.rlib" "/opt/rustwide/target/debug/deps/libtinyvec-dcbbce603bc23510.rlib" "/opt/rustwide/target/debug/deps/libtinyvec_macros-333661e3b238a9a3.rlib" "/opt/rustwide/target/debug/deps/libunicode_bidi-c077d6a813fe7ae8.rlib" "/opt/rustwide/target/debug/deps/libmemsec-e8413a44090b1eb0.rlib" "/opt/rustwide/target/debug/deps/libsha1collisiondetection-78d2261ab8fd88b5.rlib" "/opt/rustwide/target/debug/deps/libgeneric_array-b3175673e67b1380.rlib" "/opt/rustwide/target/debug/deps/libregex_syntax-b113d34fa562c5bb.rlib" "/opt/rustwide/target/debug/deps/liblalrpop_util-96d18bd8f1436b1d.rlib" "/opt/rustwide/target/debug/deps/libanyhow-95c64c28af856d3a.rlib" "/opt/rustwide/target/debug/deps/libxxhash_rust-9831d78d1626ec30.rlib" "/opt/rustwide/target/debug/deps/libdyn_clone-3cebdd6c38708430.rlib" "/opt/rustwide/target/debug/deps/libnettle-8f76095064737e6e.rlib" "/opt/rustwide/target/debug/deps/libthiserror-cde754b4ffda7cec.rlib" "/opt/rustwide/target/debug/deps/libtypenum-486446c5d1f61c48.rlib" "/opt/rustwide/target/debug/deps/libgetrandom-8b22c2a8d664de18.rlib" "/opt/rustwide/target/debug/deps/libnettle_sys-735af779d6f5650f.rlib" "/opt/rustwide/target/debug/deps/libbase64-f38862f3d93516f9.rlib" "/opt/rustwide/target/debug/deps/libbuffered_reader-785b38b0e54dda47.rlib" "/opt/rustwide/target/debug/deps/liblazy_static-efa3519517df6cf0.rlib" "/opt/rustwide/target/debug/deps/libbzip2-e7cc798dd72d54d8.rlib" "/opt/rustwide/target/debug/deps/libbzip2_sys-ec35db183d88f159.rlib" "/opt/rustwide/target/debug/deps/libflate2-8fa33c2ed34dcca8.rlib" "/opt/rustwide/target/debug/deps/libminiz_oxide-fdd9e74574a7bd2a.rlib" "/opt/rustwide/target/debug/deps/libadler-eba61f23bb3cdb48.rlib" "/opt/rustwide/target/debug/deps/libcrc32fast-dbea8ee6fb11ce73.rlib" "/opt/rustwide/target/debug/deps/libcfg_if-e7002d307f97bc56.rlib" "/opt/rustwide/target/debug/deps/libassert_cmd-7e866eb1c7d52188.rlib" "/opt/rustwide/target/debug/deps/libwait_timeout-62bd0840bcb76c23.rlib" "/opt/rustwide/target/debug/deps/liblibc-28cb6a1af7d75d80.rlib" "/opt/rustwide/target/debug/deps/libdoc_comment-8766726346b4cbde.rlib" "/opt/rustwide/target/debug/deps/libbstr-5b5f8fa0087c482d.rlib" "/opt/rustwide/target/debug/deps/libonce_cell-728f13abc4f8cf5f.rlib" "/opt/rustwide/target/debug/deps/libregex_automata-d911e44eb55ac229.rlib" "/opt/rustwide/target/debug/deps/libpredicates_tree-3b8073f0599b9289.rlib" "/opt/rustwide/target/debug/deps/libtermtree-6d973ba1c301efb7.rlib" "/opt/rustwide/target/debug/deps/libpredicates-8d0365709deef3c2.rlib" "/opt/rustwide/target/debug/deps/libregex-b44fd9d166d0c4c5.rlib" "/opt/rustwide/target/debug/deps/libaho_corasick-d424b0a92ce0dc1c.rlib" "/opt/rustwide/target/debug/deps/libmemchr-33d05ae5bba76030.rlib" "/opt/rustwide/target/debug/deps/libregex_syntax-0491398fbb248b2a.rlib" "/opt/rustwide/target/debug/deps/libitertools-9d0001e1bd8ce1a6.rlib" "/opt/rustwide/target/debug/deps/libeither-ede8120b5409efc0.rlib" "/opt/rustwide/target/debug/deps/libdifflib-c8685f26d2b11ad9.rlib" "/opt/rustwide/target/debug/deps/libnormalize_line_endings-f28a36dd344fb685.rlib" "/opt/rustwide/target/debug/deps/libfloat_cmp-a84edf83c4a8028a.rlib" "/opt/rustwide/target/debug/deps/libnum_traits-b277a111beb39735.rlib" "/opt/rustwide/target/debug/deps/libpredicates_core-b79a364d83687104.rlib" "/opt/rustwide/rustup-home/toolchains/beta-2023-12-22-x86_64-unknown-linux-gnu/lib/rustlib/x86_64-unknown-linux-gnu/lib/libstd-0672489a78b613de.rlib" "/opt/rustwide/rustup-home/toolchains/beta-2023-12-22-x86_64-unknown-linux-gnu/lib/rustlib/x86_64-unknown-linux-gnu/lib/libpanic_unwind-7eb3ffc34a49f675.rlib" "/opt/rustwide/rustup-home/toolchains/beta-2023-12-22-x86_64-unknown-linux-gnu/lib/rustlib/x86_64-unknown-linux-gnu/lib/libobject-6478a9daa4bee8e2.rlib" "/opt/rustwide/rustup-home/toolchains/beta-2023-12-22-x86_64-unknown-linux-gnu/lib/rustlib/x86_64-unknown-linux-gnu/lib/libmemchr-0c75d871a5c3923d.rlib" "/opt/rustwide/rustup-home/toolchains/beta-2023-12-22-x86_64-unknown-linux-gnu/lib/rustlib/x86_64-unknown-linux-gnu/lib/libaddr2line-d163ef63ad37bb71.rlib" "/opt/rustwide/rustup-home/toolchains/beta-2023-12-22-x86_64-unknown-linux-gnu/lib/rustlib/x86_64-unknown-linux-gnu/lib/libgimli-8a3fd810a85b9f4c.rlib" "/opt/rustwide/rustup-home/toolchains/beta-2023-12-22-x86_64-unknown-linux-gnu/lib/rustlib/x86_64-unknown-linux-gnu/lib/librustc_demangle-462a2cde8c5dfc10.rlib" "/opt/rustwide/rustup-home/toolchains/beta-2023-12-22-x86_64-unknown-linux-gnu/lib/rustlib/x86_64-unknown-linux-gnu/lib/libstd_detect-cb06ac9f54713f71.rlib" "/opt/rustwide/rustup-home/toolchains/beta-2023-12-22-x86_64-unknown-linux-gnu/lib/rustlib/x86_64-unknown-linux-gnu/lib/libhashbrown-f20bfd1f8e59b393.rlib" "/opt/rustwide/rustup-home/toolchains/beta-2023-12-22-x86_64-unknown-linux-gnu/lib/rustlib/x86_64-unknown-linux-gnu/lib/librustc_std_workspace_alloc-1ef460949b49da4b.rlib" "/opt/rustwide/rustup-home/toolchains/beta-2023-12-22-x86_64-unknown-linux-gnu/lib/rustlib/x86_64-unknown-linux-gnu/lib/libminiz_oxide-2cb0c0ffe4f87514.rlib" "/opt/rustwide/rustup-home/toolchains/beta-2023-12-22-x86_64-unknown-linux-gnu/lib/rustlib/x86_64-unknown-linux-gnu/lib/libadler-58d841eb322a11a2.rlib" "/opt/rustwide/rustup-home/toolchains/beta-2023-12-22-x86_64-unknown-linux-gnu/lib/rustlib/x86_64-unknown-linux-gnu/lib/libunwind-aa2ae0b0a9d11533.rlib" "/opt/rustwide/rustup-home/toolchains/beta-2023-12-22-x86_64-unknown-linux-gnu/lib/rustlib/x86_64-unknown-linux-gnu/lib/libcfg_if-23874e15830ed336.rlib" "/opt/rustwide/rustup-home/toolchains/beta-2023-12-22-x86_64-unknown-linux-gnu/lib/rustlib/x86_64-unknown-linux-gnu/lib/liblibc-e47cddc003bce885.rlib" "/opt/rustwide/rustup-home/toolchains/beta-2023-12-22-x86_64-unknown-linux-gnu/lib/rustlib/x86_64-unknown-linux-gnu/lib/liballoc-c22b13b48a8f128e.rlib" "/opt/rustwide/rustup-home/toolchains/beta-2023-12-22-x86_64-unknown-linux-gnu/lib/rustlib/x86_64-unknown-linux-gnu/lib/librustc_std_workspace_core-e46bc3da6d7c462f.rlib" "/opt/rustwide/rustup-home/toolchains/beta-2023-12-22-x86_64-unknown-linux-gnu/lib/rustlib/x86_64-unknown-linux-gnu/lib/libcore-8d1ac131d3cb2645.rlib" "/opt/rustwide/rustup-home/toolchains/beta-2023-12-22-x86_64-unknown-linux-gnu/lib/rustlib/x86_64-unknown-linux-gnu/lib/libcompiler_builtins-a1b43df8c6899c1f.rlib" "-Wl,-Bdynamic" "-lnettle" "-lhogweed" "-lgmp" "-lgcc_s" "-lutil" "-lrt" "-lpthread" "-lm" "-ldl" "-lc" "-Wl,--eh-frame-hdr" "-Wl,-z,noexecstack" "-L" "/opt/rustwide/rustup-home/toolchains/beta-2023-12-22-x86_64-unknown-linux-gnu/lib/rustlib/x86_64-unknown-linux-gnu/lib" "-o" "/opt/rustwide/target/debug/deps/sq_key_adopt-630dc972ef66c67a" "-Wl,--gc-sections" "-pie" "-Wl,-z,relro,-z,now" "-nodefaultlibs"
[INFO] [stdout]   = note: collect2: fatal error: ld terminated with signal 9 [Killed]
[INFO] [stdout]           compilation terminated.
[INFO] [stdout]           
[INFO] [stdout] 
[INFO] [stdout] 
[INFO] [stdout] error: aborting due to 1 previous error
[INFO] [stdout] 
[INFO] [stdout] 
[INFO] [stderr] The following warnings were emitted during compilation:
[INFO] [stderr] 
[INFO] [stderr] warning: sequoia-sq@0.31.0: completion file is generated: "/opt/rustwide/target/sq.bash"
[INFO] [stderr] warning: sequoia-sq@0.31.0: completion file is generated: "/opt/rustwide/target/sq.fish"
[INFO] [stderr] warning: sequoia-sq@0.31.0: completion file is generated: "/opt/rustwide/target/_sq"
[INFO] [stderr] warning: sequoia-sq@0.31.0: completion file is generated: "/opt/rustwide/target/_sq.ps1"
[INFO] [stderr] warning: sequoia-sq@0.31.0: completion file is generated: "/opt/rustwide/target/sq.elv"
[INFO] [stderr] 
[INFO] [stderr] error: could not compile `sequoia-sq` (test "sq-key-adopt") due to 2 previous errors
[INFO] [stdout] error: linking with `cc` failed: exit status: 1
[INFO] [stdout]   |
[INFO] [stdout]   = note: LC_ALL="C" PATH="/opt/rustwide/rustup-home/toolchains/beta-2023-12-22-x86_64-unknown-linux-gnu/lib/rustlib/x86_64-unknown-linux-gnu/bin:/opt/rustwide/cargo-home/bin:/usr/local/sbin:/usr/local/bin:/usr/sbin:/usr/bin:/sbin:/bin" VSLANG="1033" "cc" "-m64" "/tmp/rustckNnm10/symbols.o" "/opt/rustwide/target/debug/deps/sq_packet_decrypt-ae656e68439dc6eb.sq_packet_decrypt.c0af556d11087ad8-cgu.0.rcgu.o" "/opt/rustwide/target/debug/deps/sq_packet_decrypt-ae656e68439dc6eb.1g2i3fuvxhxz2mcs.rcgu.o" "-Wl,--as-needed" "-L" "/opt/rustwide/target/debug/deps" "-L" "/opt/rustwide/target/debug/build/bzip2-sys-000f8d035b868002/out/lib" "-L" "/usr/lib/x86_64-linux-gnu" "-L" "/usr/lib/x86_64-linux-gnu" "-L" "/usr/lib/x86_64-linux-gnu" "-L" "/opt/rustwide/rustup-home/toolchains/beta-2023-12-22-x86_64-unknown-linux-gnu/lib/rustlib/x86_64-unknown-linux-gnu/lib" "-Wl,-Bstatic" "/opt/rustwide/rustup-home/toolchains/beta-2023-12-22-x86_64-unknown-linux-gnu/lib/rustlib/x86_64-unknown-linux-gnu/lib/libtest-cbab71697df97b00.rlib" "/opt/rustwide/rustup-home/toolchains/beta-2023-12-22-x86_64-unknown-linux-gnu/lib/rustlib/x86_64-unknown-linux-gnu/lib/libgetopts-2a2cf8f16c536007.rlib" "/opt/rustwide/rustup-home/toolchains/beta-2023-12-22-x86_64-unknown-linux-gnu/lib/rustlib/x86_64-unknown-linux-gnu/lib/libunicode_width-c5f3cc3cceaf9070.rlib" "/opt/rustwide/rustup-home/toolchains/beta-2023-12-22-x86_64-unknown-linux-gnu/lib/rustlib/x86_64-unknown-linux-gnu/lib/librustc_std_workspace_std-a31324ec815b09db.rlib" "/opt/rustwide/target/debug/deps/libsequoia_openpgp-329649b34cccf1ed.rlib" "/opt/rustwide/target/debug/deps/libidna-34a129a2150038b3.rlib" "/opt/rustwide/target/debug/deps/libunicode_normalization-6720ecd938ebfb2b.rlib" "/opt/rustwide/target/debug/deps/libtinyvec-dcbbce603bc23510.rlib" "/opt/rustwide/target/debug/deps/libtinyvec_macros-333661e3b238a9a3.rlib" "/opt/rustwide/target/debug/deps/libunicode_bidi-c077d6a813fe7ae8.rlib" "/opt/rustwide/target/debug/deps/libmemsec-e8413a44090b1eb0.rlib" "/opt/rustwide/target/debug/deps/libsha1collisiondetection-78d2261ab8fd88b5.rlib" "/opt/rustwide/target/debug/deps/libgeneric_array-b3175673e67b1380.rlib" "/opt/rustwide/target/debug/deps/libregex_syntax-b113d34fa562c5bb.rlib" "/opt/rustwide/target/debug/deps/liblalrpop_util-96d18bd8f1436b1d.rlib" "/opt/rustwide/target/debug/deps/libanyhow-95c64c28af856d3a.rlib" "/opt/rustwide/target/debug/deps/libxxhash_rust-9831d78d1626ec30.rlib" "/opt/rustwide/target/debug/deps/libdyn_clone-3cebdd6c38708430.rlib" "/opt/rustwide/target/debug/deps/libnettle-8f76095064737e6e.rlib" "/opt/rustwide/target/debug/deps/libthiserror-cde754b4ffda7cec.rlib" "/opt/rustwide/target/debug/deps/libtypenum-486446c5d1f61c48.rlib" "/opt/rustwide/target/debug/deps/libgetrandom-8b22c2a8d664de18.rlib" "/opt/rustwide/target/debug/deps/libnettle_sys-735af779d6f5650f.rlib" "/opt/rustwide/target/debug/deps/libbase64-f38862f3d93516f9.rlib" "/opt/rustwide/target/debug/deps/libbuffered_reader-785b38b0e54dda47.rlib" "/opt/rustwide/target/debug/deps/liblazy_static-efa3519517df6cf0.rlib" "/opt/rustwide/target/debug/deps/libbzip2-e7cc798dd72d54d8.rlib" "/opt/rustwide/target/debug/deps/libbzip2_sys-ec35db183d88f159.rlib" "/opt/rustwide/target/debug/deps/libflate2-8fa33c2ed34dcca8.rlib" "/opt/rustwide/target/debug/deps/libminiz_oxide-fdd9e74574a7bd2a.rlib" "/opt/rustwide/target/debug/deps/libadler-eba61f23bb3cdb48.rlib" "/opt/rustwide/target/debug/deps/libcrc32fast-dbea8ee6fb11ce73.rlib" "/opt/rustwide/target/debug/deps/libcfg_if-e7002d307f97bc56.rlib" "/opt/rustwide/target/debug/deps/libassert_cmd-7e866eb1c7d52188.rlib" "/opt/rustwide/target/debug/deps/libwait_timeout-62bd0840bcb76c23.rlib" "/opt/rustwide/target/debug/deps/liblibc-28cb6a1af7d75d80.rlib" "/opt/rustwide/target/debug/deps/libdoc_comment-8766726346b4cbde.rlib" "/opt/rustwide/target/debug/deps/libbstr-5b5f8fa0087c482d.rlib" "/opt/rustwide/target/debug/deps/libonce_cell-728f13abc4f8cf5f.rlib" "/opt/rustwide/target/debug/deps/libregex_automata-d911e44eb55ac229.rlib" "/opt/rustwide/target/debug/deps/libpredicates_tree-3b8073f0599b9289.rlib" "/opt/rustwide/target/debug/deps/libtermtree-6d973ba1c301efb7.rlib" "/opt/rustwide/target/debug/deps/libpredicates-8d0365709deef3c2.rlib" "/opt/rustwide/target/debug/deps/libregex-b44fd9d166d0c4c5.rlib" "/opt/rustwide/target/debug/deps/libaho_corasick-d424b0a92ce0dc1c.rlib" "/opt/rustwide/target/debug/deps/libmemchr-33d05ae5bba76030.rlib" "/opt/rustwide/target/debug/deps/libregex_syntax-0491398fbb248b2a.rlib" "/opt/rustwide/target/debug/deps/libitertools-9d0001e1bd8ce1a6.rlib" "/opt/rustwide/target/debug/deps/libeither-ede8120b5409efc0.rlib" "/opt/rustwide/target/debug/deps/libdifflib-c8685f26d2b11ad9.rlib" "/opt/rustwide/target/debug/deps/libnormalize_line_endings-f28a36dd344fb685.rlib" "/opt/rustwide/target/debug/deps/libfloat_cmp-a84edf83c4a8028a.rlib" "/opt/rustwide/target/debug/deps/libnum_traits-b277a111beb39735.rlib" "/opt/rustwide/target/debug/deps/libpredicates_core-b79a364d83687104.rlib" "/opt/rustwide/rustup-home/toolchains/beta-2023-12-22-x86_64-unknown-linux-gnu/lib/rustlib/x86_64-unknown-linux-gnu/lib/libstd-0672489a78b613de.rlib" "/opt/rustwide/rustup-home/toolchains/beta-2023-12-22-x86_64-unknown-linux-gnu/lib/rustlib/x86_64-unknown-linux-gnu/lib/libpanic_unwind-7eb3ffc34a49f675.rlib" "/opt/rustwide/rustup-home/toolchains/beta-2023-12-22-x86_64-unknown-linux-gnu/lib/rustlib/x86_64-unknown-linux-gnu/lib/libobject-6478a9daa4bee8e2.rlib" "/opt/rustwide/rustup-home/toolchains/beta-2023-12-22-x86_64-unknown-linux-gnu/lib/rustlib/x86_64-unknown-linux-gnu/lib/libmemchr-0c75d871a5c3923d.rlib" "/opt/rustwide/rustup-home/toolchains/beta-2023-12-22-x86_64-unknown-linux-gnu/lib/rustlib/x86_64-unknown-linux-gnu/lib/libaddr2line-d163ef63ad37bb71.rlib" "/opt/rustwide/rustup-home/toolchains/beta-2023-12-22-x86_64-unknown-linux-gnu/lib/rustlib/x86_64-unknown-linux-gnu/lib/libgimli-8a3fd810a85b9f4c.rlib" "/opt/rustwide/rustup-home/toolchains/beta-2023-12-22-x86_64-unknown-linux-gnu/lib/rustlib/x86_64-unknown-linux-gnu/lib/librustc_demangle-462a2cde8c5dfc10.rlib" "/opt/rustwide/rustup-home/toolchains/beta-2023-12-22-x86_64-unknown-linux-gnu/lib/rustlib/x86_64-unknown-linux-gnu/lib/libstd_detect-cb06ac9f54713f71.rlib" "/opt/rustwide/rustup-home/toolchains/beta-2023-12-22-x86_64-unknown-linux-gnu/lib/rustlib/x86_64-unknown-linux-gnu/lib/libhashbrown-f20bfd1f8e59b393.rlib" "/opt/rustwide/rustup-home/toolchains/beta-2023-12-22-x86_64-unknown-linux-gnu/lib/rustlib/x86_64-unknown-linux-gnu/lib/librustc_std_workspace_alloc-1ef460949b49da4b.rlib" "/opt/rustwide/rustup-home/toolchains/beta-2023-12-22-x86_64-unknown-linux-gnu/lib/rustlib/x86_64-unknown-linux-gnu/lib/libminiz_oxide-2cb0c0ffe4f87514.rlib" "/opt/rustwide/rustup-home/toolchains/beta-2023-12-22-x86_64-unknown-linux-gnu/lib/rustlib/x86_64-unknown-linux-gnu/lib/libadler-58d841eb322a11a2.rlib" "/opt/rustwide/rustup-home/toolchains/beta-2023-12-22-x86_64-unknown-linux-gnu/lib/rustlib/x86_64-unknown-linux-gnu/lib/libunwind-aa2ae0b0a9d11533.rlib" "/opt/rustwide/rustup-home/toolchains/beta-2023-12-22-x86_64-unknown-linux-gnu/lib/rustlib/x86_64-unknown-linux-gnu/lib/libcfg_if-23874e15830ed336.rlib" "/opt/rustwide/rustup-home/toolchains/beta-2023-12-22-x86_64-unknown-linux-gnu/lib/rustlib/x86_64-unknown-linux-gnu/lib/liblibc-e47cddc003bce885.rlib" "/opt/rustwide/rustup-home/toolchains/beta-2023-12-22-x86_64-unknown-linux-gnu/lib/rustlib/x86_64-unknown-linux-gnu/lib/liballoc-c22b13b48a8f128e.rlib" "/opt/rustwide/rustup-home/toolchains/beta-2023-12-22-x86_64-unknown-linux-gnu/lib/rustlib/x86_64-unknown-linux-gnu/lib/librustc_std_workspace_core-e46bc3da6d7c462f.rlib" "/opt/rustwide/rustup-home/toolchains/beta-2023-12-22-x86_64-unknown-linux-gnu/lib/rustlib/x86_64-unknown-linux-gnu/lib/libcore-8d1ac131d3cb2645.rlib" "/opt/rustwide/rustup-home/toolchains/beta-2023-12-22-x86_64-unknown-linux-gnu/lib/rustlib/x86_64-unknown-linux-gnu/lib/libcompiler_builtins-a1b43df8c6899c1f.rlib" "-Wl,-Bdynamic" "-lnettle" "-lhogweed" "-lgmp" "-lgcc_s" "-lutil" "-lrt" "-lpthread" "-lm" "-ldl" "-lc" "-Wl,--eh-frame-hdr" "-Wl,-z,noexecstack" "-L" "/opt/rustwide/rustup-home/toolchains/beta-2023-12-22-x86_64-unknown-linux-gnu/lib/rustlib/x86_64-unknown-linux-gnu/lib" "-o" "/opt/rustwide/target/debug/deps/sq_packet_decrypt-ae656e68439dc6eb" "-Wl,--gc-sections" "-pie" "-Wl,-z,relro,-z,now" "-nodefaultlibs"
[INFO] [stdout]   = note: collect2: fatal error: ld terminated with signal 9 [Killed]
[INFO] [stdout]           compilation terminated.
[INFO] [stdout]           
[INFO] [stdout] 
[INFO] [stdout] 
[INFO] [stdout] error: aborting due to 1 previous error
[INFO] [stdout] 
[INFO] [stdout] 
[INFO] [stderr] The following warnings were emitted during compilation:
[INFO] [stderr] 
[INFO] [stderr] warning: sequoia-sq@0.31.0: completion file is generated: "/opt/rustwide/target/sq.bash"
[INFO] [stderr] warning: sequoia-sq@0.31.0: completion file is generated: "/opt/rustwide/target/sq.fish"
[INFO] [stderr] warning: sequoia-sq@0.31.0: completion file is generated: "/opt/rustwide/target/_sq"
[INFO] [stderr] warning: sequoia-sq@0.31.0: completion file is generated: "/opt/rustwide/target/_sq.ps1"
[INFO] [stderr] warning: sequoia-sq@0.31.0: completion file is generated: "/opt/rustwide/target/sq.elv"
[INFO] [stderr] 
[INFO] [stderr] error: could not compile `sequoia-sq` (test "sq-packet-decrypt") due to 2 previous errors
[INFO] [stdout] error: linking with `cc` failed: exit status: 1
[INFO] [stdout]   |
[INFO] [stdout]   = note: LC_ALL="C" PATH="/opt/rustwide/rustup-home/toolchains/beta-2023-12-22-x86_64-unknown-linux-gnu/lib/rustlib/x86_64-unknown-linux-gnu/bin:/opt/rustwide/cargo-home/bin:/usr/local/sbin:/usr/local/bin:/usr/sbin:/usr/bin:/sbin:/bin" VSLANG="1033" "cc" "-m64" "/tmp/rustc9nnTEV/symbols.o" "/opt/rustwide/target/debug/deps/sq_decrypt-bb964c522fe8d4ed.sq_decrypt.a7cf66add9b15e4f-cgu.0.rcgu.o" "/opt/rustwide/target/debug/deps/sq_decrypt-bb964c522fe8d4ed.et2yxd250mr9rbh.rcgu.o" "-Wl,--as-needed" "-L" "/opt/rustwide/target/debug/deps" "-L" "/opt/rustwide/target/debug/build/bzip2-sys-000f8d035b868002/out/lib" "-L" "/usr/lib/x86_64-linux-gnu" "-L" "/usr/lib/x86_64-linux-gnu" "-L" "/usr/lib/x86_64-linux-gnu" "-L" "/opt/rustwide/rustup-home/toolchains/beta-2023-12-22-x86_64-unknown-linux-gnu/lib/rustlib/x86_64-unknown-linux-gnu/lib" "-Wl,-Bstatic" "/opt/rustwide/rustup-home/toolchains/beta-2023-12-22-x86_64-unknown-linux-gnu/lib/rustlib/x86_64-unknown-linux-gnu/lib/libtest-cbab71697df97b00.rlib" "/opt/rustwide/rustup-home/toolchains/beta-2023-12-22-x86_64-unknown-linux-gnu/lib/rustlib/x86_64-unknown-linux-gnu/lib/libgetopts-2a2cf8f16c536007.rlib" "/opt/rustwide/rustup-home/toolchains/beta-2023-12-22-x86_64-unknown-linux-gnu/lib/rustlib/x86_64-unknown-linux-gnu/lib/libunicode_width-c5f3cc3cceaf9070.rlib" "/opt/rustwide/rustup-home/toolchains/beta-2023-12-22-x86_64-unknown-linux-gnu/lib/rustlib/x86_64-unknown-linux-gnu/lib/librustc_std_workspace_std-a31324ec815b09db.rlib" "/opt/rustwide/target/debug/deps/libsequoia_openpgp-329649b34cccf1ed.rlib" "/opt/rustwide/target/debug/deps/libidna-34a129a2150038b3.rlib" "/opt/rustwide/target/debug/deps/libunicode_normalization-6720ecd938ebfb2b.rlib" "/opt/rustwide/target/debug/deps/libtinyvec-dcbbce603bc23510.rlib" "/opt/rustwide/target/debug/deps/libtinyvec_macros-333661e3b238a9a3.rlib" "/opt/rustwide/target/debug/deps/libunicode_bidi-c077d6a813fe7ae8.rlib" "/opt/rustwide/target/debug/deps/libmemsec-e8413a44090b1eb0.rlib" "/opt/rustwide/target/debug/deps/libsha1collisiondetection-78d2261ab8fd88b5.rlib" "/opt/rustwide/target/debug/deps/libgeneric_array-b3175673e67b1380.rlib" "/opt/rustwide/target/debug/deps/libregex_syntax-b113d34fa562c5bb.rlib" "/opt/rustwide/target/debug/deps/liblalrpop_util-96d18bd8f1436b1d.rlib" "/opt/rustwide/target/debug/deps/libanyhow-95c64c28af856d3a.rlib" "/opt/rustwide/target/debug/deps/libxxhash_rust-9831d78d1626ec30.rlib" "/opt/rustwide/target/debug/deps/libdyn_clone-3cebdd6c38708430.rlib" "/opt/rustwide/target/debug/deps/libnettle-8f76095064737e6e.rlib" "/opt/rustwide/target/debug/deps/libthiserror-cde754b4ffda7cec.rlib" "/opt/rustwide/target/debug/deps/libtypenum-486446c5d1f61c48.rlib" "/opt/rustwide/target/debug/deps/libgetrandom-8b22c2a8d664de18.rlib" "/opt/rustwide/target/debug/deps/libnettle_sys-735af779d6f5650f.rlib" "/opt/rustwide/target/debug/deps/libbase64-f38862f3d93516f9.rlib" "/opt/rustwide/target/debug/deps/libbuffered_reader-785b38b0e54dda47.rlib" "/opt/rustwide/target/debug/deps/liblazy_static-efa3519517df6cf0.rlib" "/opt/rustwide/target/debug/deps/libbzip2-e7cc798dd72d54d8.rlib" "/opt/rustwide/target/debug/deps/libbzip2_sys-ec35db183d88f159.rlib" "/opt/rustwide/target/debug/deps/libflate2-8fa33c2ed34dcca8.rlib" "/opt/rustwide/target/debug/deps/libminiz_oxide-fdd9e74574a7bd2a.rlib" "/opt/rustwide/target/debug/deps/libadler-eba61f23bb3cdb48.rlib" "/opt/rustwide/target/debug/deps/libcrc32fast-dbea8ee6fb11ce73.rlib" "/opt/rustwide/target/debug/deps/libcfg_if-e7002d307f97bc56.rlib" "/opt/rustwide/target/debug/deps/libassert_cmd-7e866eb1c7d52188.rlib" "/opt/rustwide/target/debug/deps/libwait_timeout-62bd0840bcb76c23.rlib" "/opt/rustwide/target/debug/deps/liblibc-28cb6a1af7d75d80.rlib" "/opt/rustwide/target/debug/deps/libdoc_comment-8766726346b4cbde.rlib" "/opt/rustwide/target/debug/deps/libbstr-5b5f8fa0087c482d.rlib" "/opt/rustwide/target/debug/deps/libonce_cell-728f13abc4f8cf5f.rlib" "/opt/rustwide/target/debug/deps/libregex_automata-d911e44eb55ac229.rlib" "/opt/rustwide/target/debug/deps/libpredicates_tree-3b8073f0599b9289.rlib" "/opt/rustwide/target/debug/deps/libtermtree-6d973ba1c301efb7.rlib" "/opt/rustwide/target/debug/deps/libpredicates-8d0365709deef3c2.rlib" "/opt/rustwide/target/debug/deps/libregex-b44fd9d166d0c4c5.rlib" "/opt/rustwide/target/debug/deps/libaho_corasick-d424b0a92ce0dc1c.rlib" "/opt/rustwide/target/debug/deps/libmemchr-33d05ae5bba76030.rlib" "/opt/rustwide/target/debug/deps/libregex_syntax-0491398fbb248b2a.rlib" "/opt/rustwide/target/debug/deps/libitertools-9d0001e1bd8ce1a6.rlib" "/opt/rustwide/target/debug/deps/libeither-ede8120b5409efc0.rlib" "/opt/rustwide/target/debug/deps/libdifflib-c8685f26d2b11ad9.rlib" "/opt/rustwide/target/debug/deps/libnormalize_line_endings-f28a36dd344fb685.rlib" "/opt/rustwide/target/debug/deps/libfloat_cmp-a84edf83c4a8028a.rlib" "/opt/rustwide/target/debug/deps/libnum_traits-b277a111beb39735.rlib" "/opt/rustwide/target/debug/deps/libpredicates_core-b79a364d83687104.rlib" "/opt/rustwide/rustup-home/toolchains/beta-2023-12-22-x86_64-unknown-linux-gnu/lib/rustlib/x86_64-unknown-linux-gnu/lib/libstd-0672489a78b613de.rlib" "/opt/rustwide/rustup-home/toolchains/beta-2023-12-22-x86_64-unknown-linux-gnu/lib/rustlib/x86_64-unknown-linux-gnu/lib/libpanic_unwind-7eb3ffc34a49f675.rlib" "/opt/rustwide/rustup-home/toolchains/beta-2023-12-22-x86_64-unknown-linux-gnu/lib/rustlib/x86_64-unknown-linux-gnu/lib/libobject-6478a9daa4bee8e2.rlib" "/opt/rustwide/rustup-home/toolchains/beta-2023-12-22-x86_64-unknown-linux-gnu/lib/rustlib/x86_64-unknown-linux-gnu/lib/libmemchr-0c75d871a5c3923d.rlib" "/opt/rustwide/rustup-home/toolchains/beta-2023-12-22-x86_64-unknown-linux-gnu/lib/rustlib/x86_64-unknown-linux-gnu/lib/libaddr2line-d163ef63ad37bb71.rlib" "/opt/rustwide/rustup-home/toolchains/beta-2023-12-22-x86_64-unknown-linux-gnu/lib/rustlib/x86_64-unknown-linux-gnu/lib/libgimli-8a3fd810a85b9f4c.rlib" "/opt/rustwide/rustup-home/toolchains/beta-2023-12-22-x86_64-unknown-linux-gnu/lib/rustlib/x86_64-unknown-linux-gnu/lib/librustc_demangle-462a2cde8c5dfc10.rlib" "/opt/rustwide/rustup-home/toolchains/beta-2023-12-22-x86_64-unknown-linux-gnu/lib/rustlib/x86_64-unknown-linux-gnu/lib/libstd_detect-cb06ac9f54713f71.rlib" "/opt/rustwide/rustup-home/toolchains/beta-2023-12-22-x86_64-unknown-linux-gnu/lib/rustlib/x86_64-unknown-linux-gnu/lib/libhashbrown-f20bfd1f8e59b393.rlib" "/opt/rustwide/rustup-home/toolchains/beta-2023-12-22-x86_64-unknown-linux-gnu/lib/rustlib/x86_64-unknown-linux-gnu/lib/librustc_std_workspace_alloc-1ef460949b49da4b.rlib" "/opt/rustwide/rustup-home/toolchains/beta-2023-12-22-x86_64-unknown-linux-gnu/lib/rustlib/x86_64-unknown-linux-gnu/lib/libminiz_oxide-2cb0c0ffe4f87514.rlib" "/opt/rustwide/rustup-home/toolchains/beta-2023-12-22-x86_64-unknown-linux-gnu/lib/rustlib/x86_64-unknown-linux-gnu/lib/libadler-58d841eb322a11a2.rlib" "/opt/rustwide/rustup-home/toolchains/beta-2023-12-22-x86_64-unknown-linux-gnu/lib/rustlib/x86_64-unknown-linux-gnu/lib/libunwind-aa2ae0b0a9d11533.rlib" "/opt/rustwide/rustup-home/toolchains/beta-2023-12-22-x86_64-unknown-linux-gnu/lib/rustlib/x86_64-unknown-linux-gnu/lib/libcfg_if-23874e15830ed336.rlib" "/opt/rustwide/rustup-home/toolchains/beta-2023-12-22-x86_64-unknown-linux-gnu/lib/rustlib/x86_64-unknown-linux-gnu/lib/liblibc-e47cddc003bce885.rlib" "/opt/rustwide/rustup-home/toolchains/beta-2023-12-22-x86_64-unknown-linux-gnu/lib/rustlib/x86_64-unknown-linux-gnu/lib/liballoc-c22b13b48a8f128e.rlib" "/opt/rustwide/rustup-home/toolchains/beta-2023-12-22-x86_64-unknown-linux-gnu/lib/rustlib/x86_64-unknown-linux-gnu/lib/librustc_std_workspace_core-e46bc3da6d7c462f.rlib" "/opt/rustwide/rustup-home/toolchains/beta-2023-12-22-x86_64-unknown-linux-gnu/lib/rustlib/x86_64-unknown-linux-gnu/lib/libcore-8d1ac131d3cb2645.rlib" "/opt/rustwide/rustup-home/toolchains/beta-2023-12-22-x86_64-unknown-linux-gnu/lib/rustlib/x86_64-unknown-linux-gnu/lib/libcompiler_builtins-a1b43df8c6899c1f.rlib" "-Wl,-Bdynamic" "-lnettle" "-lhogweed" "-lgmp" "-lgcc_s" "-lutil" "-lrt" "-lpthread" "-lm" "-ldl" "-lc" "-Wl,--eh-frame-hdr" "-Wl,-z,noexecstack" "-L" "/opt/rustwide/rustup-home/toolchains/beta-2023-12-22-x86_64-unknown-linux-gnu/lib/rustlib/x86_64-unknown-linux-gnu/lib" "-o" "/opt/rustwide/target/debug/deps/sq_decrypt-bb964c522fe8d4ed" "-Wl,--gc-sections" "-pie" "-Wl,-z,relro,-z,now" "-nodefaultlibs"
[INFO] [stdout]   = note: collect2: fatal error: ld terminated with signal 9 [Killed]
[INFO] [stdout]           compilation terminated.
[INFO] [stdout]           
[INFO] [stdout] 
[INFO] [stdout] 
[INFO] [stdout] error: aborting due to 1 previous error
[INFO] [stdout] 
[INFO] [stdout] 
[INFO] [stderr] The following warnings were emitted during compilation:
[INFO] [stderr] 
[INFO] [stderr] warning: sequoia-sq@0.31.0: completion file is generated: "/opt/rustwide/target/sq.bash"
[INFO] [stderr] warning: sequoia-sq@0.31.0: completion file is generated: "/opt/rustwide/target/sq.fish"
[INFO] [stderr] warning: sequoia-sq@0.31.0: completion file is generated: "/opt/rustwide/target/_sq"
[INFO] [stderr] warning: sequoia-sq@0.31.0: completion file is generated: "/opt/rustwide/target/_sq.ps1"
[INFO] [stderr] warning: sequoia-sq@0.31.0: completion file is generated: "/opt/rustwide/target/sq.elv"
[INFO] [stderr] 
[INFO] [stderr] error: could not compile `sequoia-sq` (test "sq-decrypt") due to 2 previous errors
[INFO] [stdout] error: linking with `cc` failed: exit status: 1
[INFO] [stdout]   |
[INFO] [stdout]   = note: LC_ALL="C" PATH="/opt/rustwide/rustup-home/toolchains/beta-2023-12-22-x86_64-unknown-linux-gnu/lib/rustlib/x86_64-unknown-linux-gnu/bin:/opt/rustwide/cargo-home/bin:/usr/local/sbin:/usr/local/bin:/usr/sbin:/usr/bin:/sbin:/bin" VSLANG="1033" "cc" "-m64" "/tmp/rustcqw2Jvd/symbols.o" "/opt/rustwide/target/debug/deps/sq_key_subkey-c7ce2f9f4be2d4ac.sq_key_subkey.c7805d44b73c6790-cgu.0.rcgu.o" "/opt/rustwide/target/debug/deps/sq_key_subkey-c7ce2f9f4be2d4ac.sq_key_subkey.c7805d44b73c6790-cgu.1.rcgu.o" "/opt/rustwide/target/debug/deps/sq_key_subkey-c7ce2f9f4be2d4ac.sq_key_subkey.c7805d44b73c6790-cgu.2.rcgu.o" "/opt/rustwide/target/debug/deps/sq_key_subkey-c7ce2f9f4be2d4ac.sq_key_subkey.c7805d44b73c6790-cgu.3.rcgu.o" "/opt/rustwide/target/debug/deps/sq_key_subkey-c7ce2f9f4be2d4ac.sq_key_subkey.c7805d44b73c6790-cgu.4.rcgu.o" "/opt/rustwide/target/debug/deps/sq_key_subkey-c7ce2f9f4be2d4ac.sq_key_subkey.c7805d44b73c6790-cgu.5.rcgu.o" "/opt/rustwide/target/debug/deps/sq_key_subkey-c7ce2f9f4be2d4ac.2jax19q7qw5rtjm9.rcgu.o" "-Wl,--as-needed" "-L" "/opt/rustwide/target/debug/deps" "-L" "/opt/rustwide/target/debug/build/bzip2-sys-000f8d035b868002/out/lib" "-L" "/usr/lib/x86_64-linux-gnu" "-L" "/usr/lib/x86_64-linux-gnu" "-L" "/usr/lib/x86_64-linux-gnu" "-L" "/opt/rustwide/rustup-home/toolchains/beta-2023-12-22-x86_64-unknown-linux-gnu/lib/rustlib/x86_64-unknown-linux-gnu/lib" "-Wl,-Bstatic" "/opt/rustwide/rustup-home/toolchains/beta-2023-12-22-x86_64-unknown-linux-gnu/lib/rustlib/x86_64-unknown-linux-gnu/lib/libtest-cbab71697df97b00.rlib" "/opt/rustwide/rustup-home/toolchains/beta-2023-12-22-x86_64-unknown-linux-gnu/lib/rustlib/x86_64-unknown-linux-gnu/lib/libgetopts-2a2cf8f16c536007.rlib" "/opt/rustwide/rustup-home/toolchains/beta-2023-12-22-x86_64-unknown-linux-gnu/lib/rustlib/x86_64-unknown-linux-gnu/lib/libunicode_width-c5f3cc3cceaf9070.rlib" "/opt/rustwide/rustup-home/toolchains/beta-2023-12-22-x86_64-unknown-linux-gnu/lib/rustlib/x86_64-unknown-linux-gnu/lib/librustc_std_workspace_std-a31324ec815b09db.rlib" "/opt/rustwide/target/debug/deps/libtempfile-3755802a3c282d8b.rlib" "/opt/rustwide/target/debug/deps/libfastrand-9a0695f12d217e0d.rlib" "/opt/rustwide/target/debug/deps/librustix-0a3554c49bc4dd27.rlib" "/opt/rustwide/target/debug/deps/libio_lifetimes-f46807c510606b33.rlib" "/opt/rustwide/target/debug/deps/libbitflags-85e13ed1e0c6d910.rlib" "/opt/rustwide/target/debug/deps/liblinux_raw_sys-777f6c1fa6b62135.rlib" "/opt/rustwide/target/debug/deps/libsequoia_openpgp-329649b34cccf1ed.rlib" "/opt/rustwide/target/debug/deps/libidna-34a129a2150038b3.rlib" "/opt/rustwide/target/debug/deps/libunicode_normalization-6720ecd938ebfb2b.rlib" "/opt/rustwide/target/debug/deps/libtinyvec-dcbbce603bc23510.rlib" "/opt/rustwide/target/debug/deps/libtinyvec_macros-333661e3b238a9a3.rlib" "/opt/rustwide/target/debug/deps/libunicode_bidi-c077d6a813fe7ae8.rlib" "/opt/rustwide/target/debug/deps/libmemsec-e8413a44090b1eb0.rlib" "/opt/rustwide/target/debug/deps/libsha1collisiondetection-78d2261ab8fd88b5.rlib" "/opt/rustwide/target/debug/deps/libgeneric_array-b3175673e67b1380.rlib" "/opt/rustwide/target/debug/deps/libregex_syntax-b113d34fa562c5bb.rlib" "/opt/rustwide/target/debug/deps/liblalrpop_util-96d18bd8f1436b1d.rlib" "/opt/rustwide/target/debug/deps/libanyhow-95c64c28af856d3a.rlib" "/opt/rustwide/target/debug/deps/libxxhash_rust-9831d78d1626ec30.rlib" "/opt/rustwide/target/debug/deps/libdyn_clone-3cebdd6c38708430.rlib" "/opt/rustwide/target/debug/deps/libnettle-8f76095064737e6e.rlib" "/opt/rustwide/target/debug/deps/libthiserror-cde754b4ffda7cec.rlib" "/opt/rustwide/target/debug/deps/libtypenum-486446c5d1f61c48.rlib" "/opt/rustwide/target/debug/deps/libgetrandom-8b22c2a8d664de18.rlib" "/opt/rustwide/target/debug/deps/libnettle_sys-735af779d6f5650f.rlib" "/opt/rustwide/target/debug/deps/libbase64-f38862f3d93516f9.rlib" "/opt/rustwide/target/debug/deps/libbuffered_reader-785b38b0e54dda47.rlib" "/opt/rustwide/target/debug/deps/liblazy_static-efa3519517df6cf0.rlib" "/opt/rustwide/target/debug/deps/libbzip2-e7cc798dd72d54d8.rlib" "/opt/rustwide/target/debug/deps/libbzip2_sys-ec35db183d88f159.rlib" "/opt/rustwide/target/debug/deps/libflate2-8fa33c2ed34dcca8.rlib" "/opt/rustwide/target/debug/deps/libminiz_oxide-fdd9e74574a7bd2a.rlib" "/opt/rustwide/target/debug/deps/libadler-eba61f23bb3cdb48.rlib" "/opt/rustwide/target/debug/deps/libcrc32fast-dbea8ee6fb11ce73.rlib" "/opt/rustwide/target/debug/deps/libcfg_if-e7002d307f97bc56.rlib" "/opt/rustwide/target/debug/deps/libchrono-a4bbcab85d138daf.rlib" "/opt/rustwide/target/debug/deps/libiana_time_zone-1e31e534761afa1b.rlib" "/opt/rustwide/target/debug/deps/libtime-1d0713cf7f1b13e0.rlib" "/opt/rustwide/target/debug/deps/libassert_cmd-7e866eb1c7d52188.rlib" "/opt/rustwide/target/debug/deps/libwait_timeout-62bd0840bcb76c23.rlib" "/opt/rustwide/target/debug/deps/liblibc-28cb6a1af7d75d80.rlib" "/opt/rustwide/target/debug/deps/libdoc_comment-8766726346b4cbde.rlib" "/opt/rustwide/target/debug/deps/libbstr-5b5f8fa0087c482d.rlib" "/opt/rustwide/target/debug/deps/libonce_cell-728f13abc4f8cf5f.rlib" "/opt/rustwide/target/debug/deps/libregex_automata-d911e44eb55ac229.rlib" "/opt/rustwide/target/debug/deps/libpredicates_tree-3b8073f0599b9289.rlib" "/opt/rustwide/target/debug/deps/libtermtree-6d973ba1c301efb7.rlib" "/opt/rustwide/target/debug/deps/libpredicates-8d0365709deef3c2.rlib" "/opt/rustwide/target/debug/deps/libregex-b44fd9d166d0c4c5.rlib" "/opt/rustwide/target/debug/deps/libaho_corasick-d424b0a92ce0dc1c.rlib" "/opt/rustwide/target/debug/deps/libmemchr-33d05ae5bba76030.rlib" "/opt/rustwide/target/debug/deps/libregex_syntax-0491398fbb248b2a.rlib" "/opt/rustwide/target/debug/deps/libitertools-9d0001e1bd8ce1a6.rlib" "/opt/rustwide/target/debug/deps/libeither-ede8120b5409efc0.rlib" "/opt/rustwide/target/debug/deps/libdifflib-c8685f26d2b11ad9.rlib" "/opt/rustwide/target/debug/deps/libnormalize_line_endings-f28a36dd344fb685.rlib" "/opt/rustwide/target/debug/deps/libfloat_cmp-a84edf83c4a8028a.rlib" "/opt/rustwide/target/debug/deps/libnum_traits-b277a111beb39735.rlib" "/opt/rustwide/target/debug/deps/libpredicates_core-b79a364d83687104.rlib" "/opt/rustwide/rustup-home/toolchains/beta-2023-12-22-x86_64-unknown-linux-gnu/lib/rustlib/x86_64-unknown-linux-gnu/lib/libstd-0672489a78b613de.rlib" "/opt/rustwide/rustup-home/toolchains/beta-2023-12-22-x86_64-unknown-linux-gnu/lib/rustlib/x86_64-unknown-linux-gnu/lib/libpanic_unwind-7eb3ffc34a49f675.rlib" "/opt/rustwide/rustup-home/toolchains/beta-2023-12-22-x86_64-unknown-linux-gnu/lib/rustlib/x86_64-unknown-linux-gnu/lib/libobject-6478a9daa4bee8e2.rlib" "/opt/rustwide/rustup-home/toolchains/beta-2023-12-22-x86_64-unknown-linux-gnu/lib/rustlib/x86_64-unknown-linux-gnu/lib/libmemchr-0c75d871a5c3923d.rlib" "/opt/rustwide/rustup-home/toolchains/beta-2023-12-22-x86_64-unknown-linux-gnu/lib/rustlib/x86_64-unknown-linux-gnu/lib/libaddr2line-d163ef63ad37bb71.rlib" "/opt/rustwide/rustup-home/toolchains/beta-2023-12-22-x86_64-unknown-linux-gnu/lib/rustlib/x86_64-unknown-linux-gnu/lib/libgimli-8a3fd810a85b9f4c.rlib" "/opt/rustwide/rustup-home/toolchains/beta-2023-12-22-x86_64-unknown-linux-gnu/lib/rustlib/x86_64-unknown-linux-gnu/lib/librustc_demangle-462a2cde8c5dfc10.rlib" "/opt/rustwide/rustup-home/toolchains/beta-2023-12-22-x86_64-unknown-linux-gnu/lib/rustlib/x86_64-unknown-linux-gnu/lib/libstd_detect-cb06ac9f54713f71.rlib" "/opt/rustwide/rustup-home/toolchains/beta-2023-12-22-x86_64-unknown-linux-gnu/lib/rustlib/x86_64-unknown-linux-gnu/lib/libhashbrown-f20bfd1f8e59b393.rlib" "/opt/rustwide/rustup-home/toolchains/beta-2023-12-22-x86_64-unknown-linux-gnu/lib/rustlib/x86_64-unknown-linux-gnu/lib/librustc_std_workspace_alloc-1ef460949b49da4b.rlib" "/opt/rustwide/rustup-home/toolchains/beta-2023-12-22-x86_64-unknown-linux-gnu/lib/rustlib/x86_64-unknown-linux-gnu/lib/libminiz_oxide-2cb0c0ffe4f87514.rlib" "/opt/rustwide/rustup-home/toolchains/beta-2023-12-22-x86_64-unknown-linux-gnu/lib/rustlib/x86_64-unknown-linux-gnu/lib/libadler-58d841eb322a11a2.rlib" "/opt/rustwide/rustup-home/toolchains/beta-2023-12-22-x86_64-unknown-linux-gnu/lib/rustlib/x86_64-unknown-linux-gnu/lib/libunwind-aa2ae0b0a9d11533.rlib" "/opt/rustwide/rustup-home/toolchains/beta-2023-12-22-x86_64-unknown-linux-gnu/lib/rustlib/x86_64-unknown-linux-gnu/lib/libcfg_if-23874e15830ed336.rlib" "/opt/rustwide/rustup-home/toolchains/beta-2023-12-22-x86_64-unknown-linux-gnu/lib/rustlib/x86_64-unknown-linux-gnu/lib/liblibc-e47cddc003bce885.rlib" "/opt/rustwide/rustup-home/toolchains/beta-2023-12-22-x86_64-unknown-linux-gnu/lib/rustlib/x86_64-unknown-linux-gnu/lib/liballoc-c22b13b48a8f128e.rlib" "/opt/rustwide/rustup-home/toolchains/beta-2023-12-22-x86_64-unknown-linux-gnu/lib/rustlib/x86_64-unknown-linux-gnu/lib/librustc_std_workspace_core-e46bc3da6d7c462f.rlib" "/opt/rustwide/rustup-home/toolchains/beta-2023-12-22-x86_64-unknown-linux-gnu/lib/rustlib/x86_64-unknown-linux-gnu/lib/libcore-8d1ac131d3cb2645.rlib" "/opt/rustwide/rustup-home/toolchains/beta-2023-12-22-x86_64-unknown-linux-gnu/lib/rustlib/x86_64-unknown-linux-gnu/lib/libcompiler_builtins-a1b43df8c6899c1f.rlib" "-Wl,-Bdynamic" "-lnettle" "-lhogweed" "-lgmp" "-lgcc_s" "-lutil" "-lrt" "-lpthread" "-lm" "-ldl" "-lc" "-Wl,--eh-frame-hdr" "-Wl,-z,noexecstack" "-L" "/opt/rustwide/rustup-home/toolchains/beta-2023-12-22-x86_64-unknown-linux-gnu/lib/rustlib/x86_64-unknown-linux-gnu/lib" "-o" "/opt/rustwide/target/debug/deps/sq_key_subkey-c7ce2f9f4be2d4ac" "-Wl,--gc-sections" "-pie" "-Wl,-z,relro,-z,now" "-nodefaultlibs"
[INFO] [stdout]   = note: collect2: fatal error: ld terminated with signal 9 [Killed]
[INFO] [stdout]           compilation terminated.
[INFO] [stdout]           
[INFO] [stdout] 
[INFO] [stdout] 
[INFO] [stdout] error: aborting due to 1 previous error
[INFO] [stdout] 
[INFO] [stdout] 
[INFO] [stderr] The following warnings were emitted during compilation:
[INFO] [stderr] 
[INFO] [stderr] warning: sequoia-sq@0.31.0: completion file is generated: "/opt/rustwide/target/sq.bash"
[INFO] [stderr] warning: sequoia-sq@0.31.0: completion file is generated: "/opt/rustwide/target/sq.fish"
[INFO] [stderr] warning: sequoia-sq@0.31.0: completion file is generated: "/opt/rustwide/target/_sq"
[INFO] [stderr] warning: sequoia-sq@0.31.0: completion file is generated: "/opt/rustwide/target/_sq.ps1"
[INFO] [stderr] warning: sequoia-sq@0.31.0: completion file is generated: "/opt/rustwide/target/sq.elv"
[INFO] [stderr] 
[INFO] [stderr] error: could not compile `sequoia-sq` (test "sq-key-subkey") due to 2 previous errors
[INFO] [stdout] error: linking with `cc` failed: exit status: 1
[INFO] [stdout]   |
[INFO] [stdout]   = note: LC_ALL="C" PATH="/opt/rustwide/rustup-home/toolchains/beta-2023-12-22-x86_64-unknown-linux-gnu/lib/rustlib/x86_64-unknown-linux-gnu/bin:/opt/rustwide/cargo-home/bin:/usr/local/sbin:/usr/local/bin:/usr/sbin:/usr/bin:/sbin:/bin" VSLANG="1033" "cc" "-m64" "/tmp/rustcGfDugV/symbols.o" "/opt/rustwide/target/debug/deps/sq_link-54c73c9b6fa3ef85.sq_link.e64d169b8c6c87ea-cgu.0.rcgu.o" "/opt/rustwide/target/debug/deps/sq_link-54c73c9b6fa3ef85.sq_link.e64d169b8c6c87ea-cgu.1.rcgu.o" "/opt/rustwide/target/debug/deps/sq_link-54c73c9b6fa3ef85.sq_link.e64d169b8c6c87ea-cgu.2.rcgu.o" "/opt/rustwide/target/debug/deps/sq_link-54c73c9b6fa3ef85.sq_link.e64d169b8c6c87ea-cgu.3.rcgu.o" "/opt/rustwide/target/debug/deps/sq_link-54c73c9b6fa3ef85.sq_link.e64d169b8c6c87ea-cgu.4.rcgu.o" "/opt/rustwide/target/debug/deps/sq_link-54c73c9b6fa3ef85.tu70gvxcw5ngh2p.rcgu.o" "-Wl,--as-needed" "-L" "/opt/rustwide/target/debug/deps" "-L" "/opt/rustwide/target/debug/build/bzip2-sys-000f8d035b868002/out/lib" "-L" "/usr/lib/x86_64-linux-gnu" "-L" "/usr/lib/x86_64-linux-gnu" "-L" "/usr/lib/x86_64-linux-gnu" "-L" "/opt/rustwide/rustup-home/toolchains/beta-2023-12-22-x86_64-unknown-linux-gnu/lib/rustlib/x86_64-unknown-linux-gnu/lib" "-Wl,-Bstatic" "/opt/rustwide/target/debug/deps/libchrono-a4bbcab85d138daf.rlib" "/opt/rustwide/target/debug/deps/libiana_time_zone-1e31e534761afa1b.rlib" "/opt/rustwide/target/debug/deps/libtime-1d0713cf7f1b13e0.rlib" "/opt/rustwide/rustup-home/toolchains/beta-2023-12-22-x86_64-unknown-linux-gnu/lib/rustlib/x86_64-unknown-linux-gnu/lib/libtest-cbab71697df97b00.rlib" "/opt/rustwide/rustup-home/toolchains/beta-2023-12-22-x86_64-unknown-linux-gnu/lib/rustlib/x86_64-unknown-linux-gnu/lib/libgetopts-2a2cf8f16c536007.rlib" "/opt/rustwide/rustup-home/toolchains/beta-2023-12-22-x86_64-unknown-linux-gnu/lib/rustlib/x86_64-unknown-linux-gnu/lib/libunicode_width-c5f3cc3cceaf9070.rlib" "/opt/rustwide/rustup-home/toolchains/beta-2023-12-22-x86_64-unknown-linux-gnu/lib/rustlib/x86_64-unknown-linux-gnu/lib/librustc_std_workspace_std-a31324ec815b09db.rlib" "/opt/rustwide/target/debug/deps/libsequoia_openpgp-329649b34cccf1ed.rlib" "/opt/rustwide/target/debug/deps/libidna-34a129a2150038b3.rlib" "/opt/rustwide/target/debug/deps/libunicode_normalization-6720ecd938ebfb2b.rlib" "/opt/rustwide/target/debug/deps/libtinyvec-dcbbce603bc23510.rlib" "/opt/rustwide/target/debug/deps/libtinyvec_macros-333661e3b238a9a3.rlib" "/opt/rustwide/target/debug/deps/libunicode_bidi-c077d6a813fe7ae8.rlib" "/opt/rustwide/target/debug/deps/libmemsec-e8413a44090b1eb0.rlib" "/opt/rustwide/target/debug/deps/libsha1collisiondetection-78d2261ab8fd88b5.rlib" "/opt/rustwide/target/debug/deps/libgeneric_array-b3175673e67b1380.rlib" "/opt/rustwide/target/debug/deps/libregex_syntax-b113d34fa562c5bb.rlib" "/opt/rustwide/target/debug/deps/liblalrpop_util-96d18bd8f1436b1d.rlib" "/opt/rustwide/target/debug/deps/libanyhow-95c64c28af856d3a.rlib" "/opt/rustwide/target/debug/deps/libxxhash_rust-9831d78d1626ec30.rlib" "/opt/rustwide/target/debug/deps/libdyn_clone-3cebdd6c38708430.rlib" "/opt/rustwide/target/debug/deps/libnettle-8f76095064737e6e.rlib" "/opt/rustwide/target/debug/deps/libthiserror-cde754b4ffda7cec.rlib" "/opt/rustwide/target/debug/deps/libtypenum-486446c5d1f61c48.rlib" "/opt/rustwide/target/debug/deps/libgetrandom-8b22c2a8d664de18.rlib" "/opt/rustwide/target/debug/deps/libnettle_sys-735af779d6f5650f.rlib" "/opt/rustwide/target/debug/deps/libbase64-f38862f3d93516f9.rlib" "/opt/rustwide/target/debug/deps/libbuffered_reader-785b38b0e54dda47.rlib" "/opt/rustwide/target/debug/deps/liblazy_static-efa3519517df6cf0.rlib" "/opt/rustwide/target/debug/deps/libbzip2-e7cc798dd72d54d8.rlib" "/opt/rustwide/target/debug/deps/libbzip2_sys-ec35db183d88f159.rlib" "/opt/rustwide/target/debug/deps/libflate2-8fa33c2ed34dcca8.rlib" "/opt/rustwide/target/debug/deps/libminiz_oxide-fdd9e74574a7bd2a.rlib" "/opt/rustwide/target/debug/deps/libadler-eba61f23bb3cdb48.rlib" "/opt/rustwide/target/debug/deps/libcrc32fast-dbea8ee6fb11ce73.rlib" "/opt/rustwide/target/debug/deps/libassert_cmd-7e866eb1c7d52188.rlib" "/opt/rustwide/target/debug/deps/libwait_timeout-62bd0840bcb76c23.rlib" "/opt/rustwide/target/debug/deps/libdoc_comment-8766726346b4cbde.rlib" "/opt/rustwide/target/debug/deps/libbstr-5b5f8fa0087c482d.rlib" "/opt/rustwide/target/debug/deps/libonce_cell-728f13abc4f8cf5f.rlib" "/opt/rustwide/target/debug/deps/libregex_automata-d911e44eb55ac229.rlib" "/opt/rustwide/target/debug/deps/libpredicates_tree-3b8073f0599b9289.rlib" "/opt/rustwide/target/debug/deps/libtermtree-6d973ba1c301efb7.rlib" "/opt/rustwide/target/debug/deps/libpredicates-8d0365709deef3c2.rlib" "/opt/rustwide/target/debug/deps/libregex-b44fd9d166d0c4c5.rlib" "/opt/rustwide/target/debug/deps/libaho_corasick-d424b0a92ce0dc1c.rlib" "/opt/rustwide/target/debug/deps/libmemchr-33d05ae5bba76030.rlib" "/opt/rustwide/target/debug/deps/libregex_syntax-0491398fbb248b2a.rlib" "/opt/rustwide/target/debug/deps/libitertools-9d0001e1bd8ce1a6.rlib" "/opt/rustwide/target/debug/deps/libeither-ede8120b5409efc0.rlib" "/opt/rustwide/target/debug/deps/libdifflib-c8685f26d2b11ad9.rlib" "/opt/rustwide/target/debug/deps/libnormalize_line_endings-f28a36dd344fb685.rlib" "/opt/rustwide/target/debug/deps/libfloat_cmp-a84edf83c4a8028a.rlib" "/opt/rustwide/target/debug/deps/libnum_traits-b277a111beb39735.rlib" "/opt/rustwide/target/debug/deps/libpredicates_core-b79a364d83687104.rlib" "/opt/rustwide/target/debug/deps/libtempfile-3755802a3c282d8b.rlib" "/opt/rustwide/target/debug/deps/libfastrand-9a0695f12d217e0d.rlib" "/opt/rustwide/target/debug/deps/librustix-0a3554c49bc4dd27.rlib" "/opt/rustwide/target/debug/deps/libio_lifetimes-f46807c510606b33.rlib" "/opt/rustwide/target/debug/deps/liblibc-28cb6a1af7d75d80.rlib" "/opt/rustwide/target/debug/deps/libbitflags-85e13ed1e0c6d910.rlib" "/opt/rustwide/target/debug/deps/liblinux_raw_sys-777f6c1fa6b62135.rlib" "/opt/rustwide/target/debug/deps/libcfg_if-e7002d307f97bc56.rlib" "/opt/rustwide/rustup-home/toolchains/beta-2023-12-22-x86_64-unknown-linux-gnu/lib/rustlib/x86_64-unknown-linux-gnu/lib/libstd-0672489a78b613de.rlib" "/opt/rustwide/rustup-home/toolchains/beta-2023-12-22-x86_64-unknown-linux-gnu/lib/rustlib/x86_64-unknown-linux-gnu/lib/libpanic_unwind-7eb3ffc34a49f675.rlib" "/opt/rustwide/rustup-home/toolchains/beta-2023-12-22-x86_64-unknown-linux-gnu/lib/rustlib/x86_64-unknown-linux-gnu/lib/libobject-6478a9daa4bee8e2.rlib" "/opt/rustwide/rustup-home/toolchains/beta-2023-12-22-x86_64-unknown-linux-gnu/lib/rustlib/x86_64-unknown-linux-gnu/lib/libmemchr-0c75d871a5c3923d.rlib" "/opt/rustwide/rustup-home/toolchains/beta-2023-12-22-x86_64-unknown-linux-gnu/lib/rustlib/x86_64-unknown-linux-gnu/lib/libaddr2line-d163ef63ad37bb71.rlib" "/opt/rustwide/rustup-home/toolchains/beta-2023-12-22-x86_64-unknown-linux-gnu/lib/rustlib/x86_64-unknown-linux-gnu/lib/libgimli-8a3fd810a85b9f4c.rlib" "/opt/rustwide/rustup-home/toolchains/beta-2023-12-22-x86_64-unknown-linux-gnu/lib/rustlib/x86_64-unknown-linux-gnu/lib/librustc_demangle-462a2cde8c5dfc10.rlib" "/opt/rustwide/rustup-home/toolchains/beta-2023-12-22-x86_64-unknown-linux-gnu/lib/rustlib/x86_64-unknown-linux-gnu/lib/libstd_detect-cb06ac9f54713f71.rlib" "/opt/rustwide/rustup-home/toolchains/beta-2023-12-22-x86_64-unknown-linux-gnu/lib/rustlib/x86_64-unknown-linux-gnu/lib/libhashbrown-f20bfd1f8e59b393.rlib" "/opt/rustwide/rustup-home/toolchains/beta-2023-12-22-x86_64-unknown-linux-gnu/lib/rustlib/x86_64-unknown-linux-gnu/lib/librustc_std_workspace_alloc-1ef460949b49da4b.rlib" "/opt/rustwide/rustup-home/toolchains/beta-2023-12-22-x86_64-unknown-linux-gnu/lib/rustlib/x86_64-unknown-linux-gnu/lib/libminiz_oxide-2cb0c0ffe4f87514.rlib" "/opt/rustwide/rustup-home/toolchains/beta-2023-12-22-x86_64-unknown-linux-gnu/lib/rustlib/x86_64-unknown-linux-gnu/lib/libadler-58d841eb322a11a2.rlib" "/opt/rustwide/rustup-home/toolchains/beta-2023-12-22-x86_64-unknown-linux-gnu/lib/rustlib/x86_64-unknown-linux-gnu/lib/libunwind-aa2ae0b0a9d11533.rlib" "/opt/rustwide/rustup-home/toolchains/beta-2023-12-22-x86_64-unknown-linux-gnu/lib/rustlib/x86_64-unknown-linux-gnu/lib/libcfg_if-23874e15830ed336.rlib" "/opt/rustwide/rustup-home/toolchains/beta-2023-12-22-x86_64-unknown-linux-gnu/lib/rustlib/x86_64-unknown-linux-gnu/lib/liblibc-e47cddc003bce885.rlib" "/opt/rustwide/rustup-home/toolchains/beta-2023-12-22-x86_64-unknown-linux-gnu/lib/rustlib/x86_64-unknown-linux-gnu/lib/liballoc-c22b13b48a8f128e.rlib" "/opt/rustwide/rustup-home/toolchains/beta-2023-12-22-x86_64-unknown-linux-gnu/lib/rustlib/x86_64-unknown-linux-gnu/lib/librustc_std_workspace_core-e46bc3da6d7c462f.rlib" "/opt/rustwide/rustup-home/toolchains/beta-2023-12-22-x86_64-unknown-linux-gnu/lib/rustlib/x86_64-unknown-linux-gnu/lib/libcore-8d1ac131d3cb2645.rlib" "/opt/rustwide/rustup-home/toolchains/beta-2023-12-22-x86_64-unknown-linux-gnu/lib/rustlib/x86_64-unknown-linux-gnu/lib/libcompiler_builtins-a1b43df8c6899c1f.rlib" "-Wl,-Bdynamic" "-lnettle" "-lhogweed" "-lgmp" "-lgcc_s" "-lutil" "-lrt" "-lpthread" "-lm" "-ldl" "-lc" "-Wl,--eh-frame-hdr" "-Wl,-z,noexecstack" "-L" "/opt/rustwide/rustup-home/toolchains/beta-2023-12-22-x86_64-unknown-linux-gnu/lib/rustlib/x86_64-unknown-linux-gnu/lib" "-o" "/opt/rustwide/target/debug/deps/sq_link-54c73c9b6fa3ef85" "-Wl,--gc-sections" "-pie" "-Wl,-z,relro,-z,now" "-nodefaultlibs"
[INFO] [stdout]   = note: collect2: fatal error: ld terminated with signal 9 [Killed]
[INFO] [stdout]           compilation terminated.
[INFO] [stdout]           
[INFO] [stdout] 
[INFO] [stdout] 
[INFO] [stdout] error: aborting due to 1 previous error
[INFO] [stdout] 
[INFO] [stdout] 
[INFO] [stderr] The following warnings were emitted during compilation:
[INFO] [stderr] 
[INFO] [stderr] warning: sequoia-sq@0.31.0: completion file is generated: "/opt/rustwide/target/sq.bash"
[INFO] [stderr] warning: sequoia-sq@0.31.0: completion file is generated: "/opt/rustwide/target/sq.fish"
[INFO] [stderr] warning: sequoia-sq@0.31.0: completion file is generated: "/opt/rustwide/target/_sq"
[INFO] [stderr] warning: sequoia-sq@0.31.0: completion file is generated: "/opt/rustwide/target/_sq.ps1"
[INFO] [stderr] warning: sequoia-sq@0.31.0: completion file is generated: "/opt/rustwide/target/sq.elv"
[INFO] [stderr] 
[INFO] [stderr] error: could not compile `sequoia-sq` (test "sq-link") due to 2 previous errors
[INFO] [stdout] error: linking with `cc` failed: exit status: 1
[INFO] [stdout]   |
[INFO] [stdout]   = note: LC_ALL="C" PATH="/opt/rustwide/rustup-home/toolchains/beta-2023-12-22-x86_64-unknown-linux-gnu/lib/rustlib/x86_64-unknown-linux-gnu/bin:/opt/rustwide/cargo-home/bin:/usr/local/sbin:/usr/local/bin:/usr/sbin:/usr/bin:/sbin:/bin" VSLANG="1033" "cc" "-m64" "/tmp/rustclZptE9/symbols.o" "/opt/rustwide/target/debug/deps/sq_keyring_lint-a41c7874bb3b0396.sq_keyring_lint.85d0d0e5249a8020-cgu.0.rcgu.o" "/opt/rustwide/target/debug/deps/sq_keyring_lint-a41c7874bb3b0396.sq_keyring_lint.85d0d0e5249a8020-cgu.1.rcgu.o" "/opt/rustwide/target/debug/deps/sq_keyring_lint-a41c7874bb3b0396.sq_keyring_lint.85d0d0e5249a8020-cgu.2.rcgu.o" "/opt/rustwide/target/debug/deps/sq_keyring_lint-a41c7874bb3b0396.sq_keyring_lint.85d0d0e5249a8020-cgu.3.rcgu.o" "/opt/rustwide/target/debug/deps/sq_keyring_lint-a41c7874bb3b0396.sq_keyring_lint.85d0d0e5249a8020-cgu.4.rcgu.o" "/opt/rustwide/target/debug/deps/sq_keyring_lint-a41c7874bb3b0396.sq_keyring_lint.85d0d0e5249a8020-cgu.5.rcgu.o" "/opt/rustwide/target/debug/deps/sq_keyring_lint-a41c7874bb3b0396.sq_keyring_lint.85d0d0e5249a8020-cgu.6.rcgu.o" "/opt/rustwide/target/debug/deps/sq_keyring_lint-a41c7874bb3b0396.50mr0zn52fl99wh.rcgu.o" "-Wl,--as-needed" "-L" "/opt/rustwide/target/debug/deps" "-L" "/opt/rustwide/target/debug/build/bzip2-sys-000f8d035b868002/out/lib" "-L" "/usr/lib/x86_64-linux-gnu" "-L" "/usr/lib/x86_64-linux-gnu" "-L" "/usr/lib/x86_64-linux-gnu" "-L" "/opt/rustwide/rustup-home/toolchains/beta-2023-12-22-x86_64-unknown-linux-gnu/lib/rustlib/x86_64-unknown-linux-gnu/lib" "-Wl,-Bstatic" "/opt/rustwide/rustup-home/toolchains/beta-2023-12-22-x86_64-unknown-linux-gnu/lib/rustlib/x86_64-unknown-linux-gnu/lib/libtest-cbab71697df97b00.rlib" "/opt/rustwide/rustup-home/toolchains/beta-2023-12-22-x86_64-unknown-linux-gnu/lib/rustlib/x86_64-unknown-linux-gnu/lib/libgetopts-2a2cf8f16c536007.rlib" "/opt/rustwide/rustup-home/toolchains/beta-2023-12-22-x86_64-unknown-linux-gnu/lib/rustlib/x86_64-unknown-linux-gnu/lib/libunicode_width-c5f3cc3cceaf9070.rlib" "/opt/rustwide/rustup-home/toolchains/beta-2023-12-22-x86_64-unknown-linux-gnu/lib/rustlib/x86_64-unknown-linux-gnu/lib/librustc_std_workspace_std-a31324ec815b09db.rlib" "/opt/rustwide/target/debug/deps/libsequoia_openpgp-329649b34cccf1ed.rlib" "/opt/rustwide/target/debug/deps/libidna-34a129a2150038b3.rlib" "/opt/rustwide/target/debug/deps/libunicode_normalization-6720ecd938ebfb2b.rlib" "/opt/rustwide/target/debug/deps/libtinyvec-dcbbce603bc23510.rlib" "/opt/rustwide/target/debug/deps/libtinyvec_macros-333661e3b238a9a3.rlib" "/opt/rustwide/target/debug/deps/libunicode_bidi-c077d6a813fe7ae8.rlib" "/opt/rustwide/target/debug/deps/libmemsec-e8413a44090b1eb0.rlib" "/opt/rustwide/target/debug/deps/libsha1collisiondetection-78d2261ab8fd88b5.rlib" "/opt/rustwide/target/debug/deps/libgeneric_array-b3175673e67b1380.rlib" "/opt/rustwide/target/debug/deps/libregex_syntax-b113d34fa562c5bb.rlib" "/opt/rustwide/target/debug/deps/liblalrpop_util-96d18bd8f1436b1d.rlib" "/opt/rustwide/target/debug/deps/libanyhow-95c64c28af856d3a.rlib" "/opt/rustwide/target/debug/deps/libxxhash_rust-9831d78d1626ec30.rlib" "/opt/rustwide/target/debug/deps/libdyn_clone-3cebdd6c38708430.rlib" "/opt/rustwide/target/debug/deps/libnettle-8f76095064737e6e.rlib" "/opt/rustwide/target/debug/deps/libthiserror-cde754b4ffda7cec.rlib" "/opt/rustwide/target/debug/deps/libtypenum-486446c5d1f61c48.rlib" "/opt/rustwide/target/debug/deps/libgetrandom-8b22c2a8d664de18.rlib" "/opt/rustwide/target/debug/deps/libnettle_sys-735af779d6f5650f.rlib" "/opt/rustwide/target/debug/deps/libbase64-f38862f3d93516f9.rlib" "/opt/rustwide/target/debug/deps/libbuffered_reader-785b38b0e54dda47.rlib" "/opt/rustwide/target/debug/deps/liblazy_static-efa3519517df6cf0.rlib" "/opt/rustwide/target/debug/deps/libbzip2-e7cc798dd72d54d8.rlib" "/opt/rustwide/target/debug/deps/libbzip2_sys-ec35db183d88f159.rlib" "/opt/rustwide/target/debug/deps/libflate2-8fa33c2ed34dcca8.rlib" "/opt/rustwide/target/debug/deps/libminiz_oxide-fdd9e74574a7bd2a.rlib" "/opt/rustwide/target/debug/deps/libadler-eba61f23bb3cdb48.rlib" "/opt/rustwide/target/debug/deps/libcrc32fast-dbea8ee6fb11ce73.rlib" "/opt/rustwide/target/debug/deps/libcfg_if-e7002d307f97bc56.rlib" "/opt/rustwide/target/debug/deps/libassert_cmd-7e866eb1c7d52188.rlib" "/opt/rustwide/target/debug/deps/libwait_timeout-62bd0840bcb76c23.rlib" "/opt/rustwide/target/debug/deps/liblibc-28cb6a1af7d75d80.rlib" "/opt/rustwide/target/debug/deps/libdoc_comment-8766726346b4cbde.rlib" "/opt/rustwide/target/debug/deps/libbstr-5b5f8fa0087c482d.rlib" "/opt/rustwide/target/debug/deps/libonce_cell-728f13abc4f8cf5f.rlib" "/opt/rustwide/target/debug/deps/libregex_automata-d911e44eb55ac229.rlib" "/opt/rustwide/target/debug/deps/libpredicates_tree-3b8073f0599b9289.rlib" "/opt/rustwide/target/debug/deps/libtermtree-6d973ba1c301efb7.rlib" "/opt/rustwide/target/debug/deps/libpredicates-8d0365709deef3c2.rlib" "/opt/rustwide/target/debug/deps/libregex-b44fd9d166d0c4c5.rlib" "/opt/rustwide/target/debug/deps/libaho_corasick-d424b0a92ce0dc1c.rlib" "/opt/rustwide/target/debug/deps/libmemchr-33d05ae5bba76030.rlib" "/opt/rustwide/target/debug/deps/libregex_syntax-0491398fbb248b2a.rlib" "/opt/rustwide/target/debug/deps/libitertools-9d0001e1bd8ce1a6.rlib" "/opt/rustwide/target/debug/deps/libeither-ede8120b5409efc0.rlib" "/opt/rustwide/target/debug/deps/libdifflib-c8685f26d2b11ad9.rlib" "/opt/rustwide/target/debug/deps/libnormalize_line_endings-f28a36dd344fb685.rlib" "/opt/rustwide/target/debug/deps/libfloat_cmp-a84edf83c4a8028a.rlib" "/opt/rustwide/target/debug/deps/libnum_traits-b277a111beb39735.rlib" "/opt/rustwide/target/debug/deps/libpredicates_core-b79a364d83687104.rlib" "/opt/rustwide/rustup-home/toolchains/beta-2023-12-22-x86_64-unknown-linux-gnu/lib/rustlib/x86_64-unknown-linux-gnu/lib/libstd-0672489a78b613de.rlib" "/opt/rustwide/rustup-home/toolchains/beta-2023-12-22-x86_64-unknown-linux-gnu/lib/rustlib/x86_64-unknown-linux-gnu/lib/libpanic_unwind-7eb3ffc34a49f675.rlib" "/opt/rustwide/rustup-home/toolchains/beta-2023-12-22-x86_64-unknown-linux-gnu/lib/rustlib/x86_64-unknown-linux-gnu/lib/libobject-6478a9daa4bee8e2.rlib" "/opt/rustwide/rustup-home/toolchains/beta-2023-12-22-x86_64-unknown-linux-gnu/lib/rustlib/x86_64-unknown-linux-gnu/lib/libmemchr-0c75d871a5c3923d.rlib" "/opt/rustwide/rustup-home/toolchains/beta-2023-12-22-x86_64-unknown-linux-gnu/lib/rustlib/x86_64-unknown-linux-gnu/lib/libaddr2line-d163ef63ad37bb71.rlib" "/opt/rustwide/rustup-home/toolchains/beta-2023-12-22-x86_64-unknown-linux-gnu/lib/rustlib/x86_64-unknown-linux-gnu/lib/libgimli-8a3fd810a85b9f4c.rlib" "/opt/rustwide/rustup-home/toolchains/beta-2023-12-22-x86_64-unknown-linux-gnu/lib/rustlib/x86_64-unknown-linux-gnu/lib/librustc_demangle-462a2cde8c5dfc10.rlib" "/opt/rustwide/rustup-home/toolchains/beta-2023-12-22-x86_64-unknown-linux-gnu/lib/rustlib/x86_64-unknown-linux-gnu/lib/libstd_detect-cb06ac9f54713f71.rlib" "/opt/rustwide/rustup-home/toolchains/beta-2023-12-22-x86_64-unknown-linux-gnu/lib/rustlib/x86_64-unknown-linux-gnu/lib/libhashbrown-f20bfd1f8e59b393.rlib" "/opt/rustwide/rustup-home/toolchains/beta-2023-12-22-x86_64-unknown-linux-gnu/lib/rustlib/x86_64-unknown-linux-gnu/lib/librustc_std_workspace_alloc-1ef460949b49da4b.rlib" "/opt/rustwide/rustup-home/toolchains/beta-2023-12-22-x86_64-unknown-linux-gnu/lib/rustlib/x86_64-unknown-linux-gnu/lib/libminiz_oxide-2cb0c0ffe4f87514.rlib" "/opt/rustwide/rustup-home/toolchains/beta-2023-12-22-x86_64-unknown-linux-gnu/lib/rustlib/x86_64-unknown-linux-gnu/lib/libadler-58d841eb322a11a2.rlib" "/opt/rustwide/rustup-home/toolchains/beta-2023-12-22-x86_64-unknown-linux-gnu/lib/rustlib/x86_64-unknown-linux-gnu/lib/libunwind-aa2ae0b0a9d11533.rlib" "/opt/rustwide/rustup-home/toolchains/beta-2023-12-22-x86_64-unknown-linux-gnu/lib/rustlib/x86_64-unknown-linux-gnu/lib/libcfg_if-23874e15830ed336.rlib" "/opt/rustwide/rustup-home/toolchains/beta-2023-12-22-x86_64-unknown-linux-gnu/lib/rustlib/x86_64-unknown-linux-gnu/lib/liblibc-e47cddc003bce885.rlib" "/opt/rustwide/rustup-home/toolchains/beta-2023-12-22-x86_64-unknown-linux-gnu/lib/rustlib/x86_64-unknown-linux-gnu/lib/liballoc-c22b13b48a8f128e.rlib" "/opt/rustwide/rustup-home/toolchains/beta-2023-12-22-x86_64-unknown-linux-gnu/lib/rustlib/x86_64-unknown-linux-gnu/lib/librustc_std_workspace_core-e46bc3da6d7c462f.rlib" "/opt/rustwide/rustup-home/toolchains/beta-2023-12-22-x86_64-unknown-linux-gnu/lib/rustlib/x86_64-unknown-linux-gnu/lib/libcore-8d1ac131d3cb2645.rlib" "/opt/rustwide/rustup-home/toolchains/beta-2023-12-22-x86_64-unknown-linux-gnu/lib/rustlib/x86_64-unknown-linux-gnu/lib/libcompiler_builtins-a1b43df8c6899c1f.rlib" "-Wl,-Bdynamic" "-lnettle" "-lhogweed" "-lgmp" "-lgcc_s" "-lutil" "-lrt" "-lpthread" "-lm" "-ldl" "-lc" "-Wl,--eh-frame-hdr" "-Wl,-z,noexecstack" "-L" "/opt/rustwide/rustup-home/toolchains/beta-2023-12-22-x86_64-unknown-linux-gnu/lib/rustlib/x86_64-unknown-linux-gnu/lib" "-o" "/opt/rustwide/target/debug/deps/sq_keyring_lint-a41c7874bb3b0396" "-Wl,--gc-sections" "-pie" "-Wl,-z,relro,-z,now" "-nodefaultlibs"
[INFO] [stdout]   = note: collect2: fatal error: ld terminated with signal 9 [Killed]
[INFO] [stdout]           compilation terminated.
[INFO] [stdout]           
[INFO] [stdout] 
[INFO] [stdout] 
[INFO] [stdout] error: aborting due to 1 previous error
[INFO] [stdout] 
[INFO] [stdout] 
[INFO] [stderr] The following warnings were emitted during compilation:
[INFO] [stderr] 
[INFO] [stderr] warning: sequoia-sq@0.31.0: completion file is generated: "/opt/rustwide/target/sq.bash"
[INFO] [stderr] warning: sequoia-sq@0.31.0: completion file is generated: "/opt/rustwide/target/sq.fish"
[INFO] [stderr] warning: sequoia-sq@0.31.0: completion file is generated: "/opt/rustwide/target/_sq"
[INFO] [stderr] warning: sequoia-sq@0.31.0: completion file is generated: "/opt/rustwide/target/_sq.ps1"
[INFO] [stderr] warning: sequoia-sq@0.31.0: completion file is generated: "/opt/rustwide/target/sq.elv"
[INFO] [stderr] 
[INFO] [stderr] error: could not compile `sequoia-sq` (test "sq-keyring-lint") due to 2 previous errors
[INFO] [stdout] error: linking with `cc` failed: exit status: 1
[INFO] [stdout]   |
[INFO] [stdout]   = note: LC_ALL="C" PATH="/opt/rustwide/rustup-home/toolchains/beta-2023-12-22-x86_64-unknown-linux-gnu/lib/rustlib/x86_64-unknown-linux-gnu/bin:/opt/rustwide/cargo-home/bin:/usr/local/sbin:/usr/local/bin:/usr/sbin:/usr/bin:/sbin:/bin" VSLANG="1033" "cc" "-m64" "/tmp/rustcaPKVLE/symbols.o" "/opt/rustwide/target/debug/deps/sq_key_revoke-b7ddac16496db7af.sq_key_revoke.1f400a4ed2769637-cgu.0.rcgu.o" "/opt/rustwide/target/debug/deps/sq_key_revoke-b7ddac16496db7af.sq_key_revoke.1f400a4ed2769637-cgu.1.rcgu.o" "/opt/rustwide/target/debug/deps/sq_key_revoke-b7ddac16496db7af.sq_key_revoke.1f400a4ed2769637-cgu.2.rcgu.o" "/opt/rustwide/target/debug/deps/sq_key_revoke-b7ddac16496db7af.sq_key_revoke.1f400a4ed2769637-cgu.3.rcgu.o" "/opt/rustwide/target/debug/deps/sq_key_revoke-b7ddac16496db7af.sq_key_revoke.1f400a4ed2769637-cgu.4.rcgu.o" "/opt/rustwide/target/debug/deps/sq_key_revoke-b7ddac16496db7af.4mbuj8rxudqa2h5r.rcgu.o" "-Wl,--as-needed" "-L" "/opt/rustwide/target/debug/deps" "-L" "/opt/rustwide/target/debug/build/bzip2-sys-000f8d035b868002/out/lib" "-L" "/usr/lib/x86_64-linux-gnu" "-L" "/usr/lib/x86_64-linux-gnu" "-L" "/usr/lib/x86_64-linux-gnu" "-L" "/opt/rustwide/rustup-home/toolchains/beta-2023-12-22-x86_64-unknown-linux-gnu/lib/rustlib/x86_64-unknown-linux-gnu/lib" "-Wl,-Bstatic" "/opt/rustwide/rustup-home/toolchains/beta-2023-12-22-x86_64-unknown-linux-gnu/lib/rustlib/x86_64-unknown-linux-gnu/lib/libtest-cbab71697df97b00.rlib" "/opt/rustwide/rustup-home/toolchains/beta-2023-12-22-x86_64-unknown-linux-gnu/lib/rustlib/x86_64-unknown-linux-gnu/lib/libgetopts-2a2cf8f16c536007.rlib" "/opt/rustwide/rustup-home/toolchains/beta-2023-12-22-x86_64-unknown-linux-gnu/lib/rustlib/x86_64-unknown-linux-gnu/lib/libunicode_width-c5f3cc3cceaf9070.rlib" "/opt/rustwide/rustup-home/toolchains/beta-2023-12-22-x86_64-unknown-linux-gnu/lib/rustlib/x86_64-unknown-linux-gnu/lib/librustc_std_workspace_std-a31324ec815b09db.rlib" "/opt/rustwide/target/debug/deps/libtempfile-3755802a3c282d8b.rlib" "/opt/rustwide/target/debug/deps/libfastrand-9a0695f12d217e0d.rlib" "/opt/rustwide/target/debug/deps/librustix-0a3554c49bc4dd27.rlib" "/opt/rustwide/target/debug/deps/libio_lifetimes-f46807c510606b33.rlib" "/opt/rustwide/target/debug/deps/libbitflags-85e13ed1e0c6d910.rlib" "/opt/rustwide/target/debug/deps/liblinux_raw_sys-777f6c1fa6b62135.rlib" "/opt/rustwide/target/debug/deps/libsequoia_openpgp-329649b34cccf1ed.rlib" "/opt/rustwide/target/debug/deps/libidna-34a129a2150038b3.rlib" "/opt/rustwide/target/debug/deps/libunicode_normalization-6720ecd938ebfb2b.rlib" "/opt/rustwide/target/debug/deps/libtinyvec-dcbbce603bc23510.rlib" "/opt/rustwide/target/debug/deps/libtinyvec_macros-333661e3b238a9a3.rlib" "/opt/rustwide/target/debug/deps/libunicode_bidi-c077d6a813fe7ae8.rlib" "/opt/rustwide/target/debug/deps/libmemsec-e8413a44090b1eb0.rlib" "/opt/rustwide/target/debug/deps/libsha1collisiondetection-78d2261ab8fd88b5.rlib" "/opt/rustwide/target/debug/deps/libgeneric_array-b3175673e67b1380.rlib" "/opt/rustwide/target/debug/deps/libregex_syntax-b113d34fa562c5bb.rlib" "/opt/rustwide/target/debug/deps/liblalrpop_util-96d18bd8f1436b1d.rlib" "/opt/rustwide/target/debug/deps/libanyhow-95c64c28af856d3a.rlib" "/opt/rustwide/target/debug/deps/libxxhash_rust-9831d78d1626ec30.rlib" "/opt/rustwide/target/debug/deps/libdyn_clone-3cebdd6c38708430.rlib" "/opt/rustwide/target/debug/deps/libnettle-8f76095064737e6e.rlib" "/opt/rustwide/target/debug/deps/libthiserror-cde754b4ffda7cec.rlib" "/opt/rustwide/target/debug/deps/libtypenum-486446c5d1f61c48.rlib" "/opt/rustwide/target/debug/deps/libgetrandom-8b22c2a8d664de18.rlib" "/opt/rustwide/target/debug/deps/libnettle_sys-735af779d6f5650f.rlib" "/opt/rustwide/target/debug/deps/libbase64-f38862f3d93516f9.rlib" "/opt/rustwide/target/debug/deps/libbuffered_reader-785b38b0e54dda47.rlib" "/opt/rustwide/target/debug/deps/liblazy_static-efa3519517df6cf0.rlib" "/opt/rustwide/target/debug/deps/libbzip2-e7cc798dd72d54d8.rlib" "/opt/rustwide/target/debug/deps/libbzip2_sys-ec35db183d88f159.rlib" "/opt/rustwide/target/debug/deps/libflate2-8fa33c2ed34dcca8.rlib" "/opt/rustwide/target/debug/deps/libminiz_oxide-fdd9e74574a7bd2a.rlib" "/opt/rustwide/target/debug/deps/libadler-eba61f23bb3cdb48.rlib" "/opt/rustwide/target/debug/deps/libcrc32fast-dbea8ee6fb11ce73.rlib" "/opt/rustwide/target/debug/deps/libcfg_if-e7002d307f97bc56.rlib" "/opt/rustwide/target/debug/deps/libchrono-a4bbcab85d138daf.rlib" "/opt/rustwide/target/debug/deps/libiana_time_zone-1e31e534761afa1b.rlib" "/opt/rustwide/target/debug/deps/libtime-1d0713cf7f1b13e0.rlib" "/opt/rustwide/target/debug/deps/libassert_cmd-7e866eb1c7d52188.rlib" "/opt/rustwide/target/debug/deps/libwait_timeout-62bd0840bcb76c23.rlib" "/opt/rustwide/target/debug/deps/liblibc-28cb6a1af7d75d80.rlib" "/opt/rustwide/target/debug/deps/libdoc_comment-8766726346b4cbde.rlib" "/opt/rustwide/target/debug/deps/libbstr-5b5f8fa0087c482d.rlib" "/opt/rustwide/target/debug/deps/libonce_cell-728f13abc4f8cf5f.rlib" "/opt/rustwide/target/debug/deps/libregex_automata-d911e44eb55ac229.rlib" "/opt/rustwide/target/debug/deps/libpredicates_tree-3b8073f0599b9289.rlib" "/opt/rustwide/target/debug/deps/libtermtree-6d973ba1c301efb7.rlib" "/opt/rustwide/target/debug/deps/libpredicates-8d0365709deef3c2.rlib" "/opt/rustwide/target/debug/deps/libregex-b44fd9d166d0c4c5.rlib" "/opt/rustwide/target/debug/deps/libaho_corasick-d424b0a92ce0dc1c.rlib" "/opt/rustwide/target/debug/deps/libmemchr-33d05ae5bba76030.rlib" "/opt/rustwide/target/debug/deps/libregex_syntax-0491398fbb248b2a.rlib" "/opt/rustwide/target/debug/deps/libitertools-9d0001e1bd8ce1a6.rlib" "/opt/rustwide/target/debug/deps/libeither-ede8120b5409efc0.rlib" "/opt/rustwide/target/debug/deps/libdifflib-c8685f26d2b11ad9.rlib" "/opt/rustwide/target/debug/deps/libnormalize_line_endings-f28a36dd344fb685.rlib" "/opt/rustwide/target/debug/deps/libfloat_cmp-a84edf83c4a8028a.rlib" "/opt/rustwide/target/debug/deps/libnum_traits-b277a111beb39735.rlib" "/opt/rustwide/target/debug/deps/libpredicates_core-b79a364d83687104.rlib" "/opt/rustwide/rustup-home/toolchains/beta-2023-12-22-x86_64-unknown-linux-gnu/lib/rustlib/x86_64-unknown-linux-gnu/lib/libstd-0672489a78b613de.rlib" "/opt/rustwide/rustup-home/toolchains/beta-2023-12-22-x86_64-unknown-linux-gnu/lib/rustlib/x86_64-unknown-linux-gnu/lib/libpanic_unwind-7eb3ffc34a49f675.rlib" "/opt/rustwide/rustup-home/toolchains/beta-2023-12-22-x86_64-unknown-linux-gnu/lib/rustlib/x86_64-unknown-linux-gnu/lib/libobject-6478a9daa4bee8e2.rlib" "/opt/rustwide/rustup-home/toolchains/beta-2023-12-22-x86_64-unknown-linux-gnu/lib/rustlib/x86_64-unknown-linux-gnu/lib/libmemchr-0c75d871a5c3923d.rlib" "/opt/rustwide/rustup-home/toolchains/beta-2023-12-22-x86_64-unknown-linux-gnu/lib/rustlib/x86_64-unknown-linux-gnu/lib/libaddr2line-d163ef63ad37bb71.rlib" "/opt/rustwide/rustup-home/toolchains/beta-2023-12-22-x86_64-unknown-linux-gnu/lib/rustlib/x86_64-unknown-linux-gnu/lib/libgimli-8a3fd810a85b9f4c.rlib" "/opt/rustwide/rustup-home/toolchains/beta-2023-12-22-x86_64-unknown-linux-gnu/lib/rustlib/x86_64-unknown-linux-gnu/lib/librustc_demangle-462a2cde8c5dfc10.rlib" "/opt/rustwide/rustup-home/toolchains/beta-2023-12-22-x86_64-unknown-linux-gnu/lib/rustlib/x86_64-unknown-linux-gnu/lib/libstd_detect-cb06ac9f54713f71.rlib" "/opt/rustwide/rustup-home/toolchains/beta-2023-12-22-x86_64-unknown-linux-gnu/lib/rustlib/x86_64-unknown-linux-gnu/lib/libhashbrown-f20bfd1f8e59b393.rlib" "/opt/rustwide/rustup-home/toolchains/beta-2023-12-22-x86_64-unknown-linux-gnu/lib/rustlib/x86_64-unknown-linux-gnu/lib/librustc_std_workspace_alloc-1ef460949b49da4b.rlib" "/opt/rustwide/rustup-home/toolchains/beta-2023-12-22-x86_64-unknown-linux-gnu/lib/rustlib/x86_64-unknown-linux-gnu/lib/libminiz_oxide-2cb0c0ffe4f87514.rlib" "/opt/rustwide/rustup-home/toolchains/beta-2023-12-22-x86_64-unknown-linux-gnu/lib/rustlib/x86_64-unknown-linux-gnu/lib/libadler-58d841eb322a11a2.rlib" "/opt/rustwide/rustup-home/toolchains/beta-2023-12-22-x86_64-unknown-linux-gnu/lib/rustlib/x86_64-unknown-linux-gnu/lib/libunwind-aa2ae0b0a9d11533.rlib" "/opt/rustwide/rustup-home/toolchains/beta-2023-12-22-x86_64-unknown-linux-gnu/lib/rustlib/x86_64-unknown-linux-gnu/lib/libcfg_if-23874e15830ed336.rlib" "/opt/rustwide/rustup-home/toolchains/beta-2023-12-22-x86_64-unknown-linux-gnu/lib/rustlib/x86_64-unknown-linux-gnu/lib/liblibc-e47cddc003bce885.rlib" "/opt/rustwide/rustup-home/toolchains/beta-2023-12-22-x86_64-unknown-linux-gnu/lib/rustlib/x86_64-unknown-linux-gnu/lib/liballoc-c22b13b48a8f128e.rlib" "/opt/rustwide/rustup-home/toolchains/beta-2023-12-22-x86_64-unknown-linux-gnu/lib/rustlib/x86_64-unknown-linux-gnu/lib/librustc_std_workspace_core-e46bc3da6d7c462f.rlib" "/opt/rustwide/rustup-home/toolchains/beta-2023-12-22-x86_64-unknown-linux-gnu/lib/rustlib/x86_64-unknown-linux-gnu/lib/libcore-8d1ac131d3cb2645.rlib" "/opt/rustwide/rustup-home/toolchains/beta-2023-12-22-x86_64-unknown-linux-gnu/lib/rustlib/x86_64-unknown-linux-gnu/lib/libcompiler_builtins-a1b43df8c6899c1f.rlib" "-Wl,-Bdynamic" "-lnettle" "-lhogweed" "-lgmp" "-lgcc_s" "-lutil" "-lrt" "-lpthread" "-lm" "-ldl" "-lc" "-Wl,--eh-frame-hdr" "-Wl,-z,noexecstack" "-L" "/opt/rustwide/rustup-home/toolchains/beta-2023-12-22-x86_64-unknown-linux-gnu/lib/rustlib/x86_64-unknown-linux-gnu/lib" "-o" "/opt/rustwide/target/debug/deps/sq_key_revoke-b7ddac16496db7af" "-Wl,--gc-sections" "-pie" "-Wl,-z,relro,-z,now" "-nodefaultlibs"
[INFO] [stdout]   = note: collect2: fatal error: ld terminated with signal 9 [Killed]
[INFO] [stdout]           compilation terminated.
[INFO] [stdout]           
[INFO] [stdout] 
[INFO] [stdout] 
[INFO] [stdout] error: aborting due to 1 previous error
[INFO] [stdout] 
[INFO] [stdout] 
[INFO] [stderr] The following warnings were emitted during compilation:
[INFO] [stderr] 
[INFO] [stderr] warning: sequoia-sq@0.31.0: completion file is generated: "/opt/rustwide/target/sq.bash"
[INFO] [stderr] warning: sequoia-sq@0.31.0: completion file is generated: "/opt/rustwide/target/sq.fish"
[INFO] [stderr] warning: sequoia-sq@0.31.0: completion file is generated: "/opt/rustwide/target/_sq"
[INFO] [stderr] warning: sequoia-sq@0.31.0: completion file is generated: "/opt/rustwide/target/_sq.ps1"
[INFO] [stderr] warning: sequoia-sq@0.31.0: completion file is generated: "/opt/rustwide/target/sq.elv"
[INFO] [stderr] 
[INFO] [stderr] error: could not compile `sequoia-sq` (test "sq-key-revoke") due to 2 previous errors
[INFO] running `Command { std: "docker" "inspect" "a045c10de2315489577283e228c6b300b8e9d28080dcf3293525b95e4a811d59", kill_on_drop: false }`
[INFO] running `Command { std: "docker" "rm" "-f" "a045c10de2315489577283e228c6b300b8e9d28080dcf3293525b95e4a811d59", kill_on_drop: false }`
[INFO] [stdout] a045c10de2315489577283e228c6b300b8e9d28080dcf3293525b95e4a811d59
