[INFO] fetching crate sequoia-openpgp 1.17.0...
[INFO] testing sequoia-openpgp-1.17.0 against 1.75.0 for beta-1.76-1
[INFO] extracting crate sequoia-openpgp 1.17.0 into /workspace/builds/worker-2-tc1/source
[INFO] validating manifest of crates.io crate sequoia-openpgp 1.17.0 on toolchain 1.75.0
[INFO] running `Command { std: CARGO_HOME="/workspace/cargo-home" RUSTUP_HOME="/workspace/rustup-home" "/workspace/cargo-home/bin/cargo" "+1.75.0" "metadata" "--manifest-path" "Cargo.toml" "--no-deps", kill_on_drop: false }`
[INFO] started tweaking crates.io crate sequoia-openpgp 1.17.0
[INFO] removed 0 missing examples
[INFO] finished tweaking crates.io crate sequoia-openpgp 1.17.0
[INFO] tweaked toml for crates.io crate sequoia-openpgp 1.17.0 written to /workspace/builds/worker-2-tc1/source/Cargo.toml
[INFO] crate crates.io crate sequoia-openpgp 1.17.0 already has a lockfile, it will not be regenerated
[INFO] running `Command { std: CARGO_HOME="/workspace/cargo-home" RUSTUP_HOME="/workspace/rustup-home" "/workspace/cargo-home/bin/cargo" "+1.75.0" "fetch" "--manifest-path" "Cargo.toml", kill_on_drop: false }`
[INFO] [stderr]     Blocking waiting for file lock on package cache
[INFO] [stderr]     Updating crates.io index
[INFO] [stderr]  Downloading crates ...
[INFO] [stderr]   Downloaded dsa v0.6.1
[INFO] [stderr]   Downloaded xxhash-rust v0.8.7
[INFO] [stderr]   Downloaded eax v0.5.0
[INFO] [stderr]   Downloaded botan-sys v0.10.5
[INFO] [stderr]   Downloaded ecb v0.1.2
[INFO] [stderr]   Downloaded botan v0.10.7
[INFO] [stderr]   Downloaded win-crypto-ng v0.5.1
[INFO] [stderr]   Downloaded ed25519-dalek v2.0.0
[INFO] [stderr]   Downloaded platforms v3.1.2
[INFO] [stderr]   Downloaded fiat-crypto v0.2.1
[INFO] [stderr]   Downloaded sha1collisiondetection v0.3.1
[INFO] running `Command { std: "docker" "create" "-v" "/var/lib/crater-agent-workspace/builds/worker-2-tc1/target:/opt/rustwide/target:rw,Z" "-v" "/var/lib/crater-agent-workspace/builds/worker-2-tc1/source:/opt/rustwide/workdir:ro,Z" "-v" "/var/lib/crater-agent-workspace/cargo-home:/opt/rustwide/cargo-home:ro,Z" "-v" "/var/lib/crater-agent-workspace/rustup-home:/opt/rustwide/rustup-home:ro,Z" "-e" "SOURCE_DIR=/opt/rustwide/workdir" "-e" "CARGO_TARGET_DIR=/opt/rustwide/target" "-e" "CARGO_HOME=/opt/rustwide/cargo-home" "-e" "RUSTUP_HOME=/opt/rustwide/rustup-home" "-w" "/opt/rustwide/workdir" "-m" "1610612736" "--user" "0:0" "--network" "none" "ghcr.io/rust-lang/crates-build-env/linux@sha256:2788e3201cd34a07e3172128adcd8b3090168a8e3bcc40d7c032b9dda1df7d1c" "/opt/rustwide/cargo-home/bin/cargo" "+1.75.0" "metadata" "--no-deps" "--format-version=1", kill_on_drop: false }`
[INFO] [stdout] 7ed1127d2d95fc140d4ed5cb08f86c770ec8491b33eb20b3a8b312238071ef30
[INFO] running `Command { std: "docker" "start" "-a" "7ed1127d2d95fc140d4ed5cb08f86c770ec8491b33eb20b3a8b312238071ef30", kill_on_drop: false }`
[INFO] running `Command { std: "docker" "inspect" "7ed1127d2d95fc140d4ed5cb08f86c770ec8491b33eb20b3a8b312238071ef30", kill_on_drop: false }`
[INFO] running `Command { std: "docker" "rm" "-f" "7ed1127d2d95fc140d4ed5cb08f86c770ec8491b33eb20b3a8b312238071ef30", kill_on_drop: false }`
[INFO] [stdout] 7ed1127d2d95fc140d4ed5cb08f86c770ec8491b33eb20b3a8b312238071ef30
[INFO] running `Command { std: "docker" "create" "-v" "/var/lib/crater-agent-workspace/builds/worker-2-tc1/target:/opt/rustwide/target:rw,Z" "-v" "/var/lib/crater-agent-workspace/builds/worker-2-tc1/source:/opt/rustwide/workdir:ro,Z" "-v" "/var/lib/crater-agent-workspace/cargo-home:/opt/rustwide/cargo-home:ro,Z" "-v" "/var/lib/crater-agent-workspace/rustup-home:/opt/rustwide/rustup-home:ro,Z" "-e" "SOURCE_DIR=/opt/rustwide/workdir" "-e" "CARGO_TARGET_DIR=/opt/rustwide/target" "-e" "CARGO_INCREMENTAL=0" "-e" "RUST_BACKTRACE=full" "-e" "RUSTFLAGS=--cap-lints=warn" "-e" "RUSTDOCFLAGS=--cap-lints=warn" "-e" "CARGO_HOME=/opt/rustwide/cargo-home" "-e" "RUSTUP_HOME=/opt/rustwide/rustup-home" "-w" "/opt/rustwide/workdir" "-m" "1610612736" "--user" "0:0" "--network" "none" "ghcr.io/rust-lang/crates-build-env/linux@sha256:2788e3201cd34a07e3172128adcd8b3090168a8e3bcc40d7c032b9dda1df7d1c" "/opt/rustwide/cargo-home/bin/cargo" "+1.75.0" "build" "--frozen" "--message-format=json", kill_on_drop: false }`
[INFO] [stdout] 4034bee497c7a972a61f3ee9d29231968f078a186bc0dfbf7c1f97f1f9f4bb05
[INFO] running `Command { std: "docker" "start" "-a" "4034bee497c7a972a61f3ee9d29231968f078a186bc0dfbf7c1f97f1f9f4bb05", kill_on_drop: false }`
[INFO] [stderr]    Compiling libc v0.2.149
[INFO] [stderr]    Compiling bitflags v2.4.1
[INFO] [stderr]    Compiling proc-macro2 v1.0.69
[INFO] [stderr]    Compiling rustix v0.38.21
[INFO] [stderr]    Compiling linux-raw-sys v0.4.10
[INFO] [stderr]    Compiling regex-syntax v0.8.2
[INFO] [stderr]    Compiling pkg-config v0.3.27
[INFO] [stderr]    Compiling glob v0.3.1
[INFO] [stderr]    Compiling memchr v2.6.4
[INFO] [stderr]    Compiling minimal-lexical v0.2.1
[INFO] [stderr]    Compiling parking_lot_core v0.9.9
[INFO] [stderr]    Compiling libloading v0.7.4
[INFO] [stderr]    Compiling crunchy v0.2.2
[INFO] [stderr]    Compiling lock_api v0.4.11
[INFO] [stderr]    Compiling scopeguard v1.2.0
[INFO] [stderr]    Compiling smallvec v1.11.1
[INFO] [stderr]    Compiling bindgen v0.68.1
[INFO] [stderr]    Compiling shlex v1.2.0
[INFO] [stderr]    Compiling equivalent v1.0.1
[INFO] [stderr]    Compiling hashbrown v0.14.2
[INFO] [stderr]    Compiling fastrand v2.0.1
[INFO] [stderr]    Compiling siphasher v0.3.11
[INFO] [stderr]    Compiling lazycell v1.3.0
[INFO] [stderr]    Compiling tiny-keccak v2.0.2
[INFO] [stderr]    Compiling rustc-hash v1.1.0
[INFO] [stderr]    Compiling peeking_take_while v0.1.2
[INFO] [stderr]    Compiling precomputed-hash v0.1.1
[INFO] [stderr]    Compiling bit-vec v0.6.3
[INFO] [stderr]    Compiling phf_shared v0.10.0
[INFO] [stderr]    Compiling fixedbitset v0.4.2
[INFO] [stderr]    Compiling either v1.9.0
[INFO] [stderr]    Compiling new_debug_unreachable v1.0.4
[INFO] [stderr]    Compiling log v0.4.20
[INFO] [stderr]    Compiling once_cell v1.18.0
[INFO] [stderr]    Compiling lalrpop-util v0.20.0
[INFO] [stderr]    Compiling clang-sys v1.6.1
[INFO] [stderr]    Compiling bit-set v0.5.3
[INFO] [stderr]    Compiling ena v0.14.2
[INFO] [stderr]    Compiling thiserror v1.0.50
[INFO] [stderr]    Compiling diff v0.1.13
[INFO] [stderr]    Compiling itertools v0.10.5
[INFO] [stderr]    Compiling unicode-xid v0.2.4
[INFO] [stderr]    Compiling regex-syntax v0.7.5
[INFO] [stderr]    Compiling nom v7.1.3
[INFO] [stderr]    Compiling miniz_oxide v0.7.1
[INFO] [stderr]    Compiling quote v1.0.33
[INFO] [stderr]    Compiling indexmap v2.0.2
[INFO] [stderr]    Compiling sha1collisiondetection v0.3.1
[INFO] [stderr]    Compiling anyhow v1.0.75
[INFO] [stderr]    Compiling unicode-bidi v0.3.13
[INFO] [stderr]    Compiling memsec v0.6.3
[INFO] [stderr]    Compiling syn v2.0.38
[INFO] [stderr]    Compiling aho-corasick v1.1.2
[INFO] [stderr]    Compiling flate2 v1.0.28
[INFO] [stderr]    Compiling cc v1.0.83
[INFO] [stderr]    Compiling dirs-sys-next v0.1.2
[INFO] [stderr]    Compiling dirs-next v2.0.0
[INFO] [stderr]    Compiling term v0.7.0
[INFO] [stderr]    Compiling parking_lot v0.12.1
[INFO] [stderr]    Compiling getrandom v0.2.10
[INFO] [stderr]    Compiling petgraph v0.6.4
[INFO] [stderr]    Compiling string_cache v0.8.7
[INFO] [stderr]    Compiling rand_core v0.6.4
[INFO] [stderr]    Compiling ascii-canvas v3.0.0
[INFO] [stderr]    Compiling idna v0.4.0
[INFO] [stderr]    Compiling rand_chacha v0.3.1
[INFO] [stderr]    Compiling base64 v0.21.5
[INFO] [stderr]    Compiling xxhash-rust v0.8.7
[INFO] [stderr]    Compiling dyn-clone v1.0.14
[INFO] [stderr]    Compiling regex-automata v0.4.3
[INFO] [stderr]    Compiling rand v0.8.5
[INFO] [stderr]    Compiling bzip2-sys v0.1.11+1.0.8
[INFO] [stderr]    Compiling cexpr v0.6.0
[INFO] [stderr]    Compiling tempfile v3.8.1
[INFO] [stderr]    Compiling is-terminal v0.4.9
[INFO] [stderr]    Compiling bzip2 v0.4.4
[INFO] [stderr]    Compiling regex v1.10.2
[INFO] [stderr]    Compiling buffered-reader v1.3.0
[INFO] [stderr]    Compiling lalrpop v0.20.0
[INFO] [stderr]    Compiling thiserror-impl v1.0.50
[INFO] [stderr]    Compiling nettle-sys v2.3.0
[INFO] [stderr]    Compiling sequoia-openpgp v1.17.0 (/opt/rustwide/workdir)
[INFO] [stderr]    Compiling nettle v7.3.0
[INFO] [stdout] warning: call to `.borrow()` on a reference in this situation does nothing
[INFO] [stdout]     --> src/regex/mod.rs:1095:18
[INFO] [stdout]      |
[INFO] [stdout] 1095 |         let u = u.borrow();
[INFO] [stdout]      |                  ^^^^^^^^^ help: remove this redundant call
[INFO] [stdout]      |
[INFO] [stdout]      = note: the type `userid::UserID` does not implement `Borrow`, so calling `borrow` on `&userid::UserID` copies the reference, which does not do anything and can be removed
[INFO] [stdout]      = note: `#[warn(noop_method_call)]` on by default
[INFO] [stdout] 
[INFO] [stdout] 
[INFO] [stdout] warning: 1 warning emitted
[INFO] [stdout] 
[INFO] [stdout] 
[INFO] [stderr]     Finished dev [unoptimized + debuginfo] target(s) in 25.90s
[INFO] running `Command { std: "docker" "inspect" "4034bee497c7a972a61f3ee9d29231968f078a186bc0dfbf7c1f97f1f9f4bb05", kill_on_drop: false }`
[INFO] running `Command { std: "docker" "rm" "-f" "4034bee497c7a972a61f3ee9d29231968f078a186bc0dfbf7c1f97f1f9f4bb05", kill_on_drop: false }`
[INFO] [stdout] 4034bee497c7a972a61f3ee9d29231968f078a186bc0dfbf7c1f97f1f9f4bb05
[INFO] running `Command { std: "docker" "create" "-v" "/var/lib/crater-agent-workspace/builds/worker-2-tc1/target:/opt/rustwide/target:rw,Z" "-v" "/var/lib/crater-agent-workspace/builds/worker-2-tc1/source:/opt/rustwide/workdir:ro,Z" "-v" "/var/lib/crater-agent-workspace/cargo-home:/opt/rustwide/cargo-home:ro,Z" "-v" "/var/lib/crater-agent-workspace/rustup-home:/opt/rustwide/rustup-home:ro,Z" "-e" "SOURCE_DIR=/opt/rustwide/workdir" "-e" "CARGO_TARGET_DIR=/opt/rustwide/target" "-e" "CARGO_INCREMENTAL=0" "-e" "RUST_BACKTRACE=full" "-e" "RUSTFLAGS=--cap-lints=warn" "-e" "RUSTDOCFLAGS=--cap-lints=warn" "-e" "CARGO_HOME=/opt/rustwide/cargo-home" "-e" "RUSTUP_HOME=/opt/rustwide/rustup-home" "-w" "/opt/rustwide/workdir" "-m" "1610612736" "--user" "0:0" "--network" "none" "ghcr.io/rust-lang/crates-build-env/linux@sha256:2788e3201cd34a07e3172128adcd8b3090168a8e3bcc40d7c032b9dda1df7d1c" "/opt/rustwide/cargo-home/bin/cargo" "+1.75.0" "test" "--frozen" "--no-run" "--message-format=json", kill_on_drop: false }`
[INFO] [stdout] fdc18a5f2c78e0aec8d893495d2a9e2d50d32f6220c0aef3b28ea4777584e149
[INFO] running `Command { std: "docker" "start" "-a" "fdc18a5f2c78e0aec8d893495d2a9e2d50d32f6220c0aef3b28ea4777584e149", kill_on_drop: false }`
[INFO] [stderr]    Compiling linux-raw-sys v0.4.10
[INFO] [stderr]    Compiling either v1.9.0
[INFO] [stderr]    Compiling memoffset v0.9.0
[INFO] [stderr]    Compiling crossbeam-utils v0.8.16
[INFO] [stderr]    Compiling crossbeam-epoch v0.9.15
[INFO] [stderr]    Compiling lock_api v0.4.11
[INFO] [stderr]    Compiling serde v1.0.190
[INFO] [stderr]    Compiling bindgen v0.68.1
[INFO] [stderr]    Compiling serde_derive v1.0.190
[INFO] [stderr]    Compiling rayon-core v1.12.0
[INFO] [stderr]    Compiling serde_json v1.0.107
[INFO] [stderr]    Compiling rustix v0.38.21
[INFO] [stderr]    Compiling ryu v1.0.15
[INFO] [stderr]    Compiling ciborium-io v0.2.1
[INFO] [stderr]    Compiling clap_lex v0.6.0
[INFO] [stderr]    Compiling anstyle v1.0.4
[INFO] [stderr]    Compiling itoa v1.0.9
[INFO] [stderr]    Compiling itertools v0.10.5
[INFO] [stderr]    Compiling plotters-backend v0.3.5
[INFO] [stderr]    Compiling parking_lot v0.12.1
[INFO] [stderr]    Compiling half v1.8.2
[INFO] [stderr]    Compiling clap_builder v4.4.7
[INFO] [stderr]    Compiling rand v0.8.5
[INFO] [stderr]    Compiling plotters-svg v0.3.5
[INFO] [stderr]    Compiling cast v0.3.0
[INFO] [stderr]    Compiling same-file v1.0.6
[INFO] [stderr]    Compiling string_cache v0.8.7
[INFO] [stderr]    Compiling ciborium-ll v0.2.1
[INFO] [stderr]    Compiling walkdir v2.4.0
[INFO] [stderr]    Compiling plotters v0.3.5
[INFO] [stderr]    Compiling rtoolbox v0.0.1
[INFO] [stderr]    Compiling oorandom v11.1.3
[INFO] [stderr]    Compiling anes v0.1.6
[INFO] [stderr]    Compiling rpassword v7.2.0
[INFO] [stderr]    Compiling quickcheck v1.0.3
[INFO] [stderr]    Compiling crossbeam-deque v0.8.3
[INFO] [stderr]    Compiling is-terminal v0.4.9
[INFO] [stderr]    Compiling criterion-plot v0.5.0
[INFO] [stderr]    Compiling rayon v1.8.0
[INFO] [stderr]    Compiling clap v4.4.7
[INFO] [stderr]    Compiling tempfile v3.8.1
[INFO] [stderr]    Compiling lalrpop v0.20.0
[INFO] [stderr]    Compiling nettle-sys v2.3.0
[INFO] [stderr]    Compiling ciborium v0.2.1
[INFO] [stderr]    Compiling tinytemplate v1.2.1
[INFO] [stderr]    Compiling criterion v0.5.1
[INFO] [stderr]    Compiling nettle v7.3.0
[INFO] [stderr]    Compiling sequoia-openpgp v1.17.0 (/opt/rustwide/workdir)
[INFO] [stdout] warning: unnecessary parentheses around match arm expression
[INFO] [stdout]    --> src/packet/signature/subpacket.rs:489:21
[INFO] [stdout]     |
[INFO] [stdout] 489 |                     (u == 0 || u == 1 || u == 8
[INFO] [stdout]     |                     ^
[INFO] [stdout] ...
[INFO] [stdout] 492 |                      || u == 38),
[INFO] [stdout]     |                                ^
[INFO] [stdout]     |
[INFO] [stdout]     = note: `#[warn(unused_parens)]` on by default
[INFO] [stdout] help: remove these parentheses
[INFO] [stdout]     |
[INFO] [stdout] 489 ~                     u == 0 || u == 1 || u == 8
[INFO] [stdout] 490 |                      || u == 13 || u == 14 || u == 15
[INFO] [stdout] 491 |                      || u == 17 || u == 18 || u == 19
[INFO] [stdout] 492 ~                      || u == 38,
[INFO] [stdout]     |
[INFO] [stdout] 
[INFO] [stdout] 
[INFO] [stdout] warning: call to `.borrow()` on a reference in this situation does nothing
[INFO] [stdout]     --> src/regex/mod.rs:1095:18
[INFO] [stdout]      |
[INFO] [stdout] 1095 |         let u = u.borrow();
[INFO] [stdout]      |                  ^^^^^^^^^ help: remove this redundant call
[INFO] [stdout]      |
[INFO] [stdout]      = note: the type `userid::UserID` does not implement `Borrow`, so calling `borrow` on `&userid::UserID` copies the reference, which does not do anything and can be removed
[INFO] [stdout]      = note: `#[warn(noop_method_call)]` on by default
[INFO] [stdout] 
[INFO] [stdout] 
[INFO] [stdout] warning: call to `.borrow()` on a reference in this situation does nothing
[INFO] [stdout]     --> src/regex/mod.rs:1095:18
[INFO] [stdout]      |
[INFO] [stdout] 1095 |         let u = u.borrow();
[INFO] [stdout]      |                  ^^^^^^^^^ help: remove this redundant call
[INFO] [stdout]      |
[INFO] [stdout]      = note: the type `userid::UserID` does not implement `Borrow`, so calling `borrow` on `&userid::UserID` copies the reference, which does not do anything and can be removed
[INFO] [stdout]      = note: `#[warn(noop_method_call)]` on by default
[INFO] [stdout] 
[INFO] [stdout] 
[INFO] [stdout] warning: 1 warning emitted
[INFO] [stdout] 
[INFO] [stdout] 
[INFO] [stderr] error: could not compile `sequoia-openpgp` (lib test); 2 warnings emitted
[INFO] [stderr] 
[INFO] [stderr] Caused by:
[INFO] [stderr]   process didn't exit successfully: `/opt/rustwide/rustup-home/toolchains/1.75.0-x86_64-unknown-linux-gnu/bin/rustc --crate-name sequoia_openpgp --edition=2021 src/lib.rs --error-format=json --json=diagnostic-rendered-ansi,artifacts,future-incompat --emit=dep-info,link -C embed-bitcode=no -C debuginfo=2 --test --cfg 'feature="bzip2"' --cfg 'feature="compression"' --cfg 'feature="compression-bzip2"' --cfg 'feature="compression-deflate"' --cfg 'feature="crypto-nettle"' --cfg 'feature="default"' --cfg 'feature="flate2"' --cfg 'feature="nettle"' -C metadata=88aa1c01d99bf64b -C extra-filename=-88aa1c01d99bf64b --out-dir /opt/rustwide/target/debug/deps -L dependency=/opt/rustwide/target/debug/deps --extern anyhow=/opt/rustwide/target/debug/deps/libanyhow-477edb6dbb409be2.rlib --extern base64=/opt/rustwide/target/debug/deps/libbase64-c757f6e1d18850a5.rlib --extern buffered_reader=/opt/rustwide/target/debug/deps/libbuffered_reader-7ffb48ad0644d146.rlib --extern bzip2=/opt/rustwide/target/debug/deps/libbzip2-62d0b22961d7388e.rlib --extern criterion=/opt/rustwide/target/debug/deps/libcriterion-6e8785612d2383da.rlib --extern dyn_clone=/opt/rustwide/target/debug/deps/libdyn_clone-9b173148c8236790.rlib --extern flate2=/opt/rustwide/target/debug/deps/libflate2-1347a47922d98cc4.rlib --extern idna=/opt/rustwide/target/debug/deps/libidna-35e3e2f202e10859.rlib --extern lalrpop_util=/opt/rustwide/target/debug/deps/liblalrpop_util-9bc5c4df98593959.rlib --extern lazy_static=/opt/rustwide/target/debug/deps/liblazy_static-591486ebcb9a7ead.rlib --extern libc=/opt/rustwide/target/debug/deps/liblibc-02f888d7762819c3.rlib --extern memsec=/opt/rustwide/target/debug/deps/libmemsec-07e8b9743a03e8bb.rlib --extern nettle=/opt/rustwide/target/debug/deps/libnettle-38cfe7d207567fb3.rlib --extern once_cell=/opt/rustwide/target/debug/deps/libonce_cell-865e1c5018a0303a.rlib --extern quickcheck=/opt/rustwide/target/debug/deps/libquickcheck-8a50775f2c2cc9d9.rlib --extern rand=/opt/rustwide/target/debug/deps/librand-b1704d812849d905.rlib --extern regex=/opt/rustwide/target/debug/deps/libregex-43bdbc33a6384815.rlib --extern regex_syntax=/opt/rustwide/target/debug/deps/libregex_syntax-e4dd3c3a3cb10e1d.rlib --extern rpassword=/opt/rustwide/target/debug/deps/librpassword-855944400d288617.rlib --extern sha1collisiondetection=/opt/rustwide/target/debug/deps/libsha1collisiondetection-38eab71e921e050e.rlib --extern thiserror=/opt/rustwide/target/debug/deps/libthiserror-8e1cae582f9c2427.rlib --extern xxhash_rust=/opt/rustwide/target/debug/deps/libxxhash_rust-eab4d26c3484fecf.rlib --cap-lints=warn -L native=/opt/rustwide/target/debug/build/bzip2-sys-3d89b024dfc9b725/out/lib -L native=/usr/lib/x86_64-linux-gnu -L native=/usr/lib/x86_64-linux-gnu -L native=/usr/lib/x86_64-linux-gnu` (signal: 9, SIGKILL: kill)
[INFO] [stderr] warning: build failed, waiting for other jobs to finish...
[INFO] [stderr] error: could not compile `sequoia-openpgp` (example "statistics")
[INFO] [stderr] 
[INFO] [stderr] Caused by:
[INFO] [stderr]   process didn't exit successfully: `/opt/rustwide/rustup-home/toolchains/1.75.0-x86_64-unknown-linux-gnu/bin/rustc --crate-name statistics --edition=2021 examples/statistics.rs --error-format=json --json=diagnostic-rendered-ansi,artifacts,future-incompat --crate-type bin --emit=dep-info,link -C embed-bitcode=no -C debuginfo=2 --cfg 'feature="bzip2"' --cfg 'feature="compression"' --cfg 'feature="compression-bzip2"' --cfg 'feature="compression-deflate"' --cfg 'feature="crypto-nettle"' --cfg 'feature="default"' --cfg 'feature="flate2"' --cfg 'feature="nettle"' -C metadata=1bd514b5099fb157 -C extra-filename=-1bd514b5099fb157 --out-dir /opt/rustwide/target/debug/examples -L dependency=/opt/rustwide/target/debug/deps --extern anyhow=/opt/rustwide/target/debug/deps/libanyhow-477edb6dbb409be2.rlib --extern base64=/opt/rustwide/target/debug/deps/libbase64-c757f6e1d18850a5.rlib --extern buffered_reader=/opt/rustwide/target/debug/deps/libbuffered_reader-7ffb48ad0644d146.rlib --extern bzip2=/opt/rustwide/target/debug/deps/libbzip2-62d0b22961d7388e.rlib --extern criterion=/opt/rustwide/target/debug/deps/libcriterion-6e8785612d2383da.rlib --extern dyn_clone=/opt/rustwide/target/debug/deps/libdyn_clone-9b173148c8236790.rlib --extern flate2=/opt/rustwide/target/debug/deps/libflate2-1347a47922d98cc4.rlib --extern idna=/opt/rustwide/target/debug/deps/libidna-35e3e2f202e10859.rlib --extern lalrpop_util=/opt/rustwide/target/debug/deps/liblalrpop_util-9bc5c4df98593959.rlib --extern lazy_static=/opt/rustwide/target/debug/deps/liblazy_static-591486ebcb9a7ead.rlib --extern libc=/opt/rustwide/target/debug/deps/liblibc-02f888d7762819c3.rlib --extern memsec=/opt/rustwide/target/debug/deps/libmemsec-07e8b9743a03e8bb.rlib --extern nettle=/opt/rustwide/target/debug/deps/libnettle-38cfe7d207567fb3.rlib --extern once_cell=/opt/rustwide/target/debug/deps/libonce_cell-865e1c5018a0303a.rlib --extern quickcheck=/opt/rustwide/target/debug/deps/libquickcheck-8a50775f2c2cc9d9.rlib --extern rand=/opt/rustwide/target/debug/deps/librand-b1704d812849d905.rlib --extern regex=/opt/rustwide/target/debug/deps/libregex-43bdbc33a6384815.rlib --extern regex_syntax=/opt/rustwide/target/debug/deps/libregex_syntax-e4dd3c3a3cb10e1d.rlib --extern rpassword=/opt/rustwide/target/debug/deps/librpassword-855944400d288617.rlib --extern sequoia_openpgp=/opt/rustwide/target/debug/deps/libsequoia_openpgp-f59844f3ef41dd88.rlib --extern sha1collisiondetection=/opt/rustwide/target/debug/deps/libsha1collisiondetection-38eab71e921e050e.rlib --extern thiserror=/opt/rustwide/target/debug/deps/libthiserror-8e1cae582f9c2427.rlib --extern xxhash_rust=/opt/rustwide/target/debug/deps/libxxhash_rust-eab4d26c3484fecf.rlib --cap-lints=warn -L native=/opt/rustwide/target/debug/build/bzip2-sys-3d89b024dfc9b725/out/lib -L native=/usr/lib/x86_64-linux-gnu -L native=/usr/lib/x86_64-linux-gnu -L native=/usr/lib/x86_64-linux-gnu` (signal: 9, SIGKILL: kill)
[INFO] [stderr] error: could not compile `sequoia-openpgp` (example "reply-encrypted")
[INFO] [stderr] 
[INFO] [stderr] Caused by:
[INFO] [stderr]   process didn't exit successfully: `/opt/rustwide/rustup-home/toolchains/1.75.0-x86_64-unknown-linux-gnu/bin/rustc --crate-name reply_encrypted --edition=2021 examples/reply-encrypted.rs --error-format=json --json=diagnostic-rendered-ansi,artifacts,future-incompat --crate-type bin --emit=dep-info,link -C embed-bitcode=no -C debuginfo=2 --cfg 'feature="bzip2"' --cfg 'feature="compression"' --cfg 'feature="compression-bzip2"' --cfg 'feature="compression-deflate"' --cfg 'feature="crypto-nettle"' --cfg 'feature="default"' --cfg 'feature="flate2"' --cfg 'feature="nettle"' -C metadata=8837a1f72b3209a7 -C extra-filename=-8837a1f72b3209a7 --out-dir /opt/rustwide/target/debug/examples -L dependency=/opt/rustwide/target/debug/deps --extern anyhow=/opt/rustwide/target/debug/deps/libanyhow-477edb6dbb409be2.rlib --extern base64=/opt/rustwide/target/debug/deps/libbase64-c757f6e1d18850a5.rlib --extern buffered_reader=/opt/rustwide/target/debug/deps/libbuffered_reader-7ffb48ad0644d146.rlib --extern bzip2=/opt/rustwide/target/debug/deps/libbzip2-62d0b22961d7388e.rlib --extern criterion=/opt/rustwide/target/debug/deps/libcriterion-6e8785612d2383da.rlib --extern dyn_clone=/opt/rustwide/target/debug/deps/libdyn_clone-9b173148c8236790.rlib --extern flate2=/opt/rustwide/target/debug/deps/libflate2-1347a47922d98cc4.rlib --extern idna=/opt/rustwide/target/debug/deps/libidna-35e3e2f202e10859.rlib --extern lalrpop_util=/opt/rustwide/target/debug/deps/liblalrpop_util-9bc5c4df98593959.rlib --extern lazy_static=/opt/rustwide/target/debug/deps/liblazy_static-591486ebcb9a7ead.rlib --extern libc=/opt/rustwide/target/debug/deps/liblibc-02f888d7762819c3.rlib --extern memsec=/opt/rustwide/target/debug/deps/libmemsec-07e8b9743a03e8bb.rlib --extern nettle=/opt/rustwide/target/debug/deps/libnettle-38cfe7d207567fb3.rlib --extern once_cell=/opt/rustwide/target/debug/deps/libonce_cell-865e1c5018a0303a.rlib --extern quickcheck=/opt/rustwide/target/debug/deps/libquickcheck-8a50775f2c2cc9d9.rlib --extern rand=/opt/rustwide/target/debug/deps/librand-b1704d812849d905.rlib --extern regex=/opt/rustwide/target/debug/deps/libregex-43bdbc33a6384815.rlib --extern regex_syntax=/opt/rustwide/target/debug/deps/libregex_syntax-e4dd3c3a3cb10e1d.rlib --extern rpassword=/opt/rustwide/target/debug/deps/librpassword-855944400d288617.rlib --extern sequoia_openpgp=/opt/rustwide/target/debug/deps/libsequoia_openpgp-f59844f3ef41dd88.rlib --extern sha1collisiondetection=/opt/rustwide/target/debug/deps/libsha1collisiondetection-38eab71e921e050e.rlib --extern thiserror=/opt/rustwide/target/debug/deps/libthiserror-8e1cae582f9c2427.rlib --extern xxhash_rust=/opt/rustwide/target/debug/deps/libxxhash_rust-eab4d26c3484fecf.rlib --cap-lints=warn -L native=/opt/rustwide/target/debug/build/bzip2-sys-3d89b024dfc9b725/out/lib -L native=/usr/lib/x86_64-linux-gnu -L native=/usr/lib/x86_64-linux-gnu -L native=/usr/lib/x86_64-linux-gnu` (signal: 9, SIGKILL: kill)
[INFO] [stdout] error: linking with `cc` failed: exit status: 1
[INFO] [stdout]   |
[INFO] [stdout]   = note: LC_ALL="C" PATH="/opt/rustwide/rustup-home/toolchains/1.75.0-x86_64-unknown-linux-gnu/lib/rustlib/x86_64-unknown-linux-gnu/bin:/opt/rustwide/cargo-home/bin:/usr/local/sbin:/usr/local/bin:/usr/sbin:/usr/bin:/sbin:/bin" VSLANG="1033" "cc" "-m64" "/tmp/rustcOoxSeK/symbols.o" "/opt/rustwide/target/debug/examples/generate_group_key-6aa3243bc7e0e607.generate_group_key.1f4435654b5e2ae-cgu.0.rcgu.o" "/opt/rustwide/target/debug/examples/generate_group_key-6aa3243bc7e0e607.2673hvbxzvkupmz5.rcgu.o" "-Wl,--as-needed" "-L" "/opt/rustwide/target/debug/deps" "-L" "/opt/rustwide/target/debug/build/bzip2-sys-3d89b024dfc9b725/out/lib" "-L" "/usr/lib/x86_64-linux-gnu" "-L" "/usr/lib/x86_64-linux-gnu" "-L" "/usr/lib/x86_64-linux-gnu" "-L" "/opt/rustwide/rustup-home/toolchains/1.75.0-x86_64-unknown-linux-gnu/lib/rustlib/x86_64-unknown-linux-gnu/lib" "-Wl,-Bstatic" "/opt/rustwide/target/debug/deps/libsequoia_openpgp-f59844f3ef41dd88.rlib" "/opt/rustwide/target/debug/deps/libidna-35e3e2f202e10859.rlib" "/opt/rustwide/target/debug/deps/libunicode_normalization-e04a0b39935fba30.rlib" "/opt/rustwide/target/debug/deps/libtinyvec-cf6c9f6b792a5507.rlib" "/opt/rustwide/target/debug/deps/libtinyvec_macros-b1cb7f53f58c9f87.rlib" "/opt/rustwide/target/debug/deps/libunicode_bidi-020370784786e57d.rlib" "/opt/rustwide/target/debug/deps/libmemsec-07e8b9743a03e8bb.rlib" "/opt/rustwide/target/debug/deps/libsha1collisiondetection-38eab71e921e050e.rlib" "/opt/rustwide/target/debug/deps/libgeneric_array-18b3188a0c567140.rlib" "/opt/rustwide/target/debug/deps/liblalrpop_util-9bc5c4df98593959.rlib" "/opt/rustwide/target/debug/deps/libanyhow-477edb6dbb409be2.rlib" "/opt/rustwide/target/debug/deps/libregex-43bdbc33a6384815.rlib" "/opt/rustwide/target/debug/deps/libregex_automata-35f9be2f753ec7d5.rlib" "/opt/rustwide/target/debug/deps/libaho_corasick-1143312c78fc67c2.rlib" "/opt/rustwide/target/debug/deps/libmemchr-8adfc22b612d6f7a.rlib" "/opt/rustwide/target/debug/deps/libregex_syntax-e4dd3c3a3cb10e1d.rlib" "/opt/rustwide/target/debug/deps/libonce_cell-865e1c5018a0303a.rlib" "/opt/rustwide/target/debug/deps/libxxhash_rust-eab4d26c3484fecf.rlib" "/opt/rustwide/target/debug/deps/libdyn_clone-9b173148c8236790.rlib" "/opt/rustwide/target/debug/deps/libnettle-38cfe7d207567fb3.rlib" "/opt/rustwide/target/debug/deps/libthiserror-8e1cae582f9c2427.rlib" "/opt/rustwide/target/debug/deps/libtypenum-da95465dc70d2c95.rlib" "/opt/rustwide/target/debug/deps/libgetrandom-7b0dce5ca8148ac4.rlib" "/opt/rustwide/target/debug/deps/libnettle_sys-82c700b4c69e1c12.rlib" "/opt/rustwide/target/debug/deps/libbase64-c757f6e1d18850a5.rlib" "/opt/rustwide/target/debug/deps/libbuffered_reader-7ffb48ad0644d146.rlib" "/opt/rustwide/target/debug/deps/liblazy_static-591486ebcb9a7ead.rlib" "/opt/rustwide/target/debug/deps/libbzip2-62d0b22961d7388e.rlib" "/opt/rustwide/target/debug/deps/libbzip2_sys-e6ff94ce5a531975.rlib" "/opt/rustwide/target/debug/deps/liblibc-02f888d7762819c3.rlib" "/opt/rustwide/target/debug/deps/libflate2-1347a47922d98cc4.rlib" "/opt/rustwide/target/debug/deps/libminiz_oxide-f272f5814aa49507.rlib" "/opt/rustwide/target/debug/deps/libadler-c8f2240c56a0abca.rlib" "/opt/rustwide/target/debug/deps/libcrc32fast-664446237529ebff.rlib" "/opt/rustwide/target/debug/deps/libcfg_if-61dc7a6799e72b18.rlib" "/opt/rustwide/rustup-home/toolchains/1.75.0-x86_64-unknown-linux-gnu/lib/rustlib/x86_64-unknown-linux-gnu/lib/libstd-90f6ddbf82de36ec.rlib" "/opt/rustwide/rustup-home/toolchains/1.75.0-x86_64-unknown-linux-gnu/lib/rustlib/x86_64-unknown-linux-gnu/lib/libpanic_unwind-480c41e9d4e1f677.rlib" "/opt/rustwide/rustup-home/toolchains/1.75.0-x86_64-unknown-linux-gnu/lib/rustlib/x86_64-unknown-linux-gnu/lib/libobject-db744c0ca03eed1d.rlib" "/opt/rustwide/rustup-home/toolchains/1.75.0-x86_64-unknown-linux-gnu/lib/rustlib/x86_64-unknown-linux-gnu/lib/libmemchr-8ba652dc7d4b285a.rlib" "/opt/rustwide/rustup-home/toolchains/1.75.0-x86_64-unknown-linux-gnu/lib/rustlib/x86_64-unknown-linux-gnu/lib/libaddr2line-d5f4520a9ebc0d58.rlib" "/opt/rustwide/rustup-home/toolchains/1.75.0-x86_64-unknown-linux-gnu/lib/rustlib/x86_64-unknown-linux-gnu/lib/libgimli-4ad84de58f0cb463.rlib" "/opt/rustwide/rustup-home/toolchains/1.75.0-x86_64-unknown-linux-gnu/lib/rustlib/x86_64-unknown-linux-gnu/lib/librustc_demangle-0d10aae2e0f38735.rlib" "/opt/rustwide/rustup-home/toolchains/1.75.0-x86_64-unknown-linux-gnu/lib/rustlib/x86_64-unknown-linux-gnu/lib/libstd_detect-0c17cff739e6745b.rlib" "/opt/rustwide/rustup-home/toolchains/1.75.0-x86_64-unknown-linux-gnu/lib/rustlib/x86_64-unknown-linux-gnu/lib/libhashbrown-b29e17139dde1aa8.rlib" "/opt/rustwide/rustup-home/toolchains/1.75.0-x86_64-unknown-linux-gnu/lib/rustlib/x86_64-unknown-linux-gnu/lib/librustc_std_workspace_alloc-1f975299829cc7bd.rlib" "/opt/rustwide/rustup-home/toolchains/1.75.0-x86_64-unknown-linux-gnu/lib/rustlib/x86_64-unknown-linux-gnu/lib/libminiz_oxide-86bae3bc3079f89b.rlib" "/opt/rustwide/rustup-home/toolchains/1.75.0-x86_64-unknown-linux-gnu/lib/rustlib/x86_64-unknown-linux-gnu/lib/libadler-321b82c30dffdf5f.rlib" "/opt/rustwide/rustup-home/toolchains/1.75.0-x86_64-unknown-linux-gnu/lib/rustlib/x86_64-unknown-linux-gnu/lib/libunwind-3dd8a6810a0bdfef.rlib" "/opt/rustwide/rustup-home/toolchains/1.75.0-x86_64-unknown-linux-gnu/lib/rustlib/x86_64-unknown-linux-gnu/lib/libcfg_if-eb39a61c0c879984.rlib" "/opt/rustwide/rustup-home/toolchains/1.75.0-x86_64-unknown-linux-gnu/lib/rustlib/x86_64-unknown-linux-gnu/lib/liblibc-aa769569f91c3548.rlib" "/opt/rustwide/rustup-home/toolchains/1.75.0-x86_64-unknown-linux-gnu/lib/rustlib/x86_64-unknown-linux-gnu/lib/liballoc-510a192a50a983ed.rlib" "/opt/rustwide/rustup-home/toolchains/1.75.0-x86_64-unknown-linux-gnu/lib/rustlib/x86_64-unknown-linux-gnu/lib/librustc_std_workspace_core-0577018320f99037.rlib" "/opt/rustwide/rustup-home/toolchains/1.75.0-x86_64-unknown-linux-gnu/lib/rustlib/x86_64-unknown-linux-gnu/lib/libcore-193cf992125ccd4c.rlib" "/opt/rustwide/rustup-home/toolchains/1.75.0-x86_64-unknown-linux-gnu/lib/rustlib/x86_64-unknown-linux-gnu/lib/libcompiler_builtins-8e138eaf26ebb4a8.rlib" "-Wl,-Bdynamic" "-lnettle" "-lhogweed" "-lgmp" "-lgcc_s" "-lutil" "-lrt" "-lpthread" "-lm" "-ldl" "-lc" "-Wl,--eh-frame-hdr" "-Wl,-z,noexecstack" "-L" "/opt/rustwide/rustup-home/toolchains/1.75.0-x86_64-unknown-linux-gnu/lib/rustlib/x86_64-unknown-linux-gnu/lib" "-o" "/opt/rustwide/target/debug/examples/generate_group_key-6aa3243bc7e0e607" "-Wl,--gc-sections" "-pie" "-Wl,-z,relro,-z,now" "-nodefaultlibs"
[INFO] [stdout]   = note: collect2: fatal error: ld terminated with signal 9 [Killed]
[INFO] [stdout]           compilation terminated.
[INFO] [stdout]           
[INFO] [stdout] 
[INFO] [stdout] 
[INFO] [stdout] error: aborting due to previous error
[INFO] [stdout] 
[INFO] [stdout] 
[INFO] [stderr] error: could not compile `sequoia-openpgp` (example "generate-group-key") due to 2 previous errors
[INFO] [stdout] error: linking with `cc` failed: exit status: 1
[INFO] [stdout]   |
[INFO] [stdout]   = note: LC_ALL="C" PATH="/opt/rustwide/rustup-home/toolchains/1.75.0-x86_64-unknown-linux-gnu/lib/rustlib/x86_64-unknown-linux-gnu/bin:/opt/rustwide/cargo-home/bin:/usr/local/sbin:/usr/local/bin:/usr/sbin:/usr/bin:/sbin:/bin" VSLANG="1033" "cc" "-m64" "/tmp/rustcP2HKdz/symbols.o" "/opt/rustwide/target/debug/examples/wrap_literal-802aac912a5c9178.wrap_literal.e95d355cdc4df132-cgu.0.rcgu.o" "/opt/rustwide/target/debug/examples/wrap_literal-802aac912a5c9178.48ldevzdn8x209o3.rcgu.o" "-Wl,--as-needed" "-L" "/opt/rustwide/target/debug/deps" "-L" "/opt/rustwide/target/debug/build/bzip2-sys-3d89b024dfc9b725/out/lib" "-L" "/usr/lib/x86_64-linux-gnu" "-L" "/usr/lib/x86_64-linux-gnu" "-L" "/usr/lib/x86_64-linux-gnu" "-L" "/opt/rustwide/rustup-home/toolchains/1.75.0-x86_64-unknown-linux-gnu/lib/rustlib/x86_64-unknown-linux-gnu/lib" "-Wl,-Bstatic" "/opt/rustwide/target/debug/deps/libsequoia_openpgp-f59844f3ef41dd88.rlib" "/opt/rustwide/target/debug/deps/libidna-35e3e2f202e10859.rlib" "/opt/rustwide/target/debug/deps/libunicode_normalization-e04a0b39935fba30.rlib" "/opt/rustwide/target/debug/deps/libtinyvec-cf6c9f6b792a5507.rlib" "/opt/rustwide/target/debug/deps/libtinyvec_macros-b1cb7f53f58c9f87.rlib" "/opt/rustwide/target/debug/deps/libunicode_bidi-020370784786e57d.rlib" "/opt/rustwide/target/debug/deps/libmemsec-07e8b9743a03e8bb.rlib" "/opt/rustwide/target/debug/deps/libsha1collisiondetection-38eab71e921e050e.rlib" "/opt/rustwide/target/debug/deps/libgeneric_array-18b3188a0c567140.rlib" "/opt/rustwide/target/debug/deps/liblalrpop_util-9bc5c4df98593959.rlib" "/opt/rustwide/target/debug/deps/libregex-43bdbc33a6384815.rlib" "/opt/rustwide/target/debug/deps/libregex_automata-35f9be2f753ec7d5.rlib" "/opt/rustwide/target/debug/deps/libaho_corasick-1143312c78fc67c2.rlib" "/opt/rustwide/target/debug/deps/libmemchr-8adfc22b612d6f7a.rlib" "/opt/rustwide/target/debug/deps/libregex_syntax-e4dd3c3a3cb10e1d.rlib" "/opt/rustwide/target/debug/deps/libonce_cell-865e1c5018a0303a.rlib" "/opt/rustwide/target/debug/deps/libxxhash_rust-eab4d26c3484fecf.rlib" "/opt/rustwide/target/debug/deps/libdyn_clone-9b173148c8236790.rlib" "/opt/rustwide/target/debug/deps/libnettle-38cfe7d207567fb3.rlib" "/opt/rustwide/target/debug/deps/libthiserror-8e1cae582f9c2427.rlib" "/opt/rustwide/target/debug/deps/libtypenum-da95465dc70d2c95.rlib" "/opt/rustwide/target/debug/deps/libgetrandom-7b0dce5ca8148ac4.rlib" "/opt/rustwide/target/debug/deps/libnettle_sys-82c700b4c69e1c12.rlib" "/opt/rustwide/target/debug/deps/libbase64-c757f6e1d18850a5.rlib" "/opt/rustwide/target/debug/deps/libbuffered_reader-7ffb48ad0644d146.rlib" "/opt/rustwide/target/debug/deps/liblazy_static-591486ebcb9a7ead.rlib" "/opt/rustwide/target/debug/deps/libbzip2-62d0b22961d7388e.rlib" "/opt/rustwide/target/debug/deps/libbzip2_sys-e6ff94ce5a531975.rlib" "/opt/rustwide/target/debug/deps/liblibc-02f888d7762819c3.rlib" "/opt/rustwide/target/debug/deps/libflate2-1347a47922d98cc4.rlib" "/opt/rustwide/target/debug/deps/libminiz_oxide-f272f5814aa49507.rlib" "/opt/rustwide/target/debug/deps/libadler-c8f2240c56a0abca.rlib" "/opt/rustwide/target/debug/deps/libcrc32fast-664446237529ebff.rlib" "/opt/rustwide/target/debug/deps/libcfg_if-61dc7a6799e72b18.rlib" "/opt/rustwide/target/debug/deps/libanyhow-477edb6dbb409be2.rlib" "/opt/rustwide/rustup-home/toolchains/1.75.0-x86_64-unknown-linux-gnu/lib/rustlib/x86_64-unknown-linux-gnu/lib/libstd-90f6ddbf82de36ec.rlib" "/opt/rustwide/rustup-home/toolchains/1.75.0-x86_64-unknown-linux-gnu/lib/rustlib/x86_64-unknown-linux-gnu/lib/libpanic_unwind-480c41e9d4e1f677.rlib" "/opt/rustwide/rustup-home/toolchains/1.75.0-x86_64-unknown-linux-gnu/lib/rustlib/x86_64-unknown-linux-gnu/lib/libobject-db744c0ca03eed1d.rlib" "/opt/rustwide/rustup-home/toolchains/1.75.0-x86_64-unknown-linux-gnu/lib/rustlib/x86_64-unknown-linux-gnu/lib/libmemchr-8ba652dc7d4b285a.rlib" "/opt/rustwide/rustup-home/toolchains/1.75.0-x86_64-unknown-linux-gnu/lib/rustlib/x86_64-unknown-linux-gnu/lib/libaddr2line-d5f4520a9ebc0d58.rlib" "/opt/rustwide/rustup-home/toolchains/1.75.0-x86_64-unknown-linux-gnu/lib/rustlib/x86_64-unknown-linux-gnu/lib/libgimli-4ad84de58f0cb463.rlib" "/opt/rustwide/rustup-home/toolchains/1.75.0-x86_64-unknown-linux-gnu/lib/rustlib/x86_64-unknown-linux-gnu/lib/librustc_demangle-0d10aae2e0f38735.rlib" "/opt/rustwide/rustup-home/toolchains/1.75.0-x86_64-unknown-linux-gnu/lib/rustlib/x86_64-unknown-linux-gnu/lib/libstd_detect-0c17cff739e6745b.rlib" "/opt/rustwide/rustup-home/toolchains/1.75.0-x86_64-unknown-linux-gnu/lib/rustlib/x86_64-unknown-linux-gnu/lib/libhashbrown-b29e17139dde1aa8.rlib" "/opt/rustwide/rustup-home/toolchains/1.75.0-x86_64-unknown-linux-gnu/lib/rustlib/x86_64-unknown-linux-gnu/lib/librustc_std_workspace_alloc-1f975299829cc7bd.rlib" "/opt/rustwide/rustup-home/toolchains/1.75.0-x86_64-unknown-linux-gnu/lib/rustlib/x86_64-unknown-linux-gnu/lib/libminiz_oxide-86bae3bc3079f89b.rlib" "/opt/rustwide/rustup-home/toolchains/1.75.0-x86_64-unknown-linux-gnu/lib/rustlib/x86_64-unknown-linux-gnu/lib/libadler-321b82c30dffdf5f.rlib" "/opt/rustwide/rustup-home/toolchains/1.75.0-x86_64-unknown-linux-gnu/lib/rustlib/x86_64-unknown-linux-gnu/lib/libunwind-3dd8a6810a0bdfef.rlib" "/opt/rustwide/rustup-home/toolchains/1.75.0-x86_64-unknown-linux-gnu/lib/rustlib/x86_64-unknown-linux-gnu/lib/libcfg_if-eb39a61c0c879984.rlib" "/opt/rustwide/rustup-home/toolchains/1.75.0-x86_64-unknown-linux-gnu/lib/rustlib/x86_64-unknown-linux-gnu/lib/liblibc-aa769569f91c3548.rlib" "/opt/rustwide/rustup-home/toolchains/1.75.0-x86_64-unknown-linux-gnu/lib/rustlib/x86_64-unknown-linux-gnu/lib/liballoc-510a192a50a983ed.rlib" "/opt/rustwide/rustup-home/toolchains/1.75.0-x86_64-unknown-linux-gnu/lib/rustlib/x86_64-unknown-linux-gnu/lib/librustc_std_workspace_core-0577018320f99037.rlib" "/opt/rustwide/rustup-home/toolchains/1.75.0-x86_64-unknown-linux-gnu/lib/rustlib/x86_64-unknown-linux-gnu/lib/libcore-193cf992125ccd4c.rlib" "/opt/rustwide/rustup-home/toolchains/1.75.0-x86_64-unknown-linux-gnu/lib/rustlib/x86_64-unknown-linux-gnu/lib/libcompiler_builtins-8e138eaf26ebb4a8.rlib" "-Wl,-Bdynamic" "-lnettle" "-lhogweed" "-lgmp" "-lgcc_s" "-lutil" "-lrt" "-lpthread" "-lm" "-ldl" "-lc" "-Wl,--eh-frame-hdr" "-Wl,-z,noexecstack" "-L" "/opt/rustwide/rustup-home/toolchains/1.75.0-x86_64-unknown-linux-gnu/lib/rustlib/x86_64-unknown-linux-gnu/lib" "-o" "/opt/rustwide/target/debug/examples/wrap_literal-802aac912a5c9178" "-Wl,--gc-sections" "-pie" "-Wl,-z,relro,-z,now" "-nodefaultlibs"
[INFO] [stdout]   = note: collect2: fatal error: ld terminated with signal 9 [Killed]
[INFO] [stdout]           compilation terminated.
[INFO] [stdout]           
[INFO] [stdout] 
[INFO] [stdout] 
[INFO] [stdout] error: aborting due to previous error
[INFO] [stdout] 
[INFO] [stdout] 
[INFO] [stderr] error: could not compile `sequoia-openpgp` (example "wrap-literal") due to 2 previous errors
[INFO] [stdout] error: linking with `cc` failed: exit status: 1
[INFO] [stdout]   |
[INFO] [stdout]   = note: LC_ALL="C" PATH="/opt/rustwide/rustup-home/toolchains/1.75.0-x86_64-unknown-linux-gnu/lib/rustlib/x86_64-unknown-linux-gnu/bin:/opt/rustwide/cargo-home/bin:/usr/local/sbin:/usr/local/bin:/usr/sbin:/usr/bin:/sbin:/bin" VSLANG="1033" "cc" "-m64" "/tmp/rustc0VzYAx/symbols.o" "/opt/rustwide/target/debug/deps/for_each_artifact-57722c7231aee29d.for_each_artifact.a75cba9a06429571-cgu.0.rcgu.o" "/opt/rustwide/target/debug/deps/for_each_artifact-57722c7231aee29d.for_each_artifact.a75cba9a06429571-cgu.1.rcgu.o" "/opt/rustwide/target/debug/deps/for_each_artifact-57722c7231aee29d.for_each_artifact.a75cba9a06429571-cgu.2.rcgu.o" "/opt/rustwide/target/debug/deps/for_each_artifact-57722c7231aee29d.for_each_artifact.a75cba9a06429571-cgu.3.rcgu.o" "/opt/rustwide/target/debug/deps/for_each_artifact-57722c7231aee29d.for_each_artifact.a75cba9a06429571-cgu.4.rcgu.o" "/opt/rustwide/target/debug/deps/for_each_artifact-57722c7231aee29d.for_each_artifact.a75cba9a06429571-cgu.5.rcgu.o" "/opt/rustwide/target/debug/deps/for_each_artifact-57722c7231aee29d.4dy13a7l3w5k3b6a.rcgu.o" "-Wl,--as-needed" "-L" "/opt/rustwide/target/debug/deps" "-L" "/opt/rustwide/target/debug/build/bzip2-sys-3d89b024dfc9b725/out/lib" "-L" "/usr/lib/x86_64-linux-gnu" "-L" "/usr/lib/x86_64-linux-gnu" "-L" "/usr/lib/x86_64-linux-gnu" "-L" "/opt/rustwide/rustup-home/toolchains/1.75.0-x86_64-unknown-linux-gnu/lib/rustlib/x86_64-unknown-linux-gnu/lib" "-Wl,-Bstatic" "/opt/rustwide/rustup-home/toolchains/1.75.0-x86_64-unknown-linux-gnu/lib/rustlib/x86_64-unknown-linux-gnu/lib/libtest-3df1bed8075ce1de.rlib" "/opt/rustwide/rustup-home/toolchains/1.75.0-x86_64-unknown-linux-gnu/lib/rustlib/x86_64-unknown-linux-gnu/lib/libgetopts-2076fd86b325cb5d.rlib" "/opt/rustwide/rustup-home/toolchains/1.75.0-x86_64-unknown-linux-gnu/lib/rustlib/x86_64-unknown-linux-gnu/lib/libunicode_width-caa7152ee70c190f.rlib" "/opt/rustwide/rustup-home/toolchains/1.75.0-x86_64-unknown-linux-gnu/lib/rustlib/x86_64-unknown-linux-gnu/lib/librustc_std_workspace_std-04e6425e07f02a3c.rlib" "/opt/rustwide/target/debug/deps/libsequoia_openpgp-f59844f3ef41dd88.rlib" "/opt/rustwide/target/debug/deps/libidna-35e3e2f202e10859.rlib" "/opt/rustwide/target/debug/deps/libunicode_normalization-e04a0b39935fba30.rlib" "/opt/rustwide/target/debug/deps/libtinyvec-cf6c9f6b792a5507.rlib" "/opt/rustwide/target/debug/deps/libtinyvec_macros-b1cb7f53f58c9f87.rlib" "/opt/rustwide/target/debug/deps/libunicode_bidi-020370784786e57d.rlib" "/opt/rustwide/target/debug/deps/libmemsec-07e8b9743a03e8bb.rlib" "/opt/rustwide/target/debug/deps/libsha1collisiondetection-38eab71e921e050e.rlib" "/opt/rustwide/target/debug/deps/libgeneric_array-18b3188a0c567140.rlib" "/opt/rustwide/target/debug/deps/liblalrpop_util-9bc5c4df98593959.rlib" "/opt/rustwide/target/debug/deps/libregex-43bdbc33a6384815.rlib" "/opt/rustwide/target/debug/deps/libregex_automata-35f9be2f753ec7d5.rlib" "/opt/rustwide/target/debug/deps/libaho_corasick-1143312c78fc67c2.rlib" "/opt/rustwide/target/debug/deps/libmemchr-8adfc22b612d6f7a.rlib" "/opt/rustwide/target/debug/deps/libregex_syntax-e4dd3c3a3cb10e1d.rlib" "/opt/rustwide/target/debug/deps/libonce_cell-865e1c5018a0303a.rlib" "/opt/rustwide/target/debug/deps/libxxhash_rust-eab4d26c3484fecf.rlib" "/opt/rustwide/target/debug/deps/libdyn_clone-9b173148c8236790.rlib" "/opt/rustwide/target/debug/deps/libnettle-38cfe7d207567fb3.rlib" "/opt/rustwide/target/debug/deps/libthiserror-8e1cae582f9c2427.rlib" "/opt/rustwide/target/debug/deps/libtypenum-da95465dc70d2c95.rlib" "/opt/rustwide/target/debug/deps/libgetrandom-7b0dce5ca8148ac4.rlib" "/opt/rustwide/target/debug/deps/libnettle_sys-82c700b4c69e1c12.rlib" "/opt/rustwide/target/debug/deps/libbase64-c757f6e1d18850a5.rlib" "/opt/rustwide/target/debug/deps/libbuffered_reader-7ffb48ad0644d146.rlib" "/opt/rustwide/target/debug/deps/liblazy_static-591486ebcb9a7ead.rlib" "/opt/rustwide/target/debug/deps/libbzip2-62d0b22961d7388e.rlib" "/opt/rustwide/target/debug/deps/libbzip2_sys-e6ff94ce5a531975.rlib" "/opt/rustwide/target/debug/deps/liblibc-02f888d7762819c3.rlib" "/opt/rustwide/target/debug/deps/libflate2-1347a47922d98cc4.rlib" "/opt/rustwide/target/debug/deps/libminiz_oxide-f272f5814aa49507.rlib" "/opt/rustwide/target/debug/deps/libadler-c8f2240c56a0abca.rlib" "/opt/rustwide/target/debug/deps/libcrc32fast-664446237529ebff.rlib" "/opt/rustwide/target/debug/deps/libcfg_if-61dc7a6799e72b18.rlib" "/opt/rustwide/target/debug/deps/libanyhow-477edb6dbb409be2.rlib" "/opt/rustwide/rustup-home/toolchains/1.75.0-x86_64-unknown-linux-gnu/lib/rustlib/x86_64-unknown-linux-gnu/lib/libstd-90f6ddbf82de36ec.rlib" "/opt/rustwide/rustup-home/toolchains/1.75.0-x86_64-unknown-linux-gnu/lib/rustlib/x86_64-unknown-linux-gnu/lib/libpanic_unwind-480c41e9d4e1f677.rlib" "/opt/rustwide/rustup-home/toolchains/1.75.0-x86_64-unknown-linux-gnu/lib/rustlib/x86_64-unknown-linux-gnu/lib/libobject-db744c0ca03eed1d.rlib" "/opt/rustwide/rustup-home/toolchains/1.75.0-x86_64-unknown-linux-gnu/lib/rustlib/x86_64-unknown-linux-gnu/lib/libmemchr-8ba652dc7d4b285a.rlib" "/opt/rustwide/rustup-home/toolchains/1.75.0-x86_64-unknown-linux-gnu/lib/rustlib/x86_64-unknown-linux-gnu/lib/libaddr2line-d5f4520a9ebc0d58.rlib" "/opt/rustwide/rustup-home/toolchains/1.75.0-x86_64-unknown-linux-gnu/lib/rustlib/x86_64-unknown-linux-gnu/lib/libgimli-4ad84de58f0cb463.rlib" "/opt/rustwide/rustup-home/toolchains/1.75.0-x86_64-unknown-linux-gnu/lib/rustlib/x86_64-unknown-linux-gnu/lib/librustc_demangle-0d10aae2e0f38735.rlib" "/opt/rustwide/rustup-home/toolchains/1.75.0-x86_64-unknown-linux-gnu/lib/rustlib/x86_64-unknown-linux-gnu/lib/libstd_detect-0c17cff739e6745b.rlib" "/opt/rustwide/rustup-home/toolchains/1.75.0-x86_64-unknown-linux-gnu/lib/rustlib/x86_64-unknown-linux-gnu/lib/libhashbrown-b29e17139dde1aa8.rlib" "/opt/rustwide/rustup-home/toolchains/1.75.0-x86_64-unknown-linux-gnu/lib/rustlib/x86_64-unknown-linux-gnu/lib/librustc_std_workspace_alloc-1f975299829cc7bd.rlib" "/opt/rustwide/rustup-home/toolchains/1.75.0-x86_64-unknown-linux-gnu/lib/rustlib/x86_64-unknown-linux-gnu/lib/libminiz_oxide-86bae3bc3079f89b.rlib" "/opt/rustwide/rustup-home/toolchains/1.75.0-x86_64-unknown-linux-gnu/lib/rustlib/x86_64-unknown-linux-gnu/lib/libadler-321b82c30dffdf5f.rlib" "/opt/rustwide/rustup-home/toolchains/1.75.0-x86_64-unknown-linux-gnu/lib/rustlib/x86_64-unknown-linux-gnu/lib/libunwind-3dd8a6810a0bdfef.rlib" "/opt/rustwide/rustup-home/toolchains/1.75.0-x86_64-unknown-linux-gnu/lib/rustlib/x86_64-unknown-linux-gnu/lib/libcfg_if-eb39a61c0c879984.rlib" "/opt/rustwide/rustup-home/toolchains/1.75.0-x86_64-unknown-linux-gnu/lib/rustlib/x86_64-unknown-linux-gnu/lib/liblibc-aa769569f91c3548.rlib" "/opt/rustwide/rustup-home/toolchains/1.75.0-x86_64-unknown-linux-gnu/lib/rustlib/x86_64-unknown-linux-gnu/lib/liballoc-510a192a50a983ed.rlib" "/opt/rustwide/rustup-home/toolchains/1.75.0-x86_64-unknown-linux-gnu/lib/rustlib/x86_64-unknown-linux-gnu/lib/librustc_std_workspace_core-0577018320f99037.rlib" "/opt/rustwide/rustup-home/toolchains/1.75.0-x86_64-unknown-linux-gnu/lib/rustlib/x86_64-unknown-linux-gnu/lib/libcore-193cf992125ccd4c.rlib" "/opt/rustwide/rustup-home/toolchains/1.75.0-x86_64-unknown-linux-gnu/lib/rustlib/x86_64-unknown-linux-gnu/lib/libcompiler_builtins-8e138eaf26ebb4a8.rlib" "-Wl,-Bdynamic" "-lnettle" "-lhogweed" "-lgmp" "-lgcc_s" "-lutil" "-lrt" "-lpthread" "-lm" "-ldl" "-lc" "-Wl,--eh-frame-hdr" "-Wl,-z,noexecstack" "-L" "/opt/rustwide/rustup-home/toolchains/1.75.0-x86_64-unknown-linux-gnu/lib/rustlib/x86_64-unknown-linux-gnu/lib" "-o" "/opt/rustwide/target/debug/deps/for_each_artifact-57722c7231aee29d" "-Wl,--gc-sections" "-pie" "-Wl,-z,relro,-z,now" "-nodefaultlibs"
[INFO] [stdout]   = note: collect2: fatal error: ld terminated with signal 9 [Killed]
[INFO] [stdout]           compilation terminated.
[INFO] [stdout]           
[INFO] [stdout] 
[INFO] [stdout] 
[INFO] [stdout] error: aborting due to previous error
[INFO] [stdout] 
[INFO] [stdout] 
[INFO] [stderr] error: could not compile `sequoia-openpgp` (test "for-each-artifact") due to 2 previous errors
[INFO] [stdout] error: linking with `cc` failed: exit status: 1
[INFO] [stdout]   |
[INFO] [stdout]   = note: LC_ALL="C" PATH="/opt/rustwide/rustup-home/toolchains/1.75.0-x86_64-unknown-linux-gnu/lib/rustlib/x86_64-unknown-linux-gnu/bin:/opt/rustwide/cargo-home/bin:/usr/local/sbin:/usr/local/bin:/usr/sbin:/usr/bin:/sbin:/bin" VSLANG="1033" "cc" "-m64" "/tmp/rustcsrbXJb/symbols.o" "/opt/rustwide/target/debug/examples/supported_algorithms-fd5e96d4d57785cd.supported_algorithms.e92bb87f8b2e98b7-cgu.0.rcgu.o" "/opt/rustwide/target/debug/examples/supported_algorithms-fd5e96d4d57785cd.1o4lmvs5hruix46l.rcgu.o" "-Wl,--as-needed" "-L" "/opt/rustwide/target/debug/deps" "-L" "/opt/rustwide/target/debug/build/bzip2-sys-3d89b024dfc9b725/out/lib" "-L" "/usr/lib/x86_64-linux-gnu" "-L" "/usr/lib/x86_64-linux-gnu" "-L" "/usr/lib/x86_64-linux-gnu" "-L" "/opt/rustwide/rustup-home/toolchains/1.75.0-x86_64-unknown-linux-gnu/lib/rustlib/x86_64-unknown-linux-gnu/lib" "-Wl,-Bstatic" "/opt/rustwide/target/debug/deps/libsequoia_openpgp-f59844f3ef41dd88.rlib" "/opt/rustwide/target/debug/deps/libidna-35e3e2f202e10859.rlib" "/opt/rustwide/target/debug/deps/libunicode_normalization-e04a0b39935fba30.rlib" "/opt/rustwide/target/debug/deps/libtinyvec-cf6c9f6b792a5507.rlib" "/opt/rustwide/target/debug/deps/libtinyvec_macros-b1cb7f53f58c9f87.rlib" "/opt/rustwide/target/debug/deps/libunicode_bidi-020370784786e57d.rlib" "/opt/rustwide/target/debug/deps/libmemsec-07e8b9743a03e8bb.rlib" "/opt/rustwide/target/debug/deps/libsha1collisiondetection-38eab71e921e050e.rlib" "/opt/rustwide/target/debug/deps/libgeneric_array-18b3188a0c567140.rlib" "/opt/rustwide/target/debug/deps/liblalrpop_util-9bc5c4df98593959.rlib" "/opt/rustwide/target/debug/deps/libanyhow-477edb6dbb409be2.rlib" "/opt/rustwide/target/debug/deps/libregex-43bdbc33a6384815.rlib" "/opt/rustwide/target/debug/deps/libregex_automata-35f9be2f753ec7d5.rlib" "/opt/rustwide/target/debug/deps/libaho_corasick-1143312c78fc67c2.rlib" "/opt/rustwide/target/debug/deps/libmemchr-8adfc22b612d6f7a.rlib" "/opt/rustwide/target/debug/deps/libregex_syntax-e4dd3c3a3cb10e1d.rlib" "/opt/rustwide/target/debug/deps/libonce_cell-865e1c5018a0303a.rlib" "/opt/rustwide/target/debug/deps/libxxhash_rust-eab4d26c3484fecf.rlib" "/opt/rustwide/target/debug/deps/libdyn_clone-9b173148c8236790.rlib" "/opt/rustwide/target/debug/deps/libnettle-38cfe7d207567fb3.rlib" "/opt/rustwide/target/debug/deps/libthiserror-8e1cae582f9c2427.rlib" "/opt/rustwide/target/debug/deps/libtypenum-da95465dc70d2c95.rlib" "/opt/rustwide/target/debug/deps/libgetrandom-7b0dce5ca8148ac4.rlib" "/opt/rustwide/target/debug/deps/libnettle_sys-82c700b4c69e1c12.rlib" "/opt/rustwide/target/debug/deps/libbase64-c757f6e1d18850a5.rlib" "/opt/rustwide/target/debug/deps/libbuffered_reader-7ffb48ad0644d146.rlib" "/opt/rustwide/target/debug/deps/liblazy_static-591486ebcb9a7ead.rlib" "/opt/rustwide/target/debug/deps/libbzip2-62d0b22961d7388e.rlib" "/opt/rustwide/target/debug/deps/libbzip2_sys-e6ff94ce5a531975.rlib" "/opt/rustwide/target/debug/deps/liblibc-02f888d7762819c3.rlib" "/opt/rustwide/target/debug/deps/libflate2-1347a47922d98cc4.rlib" "/opt/rustwide/target/debug/deps/libminiz_oxide-f272f5814aa49507.rlib" "/opt/rustwide/target/debug/deps/libadler-c8f2240c56a0abca.rlib" "/opt/rustwide/target/debug/deps/libcrc32fast-664446237529ebff.rlib" "/opt/rustwide/target/debug/deps/libcfg_if-61dc7a6799e72b18.rlib" "/opt/rustwide/rustup-home/toolchains/1.75.0-x86_64-unknown-linux-gnu/lib/rustlib/x86_64-unknown-linux-gnu/lib/libstd-90f6ddbf82de36ec.rlib" "/opt/rustwide/rustup-home/toolchains/1.75.0-x86_64-unknown-linux-gnu/lib/rustlib/x86_64-unknown-linux-gnu/lib/libpanic_unwind-480c41e9d4e1f677.rlib" "/opt/rustwide/rustup-home/toolchains/1.75.0-x86_64-unknown-linux-gnu/lib/rustlib/x86_64-unknown-linux-gnu/lib/libobject-db744c0ca03eed1d.rlib" "/opt/rustwide/rustup-home/toolchains/1.75.0-x86_64-unknown-linux-gnu/lib/rustlib/x86_64-unknown-linux-gnu/lib/libmemchr-8ba652dc7d4b285a.rlib" "/opt/rustwide/rustup-home/toolchains/1.75.0-x86_64-unknown-linux-gnu/lib/rustlib/x86_64-unknown-linux-gnu/lib/libaddr2line-d5f4520a9ebc0d58.rlib" "/opt/rustwide/rustup-home/toolchains/1.75.0-x86_64-unknown-linux-gnu/lib/rustlib/x86_64-unknown-linux-gnu/lib/libgimli-4ad84de58f0cb463.rlib" "/opt/rustwide/rustup-home/toolchains/1.75.0-x86_64-unknown-linux-gnu/lib/rustlib/x86_64-unknown-linux-gnu/lib/librustc_demangle-0d10aae2e0f38735.rlib" "/opt/rustwide/rustup-home/toolchains/1.75.0-x86_64-unknown-linux-gnu/lib/rustlib/x86_64-unknown-linux-gnu/lib/libstd_detect-0c17cff739e6745b.rlib" "/opt/rustwide/rustup-home/toolchains/1.75.0-x86_64-unknown-linux-gnu/lib/rustlib/x86_64-unknown-linux-gnu/lib/libhashbrown-b29e17139dde1aa8.rlib" "/opt/rustwide/rustup-home/toolchains/1.75.0-x86_64-unknown-linux-gnu/lib/rustlib/x86_64-unknown-linux-gnu/lib/librustc_std_workspace_alloc-1f975299829cc7bd.rlib" "/opt/rustwide/rustup-home/toolchains/1.75.0-x86_64-unknown-linux-gnu/lib/rustlib/x86_64-unknown-linux-gnu/lib/libminiz_oxide-86bae3bc3079f89b.rlib" "/opt/rustwide/rustup-home/toolchains/1.75.0-x86_64-unknown-linux-gnu/lib/rustlib/x86_64-unknown-linux-gnu/lib/libadler-321b82c30dffdf5f.rlib" "/opt/rustwide/rustup-home/toolchains/1.75.0-x86_64-unknown-linux-gnu/lib/rustlib/x86_64-unknown-linux-gnu/lib/libunwind-3dd8a6810a0bdfef.rlib" "/opt/rustwide/rustup-home/toolchains/1.75.0-x86_64-unknown-linux-gnu/lib/rustlib/x86_64-unknown-linux-gnu/lib/libcfg_if-eb39a61c0c879984.rlib" "/opt/rustwide/rustup-home/toolchains/1.75.0-x86_64-unknown-linux-gnu/lib/rustlib/x86_64-unknown-linux-gnu/lib/liblibc-aa769569f91c3548.rlib" "/opt/rustwide/rustup-home/toolchains/1.75.0-x86_64-unknown-linux-gnu/lib/rustlib/x86_64-unknown-linux-gnu/lib/liballoc-510a192a50a983ed.rlib" "/opt/rustwide/rustup-home/toolchains/1.75.0-x86_64-unknown-linux-gnu/lib/rustlib/x86_64-unknown-linux-gnu/lib/librustc_std_workspace_core-0577018320f99037.rlib" "/opt/rustwide/rustup-home/toolchains/1.75.0-x86_64-unknown-linux-gnu/lib/rustlib/x86_64-unknown-linux-gnu/lib/libcore-193cf992125ccd4c.rlib" "/opt/rustwide/rustup-home/toolchains/1.75.0-x86_64-unknown-linux-gnu/lib/rustlib/x86_64-unknown-linux-gnu/lib/libcompiler_builtins-8e138eaf26ebb4a8.rlib" "-Wl,-Bdynamic" "-lnettle" "-lhogweed" "-lgmp" "-lgcc_s" "-lutil" "-lrt" "-lpthread" "-lm" "-ldl" "-lc" "-Wl,--eh-frame-hdr" "-Wl,-z,noexecstack" "-L" "/opt/rustwide/rustup-home/toolchains/1.75.0-x86_64-unknown-linux-gnu/lib/rustlib/x86_64-unknown-linux-gnu/lib" "-o" "/opt/rustwide/target/debug/examples/supported_algorithms-fd5e96d4d57785cd" "-Wl,--gc-sections" "-pie" "-Wl,-z,relro,-z,now" "-nodefaultlibs"
[INFO] [stdout]   = note: collect2: fatal error: ld terminated with signal 9 [Killed]
[INFO] [stdout]           compilation terminated.
[INFO] [stdout]           
[INFO] [stdout] 
[INFO] [stdout] 
[INFO] [stdout] error: aborting due to previous error
[INFO] [stdout] 
[INFO] [stdout] 
[INFO] [stderr] error: could not compile `sequoia-openpgp` (example "supported-algorithms") due to 2 previous errors
[INFO] [stdout] error: linking with `cc` failed: exit status: 1
[INFO] [stdout]   |
[INFO] [stdout]   = note: LC_ALL="C" PATH="/opt/rustwide/rustup-home/toolchains/1.75.0-x86_64-unknown-linux-gnu/lib/rustlib/x86_64-unknown-linux-gnu/bin:/opt/rustwide/cargo-home/bin:/usr/local/sbin:/usr/local/bin:/usr/sbin:/usr/bin:/sbin:/bin" VSLANG="1033" "cc" "-m64" "/tmp/rustcDPG5vw/symbols.o" "/opt/rustwide/target/debug/examples/notarize-d6772d3703d08312.notarize.234383f119602fff-cgu.0.rcgu.o" "/opt/rustwide/target/debug/examples/notarize-d6772d3703d08312.notarize.234383f119602fff-cgu.1.rcgu.o" "/opt/rustwide/target/debug/examples/notarize-d6772d3703d08312.notarize.234383f119602fff-cgu.2.rcgu.o" "/opt/rustwide/target/debug/examples/notarize-d6772d3703d08312.notarize.234383f119602fff-cgu.3.rcgu.o" "/opt/rustwide/target/debug/examples/notarize-d6772d3703d08312.notarize.234383f119602fff-cgu.4.rcgu.o" "/opt/rustwide/target/debug/examples/notarize-d6772d3703d08312.notarize.234383f119602fff-cgu.5.rcgu.o" "/opt/rustwide/target/debug/examples/notarize-d6772d3703d08312.1hxt59qayjz2gmjb.rcgu.o" "-Wl,--as-needed" "-L" "/opt/rustwide/target/debug/deps" "-L" "/opt/rustwide/target/debug/build/bzip2-sys-3d89b024dfc9b725/out/lib" "-L" "/usr/lib/x86_64-linux-gnu" "-L" "/usr/lib/x86_64-linux-gnu" "-L" "/usr/lib/x86_64-linux-gnu" "-L" "/opt/rustwide/rustup-home/toolchains/1.75.0-x86_64-unknown-linux-gnu/lib/rustlib/x86_64-unknown-linux-gnu/lib" "-Wl,-Bstatic" "/opt/rustwide/target/debug/deps/librpassword-855944400d288617.rlib" "/opt/rustwide/target/debug/deps/librtoolbox-8923f5493c7870cd.rlib" "/opt/rustwide/target/debug/deps/libsequoia_openpgp-f59844f3ef41dd88.rlib" "/opt/rustwide/target/debug/deps/libidna-35e3e2f202e10859.rlib" "/opt/rustwide/target/debug/deps/libunicode_normalization-e04a0b39935fba30.rlib" "/opt/rustwide/target/debug/deps/libtinyvec-cf6c9f6b792a5507.rlib" "/opt/rustwide/target/debug/deps/libtinyvec_macros-b1cb7f53f58c9f87.rlib" "/opt/rustwide/target/debug/deps/libunicode_bidi-020370784786e57d.rlib" "/opt/rustwide/target/debug/deps/libmemsec-07e8b9743a03e8bb.rlib" "/opt/rustwide/target/debug/deps/libsha1collisiondetection-38eab71e921e050e.rlib" "/opt/rustwide/target/debug/deps/libgeneric_array-18b3188a0c567140.rlib" "/opt/rustwide/target/debug/deps/liblalrpop_util-9bc5c4df98593959.rlib" "/opt/rustwide/target/debug/deps/libregex-43bdbc33a6384815.rlib" "/opt/rustwide/target/debug/deps/libregex_automata-35f9be2f753ec7d5.rlib" "/opt/rustwide/target/debug/deps/libaho_corasick-1143312c78fc67c2.rlib" "/opt/rustwide/target/debug/deps/libmemchr-8adfc22b612d6f7a.rlib" "/opt/rustwide/target/debug/deps/libregex_syntax-e4dd3c3a3cb10e1d.rlib" "/opt/rustwide/target/debug/deps/libonce_cell-865e1c5018a0303a.rlib" "/opt/rustwide/target/debug/deps/libxxhash_rust-eab4d26c3484fecf.rlib" "/opt/rustwide/target/debug/deps/libdyn_clone-9b173148c8236790.rlib" "/opt/rustwide/target/debug/deps/libnettle-38cfe7d207567fb3.rlib" "/opt/rustwide/target/debug/deps/libthiserror-8e1cae582f9c2427.rlib" "/opt/rustwide/target/debug/deps/libtypenum-da95465dc70d2c95.rlib" "/opt/rustwide/target/debug/deps/libgetrandom-7b0dce5ca8148ac4.rlib" "/opt/rustwide/target/debug/deps/libnettle_sys-82c700b4c69e1c12.rlib" "/opt/rustwide/target/debug/deps/libbase64-c757f6e1d18850a5.rlib" "/opt/rustwide/target/debug/deps/libbuffered_reader-7ffb48ad0644d146.rlib" "/opt/rustwide/target/debug/deps/liblazy_static-591486ebcb9a7ead.rlib" "/opt/rustwide/target/debug/deps/libbzip2-62d0b22961d7388e.rlib" "/opt/rustwide/target/debug/deps/libbzip2_sys-e6ff94ce5a531975.rlib" "/opt/rustwide/target/debug/deps/liblibc-02f888d7762819c3.rlib" "/opt/rustwide/target/debug/deps/libflate2-1347a47922d98cc4.rlib" "/opt/rustwide/target/debug/deps/libminiz_oxide-f272f5814aa49507.rlib" "/opt/rustwide/target/debug/deps/libadler-c8f2240c56a0abca.rlib" "/opt/rustwide/target/debug/deps/libcrc32fast-664446237529ebff.rlib" "/opt/rustwide/target/debug/deps/libcfg_if-61dc7a6799e72b18.rlib" "/opt/rustwide/target/debug/deps/libanyhow-477edb6dbb409be2.rlib" "/opt/rustwide/rustup-home/toolchains/1.75.0-x86_64-unknown-linux-gnu/lib/rustlib/x86_64-unknown-linux-gnu/lib/libstd-90f6ddbf82de36ec.rlib" "/opt/rustwide/rustup-home/toolchains/1.75.0-x86_64-unknown-linux-gnu/lib/rustlib/x86_64-unknown-linux-gnu/lib/libpanic_unwind-480c41e9d4e1f677.rlib" "/opt/rustwide/rustup-home/toolchains/1.75.0-x86_64-unknown-linux-gnu/lib/rustlib/x86_64-unknown-linux-gnu/lib/libobject-db744c0ca03eed1d.rlib" "/opt/rustwide/rustup-home/toolchains/1.75.0-x86_64-unknown-linux-gnu/lib/rustlib/x86_64-unknown-linux-gnu/lib/libmemchr-8ba652dc7d4b285a.rlib" "/opt/rustwide/rustup-home/toolchains/1.75.0-x86_64-unknown-linux-gnu/lib/rustlib/x86_64-unknown-linux-gnu/lib/libaddr2line-d5f4520a9ebc0d58.rlib" "/opt/rustwide/rustup-home/toolchains/1.75.0-x86_64-unknown-linux-gnu/lib/rustlib/x86_64-unknown-linux-gnu/lib/libgimli-4ad84de58f0cb463.rlib" "/opt/rustwide/rustup-home/toolchains/1.75.0-x86_64-unknown-linux-gnu/lib/rustlib/x86_64-unknown-linux-gnu/lib/librustc_demangle-0d10aae2e0f38735.rlib" "/opt/rustwide/rustup-home/toolchains/1.75.0-x86_64-unknown-linux-gnu/lib/rustlib/x86_64-unknown-linux-gnu/lib/libstd_detect-0c17cff739e6745b.rlib" "/opt/rustwide/rustup-home/toolchains/1.75.0-x86_64-unknown-linux-gnu/lib/rustlib/x86_64-unknown-linux-gnu/lib/libhashbrown-b29e17139dde1aa8.rlib" "/opt/rustwide/rustup-home/toolchains/1.75.0-x86_64-unknown-linux-gnu/lib/rustlib/x86_64-unknown-linux-gnu/lib/librustc_std_workspace_alloc-1f975299829cc7bd.rlib" "/opt/rustwide/rustup-home/toolchains/1.75.0-x86_64-unknown-linux-gnu/lib/rustlib/x86_64-unknown-linux-gnu/lib/libminiz_oxide-86bae3bc3079f89b.rlib" "/opt/rustwide/rustup-home/toolchains/1.75.0-x86_64-unknown-linux-gnu/lib/rustlib/x86_64-unknown-linux-gnu/lib/libadler-321b82c30dffdf5f.rlib" "/opt/rustwide/rustup-home/toolchains/1.75.0-x86_64-unknown-linux-gnu/lib/rustlib/x86_64-unknown-linux-gnu/lib/libunwind-3dd8a6810a0bdfef.rlib" "/opt/rustwide/rustup-home/toolchains/1.75.0-x86_64-unknown-linux-gnu/lib/rustlib/x86_64-unknown-linux-gnu/lib/libcfg_if-eb39a61c0c879984.rlib" "/opt/rustwide/rustup-home/toolchains/1.75.0-x86_64-unknown-linux-gnu/lib/rustlib/x86_64-unknown-linux-gnu/lib/liblibc-aa769569f91c3548.rlib" "/opt/rustwide/rustup-home/toolchains/1.75.0-x86_64-unknown-linux-gnu/lib/rustlib/x86_64-unknown-linux-gnu/lib/liballoc-510a192a50a983ed.rlib" "/opt/rustwide/rustup-home/toolchains/1.75.0-x86_64-unknown-linux-gnu/lib/rustlib/x86_64-unknown-linux-gnu/lib/librustc_std_workspace_core-0577018320f99037.rlib" "/opt/rustwide/rustup-home/toolchains/1.75.0-x86_64-unknown-linux-gnu/lib/rustlib/x86_64-unknown-linux-gnu/lib/libcore-193cf992125ccd4c.rlib" "/opt/rustwide/rustup-home/toolchains/1.75.0-x86_64-unknown-linux-gnu/lib/rustlib/x86_64-unknown-linux-gnu/lib/libcompiler_builtins-8e138eaf26ebb4a8.rlib" "-Wl,-Bdynamic" "-lnettle" "-lhogweed" "-lgmp" "-lgcc_s" "-lutil" "-lrt" "-lpthread" "-lm" "-ldl" "-lc" "-Wl,--eh-frame-hdr" "-Wl,-z,noexecstack" "-L" "/opt/rustwide/rustup-home/toolchains/1.75.0-x86_64-unknown-linux-gnu/lib/rustlib/x86_64-unknown-linux-gnu/lib" "-o" "/opt/rustwide/target/debug/examples/notarize-d6772d3703d08312" "-Wl,--gc-sections" "-pie" "-Wl,-z,relro,-z,now" "-nodefaultlibs"
[INFO] [stdout]   = note: collect2: fatal error: ld terminated with signal 9 [Killed]
[INFO] [stdout]           compilation terminated.
[INFO] [stdout]           
[INFO] [stdout] 
[INFO] [stdout] 
[INFO] [stdout] error: aborting due to previous error
[INFO] [stdout] 
[INFO] [stdout] 
[INFO] [stderr] error: could not compile `sequoia-openpgp` (example "notarize") due to 2 previous errors
[INFO] [stdout] error: linking with `cc` failed: exit status: 1
[INFO] [stdout]   |
[INFO] [stdout]   = note: LC_ALL="C" PATH="/opt/rustwide/rustup-home/toolchains/1.75.0-x86_64-unknown-linux-gnu/lib/rustlib/x86_64-unknown-linux-gnu/bin:/opt/rustwide/cargo-home/bin:/usr/local/sbin:/usr/local/bin:/usr/sbin:/usr/bin:/sbin:/bin" VSLANG="1033" "cc" "-m64" "/tmp/rustco5T9Vu/symbols.o" "/opt/rustwide/target/debug/examples/sign_detached-e208f8184c6a30c8.sign_detached.81c869e4cbe7919-cgu.0.rcgu.o" "/opt/rustwide/target/debug/examples/sign_detached-e208f8184c6a30c8.sign_detached.81c869e4cbe7919-cgu.1.rcgu.o" "/opt/rustwide/target/debug/examples/sign_detached-e208f8184c6a30c8.sign_detached.81c869e4cbe7919-cgu.2.rcgu.o" "/opt/rustwide/target/debug/examples/sign_detached-e208f8184c6a30c8.sign_detached.81c869e4cbe7919-cgu.3.rcgu.o" "/opt/rustwide/target/debug/examples/sign_detached-e208f8184c6a30c8.5b4s9dcpmfr03jza.rcgu.o" "-Wl,--as-needed" "-L" "/opt/rustwide/target/debug/deps" "-L" "/opt/rustwide/target/debug/build/bzip2-sys-3d89b024dfc9b725/out/lib" "-L" "/usr/lib/x86_64-linux-gnu" "-L" "/usr/lib/x86_64-linux-gnu" "-L" "/usr/lib/x86_64-linux-gnu" "-L" "/opt/rustwide/rustup-home/toolchains/1.75.0-x86_64-unknown-linux-gnu/lib/rustlib/x86_64-unknown-linux-gnu/lib" "-Wl,-Bstatic" "/opt/rustwide/target/debug/deps/librpassword-855944400d288617.rlib" "/opt/rustwide/target/debug/deps/librtoolbox-8923f5493c7870cd.rlib" "/opt/rustwide/target/debug/deps/libsequoia_openpgp-f59844f3ef41dd88.rlib" "/opt/rustwide/target/debug/deps/libidna-35e3e2f202e10859.rlib" "/opt/rustwide/target/debug/deps/libunicode_normalization-e04a0b39935fba30.rlib" "/opt/rustwide/target/debug/deps/libtinyvec-cf6c9f6b792a5507.rlib" "/opt/rustwide/target/debug/deps/libtinyvec_macros-b1cb7f53f58c9f87.rlib" "/opt/rustwide/target/debug/deps/libunicode_bidi-020370784786e57d.rlib" "/opt/rustwide/target/debug/deps/libmemsec-07e8b9743a03e8bb.rlib" "/opt/rustwide/target/debug/deps/libsha1collisiondetection-38eab71e921e050e.rlib" "/opt/rustwide/target/debug/deps/libgeneric_array-18b3188a0c567140.rlib" "/opt/rustwide/target/debug/deps/liblalrpop_util-9bc5c4df98593959.rlib" "/opt/rustwide/target/debug/deps/libregex-43bdbc33a6384815.rlib" "/opt/rustwide/target/debug/deps/libregex_automata-35f9be2f753ec7d5.rlib" "/opt/rustwide/target/debug/deps/libaho_corasick-1143312c78fc67c2.rlib" "/opt/rustwide/target/debug/deps/libmemchr-8adfc22b612d6f7a.rlib" "/opt/rustwide/target/debug/deps/libregex_syntax-e4dd3c3a3cb10e1d.rlib" "/opt/rustwide/target/debug/deps/libonce_cell-865e1c5018a0303a.rlib" "/opt/rustwide/target/debug/deps/libxxhash_rust-eab4d26c3484fecf.rlib" "/opt/rustwide/target/debug/deps/libdyn_clone-9b173148c8236790.rlib" "/opt/rustwide/target/debug/deps/libnettle-38cfe7d207567fb3.rlib" "/opt/rustwide/target/debug/deps/libthiserror-8e1cae582f9c2427.rlib" "/opt/rustwide/target/debug/deps/libtypenum-da95465dc70d2c95.rlib" "/opt/rustwide/target/debug/deps/libgetrandom-7b0dce5ca8148ac4.rlib" "/opt/rustwide/target/debug/deps/libnettle_sys-82c700b4c69e1c12.rlib" "/opt/rustwide/target/debug/deps/libbase64-c757f6e1d18850a5.rlib" "/opt/rustwide/target/debug/deps/libbuffered_reader-7ffb48ad0644d146.rlib" "/opt/rustwide/target/debug/deps/liblazy_static-591486ebcb9a7ead.rlib" "/opt/rustwide/target/debug/deps/libbzip2-62d0b22961d7388e.rlib" "/opt/rustwide/target/debug/deps/libbzip2_sys-e6ff94ce5a531975.rlib" "/opt/rustwide/target/debug/deps/liblibc-02f888d7762819c3.rlib" "/opt/rustwide/target/debug/deps/libflate2-1347a47922d98cc4.rlib" "/opt/rustwide/target/debug/deps/libminiz_oxide-f272f5814aa49507.rlib" "/opt/rustwide/target/debug/deps/libadler-c8f2240c56a0abca.rlib" "/opt/rustwide/target/debug/deps/libcrc32fast-664446237529ebff.rlib" "/opt/rustwide/target/debug/deps/libcfg_if-61dc7a6799e72b18.rlib" "/opt/rustwide/target/debug/deps/libanyhow-477edb6dbb409be2.rlib" "/opt/rustwide/rustup-home/toolchains/1.75.0-x86_64-unknown-linux-gnu/lib/rustlib/x86_64-unknown-linux-gnu/lib/libstd-90f6ddbf82de36ec.rlib" "/opt/rustwide/rustup-home/toolchains/1.75.0-x86_64-unknown-linux-gnu/lib/rustlib/x86_64-unknown-linux-gnu/lib/libpanic_unwind-480c41e9d4e1f677.rlib" "/opt/rustwide/rustup-home/toolchains/1.75.0-x86_64-unknown-linux-gnu/lib/rustlib/x86_64-unknown-linux-gnu/lib/libobject-db744c0ca03eed1d.rlib" "/opt/rustwide/rustup-home/toolchains/1.75.0-x86_64-unknown-linux-gnu/lib/rustlib/x86_64-unknown-linux-gnu/lib/libmemchr-8ba652dc7d4b285a.rlib" "/opt/rustwide/rustup-home/toolchains/1.75.0-x86_64-unknown-linux-gnu/lib/rustlib/x86_64-unknown-linux-gnu/lib/libaddr2line-d5f4520a9ebc0d58.rlib" "/opt/rustwide/rustup-home/toolchains/1.75.0-x86_64-unknown-linux-gnu/lib/rustlib/x86_64-unknown-linux-gnu/lib/libgimli-4ad84de58f0cb463.rlib" "/opt/rustwide/rustup-home/toolchains/1.75.0-x86_64-unknown-linux-gnu/lib/rustlib/x86_64-unknown-linux-gnu/lib/librustc_demangle-0d10aae2e0f38735.rlib" "/opt/rustwide/rustup-home/toolchains/1.75.0-x86_64-unknown-linux-gnu/lib/rustlib/x86_64-unknown-linux-gnu/lib/libstd_detect-0c17cff739e6745b.rlib" "/opt/rustwide/rustup-home/toolchains/1.75.0-x86_64-unknown-linux-gnu/lib/rustlib/x86_64-unknown-linux-gnu/lib/libhashbrown-b29e17139dde1aa8.rlib" "/opt/rustwide/rustup-home/toolchains/1.75.0-x86_64-unknown-linux-gnu/lib/rustlib/x86_64-unknown-linux-gnu/lib/librustc_std_workspace_alloc-1f975299829cc7bd.rlib" "/opt/rustwide/rustup-home/toolchains/1.75.0-x86_64-unknown-linux-gnu/lib/rustlib/x86_64-unknown-linux-gnu/lib/libminiz_oxide-86bae3bc3079f89b.rlib" "/opt/rustwide/rustup-home/toolchains/1.75.0-x86_64-unknown-linux-gnu/lib/rustlib/x86_64-unknown-linux-gnu/lib/libadler-321b82c30dffdf5f.rlib" "/opt/rustwide/rustup-home/toolchains/1.75.0-x86_64-unknown-linux-gnu/lib/rustlib/x86_64-unknown-linux-gnu/lib/libunwind-3dd8a6810a0bdfef.rlib" "/opt/rustwide/rustup-home/toolchains/1.75.0-x86_64-unknown-linux-gnu/lib/rustlib/x86_64-unknown-linux-gnu/lib/libcfg_if-eb39a61c0c879984.rlib" "/opt/rustwide/rustup-home/toolchains/1.75.0-x86_64-unknown-linux-gnu/lib/rustlib/x86_64-unknown-linux-gnu/lib/liblibc-aa769569f91c3548.rlib" "/opt/rustwide/rustup-home/toolchains/1.75.0-x86_64-unknown-linux-gnu/lib/rustlib/x86_64-unknown-linux-gnu/lib/liballoc-510a192a50a983ed.rlib" "/opt/rustwide/rustup-home/toolchains/1.75.0-x86_64-unknown-linux-gnu/lib/rustlib/x86_64-unknown-linux-gnu/lib/librustc_std_workspace_core-0577018320f99037.rlib" "/opt/rustwide/rustup-home/toolchains/1.75.0-x86_64-unknown-linux-gnu/lib/rustlib/x86_64-unknown-linux-gnu/lib/libcore-193cf992125ccd4c.rlib" "/opt/rustwide/rustup-home/toolchains/1.75.0-x86_64-unknown-linux-gnu/lib/rustlib/x86_64-unknown-linux-gnu/lib/libcompiler_builtins-8e138eaf26ebb4a8.rlib" "-Wl,-Bdynamic" "-lnettle" "-lhogweed" "-lgmp" "-lgcc_s" "-lutil" "-lrt" "-lpthread" "-lm" "-ldl" "-lc" "-Wl,--eh-frame-hdr" "-Wl,-z,noexecstack" "-L" "/opt/rustwide/rustup-home/toolchains/1.75.0-x86_64-unknown-linux-gnu/lib/rustlib/x86_64-unknown-linux-gnu/lib" "-o" "/opt/rustwide/target/debug/examples/sign_detached-e208f8184c6a30c8" "-Wl,--gc-sections" "-pie" "-Wl,-z,relro,-z,now" "-nodefaultlibs"
[INFO] [stdout]   = note: collect2: fatal error: ld terminated with signal 9 [Killed]
[INFO] [stdout]           compilation terminated.
[INFO] [stdout]           
[INFO] [stdout] 
[INFO] [stdout] 
[INFO] [stdout] error: aborting due to previous error
[INFO] [stdout] 
[INFO] [stdout] 
[INFO] [stderr] error: could not compile `sequoia-openpgp` (example "sign-detached") due to 2 previous errors
[INFO] running `Command { std: "docker" "inspect" "fdc18a5f2c78e0aec8d893495d2a9e2d50d32f6220c0aef3b28ea4777584e149", kill_on_drop: false }`
[INFO] running `Command { std: "docker" "rm" "-f" "fdc18a5f2c78e0aec8d893495d2a9e2d50d32f6220c0aef3b28ea4777584e149", kill_on_drop: false }`
[INFO] [stdout] fdc18a5f2c78e0aec8d893495d2a9e2d50d32f6220c0aef3b28ea4777584e149
