[INFO] fetching crate sentence2vec 0.1.0...
[INFO] testing sentence2vec-0.1.0 against 1.75.0 for beta-1.76-1
[INFO] extracting crate sentence2vec 0.1.0 into /workspace/builds/worker-6-tc1/source
[INFO] validating manifest of crates.io crate sentence2vec 0.1.0 on toolchain 1.75.0
[INFO] running `Command { std: CARGO_HOME="/workspace/cargo-home" RUSTUP_HOME="/workspace/rustup-home" "/workspace/cargo-home/bin/cargo" "+1.75.0" "metadata" "--manifest-path" "Cargo.toml" "--no-deps", kill_on_drop: false }`
[INFO] started tweaking crates.io crate sentence2vec 0.1.0
[INFO] finished tweaking crates.io crate sentence2vec 0.1.0
[INFO] tweaked toml for crates.io crate sentence2vec 0.1.0 written to /workspace/builds/worker-6-tc1/source/Cargo.toml
[INFO] crate crates.io crate sentence2vec 0.1.0 already has a lockfile, it will not be regenerated
[INFO] running `Command { std: CARGO_HOME="/workspace/cargo-home" RUSTUP_HOME="/workspace/rustup-home" "/workspace/cargo-home/bin/cargo" "+1.75.0" "fetch" "--manifest-path" "Cargo.toml", kill_on_drop: false }`
[INFO] [stderr]  Downloading crates ...
[INFO] [stderr]   Downloaded rustix v0.38.1
[INFO] running `Command { std: "docker" "create" "-v" "/var/lib/crater-agent-workspace/builds/worker-6-tc1/target:/opt/rustwide/target:rw,Z" "-v" "/var/lib/crater-agent-workspace/builds/worker-6-tc1/source:/opt/rustwide/workdir:ro,Z" "-v" "/var/lib/crater-agent-workspace/cargo-home:/opt/rustwide/cargo-home:ro,Z" "-v" "/var/lib/crater-agent-workspace/rustup-home:/opt/rustwide/rustup-home:ro,Z" "-e" "SOURCE_DIR=/opt/rustwide/workdir" "-e" "CARGO_TARGET_DIR=/opt/rustwide/target" "-e" "CARGO_HOME=/opt/rustwide/cargo-home" "-e" "RUSTUP_HOME=/opt/rustwide/rustup-home" "-w" "/opt/rustwide/workdir" "-m" "1610612736" "--user" "0:0" "--network" "none" "ghcr.io/rust-lang/crates-build-env/linux@sha256:2788e3201cd34a07e3172128adcd8b3090168a8e3bcc40d7c032b9dda1df7d1c" "/opt/rustwide/cargo-home/bin/cargo" "+1.75.0" "metadata" "--no-deps" "--format-version=1", kill_on_drop: false }`
[INFO] [stdout] a68e865ec955d751970193d3deb198f9769c2067ee7c1701d041c0fcd4a9767e
[INFO] running `Command { std: "docker" "start" "-a" "a68e865ec955d751970193d3deb198f9769c2067ee7c1701d041c0fcd4a9767e", kill_on_drop: false }`
[INFO] running `Command { std: "docker" "inspect" "a68e865ec955d751970193d3deb198f9769c2067ee7c1701d041c0fcd4a9767e", kill_on_drop: false }`
[INFO] running `Command { std: "docker" "rm" "-f" "a68e865ec955d751970193d3deb198f9769c2067ee7c1701d041c0fcd4a9767e", kill_on_drop: false }`
[INFO] [stdout] a68e865ec955d751970193d3deb198f9769c2067ee7c1701d041c0fcd4a9767e
[INFO] running `Command { std: "docker" "create" "-v" "/var/lib/crater-agent-workspace/builds/worker-6-tc1/target:/opt/rustwide/target:rw,Z" "-v" "/var/lib/crater-agent-workspace/builds/worker-6-tc1/source:/opt/rustwide/workdir:ro,Z" "-v" "/var/lib/crater-agent-workspace/cargo-home:/opt/rustwide/cargo-home:ro,Z" "-v" "/var/lib/crater-agent-workspace/rustup-home:/opt/rustwide/rustup-home:ro,Z" "-e" "SOURCE_DIR=/opt/rustwide/workdir" "-e" "CARGO_TARGET_DIR=/opt/rustwide/target" "-e" "CARGO_INCREMENTAL=0" "-e" "RUST_BACKTRACE=full" "-e" "RUSTFLAGS=--cap-lints=warn" "-e" "RUSTDOCFLAGS=--cap-lints=warn" "-e" "CARGO_HOME=/opt/rustwide/cargo-home" "-e" "RUSTUP_HOME=/opt/rustwide/rustup-home" "-w" "/opt/rustwide/workdir" "-m" "1610612736" "--user" "0:0" "--network" "none" "ghcr.io/rust-lang/crates-build-env/linux@sha256:2788e3201cd34a07e3172128adcd8b3090168a8e3bcc40d7c032b9dda1df7d1c" "/opt/rustwide/cargo-home/bin/cargo" "+1.75.0" "build" "--frozen" "--message-format=json", kill_on_drop: false }`
[INFO] [stdout] 6496e5dd6b15757f1a736e4a7c889ba8de7c5d5ed6c87ae948837197d340dc88
[INFO] running `Command { std: "docker" "start" "-a" "6496e5dd6b15757f1a736e4a7c889ba8de7c5d5ed6c87ae948837197d340dc88", kill_on_drop: false }`
[INFO] [stderr]    Compiling proc-macro2 v1.0.63
[INFO] [stderr]    Compiling quote v1.0.29
[INFO] [stderr]    Compiling unicode-ident v1.0.9
[INFO] [stderr]    Compiling pin-project-lite v0.2.9
[INFO] [stderr]    Compiling tokio v1.29.1
[INFO] [stderr]    Compiling syn v2.0.22
[INFO] [stderr]    Compiling tokio-macros v2.1.0
[INFO] [stderr]    Compiling sentence2vec v0.1.0 (/opt/rustwide/workdir)
[INFO] [stderr]     Finished dev [unoptimized + debuginfo] target(s) in 7.16s
[INFO] running `Command { std: "docker" "inspect" "6496e5dd6b15757f1a736e4a7c889ba8de7c5d5ed6c87ae948837197d340dc88", kill_on_drop: false }`
[INFO] running `Command { std: "docker" "rm" "-f" "6496e5dd6b15757f1a736e4a7c889ba8de7c5d5ed6c87ae948837197d340dc88", kill_on_drop: false }`
[INFO] [stdout] 6496e5dd6b15757f1a736e4a7c889ba8de7c5d5ed6c87ae948837197d340dc88
[INFO] running `Command { std: "docker" "create" "-v" "/var/lib/crater-agent-workspace/builds/worker-6-tc1/target:/opt/rustwide/target:rw,Z" "-v" "/var/lib/crater-agent-workspace/builds/worker-6-tc1/source:/opt/rustwide/workdir:ro,Z" "-v" "/var/lib/crater-agent-workspace/cargo-home:/opt/rustwide/cargo-home:ro,Z" "-v" "/var/lib/crater-agent-workspace/rustup-home:/opt/rustwide/rustup-home:ro,Z" "-e" "SOURCE_DIR=/opt/rustwide/workdir" "-e" "CARGO_TARGET_DIR=/opt/rustwide/target" "-e" "CARGO_INCREMENTAL=0" "-e" "RUST_BACKTRACE=full" "-e" "RUSTFLAGS=--cap-lints=warn" "-e" "RUSTDOCFLAGS=--cap-lints=warn" "-e" "CARGO_HOME=/opt/rustwide/cargo-home" "-e" "RUSTUP_HOME=/opt/rustwide/rustup-home" "-w" "/opt/rustwide/workdir" "-m" "1610612736" "--user" "0:0" "--network" "none" "ghcr.io/rust-lang/crates-build-env/linux@sha256:2788e3201cd34a07e3172128adcd8b3090168a8e3bcc40d7c032b9dda1df7d1c" "/opt/rustwide/cargo-home/bin/cargo" "+1.75.0" "test" "--frozen" "--no-run" "--message-format=json", kill_on_drop: false }`
[INFO] [stdout] 8478134f721783fd8454faf69daf88b22928350e4de6793760e9f9fef2b04e25
[INFO] running `Command { std: "docker" "start" "-a" "8478134f721783fd8454faf69daf88b22928350e4de6793760e9f9fef2b04e25", kill_on_drop: false }`
[INFO] [stderr]    Compiling sentence2vec v0.1.0 (/opt/rustwide/workdir)
[INFO] [stdout] error[E0599]: no function or associated item named `load_from_bytes` found for struct `sentence2vec::prelude::Word2Vec` in the current scope
[INFO] [stdout]  --> tests/sentence2vec.rs:5:37
[INFO] [stdout]   |
[INFO] [stdout] 5 |     let word2vec = Word2Vec::<300>::load_from_bytes("tests/common.en.300.bin").await.unwrap();
[INFO] [stdout]   |                                     ^^^^^^^^^^^^^^^ function or associated item not found in `Word2Vec<300>`
[INFO] [stdout] 
[INFO] [stdout] 
[INFO] [stdout] error[E0599]: no function or associated item named `load_from_bytes` found for struct `sentence2vec::prelude::Word2Vec` in the current scope
[INFO] [stdout]   --> tests/sentence2vec.rs:18:37
[INFO] [stdout]    |
[INFO] [stdout] 18 |     let word2vec = Word2Vec::<300>::load_from_bytes("tests/common.en.300.bin").await.unwrap();
[INFO] [stdout]    |                                     ^^^^^^^^^^^^^^^ function or associated item not found in `Word2Vec<300>`
[INFO] [stdout] 
[INFO] [stdout] 
[INFO] [stdout] error: aborting due to 2 previous errors
[INFO] [stdout] 
[INFO] [stdout] 
[INFO] [stdout] For more information about this error, try `rustc --explain E0599`.
[INFO] [stdout] 
[INFO] [stderr] error: could not compile `sentence2vec` (test "sentence2vec") due to 3 previous errors
[INFO] [stderr] warning: build failed, waiting for other jobs to finish...
[INFO] running `Command { std: "docker" "inspect" "8478134f721783fd8454faf69daf88b22928350e4de6793760e9f9fef2b04e25", kill_on_drop: false }`
[INFO] running `Command { std: "docker" "rm" "-f" "8478134f721783fd8454faf69daf88b22928350e4de6793760e9f9fef2b04e25", kill_on_drop: false }`
[INFO] [stdout] 8478134f721783fd8454faf69daf88b22928350e4de6793760e9f9fef2b04e25
[INFO] testing sentence2vec-0.1.0 against beta-2023-12-22 for beta-1.76-1
[INFO] extracting crate sentence2vec 0.1.0 into /workspace/builds/worker-6-tc2/source
[INFO] validating manifest of crates.io crate sentence2vec 0.1.0 on toolchain beta-2023-12-22
[INFO] running `Command { std: CARGO_HOME="/workspace/cargo-home" RUSTUP_HOME="/workspace/rustup-home" "/workspace/cargo-home/bin/cargo" "+beta-2023-12-22" "metadata" "--manifest-path" "Cargo.toml" "--no-deps", kill_on_drop: false }`
[INFO] started tweaking crates.io crate sentence2vec 0.1.0
[INFO] finished tweaking crates.io crate sentence2vec 0.1.0
[INFO] tweaked toml for crates.io crate sentence2vec 0.1.0 written to /workspace/builds/worker-6-tc2/source/Cargo.toml
[INFO] crate crates.io crate sentence2vec 0.1.0 already has a lockfile, it will not be regenerated
[INFO] running `Command { std: CARGO_HOME="/workspace/cargo-home" RUSTUP_HOME="/workspace/rustup-home" "/workspace/cargo-home/bin/cargo" "+beta-2023-12-22" "fetch" "--manifest-path" "Cargo.toml", kill_on_drop: false }`
[INFO] running `Command { std: "docker" "create" "-v" "/var/lib/crater-agent-workspace/builds/worker-6-tc2/target:/opt/rustwide/target:rw,Z" "-v" "/var/lib/crater-agent-workspace/builds/worker-6-tc2/source:/opt/rustwide/workdir:ro,Z" "-v" "/var/lib/crater-agent-workspace/cargo-home:/opt/rustwide/cargo-home:ro,Z" "-v" "/var/lib/crater-agent-workspace/rustup-home:/opt/rustwide/rustup-home:ro,Z" "-e" "SOURCE_DIR=/opt/rustwide/workdir" "-e" "CARGO_TARGET_DIR=/opt/rustwide/target" "-e" "CARGO_HOME=/opt/rustwide/cargo-home" "-e" "RUSTUP_HOME=/opt/rustwide/rustup-home" "-w" "/opt/rustwide/workdir" "-m" "1610612736" "--user" "0:0" "--network" "none" "ghcr.io/rust-lang/crates-build-env/linux@sha256:2788e3201cd34a07e3172128adcd8b3090168a8e3bcc40d7c032b9dda1df7d1c" "/opt/rustwide/cargo-home/bin/cargo" "+beta-2023-12-22" "metadata" "--no-deps" "--format-version=1", kill_on_drop: false }`
[INFO] [stdout] c2c902c1c975fd89e5204ebe942b64f62a79802b10e66784ccd1b73aea51cf53
[INFO] running `Command { std: "docker" "start" "-a" "c2c902c1c975fd89e5204ebe942b64f62a79802b10e66784ccd1b73aea51cf53", kill_on_drop: false }`
[INFO] running `Command { std: "docker" "inspect" "c2c902c1c975fd89e5204ebe942b64f62a79802b10e66784ccd1b73aea51cf53", kill_on_drop: false }`
[INFO] running `Command { std: "docker" "rm" "-f" "c2c902c1c975fd89e5204ebe942b64f62a79802b10e66784ccd1b73aea51cf53", kill_on_drop: false }`
[INFO] [stdout] c2c902c1c975fd89e5204ebe942b64f62a79802b10e66784ccd1b73aea51cf53
[INFO] running `Command { std: "docker" "create" "-v" "/var/lib/crater-agent-workspace/builds/worker-6-tc2/target:/opt/rustwide/target:rw,Z" "-v" "/var/lib/crater-agent-workspace/builds/worker-6-tc2/source:/opt/rustwide/workdir:ro,Z" "-v" "/var/lib/crater-agent-workspace/cargo-home:/opt/rustwide/cargo-home:ro,Z" "-v" "/var/lib/crater-agent-workspace/rustup-home:/opt/rustwide/rustup-home:ro,Z" "-e" "SOURCE_DIR=/opt/rustwide/workdir" "-e" "CARGO_TARGET_DIR=/opt/rustwide/target" "-e" "CARGO_INCREMENTAL=0" "-e" "RUST_BACKTRACE=full" "-e" "RUSTFLAGS=--cap-lints=warn" "-e" "RUSTDOCFLAGS=--cap-lints=warn" "-e" "CARGO_HOME=/opt/rustwide/cargo-home" "-e" "RUSTUP_HOME=/opt/rustwide/rustup-home" "-w" "/opt/rustwide/workdir" "-m" "1610612736" "--user" "0:0" "--network" "none" "ghcr.io/rust-lang/crates-build-env/linux@sha256:2788e3201cd34a07e3172128adcd8b3090168a8e3bcc40d7c032b9dda1df7d1c" "/opt/rustwide/cargo-home/bin/cargo" "+beta-2023-12-22" "build" "--frozen" "--message-format=json", kill_on_drop: false }`
[INFO] [stdout] 917d05cb5416fc20704b6242bbe5d0a9712f9ec88d459c42779b0a6f2685928a
[INFO] running `Command { std: "docker" "start" "-a" "917d05cb5416fc20704b6242bbe5d0a9712f9ec88d459c42779b0a6f2685928a", kill_on_drop: false }`
[INFO] [stderr]    Compiling proc-macro2 v1.0.63
[INFO] [stderr]    Compiling quote v1.0.29
[INFO] [stderr]    Compiling unicode-ident v1.0.9
[INFO] [stderr]    Compiling pin-project-lite v0.2.9
[INFO] [stderr]    Compiling tokio v1.29.1
[INFO] [stderr]    Compiling syn v2.0.22
[INFO] [stderr]    Compiling tokio-macros v2.1.0
[INFO] [stderr]    Compiling sentence2vec v0.1.0 (/opt/rustwide/workdir)
[INFO] [stderr]     Finished dev [unoptimized + debuginfo] target(s) in 8.46s
[INFO] running `Command { std: "docker" "inspect" "917d05cb5416fc20704b6242bbe5d0a9712f9ec88d459c42779b0a6f2685928a", kill_on_drop: false }`
[INFO] running `Command { std: "docker" "rm" "-f" "917d05cb5416fc20704b6242bbe5d0a9712f9ec88d459c42779b0a6f2685928a", kill_on_drop: false }`
[INFO] [stdout] 917d05cb5416fc20704b6242bbe5d0a9712f9ec88d459c42779b0a6f2685928a
[INFO] running `Command { std: "docker" "create" "-v" "/var/lib/crater-agent-workspace/builds/worker-6-tc2/target:/opt/rustwide/target:rw,Z" "-v" "/var/lib/crater-agent-workspace/builds/worker-6-tc2/source:/opt/rustwide/workdir:ro,Z" "-v" "/var/lib/crater-agent-workspace/cargo-home:/opt/rustwide/cargo-home:ro,Z" "-v" "/var/lib/crater-agent-workspace/rustup-home:/opt/rustwide/rustup-home:ro,Z" "-e" "SOURCE_DIR=/opt/rustwide/workdir" "-e" "CARGO_TARGET_DIR=/opt/rustwide/target" "-e" "CARGO_INCREMENTAL=0" "-e" "RUST_BACKTRACE=full" "-e" "RUSTFLAGS=--cap-lints=warn" "-e" "RUSTDOCFLAGS=--cap-lints=warn" "-e" "CARGO_HOME=/opt/rustwide/cargo-home" "-e" "RUSTUP_HOME=/opt/rustwide/rustup-home" "-w" "/opt/rustwide/workdir" "-m" "1610612736" "--user" "0:0" "--network" "none" "ghcr.io/rust-lang/crates-build-env/linux@sha256:2788e3201cd34a07e3172128adcd8b3090168a8e3bcc40d7c032b9dda1df7d1c" "/opt/rustwide/cargo-home/bin/cargo" "+beta-2023-12-22" "test" "--frozen" "--no-run" "--message-format=json", kill_on_drop: false }`
[INFO] [stdout] 395ba9c1947a8e616daf3072289afcb216c63127ebd0625af46ec9b5fb1942ec
[INFO] running `Command { std: "docker" "start" "-a" "395ba9c1947a8e616daf3072289afcb216c63127ebd0625af46ec9b5fb1942ec", kill_on_drop: false }`
[INFO] [stderr]    Compiling sentence2vec v0.1.0 (/opt/rustwide/workdir)
[INFO] [stdout] error[E0599]: no function or associated item named `load_from_bytes` found for struct `sentence2vec::prelude::Word2Vec` in the current scope
[INFO] [stdout]  --> tests/sentence2vec.rs:5:37
[INFO] [stdout]   |
[INFO] [stdout] 5 |     let word2vec = Word2Vec::<300>::load_from_bytes("tests/common.en.300.bin").await.unwrap();
[INFO] [stdout]   |                                     ^^^^^^^^^^^^^^^ function or associated item not found in `Word2Vec<300>`
[INFO] [stdout] 
[INFO] [stdout] 
[INFO] [stdout] error[E0599]: no function or associated item named `load_from_bytes` found for struct `sentence2vec::prelude::Word2Vec` in the current scope
[INFO] [stdout]   --> tests/sentence2vec.rs:18:37
[INFO] [stdout]    |
[INFO] [stdout] 18 |     let word2vec = Word2Vec::<300>::load_from_bytes("tests/common.en.300.bin").await.unwrap();
[INFO] [stdout]    |                                     ^^^^^^^^^^^^^^^ function or associated item not found in `Word2Vec<300>`
[INFO] [stdout] 
[INFO] [stdout] 
[INFO] [stdout] error: aborting due to 2 previous errors
[INFO] [stdout] 
[INFO] [stdout] 
[INFO] [stdout] For more information about this error, try `rustc --explain E0599`.
[INFO] [stdout] 
[INFO] [stderr] error: could not compile `sentence2vec` (test "sentence2vec") due to 3 previous errors
[INFO] [stderr] warning: build failed, waiting for other jobs to finish...
[INFO] running `Command { std: "docker" "inspect" "395ba9c1947a8e616daf3072289afcb216c63127ebd0625af46ec9b5fb1942ec", kill_on_drop: false }`
[INFO] running `Command { std: "docker" "rm" "-f" "395ba9c1947a8e616daf3072289afcb216c63127ebd0625af46ec9b5fb1942ec", kill_on_drop: false }`
[INFO] [stdout] 395ba9c1947a8e616daf3072289afcb216c63127ebd0625af46ec9b5fb1942ec
