[INFO] fetching crate seify-rtlsdr 0.0.3...
[INFO] testing seify-rtlsdr-0.0.3 against 1.75.0 for beta-1.76-1
[INFO] extracting crate seify-rtlsdr 0.0.3 into /workspace/builds/worker-7-tc1/source
[INFO] validating manifest of crates.io crate seify-rtlsdr 0.0.3 on toolchain 1.75.0
[INFO] running `Command { std: CARGO_HOME="/workspace/cargo-home" RUSTUP_HOME="/workspace/rustup-home" "/workspace/cargo-home/bin/cargo" "+1.75.0" "metadata" "--manifest-path" "Cargo.toml" "--no-deps", kill_on_drop: false }`
[INFO] started tweaking crates.io crate seify-rtlsdr 0.0.3
[INFO] finished tweaking crates.io crate seify-rtlsdr 0.0.3
[INFO] tweaked toml for crates.io crate seify-rtlsdr 0.0.3 written to /workspace/builds/worker-7-tc1/source/Cargo.toml
[INFO] crate crates.io crate seify-rtlsdr 0.0.3 already has a lockfile, it will not be regenerated
[INFO] running `Command { std: CARGO_HOME="/workspace/cargo-home" RUSTUP_HOME="/workspace/rustup-home" "/workspace/cargo-home/bin/cargo" "+1.75.0" "fetch" "--manifest-path" "Cargo.toml", kill_on_drop: false }`
[INFO] [stderr]     Updating crates.io index
[INFO] [stderr]  Downloading crates ...
[INFO] [stderr]   Downloaded wasm-bindgen-macro v0.2.85
[INFO] [stderr]   Downloaded ctrlc v3.2.5
[INFO] [stderr]   Downloaded proc-macro2 v1.0.57
[INFO] [stderr]   Downloaded rusb v0.9.2
[INFO] [stderr]   Downloaded wasm-bindgen-macro-support v0.2.85
[INFO] [stderr]   Downloaded wasm-bindgen-backend v0.2.85
[INFO] [stderr]   Downloaded js-sys v0.3.62
[INFO] [stderr]   Downloaded libusb1-sys v0.6.4
[INFO] [stderr]   Downloaded wasm-bindgen v0.2.85
[INFO] [stderr]   Downloaded wasm-bindgen-shared v0.2.85
[INFO] running `Command { std: "docker" "create" "-v" "/var/lib/crater-agent-workspace/builds/worker-7-tc1/target:/opt/rustwide/target:rw,Z" "-v" "/var/lib/crater-agent-workspace/builds/worker-7-tc1/source:/opt/rustwide/workdir:ro,Z" "-v" "/var/lib/crater-agent-workspace/cargo-home:/opt/rustwide/cargo-home:ro,Z" "-v" "/var/lib/crater-agent-workspace/rustup-home:/opt/rustwide/rustup-home:ro,Z" "-e" "SOURCE_DIR=/opt/rustwide/workdir" "-e" "CARGO_TARGET_DIR=/opt/rustwide/target" "-e" "CARGO_HOME=/opt/rustwide/cargo-home" "-e" "RUSTUP_HOME=/opt/rustwide/rustup-home" "-w" "/opt/rustwide/workdir" "-m" "1610612736" "--user" "0:0" "--network" "none" "ghcr.io/rust-lang/crates-build-env/linux@sha256:2788e3201cd34a07e3172128adcd8b3090168a8e3bcc40d7c032b9dda1df7d1c" "/opt/rustwide/cargo-home/bin/cargo" "+1.75.0" "metadata" "--no-deps" "--format-version=1", kill_on_drop: false }`
[INFO] [stdout] 9a07434ba431d77af1600403a4a059e16bbac4d016ba48c69115b4e24d8a4f94
[INFO] running `Command { std: "docker" "start" "-a" "9a07434ba431d77af1600403a4a059e16bbac4d016ba48c69115b4e24d8a4f94", kill_on_drop: false }`
[INFO] running `Command { std: "docker" "inspect" "9a07434ba431d77af1600403a4a059e16bbac4d016ba48c69115b4e24d8a4f94", kill_on_drop: false }`
[INFO] running `Command { std: "docker" "rm" "-f" "9a07434ba431d77af1600403a4a059e16bbac4d016ba48c69115b4e24d8a4f94", kill_on_drop: false }`
[INFO] [stdout] 9a07434ba431d77af1600403a4a059e16bbac4d016ba48c69115b4e24d8a4f94
[INFO] running `Command { std: "docker" "create" "-v" "/var/lib/crater-agent-workspace/builds/worker-7-tc1/target:/opt/rustwide/target:rw,Z" "-v" "/var/lib/crater-agent-workspace/builds/worker-7-tc1/source:/opt/rustwide/workdir:ro,Z" "-v" "/var/lib/crater-agent-workspace/cargo-home:/opt/rustwide/cargo-home:ro,Z" "-v" "/var/lib/crater-agent-workspace/rustup-home:/opt/rustwide/rustup-home:ro,Z" "-e" "SOURCE_DIR=/opt/rustwide/workdir" "-e" "CARGO_TARGET_DIR=/opt/rustwide/target" "-e" "CARGO_INCREMENTAL=0" "-e" "RUST_BACKTRACE=full" "-e" "RUSTFLAGS=--cap-lints=warn" "-e" "RUSTDOCFLAGS=--cap-lints=warn" "-e" "CARGO_HOME=/opt/rustwide/cargo-home" "-e" "RUSTUP_HOME=/opt/rustwide/rustup-home" "-w" "/opt/rustwide/workdir" "-m" "1610612736" "--user" "0:0" "--network" "none" "ghcr.io/rust-lang/crates-build-env/linux@sha256:2788e3201cd34a07e3172128adcd8b3090168a8e3bcc40d7c032b9dda1df7d1c" "/opt/rustwide/cargo-home/bin/cargo" "+1.75.0" "build" "--frozen" "--message-format=json", kill_on_drop: false }`
[INFO] [stdout] 1ae0861398c5514638c9c3a63ca6c8fe46e74a274f48b0a01c77ff65db103b15
[INFO] running `Command { std: "docker" "start" "-a" "1ae0861398c5514638c9c3a63ca6c8fe46e74a274f48b0a01c77ff65db103b15", kill_on_drop: false }`
[INFO] [stderr]    Compiling proc-macro2 v1.0.57
[INFO] [stderr]    Compiling quote v1.0.27
[INFO] [stderr]    Compiling unicode-ident v1.0.8
[INFO] [stderr]    Compiling memchr v2.5.0
[INFO] [stderr]    Compiling libc v0.2.144
[INFO] [stderr]    Compiling num-traits v0.2.15
[INFO] [stderr]    Compiling pkg-config v0.3.27
[INFO] [stderr]    Compiling cc v1.0.79
[INFO] [stderr]    Compiling syn v1.0.109
[INFO] [stderr]    Compiling lock_api v0.4.9
[INFO] [stderr]    Compiling parking_lot_core v0.9.7
[INFO] [stderr]    Compiling regex-syntax v0.7.1
[INFO] [stderr]    Compiling either v1.8.1
[INFO] [stderr]    Compiling predicates-core v1.0.6
[INFO] [stderr]    Compiling thiserror v1.0.40
[INFO] [stderr]    Compiling rusb v0.9.2
[INFO] [stderr]    Compiling difflib v0.4.0
[INFO] [stderr]    Compiling itertools v0.10.5
[INFO] [stderr]    Compiling normalize-line-endings v0.3.0
[INFO] [stderr]    Compiling scopeguard v1.1.0
[INFO] [stderr]    Compiling smallvec v1.10.0
[INFO] [stderr]    Compiling log v0.4.17
[INFO] [stderr]    Compiling termtree v0.4.1
[INFO] [stderr]    Compiling downcast v0.11.0
[INFO] [stderr]    Compiling lazy_static v1.4.0
[INFO] [stderr]    Compiling fragile v2.0.0
[INFO] [stderr]    Compiling predicates-tree v1.0.9
[INFO] [stderr]    Compiling byteorder v1.4.3
[INFO] [stderr]    Compiling aho-corasick v1.0.1
[INFO] [stderr]    Compiling libusb1-sys v0.6.4
[INFO] [stderr]    Compiling syn v2.0.16
[INFO] [stderr]    Compiling float-cmp v0.9.0
[INFO] [stderr]    Compiling parking_lot v0.12.1
[INFO] [stderr]    Compiling regex v1.8.1
[INFO] [stderr]    Compiling thiserror-impl v1.0.40
[INFO] [stderr]    Compiling predicates v2.1.5
[INFO] [stderr]    Compiling mockall_derive v0.11.4
[INFO] [stderr]    Compiling mockall v0.11.4
[INFO] [stderr]    Compiling seify-rtlsdr v0.0.3 (/opt/rustwide/workdir)
[INFO] [stderr]     Finished dev [unoptimized + debuginfo] target(s) in 5.95s
[INFO] running `Command { std: "docker" "inspect" "1ae0861398c5514638c9c3a63ca6c8fe46e74a274f48b0a01c77ff65db103b15", kill_on_drop: false }`
[INFO] running `Command { std: "docker" "rm" "-f" "1ae0861398c5514638c9c3a63ca6c8fe46e74a274f48b0a01c77ff65db103b15", kill_on_drop: false }`
[INFO] [stdout] 1ae0861398c5514638c9c3a63ca6c8fe46e74a274f48b0a01c77ff65db103b15
[INFO] running `Command { std: "docker" "create" "-v" "/var/lib/crater-agent-workspace/builds/worker-7-tc1/target:/opt/rustwide/target:rw,Z" "-v" "/var/lib/crater-agent-workspace/builds/worker-7-tc1/source:/opt/rustwide/workdir:ro,Z" "-v" "/var/lib/crater-agent-workspace/cargo-home:/opt/rustwide/cargo-home:ro,Z" "-v" "/var/lib/crater-agent-workspace/rustup-home:/opt/rustwide/rustup-home:ro,Z" "-e" "SOURCE_DIR=/opt/rustwide/workdir" "-e" "CARGO_TARGET_DIR=/opt/rustwide/target" "-e" "CARGO_INCREMENTAL=0" "-e" "RUST_BACKTRACE=full" "-e" "RUSTFLAGS=--cap-lints=warn" "-e" "RUSTDOCFLAGS=--cap-lints=warn" "-e" "CARGO_HOME=/opt/rustwide/cargo-home" "-e" "RUSTUP_HOME=/opt/rustwide/rustup-home" "-w" "/opt/rustwide/workdir" "-m" "1610612736" "--user" "0:0" "--network" "none" "ghcr.io/rust-lang/crates-build-env/linux@sha256:2788e3201cd34a07e3172128adcd8b3090168a8e3bcc40d7c032b9dda1df7d1c" "/opt/rustwide/cargo-home/bin/cargo" "+1.75.0" "test" "--frozen" "--no-run" "--message-format=json", kill_on_drop: false }`
[INFO] [stdout] 68d0be6023c56a28968ac4f624d2fef9940e9a94cf55eb0b920313365855c758
[INFO] running `Command { std: "docker" "start" "-a" "68d0be6023c56a28968ac4f624d2fef9940e9a94cf55eb0b920313365855c758", kill_on_drop: false }`
[INFO] [stderr]    Compiling libc v0.2.144
[INFO] [stderr]    Compiling num-traits v0.2.15
[INFO] [stderr]    Compiling num-integer v0.1.45
[INFO] [stderr]    Compiling log v0.4.17
[INFO] [stderr]    Compiling once_cell v1.17.1
[INFO] [stderr]    Compiling static_assertions v1.1.0
[INFO] [stderr]    Compiling iana-time-zone v0.1.56
[INFO] [stderr]    Compiling bitflags v1.3.2
[INFO] [stderr]    Compiling termcolor v1.1.3
[INFO] [stderr]    Compiling thread_local v1.1.7
[INFO] [stderr]    Compiling float-cmp v0.9.0
[INFO] [stderr]    Compiling num-complex v0.4.3
[INFO] [stderr]    Compiling predicates v2.1.5
[INFO] [stderr]    Compiling chrono v0.4.24
[INFO] [stderr]    Compiling libusb1-sys v0.6.4
[INFO] [stderr]    Compiling parking_lot_core v0.9.7
[INFO] [stderr]    Compiling nix v0.26.2
[INFO] [stderr]    Compiling atty v0.2.14
[INFO] [stderr]    Compiling rusb v0.9.2
[INFO] [stderr]    Compiling mockall v0.11.4
[INFO] [stderr]    Compiling parking_lot v0.12.1
[INFO] [stderr]    Compiling seify-rtlsdr v0.0.3 (/opt/rustwide/workdir)
[INFO] [stderr]    Compiling ctrlc v3.2.5
[INFO] [stderr]    Compiling stderrlog v0.5.4
[INFO] [stdout] error[E0433]: failed to resolve: use of undeclared crate or module `rtlsdr_rs`
[INFO] [stdout]  --> examples/rtl_test.rs:1:5
[INFO] [stdout]   |
[INFO] [stdout] 1 | use rtlsdr_rs::{error::Result, RtlSdr};
[INFO] [stdout]   |     ^^^^^^^^^ use of undeclared crate or module `rtlsdr_rs`
[INFO] [stdout] 
[INFO] [stdout] 
[INFO] [stdout] error[E0432]: unresolved import `rtlsdr_rs`
[INFO] [stdout]  --> examples/rtl_test.rs:1:5
[INFO] [stdout]   |
[INFO] [stdout] 1 | use rtlsdr_rs::{error::Result, RtlSdr};
[INFO] [stdout]   |     ^^^^^^^^^ use of undeclared crate or module `rtlsdr_rs`
[INFO] [stdout] 
[INFO] [stdout] 
[INFO] [stdout] error[E0433]: failed to resolve: use of undeclared crate or module `rtlsdr_rs`
[INFO] [stdout]  --> examples/rtl_test.rs:9:19
[INFO] [stdout]   |
[INFO] [stdout] 9 |     let devices = rtlsdr_rs::enumerate()?;
[INFO] [stdout]   |                   ^^^^^^^^^ use of undeclared crate or module `rtlsdr_rs`
[INFO] [stdout] 
[INFO] [stdout] 
[INFO] [stdout] error: aborting due to 3 previous errors
[INFO] [stdout] 
[INFO] [stdout] 
[INFO] [stdout] Some errors have detailed explanations: E0432, E0433.
[INFO] [stdout] 
[INFO] [stdout] For more information about an error, try `rustc --explain E0432`.
[INFO] [stdout] 
[INFO] [stderr] error: could not compile `seify-rtlsdr` (example "rtl_test") due to 4 previous errors
[INFO] [stderr] warning: build failed, waiting for other jobs to finish...
[INFO] running `Command { std: "docker" "inspect" "68d0be6023c56a28968ac4f624d2fef9940e9a94cf55eb0b920313365855c758", kill_on_drop: false }`
[INFO] running `Command { std: "docker" "rm" "-f" "68d0be6023c56a28968ac4f624d2fef9940e9a94cf55eb0b920313365855c758", kill_on_drop: false }`
[INFO] [stdout] 68d0be6023c56a28968ac4f624d2fef9940e9a94cf55eb0b920313365855c758
[INFO] testing seify-rtlsdr-0.0.3 against beta-2023-12-22 for beta-1.76-1
[INFO] extracting crate seify-rtlsdr 0.0.3 into /workspace/builds/worker-7-tc2/source
[INFO] validating manifest of crates.io crate seify-rtlsdr 0.0.3 on toolchain beta-2023-12-22
[INFO] running `Command { std: CARGO_HOME="/workspace/cargo-home" RUSTUP_HOME="/workspace/rustup-home" "/workspace/cargo-home/bin/cargo" "+beta-2023-12-22" "metadata" "--manifest-path" "Cargo.toml" "--no-deps", kill_on_drop: false }`
[INFO] started tweaking crates.io crate seify-rtlsdr 0.0.3
[INFO] finished tweaking crates.io crate seify-rtlsdr 0.0.3
[INFO] tweaked toml for crates.io crate seify-rtlsdr 0.0.3 written to /workspace/builds/worker-7-tc2/source/Cargo.toml
[INFO] crate crates.io crate seify-rtlsdr 0.0.3 already has a lockfile, it will not be regenerated
[INFO] running `Command { std: CARGO_HOME="/workspace/cargo-home" RUSTUP_HOME="/workspace/rustup-home" "/workspace/cargo-home/bin/cargo" "+beta-2023-12-22" "fetch" "--manifest-path" "Cargo.toml", kill_on_drop: false }`
[INFO] running `Command { std: "docker" "create" "-v" "/var/lib/crater-agent-workspace/builds/worker-7-tc2/target:/opt/rustwide/target:rw,Z" "-v" "/var/lib/crater-agent-workspace/builds/worker-7-tc2/source:/opt/rustwide/workdir:ro,Z" "-v" "/var/lib/crater-agent-workspace/cargo-home:/opt/rustwide/cargo-home:ro,Z" "-v" "/var/lib/crater-agent-workspace/rustup-home:/opt/rustwide/rustup-home:ro,Z" "-e" "SOURCE_DIR=/opt/rustwide/workdir" "-e" "CARGO_TARGET_DIR=/opt/rustwide/target" "-e" "CARGO_HOME=/opt/rustwide/cargo-home" "-e" "RUSTUP_HOME=/opt/rustwide/rustup-home" "-w" "/opt/rustwide/workdir" "-m" "1610612736" "--user" "0:0" "--network" "none" "ghcr.io/rust-lang/crates-build-env/linux@sha256:2788e3201cd34a07e3172128adcd8b3090168a8e3bcc40d7c032b9dda1df7d1c" "/opt/rustwide/cargo-home/bin/cargo" "+beta-2023-12-22" "metadata" "--no-deps" "--format-version=1", kill_on_drop: false }`
[INFO] [stdout] a566c99bce2f096c50530005d78954f1c11024f67b229f26fb03d02dea183222
[INFO] running `Command { std: "docker" "start" "-a" "a566c99bce2f096c50530005d78954f1c11024f67b229f26fb03d02dea183222", kill_on_drop: false }`
[INFO] running `Command { std: "docker" "inspect" "a566c99bce2f096c50530005d78954f1c11024f67b229f26fb03d02dea183222", kill_on_drop: false }`
[INFO] running `Command { std: "docker" "rm" "-f" "a566c99bce2f096c50530005d78954f1c11024f67b229f26fb03d02dea183222", kill_on_drop: false }`
[INFO] [stdout] a566c99bce2f096c50530005d78954f1c11024f67b229f26fb03d02dea183222
[INFO] running `Command { std: "docker" "create" "-v" "/var/lib/crater-agent-workspace/builds/worker-7-tc2/target:/opt/rustwide/target:rw,Z" "-v" "/var/lib/crater-agent-workspace/builds/worker-7-tc2/source:/opt/rustwide/workdir:ro,Z" "-v" "/var/lib/crater-agent-workspace/cargo-home:/opt/rustwide/cargo-home:ro,Z" "-v" "/var/lib/crater-agent-workspace/rustup-home:/opt/rustwide/rustup-home:ro,Z" "-e" "SOURCE_DIR=/opt/rustwide/workdir" "-e" "CARGO_TARGET_DIR=/opt/rustwide/target" "-e" "CARGO_INCREMENTAL=0" "-e" "RUST_BACKTRACE=full" "-e" "RUSTFLAGS=--cap-lints=warn" "-e" "RUSTDOCFLAGS=--cap-lints=warn" "-e" "CARGO_HOME=/opt/rustwide/cargo-home" "-e" "RUSTUP_HOME=/opt/rustwide/rustup-home" "-w" "/opt/rustwide/workdir" "-m" "1610612736" "--user" "0:0" "--network" "none" "ghcr.io/rust-lang/crates-build-env/linux@sha256:2788e3201cd34a07e3172128adcd8b3090168a8e3bcc40d7c032b9dda1df7d1c" "/opt/rustwide/cargo-home/bin/cargo" "+beta-2023-12-22" "build" "--frozen" "--message-format=json", kill_on_drop: false }`
[INFO] [stdout] 082ad8e6e27a8842d27186cf2c40d7e15847a4abbf47546a188a79084c10df5d
[INFO] running `Command { std: "docker" "start" "-a" "082ad8e6e27a8842d27186cf2c40d7e15847a4abbf47546a188a79084c10df5d", kill_on_drop: false }`
[INFO] [stderr]    Compiling proc-macro2 v1.0.57
[INFO] [stderr]    Compiling quote v1.0.27
[INFO] [stderr]    Compiling unicode-ident v1.0.8
[INFO] [stderr]    Compiling libc v0.2.144
[INFO] [stderr]    Compiling memchr v2.5.0
[INFO] [stderr]    Compiling num-traits v0.2.15
[INFO] [stderr]    Compiling pkg-config v0.3.27
[INFO] [stderr]    Compiling cc v1.0.79
[INFO] [stderr]    Compiling syn v1.0.109
[INFO] [stderr]    Compiling lock_api v0.4.9
[INFO] [stderr]    Compiling predicates-core v1.0.6
[INFO] [stderr]    Compiling either v1.8.1
[INFO] [stderr]    Compiling parking_lot_core v0.9.7
[INFO] [stderr]    Compiling regex-syntax v0.7.1
[INFO] [stderr]    Compiling thiserror v1.0.40
[INFO] [stderr]    Compiling log v0.4.17
[INFO] [stderr]    Compiling termtree v0.4.1
[INFO] [stderr]    Compiling itertools v0.10.5
[INFO] [stderr]    Compiling scopeguard v1.1.0
[INFO] [stderr]    Compiling difflib v0.4.0
[INFO] [stderr]    Compiling smallvec v1.10.0
[INFO] [stderr]    Compiling rusb v0.9.2
[INFO] [stderr]    Compiling normalize-line-endings v0.3.0
[INFO] [stderr]    Compiling predicates-tree v1.0.9
[INFO] [stderr]    Compiling fragile v2.0.0
[INFO] [stderr]    Compiling downcast v0.11.0
[INFO] [stderr]    Compiling lazy_static v1.4.0
[INFO] [stderr]    Compiling byteorder v1.4.3
[INFO] [stderr]    Compiling aho-corasick v1.0.1
[INFO] [stderr]    Compiling libusb1-sys v0.6.4
[INFO] [stderr]    Compiling syn v2.0.16
[INFO] [stderr]    Compiling parking_lot v0.12.1
[INFO] [stderr]    Compiling float-cmp v0.9.0
[INFO] [stderr]    Compiling regex v1.8.1
[INFO] [stderr]    Compiling predicates v2.1.5
[INFO] [stderr]    Compiling thiserror-impl v1.0.40
[INFO] [stderr]    Compiling mockall_derive v0.11.4
[INFO] [stderr]    Compiling mockall v0.11.4
[INFO] [stderr]    Compiling seify-rtlsdr v0.0.3 (/opt/rustwide/workdir)
[INFO] [stderr]     Finished dev [unoptimized + debuginfo] target(s) in 6.70s
[INFO] running `Command { std: "docker" "inspect" "082ad8e6e27a8842d27186cf2c40d7e15847a4abbf47546a188a79084c10df5d", kill_on_drop: false }`
[INFO] running `Command { std: "docker" "rm" "-f" "082ad8e6e27a8842d27186cf2c40d7e15847a4abbf47546a188a79084c10df5d", kill_on_drop: false }`
[INFO] [stdout] 082ad8e6e27a8842d27186cf2c40d7e15847a4abbf47546a188a79084c10df5d
[INFO] running `Command { std: "docker" "create" "-v" "/var/lib/crater-agent-workspace/builds/worker-7-tc2/target:/opt/rustwide/target:rw,Z" "-v" "/var/lib/crater-agent-workspace/builds/worker-7-tc2/source:/opt/rustwide/workdir:ro,Z" "-v" "/var/lib/crater-agent-workspace/cargo-home:/opt/rustwide/cargo-home:ro,Z" "-v" "/var/lib/crater-agent-workspace/rustup-home:/opt/rustwide/rustup-home:ro,Z" "-e" "SOURCE_DIR=/opt/rustwide/workdir" "-e" "CARGO_TARGET_DIR=/opt/rustwide/target" "-e" "CARGO_INCREMENTAL=0" "-e" "RUST_BACKTRACE=full" "-e" "RUSTFLAGS=--cap-lints=warn" "-e" "RUSTDOCFLAGS=--cap-lints=warn" "-e" "CARGO_HOME=/opt/rustwide/cargo-home" "-e" "RUSTUP_HOME=/opt/rustwide/rustup-home" "-w" "/opt/rustwide/workdir" "-m" "1610612736" "--user" "0:0" "--network" "none" "ghcr.io/rust-lang/crates-build-env/linux@sha256:2788e3201cd34a07e3172128adcd8b3090168a8e3bcc40d7c032b9dda1df7d1c" "/opt/rustwide/cargo-home/bin/cargo" "+beta-2023-12-22" "test" "--frozen" "--no-run" "--message-format=json", kill_on_drop: false }`
[INFO] [stdout] f88f2c81bbc5a1f27f6a85b29043ece19bd0b9628557c1a064b80f9d5d188517
[INFO] running `Command { std: "docker" "start" "-a" "f88f2c81bbc5a1f27f6a85b29043ece19bd0b9628557c1a064b80f9d5d188517", kill_on_drop: false }`
[INFO] [stderr]    Compiling libc v0.2.144
[INFO] [stderr]    Compiling num-traits v0.2.15
[INFO] [stderr]    Compiling num-integer v0.1.45
[INFO] [stderr]    Compiling log v0.4.17
[INFO] [stderr]    Compiling once_cell v1.17.1
[INFO] [stderr]    Compiling bitflags v1.3.2
[INFO] [stderr]    Compiling iana-time-zone v0.1.56
[INFO] [stderr]    Compiling static_assertions v1.1.0
[INFO] [stderr]    Compiling termcolor v1.1.3
[INFO] [stderr]    Compiling thread_local v1.1.7
[INFO] [stderr]    Compiling float-cmp v0.9.0
[INFO] [stderr]    Compiling num-complex v0.4.3
[INFO] [stderr]    Compiling predicates v2.1.5
[INFO] [stderr]    Compiling libusb1-sys v0.6.4
[INFO] [stderr]    Compiling parking_lot_core v0.9.7
[INFO] [stderr]    Compiling atty v0.2.14
[INFO] [stderr]    Compiling nix v0.26.2
[INFO] [stderr]    Compiling chrono v0.4.24
[INFO] [stderr]    Compiling rusb v0.9.2
[INFO] [stderr]    Compiling parking_lot v0.12.1
[INFO] [stderr]    Compiling mockall v0.11.4
[INFO] [stderr]    Compiling seify-rtlsdr v0.0.3 (/opt/rustwide/workdir)
[INFO] [stderr]    Compiling ctrlc v3.2.5
[INFO] [stderr]    Compiling stderrlog v0.5.4
[INFO] [stdout] error[E0433]: failed to resolve: use of undeclared crate or module `rtlsdr_rs`
[INFO] [stdout]  --> examples/rtl_test.rs:1:5
[INFO] [stdout]   |
[INFO] [stdout] 1 | use rtlsdr_rs::{error::Result, RtlSdr};
[INFO] [stdout]   |     ^^^^^^^^^ use of undeclared crate or module `rtlsdr_rs`
[INFO] [stdout] 
[INFO] [stdout] 
[INFO] [stdout] error[E0432]: unresolved import `rtlsdr_rs`
[INFO] [stdout]  --> examples/rtl_test.rs:1:5
[INFO] [stdout]   |
[INFO] [stdout] 1 | use rtlsdr_rs::{error::Result, RtlSdr};
[INFO] [stdout]   |     ^^^^^^^^^ use of undeclared crate or module `rtlsdr_rs`
[INFO] [stdout] 
[INFO] [stdout] 
[INFO] [stdout] error[E0433]: failed to resolve: use of undeclared crate or module `rtlsdr_rs`
[INFO] [stdout]  --> examples/rtl_test.rs:9:19
[INFO] [stdout]   |
[INFO] [stdout] 9 |     let devices = rtlsdr_rs::enumerate()?;
[INFO] [stdout]   |                   ^^^^^^^^^ use of undeclared crate or module `rtlsdr_rs`
[INFO] [stdout] 
[INFO] [stdout] 
[INFO] [stdout] error: aborting due to 3 previous errors
[INFO] [stdout] 
[INFO] [stdout] 
[INFO] [stdout] Some errors have detailed explanations: E0432, E0433.
[INFO] [stdout] 
[INFO] [stdout] For more information about an error, try `rustc --explain E0432`.
[INFO] [stdout] 
[INFO] [stderr] error: could not compile `seify-rtlsdr` (example "rtl_test") due to 4 previous errors
[INFO] [stderr] warning: build failed, waiting for other jobs to finish...
[INFO] running `Command { std: "docker" "inspect" "f88f2c81bbc5a1f27f6a85b29043ece19bd0b9628557c1a064b80f9d5d188517", kill_on_drop: false }`
[INFO] running `Command { std: "docker" "rm" "-f" "f88f2c81bbc5a1f27f6a85b29043ece19bd0b9628557c1a064b80f9d5d188517", kill_on_drop: false }`
[INFO] [stdout] f88f2c81bbc5a1f27f6a85b29043ece19bd0b9628557c1a064b80f9d5d188517
