[INFO] fetching crate sei-integration-tests 0.4.10...
[INFO] testing sei-integration-tests-0.4.10 against 1.75.0 for beta-1.76-1
[INFO] extracting crate sei-integration-tests 0.4.10 into /workspace/builds/worker-4-tc1/source
[INFO] validating manifest of crates.io crate sei-integration-tests 0.4.10 on toolchain 1.75.0
[INFO] running `Command { std: CARGO_HOME="/workspace/cargo-home" RUSTUP_HOME="/workspace/rustup-home" "/workspace/cargo-home/bin/cargo" "+1.75.0" "metadata" "--manifest-path" "Cargo.toml" "--no-deps", kill_on_drop: false }`
[INFO] started tweaking crates.io crate sei-integration-tests 0.4.10
[INFO] finished tweaking crates.io crate sei-integration-tests 0.4.10
[INFO] tweaked toml for crates.io crate sei-integration-tests 0.4.10 written to /workspace/builds/worker-4-tc1/source/Cargo.toml
[INFO] running `Command { std: CARGO_HOME="/workspace/cargo-home" RUSTUP_HOME="/workspace/rustup-home" "/workspace/cargo-home/bin/cargo" "+1.75.0" "generate-lockfile" "--manifest-path" "Cargo.toml", kill_on_drop: false }`
[INFO] [stderr]     Updating crates.io index
[INFO] running `Command { std: CARGO_HOME="/workspace/cargo-home" RUSTUP_HOME="/workspace/rustup-home" "/workspace/cargo-home/bin/cargo" "+1.75.0" "fetch" "--manifest-path" "Cargo.toml", kill_on_drop: false }`
[INFO] [stderr]  Downloading crates ...
[INFO] [stderr]   Downloaded cw-utils v1.0.3
[INFO] [stderr]   Downloaded cosmwasm-schema v1.5.0
[INFO] [stderr]   Downloaded cw2 v1.1.2
[INFO] [stderr]   Downloaded cosmwasm-schema-derive v1.5.0
[INFO] [stderr]   Downloaded sei-cosmwasm v0.4.12
[INFO] [stderr]   Downloaded cw20-base v0.13.4
[INFO] [stderr]   Downloaded cw-storage-plus v1.2.0
[INFO] [stderr]   Downloaded cw-multi-test v0.16.5
[INFO] running `Command { std: "docker" "create" "-v" "/var/lib/crater-agent-workspace/builds/worker-4-tc1/target:/opt/rustwide/target:rw,Z" "-v" "/var/lib/crater-agent-workspace/builds/worker-4-tc1/source:/opt/rustwide/workdir:ro,Z" "-v" "/var/lib/crater-agent-workspace/cargo-home:/opt/rustwide/cargo-home:ro,Z" "-v" "/var/lib/crater-agent-workspace/rustup-home:/opt/rustwide/rustup-home:ro,Z" "-e" "SOURCE_DIR=/opt/rustwide/workdir" "-e" "CARGO_TARGET_DIR=/opt/rustwide/target" "-e" "CARGO_HOME=/opt/rustwide/cargo-home" "-e" "RUSTUP_HOME=/opt/rustwide/rustup-home" "-w" "/opt/rustwide/workdir" "-m" "1610612736" "--user" "0:0" "--network" "none" "ghcr.io/rust-lang/crates-build-env/linux@sha256:2788e3201cd34a07e3172128adcd8b3090168a8e3bcc40d7c032b9dda1df7d1c" "/opt/rustwide/cargo-home/bin/cargo" "+1.75.0" "metadata" "--no-deps" "--format-version=1", kill_on_drop: false }`
[INFO] [stdout] b2c5e871d7744ed9e3b7e1e8c7e2ab039db4ba327e95279d72e55d8f50c9df9d
[INFO] running `Command { std: "docker" "start" "-a" "b2c5e871d7744ed9e3b7e1e8c7e2ab039db4ba327e95279d72e55d8f50c9df9d", kill_on_drop: false }`
[INFO] running `Command { std: "docker" "inspect" "b2c5e871d7744ed9e3b7e1e8c7e2ab039db4ba327e95279d72e55d8f50c9df9d", kill_on_drop: false }`
[INFO] running `Command { std: "docker" "rm" "-f" "b2c5e871d7744ed9e3b7e1e8c7e2ab039db4ba327e95279d72e55d8f50c9df9d", kill_on_drop: false }`
[INFO] [stdout] b2c5e871d7744ed9e3b7e1e8c7e2ab039db4ba327e95279d72e55d8f50c9df9d
[INFO] running `Command { std: "docker" "create" "-v" "/var/lib/crater-agent-workspace/builds/worker-4-tc1/target:/opt/rustwide/target:rw,Z" "-v" "/var/lib/crater-agent-workspace/builds/worker-4-tc1/source:/opt/rustwide/workdir:ro,Z" "-v" "/var/lib/crater-agent-workspace/cargo-home:/opt/rustwide/cargo-home:ro,Z" "-v" "/var/lib/crater-agent-workspace/rustup-home:/opt/rustwide/rustup-home:ro,Z" "-e" "SOURCE_DIR=/opt/rustwide/workdir" "-e" "CARGO_TARGET_DIR=/opt/rustwide/target" "-e" "CARGO_INCREMENTAL=0" "-e" "RUST_BACKTRACE=full" "-e" "RUSTFLAGS=--cap-lints=warn" "-e" "RUSTDOCFLAGS=--cap-lints=warn" "-e" "CARGO_HOME=/opt/rustwide/cargo-home" "-e" "RUSTUP_HOME=/opt/rustwide/rustup-home" "-w" "/opt/rustwide/workdir" "-m" "1610612736" "--user" "0:0" "--network" "none" "ghcr.io/rust-lang/crates-build-env/linux@sha256:2788e3201cd34a07e3172128adcd8b3090168a8e3bcc40d7c032b9dda1df7d1c" "/opt/rustwide/cargo-home/bin/cargo" "+1.75.0" "build" "--frozen" "--message-format=json", kill_on_drop: false }`
[INFO] [stdout] e16bf6b04a497dac2e128ffc87464f7d1cea885d132095fb99d11073dd243438
[INFO] running `Command { std: "docker" "start" "-a" "e16bf6b04a497dac2e128ffc87464f7d1cea885d132095fb99d11073dd243438", kill_on_drop: false }`
[INFO] [stderr]    Compiling zeroize v1.7.0
[INFO] [stderr]    Compiling version_check v0.9.4
[INFO] [stderr]    Compiling typenum v1.17.0
[INFO] [stderr]    Compiling subtle v2.5.0
[INFO] [stderr]    Compiling libc v0.2.151
[INFO] [stderr]    Compiling const-oid v0.9.6
[INFO] [stderr]    Compiling syn v1.0.109
[INFO] [stderr]    Compiling syn v2.0.48
[INFO] [stderr]    Compiling serde v1.0.194
[INFO] [stderr]    Compiling der v0.7.8
[INFO] [stderr]    Compiling thiserror v1.0.56
[INFO] [stderr]    Compiling generic-array v0.14.7
[INFO] [stderr]    Compiling cpufeatures v0.2.12
[INFO] [stderr]    Compiling ahash v0.7.7
[INFO] [stderr]    Compiling base16ct v0.2.0
[INFO] [stderr]    Compiling serde_json v1.0.111
[INFO] [stderr]    Compiling byteorder v1.5.0
[INFO] [stderr]    Compiling rand_core v0.5.1
[INFO] [stderr]    Compiling schemars v0.8.16
[INFO] [stderr]    Compiling ryu v1.0.16
[INFO] [stderr]    Compiling itoa v1.0.10
[INFO] [stderr]    Compiling getrandom v0.2.11
[INFO] [stderr]    Compiling spki v0.7.3
[INFO] [stderr]    Compiling opaque-debug v0.3.0
[INFO] [stderr]    Compiling rand_core v0.6.4
[INFO] [stderr]    Compiling pkcs8 v0.10.2
[INFO] [stderr]    Compiling dyn-clone v1.0.16
[INFO] [stderr]    Compiling ff v0.13.0
[INFO] [stderr]    Compiling hashbrown v0.12.3
[INFO] [stderr]    Compiling hex v0.4.3
[INFO] [stderr]    Compiling group v0.13.0
[INFO] [stderr]    Compiling bnum v0.8.1
[INFO] [stderr]    Compiling bech32 v0.9.1
[INFO] [stderr]    Compiling static_assertions v1.1.0
[INFO] [stderr]    Compiling crypto-common v0.1.6
[INFO] [stderr]    Compiling block-buffer v0.10.4
[INFO] [stderr]    Compiling sec1 v0.7.3
[INFO] [stderr]    Compiling digest v0.10.7
[INFO] [stderr]    Compiling crypto-bigint v0.5.5
[INFO] [stderr]    Compiling digest v0.9.0
[INFO] [stderr]    Compiling block-buffer v0.9.0
[INFO] [stderr]    Compiling sha2 v0.9.9
[INFO] [stderr]    Compiling curve25519-dalek v3.2.0
[INFO] [stderr]    Compiling hmac v0.12.1
[INFO] [stderr]    Compiling rfc6979 v0.4.0
[INFO] [stderr]    Compiling signature v2.2.0
[INFO] [stderr]    Compiling sha2 v0.10.8
[INFO] [stderr]    Compiling base64 v0.21.5
[INFO] [stderr]    Compiling forward_ref v1.0.0
[INFO] [stderr]    Compiling der v0.6.1
[INFO] [stderr]    Compiling base64ct v1.6.0
[INFO] [stderr]    Compiling serde_derive v1.0.194
[INFO] [stderr]    Compiling thiserror-impl v1.0.56
[INFO] [stderr]    Compiling crypto-bigint v0.4.9
[INFO] [stderr]    Compiling ff v0.12.1
[INFO] [stderr]    Compiling elliptic-curve v0.13.8
[INFO] [stderr]    Compiling serde_derive_internals v0.26.0
[INFO] [stderr]    Compiling ecdsa v0.16.9
[INFO] [stderr]    Compiling spki v0.6.0
[INFO] [stderr]    Compiling anyhow v1.0.79
[INFO] [stderr]    Compiling k256 v0.13.2
[INFO] [stderr]    Compiling pkcs8 v0.9.0
[INFO] [stderr]    Compiling semver v1.0.21
[INFO] [stderr]    Compiling base16ct v0.1.1
[INFO] [stderr]    Compiling group v0.12.1
[INFO] [stderr]    Compiling sec1 v0.3.0
[INFO] [stderr]    Compiling either v1.9.0
[INFO] [stderr]    Compiling itertools v0.10.5
[INFO] [stderr]    Compiling elliptic-curve v0.12.3
[INFO] [stderr]    Compiling rfc6979 v0.3.1
[INFO] [stderr]    Compiling signature v1.6.4
[INFO] [stderr]    Compiling protobuf v3.2.0
[INFO] [stderr]    Compiling ecdsa v0.14.8
[INFO] [stderr]    Compiling protobuf-support v3.2.0
[INFO] [stderr]    Compiling k256 v0.11.6
[INFO] [stderr]    Compiling serde_repr v0.1.18
[INFO] [stderr]    Compiling schemars_derive v0.8.16
[INFO] [stderr]    Compiling cosmwasm-derive v1.5.0
[INFO] [stderr]    Compiling derivative v2.2.0
[INFO] [stderr]    Compiling cosmwasm-schema-derive v1.5.0
[INFO] [stderr]    Compiling prost-derive v0.9.0
[INFO] [stderr]    Compiling prost v0.9.0
[INFO] [stderr]    Compiling ed25519-zebra v3.1.0
[INFO] [stderr]    Compiling serde-json-wasm v0.5.1
[INFO] [stderr]    Compiling cosmwasm-crypto v1.5.0
[INFO] [stderr]    Compiling cosmwasm-std v1.5.0
[INFO] [stderr]    Compiling cosmwasm-schema v1.5.0
[INFO] [stderr]    Compiling cw-storage-plus v1.2.0
[INFO] [stderr]    Compiling cw-utils v0.13.4
[INFO] [stderr]    Compiling cw-storage-plus v0.13.4
[INFO] [stderr]    Compiling sei-cosmwasm v0.4.12
[INFO] [stderr]    Compiling cw20 v0.13.4
[INFO] [stderr]    Compiling cw2 v0.13.4
[INFO] [stderr]    Compiling cw2 v1.1.2
[INFO] [stderr]    Compiling cw-utils v1.0.3
[INFO] [stderr]    Compiling cw-multi-test v0.16.5
[INFO] [stderr]    Compiling cw20-base v0.13.4
[INFO] [stderr]    Compiling sei-integration-tests v0.4.10 (/opt/rustwide/workdir)
[INFO] [stdout] warning: use of deprecated function `cosmwasm_std::from_binary`: use from_json instead
[INFO] [stdout]  --> src/helper.rs:2:5
[INFO] [stdout]   |
[INFO] [stdout] 2 |     from_binary,
[INFO] [stdout]   |     ^^^^^^^^^^^
[INFO] [stdout]   |
[INFO] [stdout]   = note: `#[warn(deprecated)]` on by default
[INFO] [stdout] 
[INFO] [stdout] 
[INFO] [stdout] warning: use of deprecated function `cosmwasm_std::from_binary`: use from_json instead
[INFO] [stdout]   --> src/helper.rs:37:5
[INFO] [stdout]    |
[INFO] [stdout] 37 |     from_binary(&arr.unwrap()).unwrap()
[INFO] [stdout]    |     ^^^^^^^^^^^
[INFO] [stdout] 
[INFO] [stdout] 
[INFO] [stdout] warning: use of deprecated function `cosmwasm_std::from_binary`: use from_json instead
[INFO] [stdout]  --> src/module.rs:3:5
[INFO] [stdout]   |
[INFO] [stdout] 3 |     from_binary, to_binary, Addr, Api, BankMsg, Binary, BlockInfo, Coin, CosmosMsg, CustomQuery,
[INFO] [stdout]   |     ^^^^^^^^^^^
[INFO] [stdout] 
[INFO] [stdout] 
[INFO] [stdout] warning: use of deprecated function `cosmwasm_std::to_binary`: use to_json_binary instead
[INFO] [stdout]  --> src/module.rs:3:18
[INFO] [stdout]   |
[INFO] [stdout] 3 |     from_binary, to_binary, Addr, Api, BankMsg, Binary, BlockInfo, Coin, CosmosMsg, CustomQuery,
[INFO] [stdout]   |                  ^^^^^^^^^
[INFO] [stdout] 
[INFO] [stdout] 
[INFO] [stdout] warning: use of deprecated function `cosmwasm_std::to_binary`: use to_json_binary instead
[INFO] [stdout]    --> src/module.rs:344:20
[INFO] [stdout]     |
[INFO] [stdout] 344 |         data: Some(to_binary(&contract_address).unwrap()),
[INFO] [stdout]     |                    ^^^^^^^^^
[INFO] [stdout] 
[INFO] [stdout] 
[INFO] [stdout] warning: use of deprecated function `cosmwasm_std::to_binary`: use to_json_binary instead
[INFO] [stdout]    --> src/module.rs:402:20
[INFO] [stdout]     |
[INFO] [stdout] 402 |         data: Some(to_binary(&contract_address).unwrap()),
[INFO] [stdout]     |                    ^^^^^^^^^
[INFO] [stdout] 
[INFO] [stdout] 
[INFO] [stdout] warning: use of deprecated function `cosmwasm_std::from_binary`: use from_json instead
[INFO] [stdout]    --> src/module.rs:494:45
[INFO] [stdout]     |
[INFO] [stdout] 494 |     let order_response: GetOrdersResponse = from_binary(
[INFO] [stdout]     |                                             ^^^^^^^^^^^
[INFO] [stdout] 
[INFO] [stdout] 
[INFO] [stdout] warning: use of deprecated function `cosmwasm_std::from_binary`: use from_json instead
[INFO] [stdout]    --> src/module.rs:565:37
[INFO] [stdout]     |
[INFO] [stdout] 565 |     let orders: GetOrdersResponse = from_binary(
[INFO] [stdout]     |                                     ^^^^^^^^^^^
[INFO] [stdout] 
[INFO] [stdout] 
[INFO] [stdout] warning: use of deprecated function `cosmwasm_std::to_binary`: use to_json_binary instead
[INFO] [stdout]    --> src/module.rs:615:15
[INFO] [stdout]     |
[INFO] [stdout] 615 |     return Ok(to_binary(&GetOrdersResponse {
[INFO] [stdout]     |               ^^^^^^^^^
[INFO] [stdout] 
[INFO] [stdout] 
[INFO] [stdout] warning: use of deprecated function `cosmwasm_std::to_binary`: use to_json_binary instead
[INFO] [stdout]    --> src/module.rs:648:15
[INFO] [stdout]     |
[INFO] [stdout] 648 |     return Ok(to_binary(&GetOrderByIdResponse {
[INFO] [stdout]     |               ^^^^^^^^^
[INFO] [stdout] 
[INFO] [stdout] 
[INFO] [stdout] warning: use of deprecated function `cosmwasm_std::to_binary`: use to_json_binary instead
[INFO] [stdout]    --> src/module.rs:661:15
[INFO] [stdout]     |
[INFO] [stdout] 661 |     return Ok(to_binary(&get_epoch(epoch))?);
[INFO] [stdout]     |               ^^^^^^^^^
[INFO] [stdout] 
[INFO] [stdout] 
[INFO] [stdout] warning: use of deprecated function `cosmwasm_std::to_binary`: use to_json_binary instead
[INFO] [stdout]    --> src/module.rs:679:20
[INFO] [stdout]     |
[INFO] [stdout] 679 |         data: Some(to_binary(&denom).unwrap()),
[INFO] [stdout]     |                    ^^^^^^^^^
[INFO] [stdout] 
[INFO] [stdout] 
[INFO] [stdout] warning: use of deprecated function `cosmwasm_std::to_binary`: use to_json_binary instead
[INFO] [stdout]    --> src/module.rs:141:20
[INFO] [stdout]     |
[INFO] [stdout] 141 |                 Ok(to_binary(&get_exchange_rates(self.exchange_rates.clone()))?)
[INFO] [stdout]     |                    ^^^^^^^^^
[INFO] [stdout] 
[INFO] [stdout] 
[INFO] [stdout] warning: use of deprecated function `cosmwasm_std::to_binary`: use to_json_binary instead
[INFO] [stdout]    --> src/module.rs:143:62
[INFO] [stdout]     |
[INFO] [stdout] 143 |             SeiQuery::OracleTwaps { lookback_seconds } => Ok(to_binary(&get_oracle_twaps(
[INFO] [stdout]     |                                                              ^^^^^^^^^
[INFO] [stdout] 
[INFO] [stdout] 
[INFO] [stdout] warning: use of deprecated function `cosmwasm_std::to_binary`: use to_json_binary instead
[INFO] [stdout]    --> src/module.rs:151:21
[INFO] [stdout]     |
[INFO] [stdout] 151 |             } => Ok(to_binary(&get_dex_twaps(
[INFO] [stdout]     |                     ^^^^^^^^^
[INFO] [stdout] 
[INFO] [stdout] 
[INFO] [stdout] warning: use of deprecated function `cosmwasm_std::to_binary`: use to_json_binary instead
[INFO] [stdout]    --> src/module.rs:160:21
[INFO] [stdout]     |
[INFO] [stdout] 160 |             } => Ok(to_binary(&get_order_simulation(
[INFO] [stdout]     |                     ^^^^^^^^^
[INFO] [stdout] 
[INFO] [stdout] 
[INFO] [stdout] error[E0026]: variant `CancelOrders` does not have a field named `order_ids`
[INFO] [stdout]    --> src/module.rs:113:17
[INFO] [stdout]     |
[INFO] [stdout] 113 |                 order_ids,
[INFO] [stdout]     |                 ^^^^^^^^^
[INFO] [stdout]     |                 |
[INFO] [stdout]     |                 variant `CancelOrders` does not have this field
[INFO] [stdout]     |                 help: `CancelOrders` has a field named `cancellations`
[INFO] [stdout] 
[INFO] [stdout] 
[INFO] [stdout] error[E0027]: pattern does not mention field `cancellations`
[INFO] [stdout]    --> src/module.rs:112:13
[INFO] [stdout]     |
[INFO] [stdout] 112 | /             SeiMsg::CancelOrders {
[INFO] [stdout] 113 | |                 order_ids,
[INFO] [stdout] 114 | |                 contract_address,
[INFO] [stdout] 115 | |             } => {
[INFO] [stdout]     | |_____________^ missing field `cancellations`
[INFO] [stdout]     |
[INFO] [stdout] help: include the missing field in the pattern
[INFO] [stdout]     |
[INFO] [stdout] 114 |                 contract_address, cancellations } => {
[INFO] [stdout]     |                                 ~~~~~~~~~~~~~~~~~
[INFO] [stdout] help: if you don't care about this missing field, you can explicitly ignore it
[INFO] [stdout]     |
[INFO] [stdout] 114 |                 contract_address, .. } => {
[INFO] [stdout]     |                                 ~~~~~~
[INFO] [stdout] 
[INFO] [stdout] 
[INFO] [stdout] error[E0599]: no variant named `NewBlock` found for enum `sei_cosmwasm::SudoMsg`
[INFO] [stdout]    --> src/module.rs:213:25
[INFO] [stdout]     |
[INFO] [stdout] 213 |             SeiSudoMsg::NewBlock { epoch } => {
[INFO] [stdout]     |                         ^^^^^^^^ variant not found in `sei_cosmwasm::SudoMsg`
[INFO] [stdout] 
[INFO] [stdout] 
[INFO] [stdout] error[E0599]: no variant named `Liquidation` found for enum `sei_cosmwasm::SudoMsg`
[INFO] [stdout]    --> src/module.rs:238:25
[INFO] [stdout]     |
[INFO] [stdout] 238 |             SeiSudoMsg::Liquidation { requests: _ } => Ok(AppResponse {
[INFO] [stdout]     |                         ^^^^^^^^^^^ variant not found in `sei_cosmwasm::SudoMsg`
[INFO] [stdout] 
[INFO] [stdout] 
[INFO] [stdout] error[E0599]: no variant named `FinalizeBlock` found for enum `sei_cosmwasm::SudoMsg`
[INFO] [stdout]    --> src/module.rs:242:25
[INFO] [stdout]     |
[INFO] [stdout] 242 |             SeiSudoMsg::FinalizeBlock {
[INFO] [stdout]     |                         ^^^^^^^^^^^^^ variant not found in `sei_cosmwasm::SudoMsg`
[INFO] [stdout] 
[INFO] [stdout] 
[INFO] [stdout] error[E0063]: missing fields `account`, `contract_address` and `status_description` in initializer of `OrderResponse`
[INFO] [stdout]    --> src/module.rs:293:30
[INFO] [stdout]     |
[INFO] [stdout] 293 |         let order_response = OrderResponse {
[INFO] [stdout]     |                              ^^^^^^^^^^^^^ missing `account`, `contract_address` and `status_description`
[INFO] [stdout] 
[INFO] [stdout] 
[INFO] [stdout] error: aborting due to 6 previous errors; 16 warnings emitted
[INFO] [stdout] 
[INFO] [stdout] 
[INFO] [stdout] Some errors have detailed explanations: E0026, E0027, E0063, E0599.
[INFO] [stdout] 
[INFO] [stdout] For more information about an error, try `rustc --explain E0026`.
[INFO] [stdout] 
[INFO] [stderr] error: could not compile `sei-integration-tests` (lib) due to 7 previous errors; 16 warnings emitted
[INFO] running `Command { std: "docker" "inspect" "e16bf6b04a497dac2e128ffc87464f7d1cea885d132095fb99d11073dd243438", kill_on_drop: false }`
[INFO] running `Command { std: "docker" "rm" "-f" "e16bf6b04a497dac2e128ffc87464f7d1cea885d132095fb99d11073dd243438", kill_on_drop: false }`
[INFO] [stdout] e16bf6b04a497dac2e128ffc87464f7d1cea885d132095fb99d11073dd243438
