[INFO] fetching crate security-framework 2.9.2...
[INFO] testing security-framework-2.9.2 against 1.75.0 for beta-1.76-1
[INFO] extracting crate security-framework 2.9.2 into /workspace/builds/worker-1-tc1/source
[INFO] validating manifest of crates.io crate security-framework 2.9.2 on toolchain 1.75.0
[INFO] running `Command { std: CARGO_HOME="/workspace/cargo-home" RUSTUP_HOME="/workspace/rustup-home" "/workspace/cargo-home/bin/cargo" "+1.75.0" "metadata" "--manifest-path" "Cargo.toml" "--no-deps", kill_on_drop: false }`
[INFO] started tweaking crates.io crate security-framework 2.9.2
[INFO] removed 0 missing examples
[INFO] finished tweaking crates.io crate security-framework 2.9.2
[INFO] tweaked toml for crates.io crate security-framework 2.9.2 written to /workspace/builds/worker-1-tc1/source/Cargo.toml
[INFO] crate crates.io crate security-framework 2.9.2 already has a lockfile, it will not be regenerated
[INFO] running `Command { std: CARGO_HOME="/workspace/cargo-home" RUSTUP_HOME="/workspace/rustup-home" "/workspace/cargo-home/bin/cargo" "+1.75.0" "fetch" "--manifest-path" "Cargo.toml", kill_on_drop: false }`
[INFO] [stderr]  Downloading crates ...
[INFO] [stderr]   Downloaded x509-parser v0.15.0
[INFO] running `Command { std: "docker" "create" "-v" "/var/lib/crater-agent-workspace/builds/worker-1-tc1/target:/opt/rustwide/target:rw,Z" "-v" "/var/lib/crater-agent-workspace/builds/worker-1-tc1/source:/opt/rustwide/workdir:ro,Z" "-v" "/var/lib/crater-agent-workspace/cargo-home:/opt/rustwide/cargo-home:ro,Z" "-v" "/var/lib/crater-agent-workspace/rustup-home:/opt/rustwide/rustup-home:ro,Z" "-e" "SOURCE_DIR=/opt/rustwide/workdir" "-e" "CARGO_TARGET_DIR=/opt/rustwide/target" "-e" "CARGO_HOME=/opt/rustwide/cargo-home" "-e" "RUSTUP_HOME=/opt/rustwide/rustup-home" "-w" "/opt/rustwide/workdir" "-m" "1610612736" "--user" "0:0" "--network" "none" "ghcr.io/rust-lang/crates-build-env/linux@sha256:2788e3201cd34a07e3172128adcd8b3090168a8e3bcc40d7c032b9dda1df7d1c" "/opt/rustwide/cargo-home/bin/cargo" "+1.75.0" "metadata" "--no-deps" "--format-version=1", kill_on_drop: false }`
[INFO] [stdout] d8def73b7d9d70c2596807f91ecfffe534ff25d7cbbe2eed4cc5e5e6f6f980ac
[INFO] running `Command { std: "docker" "start" "-a" "d8def73b7d9d70c2596807f91ecfffe534ff25d7cbbe2eed4cc5e5e6f6f980ac", kill_on_drop: false }`
[INFO] running `Command { std: "docker" "inspect" "d8def73b7d9d70c2596807f91ecfffe534ff25d7cbbe2eed4cc5e5e6f6f980ac", kill_on_drop: false }`
[INFO] running `Command { std: "docker" "rm" "-f" "d8def73b7d9d70c2596807f91ecfffe534ff25d7cbbe2eed4cc5e5e6f6f980ac", kill_on_drop: false }`
[INFO] [stdout] d8def73b7d9d70c2596807f91ecfffe534ff25d7cbbe2eed4cc5e5e6f6f980ac
[INFO] running `Command { std: "docker" "create" "-v" "/var/lib/crater-agent-workspace/builds/worker-1-tc1/target:/opt/rustwide/target:rw,Z" "-v" "/var/lib/crater-agent-workspace/builds/worker-1-tc1/source:/opt/rustwide/workdir:ro,Z" "-v" "/var/lib/crater-agent-workspace/cargo-home:/opt/rustwide/cargo-home:ro,Z" "-v" "/var/lib/crater-agent-workspace/rustup-home:/opt/rustwide/rustup-home:ro,Z" "-e" "SOURCE_DIR=/opt/rustwide/workdir" "-e" "CARGO_TARGET_DIR=/opt/rustwide/target" "-e" "CARGO_INCREMENTAL=0" "-e" "RUST_BACKTRACE=full" "-e" "RUSTFLAGS=--cap-lints=warn" "-e" "RUSTDOCFLAGS=--cap-lints=warn" "-e" "CARGO_HOME=/opt/rustwide/cargo-home" "-e" "RUSTUP_HOME=/opt/rustwide/rustup-home" "-w" "/opt/rustwide/workdir" "-m" "1610612736" "--user" "0:0" "--network" "none" "ghcr.io/rust-lang/crates-build-env/linux@sha256:2788e3201cd34a07e3172128adcd8b3090168a8e3bcc40d7c032b9dda1df7d1c" "/opt/rustwide/cargo-home/bin/cargo" "+1.75.0" "build" "--frozen" "--message-format=json", kill_on_drop: false }`
[INFO] [stdout] bcda6a854422494179156e0e9d44fca9c7d9787b0c7673820cde52fde435afe0
[INFO] running `Command { std: "docker" "start" "-a" "bcda6a854422494179156e0e9d44fca9c7d9787b0c7673820cde52fde435afe0", kill_on_drop: false }`
[INFO] [stderr]    Compiling libc v0.2.144
[INFO] [stderr]    Compiling core-foundation-sys v0.8.4
[INFO] [stderr]    Compiling core-foundation v0.9.3
[INFO] [stderr]    Compiling security-framework-sys v2.9.1
[INFO] [stderr]    Compiling security-framework v2.9.2 (/opt/rustwide/workdir)
[INFO] [stderr]     Finished dev [unoptimized + debuginfo] target(s) in 1.90s
[INFO] running `Command { std: "docker" "inspect" "bcda6a854422494179156e0e9d44fca9c7d9787b0c7673820cde52fde435afe0", kill_on_drop: false }`
[INFO] running `Command { std: "docker" "rm" "-f" "bcda6a854422494179156e0e9d44fca9c7d9787b0c7673820cde52fde435afe0", kill_on_drop: false }`
[INFO] [stdout] bcda6a854422494179156e0e9d44fca9c7d9787b0c7673820cde52fde435afe0
[INFO] running `Command { std: "docker" "create" "-v" "/var/lib/crater-agent-workspace/builds/worker-1-tc1/target:/opt/rustwide/target:rw,Z" "-v" "/var/lib/crater-agent-workspace/builds/worker-1-tc1/source:/opt/rustwide/workdir:ro,Z" "-v" "/var/lib/crater-agent-workspace/cargo-home:/opt/rustwide/cargo-home:ro,Z" "-v" "/var/lib/crater-agent-workspace/rustup-home:/opt/rustwide/rustup-home:ro,Z" "-e" "SOURCE_DIR=/opt/rustwide/workdir" "-e" "CARGO_TARGET_DIR=/opt/rustwide/target" "-e" "CARGO_INCREMENTAL=0" "-e" "RUST_BACKTRACE=full" "-e" "RUSTFLAGS=--cap-lints=warn" "-e" "RUSTDOCFLAGS=--cap-lints=warn" "-e" "CARGO_HOME=/opt/rustwide/cargo-home" "-e" "RUSTUP_HOME=/opt/rustwide/rustup-home" "-w" "/opt/rustwide/workdir" "-m" "1610612736" "--user" "0:0" "--network" "none" "ghcr.io/rust-lang/crates-build-env/linux@sha256:2788e3201cd34a07e3172128adcd8b3090168a8e3bcc40d7c032b9dda1df7d1c" "/opt/rustwide/cargo-home/bin/cargo" "+1.75.0" "test" "--frozen" "--no-run" "--message-format=json", kill_on_drop: false }`
[INFO] [stdout] 7b59a2e548ccfdc648274cf371dcec564a3be5c7ab8d0e0d7e0493062b59d3b5
[INFO] running `Command { std: "docker" "start" "-a" "7b59a2e548ccfdc648274cf371dcec564a3be5c7ab8d0e0d7e0493062b59d3b5", kill_on_drop: false }`
[INFO] [stderr]    Compiling proc-macro2 v1.0.56
[INFO] [stderr]    Compiling unicode-ident v1.0.8
[INFO] [stderr]    Compiling quote v1.0.27
[INFO] [stderr]    Compiling syn v1.0.109
[INFO] [stderr]    Compiling minimal-lexical v0.2.1
[INFO] [stderr]    Compiling io-lifetimes v1.0.10
[INFO] [stderr]    Compiling thiserror v1.0.40
[INFO] [stderr]    Compiling time-core v0.1.0
[INFO] [stderr]    Compiling rustix v0.37.19
[INFO] [stderr]    Compiling itoa v1.0.6
[INFO] [stderr]    Compiling linux-raw-sys v0.3.7
[INFO] [stderr]    Compiling num-traits v0.2.15
[INFO] [stderr]    Compiling num-integer v0.1.45
[INFO] [stderr]    Compiling num-bigint v0.4.3
[INFO] [stderr]    Compiling log v0.4.17
[INFO] [stderr]    Compiling oid-registry v0.6.1
[INFO] [stderr]    Compiling time-macros v0.2.6
[INFO] [stderr]    Compiling aho-corasick v1.0.1
[INFO] [stderr]    Compiling regex-syntax v0.7.1
[INFO] [stderr]    Compiling nom v7.1.3
[INFO] [stderr]    Compiling termcolor v1.2.0
[INFO] [stderr]    Compiling data-encoding v2.3.3
[INFO] [stderr]    Compiling fastrand v1.9.0
[INFO] [stderr]    Compiling time v0.3.17
[INFO] [stderr]    Compiling syn v2.0.15
[INFO] [stderr]    Compiling regex v1.8.1
[INFO] [stderr]    Compiling rusticata-macros v4.1.0
[INFO] [stderr]    Compiling is-terminal v0.4.7
[INFO] [stderr]    Compiling tempfile v3.5.0
[INFO] [stderr]    Compiling env_logger v0.10.0
[INFO] [stderr]    Compiling thiserror-impl v1.0.40
[INFO] [stderr]    Compiling displaydoc v0.2.4
[INFO] [stderr]    Compiling synstructure v0.12.6
[INFO] [stderr]    Compiling asn1-rs-impl v0.1.0
[INFO] [stderr]    Compiling asn1-rs-derive v0.4.0
[INFO] [stderr]    Compiling asn1-rs v0.5.2
[INFO] [stderr]    Compiling der-parser v8.2.0
[INFO] [stderr]    Compiling x509-parser v0.15.0
[INFO] [stderr]    Compiling security-framework v2.9.2 (/opt/rustwide/workdir)
[INFO] [stdout] error: couldn't read src/../test/server.der: No such file or directory (os error 2)
[INFO] [stdout]   --> src/lib.rs:89:27
[INFO] [stdout]    |
[INFO] [stdout] 89 |         let certificate = include_bytes!("../test/server.der");
[INFO] [stdout]    |                           ^^^^^^^^^^^^^^^^^^^^^^^^^^^^^^^^^^^^
[INFO] [stdout]    |
[INFO] [stdout]    = note: this error originates in the macro `include_bytes` (in Nightly builds, run with -Z macro-backtrace for more info)
[INFO] [stdout] 
[INFO] [stdout] 
[INFO] [stdout] error[E0432]: unresolved import `security_framework::secure_transport`
[INFO] [stdout]  --> examples/client.rs:1:25
[INFO] [stdout]   |
[INFO] [stdout] 1 | use security_framework::secure_transport::ClientBuilder;
[INFO] [stdout]   |                         ^^^^^^^^^^^^^^^^ could not find `secure_transport` in `security_framework`
[INFO] [stdout] 
[INFO] [stdout] 
[INFO] [stdout] warning: unused import: `Write`
[INFO] [stdout]  --> examples/client.rs:2:21
[INFO] [stdout]   |
[INFO] [stdout] 2 | use std::io::{Read, Write};
[INFO] [stdout]   |                     ^^^^^
[INFO] [stdout]   |
[INFO] [stdout]   = note: `#[warn(unused_imports)]` on by default
[INFO] [stdout] 
[INFO] [stdout] 
[INFO] [stdout] warning: unused import: `Read`
[INFO] [stdout]  --> examples/client.rs:2:15
[INFO] [stdout]   |
[INFO] [stdout] 2 | use std::io::{Read, Write};
[INFO] [stdout]   |               ^^^^
[INFO] [stdout] 
[INFO] [stdout] 
[INFO] [stdout] error: aborting due to previous error; 2 warnings emitted
[INFO] [stdout] 
[INFO] [stdout] 
[INFO] [stdout] For more information about this error, try `rustc --explain E0432`.
[INFO] [stdout] 
[INFO] [stderr] error: could not compile `security-framework` (example "client") due to 2 previous errors; 2 warnings emitted
[INFO] [stderr] warning: build failed, waiting for other jobs to finish...
[INFO] [stdout] error[E0432]: unresolved import `crate::certificate`
[INFO] [stdout]   --> src/lib.rs:86:16
[INFO] [stdout]    |
[INFO] [stdout] 86 |     use crate::certificate::SecCertificate;
[INFO] [stdout]    |                ^^^^^^^^^^^
[INFO] [stdout]    |                |
[INFO] [stdout]    |                unresolved import
[INFO] [stdout]    |                help: a similar path exists: `x509_parser::certificate`
[INFO] [stdout] 
[INFO] [stdout] 
[INFO] [stdout] error: aborting due to 2 previous errors
[INFO] [stdout] 
[INFO] [stdout] 
[INFO] [stdout] For more information about this error, try `rustc --explain E0432`.
[INFO] [stdout] 
[INFO] [stderr] error: could not compile `security-framework` (lib test) due to 3 previous errors
[INFO] running `Command { std: "docker" "inspect" "7b59a2e548ccfdc648274cf371dcec564a3be5c7ab8d0e0d7e0493062b59d3b5", kill_on_drop: false }`
[INFO] running `Command { std: "docker" "rm" "-f" "7b59a2e548ccfdc648274cf371dcec564a3be5c7ab8d0e0d7e0493062b59d3b5", kill_on_drop: false }`
[INFO] [stdout] 7b59a2e548ccfdc648274cf371dcec564a3be5c7ab8d0e0d7e0493062b59d3b5
[INFO] testing security-framework-2.9.2 against beta-2023-12-22 for beta-1.76-1
[INFO] extracting crate security-framework 2.9.2 into /workspace/builds/worker-1-tc2/source
[INFO] validating manifest of crates.io crate security-framework 2.9.2 on toolchain beta-2023-12-22
[INFO] running `Command { std: CARGO_HOME="/workspace/cargo-home" RUSTUP_HOME="/workspace/rustup-home" "/workspace/cargo-home/bin/cargo" "+beta-2023-12-22" "metadata" "--manifest-path" "Cargo.toml" "--no-deps", kill_on_drop: false }`
[INFO] started tweaking crates.io crate security-framework 2.9.2
[INFO] removed 0 missing examples
[INFO] finished tweaking crates.io crate security-framework 2.9.2
[INFO] tweaked toml for crates.io crate security-framework 2.9.2 written to /workspace/builds/worker-1-tc2/source/Cargo.toml
[INFO] crate crates.io crate security-framework 2.9.2 already has a lockfile, it will not be regenerated
[INFO] running `Command { std: CARGO_HOME="/workspace/cargo-home" RUSTUP_HOME="/workspace/rustup-home" "/workspace/cargo-home/bin/cargo" "+beta-2023-12-22" "fetch" "--manifest-path" "Cargo.toml", kill_on_drop: false }`
[INFO] running `Command { std: "docker" "create" "-v" "/var/lib/crater-agent-workspace/builds/worker-1-tc2/target:/opt/rustwide/target:rw,Z" "-v" "/var/lib/crater-agent-workspace/builds/worker-1-tc2/source:/opt/rustwide/workdir:ro,Z" "-v" "/var/lib/crater-agent-workspace/cargo-home:/opt/rustwide/cargo-home:ro,Z" "-v" "/var/lib/crater-agent-workspace/rustup-home:/opt/rustwide/rustup-home:ro,Z" "-e" "SOURCE_DIR=/opt/rustwide/workdir" "-e" "CARGO_TARGET_DIR=/opt/rustwide/target" "-e" "CARGO_HOME=/opt/rustwide/cargo-home" "-e" "RUSTUP_HOME=/opt/rustwide/rustup-home" "-w" "/opt/rustwide/workdir" "-m" "1610612736" "--user" "0:0" "--network" "none" "ghcr.io/rust-lang/crates-build-env/linux@sha256:2788e3201cd34a07e3172128adcd8b3090168a8e3bcc40d7c032b9dda1df7d1c" "/opt/rustwide/cargo-home/bin/cargo" "+beta-2023-12-22" "metadata" "--no-deps" "--format-version=1", kill_on_drop: false }`
[INFO] [stdout] b60ed78d5e509b193c73489ee5f01f5c4906bf7079cbe7e0ab987187c81c9e70
[INFO] running `Command { std: "docker" "start" "-a" "b60ed78d5e509b193c73489ee5f01f5c4906bf7079cbe7e0ab987187c81c9e70", kill_on_drop: false }`
[INFO] running `Command { std: "docker" "inspect" "b60ed78d5e509b193c73489ee5f01f5c4906bf7079cbe7e0ab987187c81c9e70", kill_on_drop: false }`
[INFO] running `Command { std: "docker" "rm" "-f" "b60ed78d5e509b193c73489ee5f01f5c4906bf7079cbe7e0ab987187c81c9e70", kill_on_drop: false }`
[INFO] [stdout] b60ed78d5e509b193c73489ee5f01f5c4906bf7079cbe7e0ab987187c81c9e70
[INFO] running `Command { std: "docker" "create" "-v" "/var/lib/crater-agent-workspace/builds/worker-1-tc2/target:/opt/rustwide/target:rw,Z" "-v" "/var/lib/crater-agent-workspace/builds/worker-1-tc2/source:/opt/rustwide/workdir:ro,Z" "-v" "/var/lib/crater-agent-workspace/cargo-home:/opt/rustwide/cargo-home:ro,Z" "-v" "/var/lib/crater-agent-workspace/rustup-home:/opt/rustwide/rustup-home:ro,Z" "-e" "SOURCE_DIR=/opt/rustwide/workdir" "-e" "CARGO_TARGET_DIR=/opt/rustwide/target" "-e" "CARGO_INCREMENTAL=0" "-e" "RUST_BACKTRACE=full" "-e" "RUSTFLAGS=--cap-lints=warn" "-e" "RUSTDOCFLAGS=--cap-lints=warn" "-e" "CARGO_HOME=/opt/rustwide/cargo-home" "-e" "RUSTUP_HOME=/opt/rustwide/rustup-home" "-w" "/opt/rustwide/workdir" "-m" "1610612736" "--user" "0:0" "--network" "none" "ghcr.io/rust-lang/crates-build-env/linux@sha256:2788e3201cd34a07e3172128adcd8b3090168a8e3bcc40d7c032b9dda1df7d1c" "/opt/rustwide/cargo-home/bin/cargo" "+beta-2023-12-22" "build" "--frozen" "--message-format=json", kill_on_drop: false }`
[INFO] [stdout] 4512bd315c39297c7342fbaebaaef863eeafba3503352afebc5c2f4ddfd8de51
[INFO] running `Command { std: "docker" "start" "-a" "4512bd315c39297c7342fbaebaaef863eeafba3503352afebc5c2f4ddfd8de51", kill_on_drop: false }`
[INFO] [stderr]    Compiling libc v0.2.144
[INFO] [stderr]    Compiling core-foundation-sys v0.8.4
[INFO] [stderr]    Compiling security-framework-sys v2.9.1
[INFO] [stderr]    Compiling core-foundation v0.9.3
[INFO] [stderr]    Compiling security-framework v2.9.2 (/opt/rustwide/workdir)
[INFO] [stderr]     Finished dev [unoptimized + debuginfo] target(s) in 1.85s
[INFO] running `Command { std: "docker" "inspect" "4512bd315c39297c7342fbaebaaef863eeafba3503352afebc5c2f4ddfd8de51", kill_on_drop: false }`
[INFO] running `Command { std: "docker" "rm" "-f" "4512bd315c39297c7342fbaebaaef863eeafba3503352afebc5c2f4ddfd8de51", kill_on_drop: false }`
[INFO] [stdout] 4512bd315c39297c7342fbaebaaef863eeafba3503352afebc5c2f4ddfd8de51
[INFO] running `Command { std: "docker" "create" "-v" "/var/lib/crater-agent-workspace/builds/worker-1-tc2/target:/opt/rustwide/target:rw,Z" "-v" "/var/lib/crater-agent-workspace/builds/worker-1-tc2/source:/opt/rustwide/workdir:ro,Z" "-v" "/var/lib/crater-agent-workspace/cargo-home:/opt/rustwide/cargo-home:ro,Z" "-v" "/var/lib/crater-agent-workspace/rustup-home:/opt/rustwide/rustup-home:ro,Z" "-e" "SOURCE_DIR=/opt/rustwide/workdir" "-e" "CARGO_TARGET_DIR=/opt/rustwide/target" "-e" "CARGO_INCREMENTAL=0" "-e" "RUST_BACKTRACE=full" "-e" "RUSTFLAGS=--cap-lints=warn" "-e" "RUSTDOCFLAGS=--cap-lints=warn" "-e" "CARGO_HOME=/opt/rustwide/cargo-home" "-e" "RUSTUP_HOME=/opt/rustwide/rustup-home" "-w" "/opt/rustwide/workdir" "-m" "1610612736" "--user" "0:0" "--network" "none" "ghcr.io/rust-lang/crates-build-env/linux@sha256:2788e3201cd34a07e3172128adcd8b3090168a8e3bcc40d7c032b9dda1df7d1c" "/opt/rustwide/cargo-home/bin/cargo" "+beta-2023-12-22" "test" "--frozen" "--no-run" "--message-format=json", kill_on_drop: false }`
[INFO] [stdout] b792983b345bd7c51d42de11b449720fc3248b9bcfbada9859ee060af630cc16
[INFO] running `Command { std: "docker" "start" "-a" "b792983b345bd7c51d42de11b449720fc3248b9bcfbada9859ee060af630cc16", kill_on_drop: false }`
[INFO] [stderr]    Compiling proc-macro2 v1.0.56
[INFO] [stderr]    Compiling quote v1.0.27
[INFO] [stderr]    Compiling unicode-ident v1.0.8
[INFO] [stderr]    Compiling syn v1.0.109
[INFO] [stderr]    Compiling minimal-lexical v0.2.1
[INFO] [stderr]    Compiling io-lifetimes v1.0.10
[INFO] [stderr]    Compiling time-core v0.1.0
[INFO] [stderr]    Compiling thiserror v1.0.40
[INFO] [stderr]    Compiling itoa v1.0.6
[INFO] [stderr]    Compiling rustix v0.37.19
[INFO] [stderr]    Compiling linux-raw-sys v0.3.7
[INFO] [stderr]    Compiling num-traits v0.2.15
[INFO] [stderr]    Compiling num-integer v0.1.45
[INFO] [stderr]    Compiling num-bigint v0.4.3
[INFO] [stderr]    Compiling oid-registry v0.6.1
[INFO] [stderr]    Compiling log v0.4.17
[INFO] [stderr]    Compiling time-macros v0.2.6
[INFO] [stderr]    Compiling aho-corasick v1.0.1
[INFO] [stderr]    Compiling nom v7.1.3
[INFO] [stderr]    Compiling regex-syntax v0.7.1
[INFO] [stderr]    Compiling fastrand v1.9.0
[INFO] [stderr]    Compiling data-encoding v2.3.3
[INFO] [stderr]    Compiling termcolor v1.2.0
[INFO] [stderr]    Compiling hex v0.4.3
[INFO] [stderr]    Compiling syn v2.0.15
[INFO] [stderr]    Compiling time v0.3.17
[INFO] [stderr]    Compiling regex v1.8.1
[INFO] [stderr]    Compiling rusticata-macros v4.1.0
[INFO] [stderr]    Compiling is-terminal v0.4.7
[INFO] [stderr]    Compiling tempfile v3.5.0
[INFO] [stderr]    Compiling env_logger v0.10.0
[INFO] [stderr]    Compiling thiserror-impl v1.0.40
[INFO] [stderr]    Compiling displaydoc v0.2.4
[INFO] [stderr]    Compiling synstructure v0.12.6
[INFO] [stderr]    Compiling asn1-rs-derive v0.4.0
[INFO] [stderr]    Compiling asn1-rs-impl v0.1.0
[INFO] [stderr]    Compiling asn1-rs v0.5.2
[INFO] [stderr]    Compiling der-parser v8.2.0
[INFO] [stderr]    Compiling x509-parser v0.15.0
[INFO] [stderr]    Compiling security-framework v2.9.2 (/opt/rustwide/workdir)
[INFO] [stdout] error: couldn't read src/../test/server.der: No such file or directory (os error 2)
[INFO] [stdout]   --> src/lib.rs:89:27
[INFO] [stdout]    |
[INFO] [stdout] 89 |         let certificate = include_bytes!("../test/server.der");
[INFO] [stdout]    |                           ^^^^^^^^^^^^^^^^^^^^^^^^^^^^^^^^^^^^
[INFO] [stdout]    |
[INFO] [stdout]    = note: this error originates in the macro `include_bytes` (in Nightly builds, run with -Z macro-backtrace for more info)
[INFO] [stdout] 
[INFO] [stdout] 
[INFO] [stdout] error[E0432]: unresolved import `security_framework::secure_transport`
[INFO] [stdout]  --> examples/client.rs:1:25
[INFO] [stdout]   |
[INFO] [stdout] 1 | use security_framework::secure_transport::ClientBuilder;
[INFO] [stdout]   |                         ^^^^^^^^^^^^^^^^ could not find `secure_transport` in `security_framework`
[INFO] [stdout] 
[INFO] [stdout] 
[INFO] [stdout] warning: unused import: `Write`
[INFO] [stdout]  --> examples/client.rs:2:21
[INFO] [stdout]   |
[INFO] [stdout] 2 | use std::io::{Read, Write};
[INFO] [stdout]   |                     ^^^^^
[INFO] [stdout]   |
[INFO] [stdout]   = note: `#[warn(unused_imports)]` on by default
[INFO] [stdout] 
[INFO] [stdout] 
[INFO] [stdout] warning: unused import: `Read`
[INFO] [stdout]  --> examples/client.rs:2:15
[INFO] [stdout]   |
[INFO] [stdout] 2 | use std::io::{Read, Write};
[INFO] [stdout]   |               ^^^^
[INFO] [stdout] 
[INFO] [stdout] 
[INFO] [stdout] error[E0432]: unresolved import `crate::certificate`
[INFO] [stdout]   --> src/lib.rs:86:16
[INFO] [stdout]    |
[INFO] [stdout] 86 |     use crate::certificate::SecCertificate;
[INFO] [stdout]    |                ^^^^^^^^^^^
[INFO] [stdout]    |                |
[INFO] [stdout]    |                unresolved import
[INFO] [stdout]    |                help: a similar path exists: `x509_parser::certificate`
[INFO] [stdout] 
[INFO] [stdout] 
[INFO] [stdout] error: aborting due to 1 previous error; 2 warnings emitted
[INFO] [stdout] 
[INFO] [stdout] 
[INFO] [stdout] For more information about this error, try `rustc --explain E0432`.
[INFO] [stdout] 
[INFO] [stderr] error: could not compile `security-framework` (example "client") due to 2 previous errors; 2 warnings emitted
[INFO] [stderr] warning: build failed, waiting for other jobs to finish...
[INFO] [stdout] error: aborting due to 2 previous errors
[INFO] [stdout] 
[INFO] [stdout] 
[INFO] [stdout] For more information about this error, try `rustc --explain E0432`.
[INFO] [stdout] 
[INFO] [stderr] error: could not compile `security-framework` (lib test) due to 3 previous errors
[INFO] running `Command { std: "docker" "inspect" "b792983b345bd7c51d42de11b449720fc3248b9bcfbada9859ee060af630cc16", kill_on_drop: false }`
[INFO] running `Command { std: "docker" "rm" "-f" "b792983b345bd7c51d42de11b449720fc3248b9bcfbada9859ee060af630cc16", kill_on_drop: false }`
[INFO] [stdout] b792983b345bd7c51d42de11b449720fc3248b9bcfbada9859ee060af630cc16
