[INFO] fetching crate secret_sharing_and_dkg 0.9.0...
[INFO] testing secret_sharing_and_dkg-0.9.0 against 1.75.0 for beta-1.76-1
[INFO] extracting crate secret_sharing_and_dkg 0.9.0 into /workspace/builds/worker-7-tc1/source
[INFO] validating manifest of crates.io crate secret_sharing_and_dkg 0.9.0 on toolchain 1.75.0
[INFO] running `Command { std: CARGO_HOME="/workspace/cargo-home" RUSTUP_HOME="/workspace/rustup-home" "/workspace/cargo-home/bin/cargo" "+1.75.0" "metadata" "--manifest-path" "Cargo.toml" "--no-deps", kill_on_drop: false }`
[INFO] started tweaking crates.io crate secret_sharing_and_dkg 0.9.0
[INFO] finished tweaking crates.io crate secret_sharing_and_dkg 0.9.0
[INFO] tweaked toml for crates.io crate secret_sharing_and_dkg 0.9.0 written to /workspace/builds/worker-7-tc1/source/Cargo.toml
[INFO] running `Command { std: CARGO_HOME="/workspace/cargo-home" RUSTUP_HOME="/workspace/rustup-home" "/workspace/cargo-home/bin/cargo" "+1.75.0" "generate-lockfile" "--manifest-path" "Cargo.toml", kill_on_drop: false }`
[INFO] [stderr]     Updating crates.io index
[INFO] running `Command { std: CARGO_HOME="/workspace/cargo-home" RUSTUP_HOME="/workspace/rustup-home" "/workspace/cargo-home/bin/cargo" "+1.75.0" "fetch" "--manifest-path" "Cargo.toml", kill_on_drop: false }`
[INFO] [stderr]  Downloading crates ...
[INFO] [stderr]   Downloaded schnorr_pok v0.16.0
[INFO] [stderr]   Downloaded dock_crypto_utils v0.16.0
[INFO] [stderr]   Downloaded dock_merlin v2.0.0
[INFO] running `Command { std: "docker" "create" "-v" "/var/lib/crater-agent-workspace/builds/worker-7-tc1/target:/opt/rustwide/target:rw,Z" "-v" "/var/lib/crater-agent-workspace/builds/worker-7-tc1/source:/opt/rustwide/workdir:ro,Z" "-v" "/var/lib/crater-agent-workspace/cargo-home:/opt/rustwide/cargo-home:ro,Z" "-v" "/var/lib/crater-agent-workspace/rustup-home:/opt/rustwide/rustup-home:ro,Z" "-e" "SOURCE_DIR=/opt/rustwide/workdir" "-e" "CARGO_TARGET_DIR=/opt/rustwide/target" "-e" "CARGO_HOME=/opt/rustwide/cargo-home" "-e" "RUSTUP_HOME=/opt/rustwide/rustup-home" "-w" "/opt/rustwide/workdir" "-m" "1610612736" "--user" "0:0" "--network" "none" "ghcr.io/rust-lang/crates-build-env/linux@sha256:2788e3201cd34a07e3172128adcd8b3090168a8e3bcc40d7c032b9dda1df7d1c" "/opt/rustwide/cargo-home/bin/cargo" "+1.75.0" "metadata" "--no-deps" "--format-version=1", kill_on_drop: false }`
[INFO] [stdout] 9d9836c813ffe43904dd0447e1f11e884ade425444359adbf388123743d2734c
[INFO] running `Command { std: "docker" "start" "-a" "9d9836c813ffe43904dd0447e1f11e884ade425444359adbf388123743d2734c", kill_on_drop: false }`
[INFO] running `Command { std: "docker" "inspect" "9d9836c813ffe43904dd0447e1f11e884ade425444359adbf388123743d2734c", kill_on_drop: false }`
[INFO] running `Command { std: "docker" "rm" "-f" "9d9836c813ffe43904dd0447e1f11e884ade425444359adbf388123743d2734c", kill_on_drop: false }`
[INFO] [stdout] 9d9836c813ffe43904dd0447e1f11e884ade425444359adbf388123743d2734c
[INFO] running `Command { std: "docker" "create" "-v" "/var/lib/crater-agent-workspace/builds/worker-7-tc1/target:/opt/rustwide/target:rw,Z" "-v" "/var/lib/crater-agent-workspace/builds/worker-7-tc1/source:/opt/rustwide/workdir:ro,Z" "-v" "/var/lib/crater-agent-workspace/cargo-home:/opt/rustwide/cargo-home:ro,Z" "-v" "/var/lib/crater-agent-workspace/rustup-home:/opt/rustwide/rustup-home:ro,Z" "-e" "SOURCE_DIR=/opt/rustwide/workdir" "-e" "CARGO_TARGET_DIR=/opt/rustwide/target" "-e" "CARGO_INCREMENTAL=0" "-e" "RUST_BACKTRACE=full" "-e" "RUSTFLAGS=--cap-lints=warn" "-e" "RUSTDOCFLAGS=--cap-lints=warn" "-e" "CARGO_HOME=/opt/rustwide/cargo-home" "-e" "RUSTUP_HOME=/opt/rustwide/rustup-home" "-w" "/opt/rustwide/workdir" "-m" "1610612736" "--user" "0:0" "--network" "none" "ghcr.io/rust-lang/crates-build-env/linux@sha256:2788e3201cd34a07e3172128adcd8b3090168a8e3bcc40d7c032b9dda1df7d1c" "/opt/rustwide/cargo-home/bin/cargo" "+1.75.0" "build" "--frozen" "--message-format=json", kill_on_drop: false }`
[INFO] [stdout] a70b6a6d5d49924398b424d5696a018d6640330ae6e77a9917df094eff29dec0
[INFO] running `Command { std: "docker" "start" "-a" "a70b6a6d5d49924398b424d5696a018d6640330ae6e77a9917df094eff29dec0", kill_on_drop: false }`
[INFO] [stderr]    Compiling cfg-if v1.0.0
[INFO] [stderr]    Compiling syn v1.0.109
[INFO] [stderr]    Compiling num-traits v0.2.17
[INFO] [stderr]    Compiling libc v0.2.151
[INFO] [stderr]    Compiling crossbeam-utils v0.8.18
[INFO] [stderr]    Compiling num-integer v0.1.45
[INFO] [stderr]    Compiling typenum v1.17.0
[INFO] [stderr]    Compiling syn v2.0.48
[INFO] [stderr]    Compiling generic-array v0.14.7
[INFO] [stderr]    Compiling num-bigint v0.4.4
[INFO] [stderr]    Compiling rayon-core v1.12.0
[INFO] [stderr]    Compiling ppv-lite86 v0.2.17
[INFO] [stderr]    Compiling either v1.9.0
[INFO] [stderr]    Compiling crossbeam-epoch v0.9.17
[INFO] [stderr]    Compiling crossbeam-deque v0.8.4
[INFO] [stderr]    Compiling getrandom v0.2.11
[INFO] [stderr]    Compiling rand_core v0.6.4
[INFO] [stderr]    Compiling rand_chacha v0.3.1
[INFO] [stderr]    Compiling rayon v1.8.0
[INFO] [stderr]    Compiling rand v0.8.5
[INFO] [stderr]    Compiling crypto-common v0.1.6
[INFO] [stderr]    Compiling digest v0.10.7
[INFO] [stderr]    Compiling ahash v0.8.7
[INFO] [stderr]    Compiling fnv v1.0.7
[INFO] [stderr]    Compiling paste v1.0.14
[INFO] [stderr]    Compiling ident_case v1.0.1
[INFO] [stderr]    Compiling strsim v0.10.0
[INFO] [stderr]    Compiling zerocopy v0.7.32
[INFO] [stderr]    Compiling once_cell v1.19.0
[INFO] [stderr]    Compiling itertools v0.10.5
[INFO] [stderr]    Compiling num-iter v0.1.43
[INFO] [stderr]    Compiling num-rational v0.4.1
[INFO] [stderr]    Compiling hashbrown v0.13.2
[INFO] [stderr]    Compiling darling_core v0.13.4
[INFO] [stderr]    Compiling ark-std v0.4.0
[INFO] [stderr]    Compiling num-complex v0.4.4
[INFO] [stderr]    Compiling byteorder v1.5.0
[INFO] [stderr]    Compiling keccak v0.1.4
[INFO] [stderr]    Compiling num v0.4.1
[INFO] [stderr]    Compiling zeroize_derive v1.4.2
[INFO] [stderr]    Compiling serde_derive v1.0.194
[INFO] [stderr]    Compiling ark-serialize-derive v0.4.2
[INFO] [stderr]    Compiling ark-ff-asm v0.4.2
[INFO] [stderr]    Compiling ark-ff-macros v0.4.2
[INFO] [stderr]    Compiling derivative v2.2.0
[INFO] [stderr]    Compiling darling_macro v0.13.4
[INFO] [stderr]    Compiling zeroize v1.7.0
[INFO] [stderr]    Compiling ark-serialize v0.4.2
[INFO] [stderr]    Compiling darling v0.13.4
[INFO] [stderr]    Compiling serde_with_macros v1.5.2
[INFO] [stderr]    Compiling ark-ff v0.4.2
[INFO] [stderr]    Compiling serde v1.0.194
[INFO] [stderr]    Compiling dock_merlin v2.0.0
[INFO] [stderr]    Compiling serde_with v1.14.0
[INFO] [stderr]    Compiling ark-poly v0.4.2
[INFO] [stderr]    Compiling ark-ec v0.4.2
[INFO] [stderr]    Compiling dock_crypto_utils v0.16.0
[INFO] [stderr]    Compiling schnorr_pok v0.16.0
[INFO] [stderr]    Compiling secret_sharing_and_dkg v0.9.0 (/opt/rustwide/workdir)
[INFO] [stderr]     Finished dev [unoptimized + debuginfo] target(s) in 20.60s
[INFO] running `Command { std: "docker" "inspect" "a70b6a6d5d49924398b424d5696a018d6640330ae6e77a9917df094eff29dec0", kill_on_drop: false }`
[INFO] running `Command { std: "docker" "rm" "-f" "a70b6a6d5d49924398b424d5696a018d6640330ae6e77a9917df094eff29dec0", kill_on_drop: false }`
[INFO] [stdout] a70b6a6d5d49924398b424d5696a018d6640330ae6e77a9917df094eff29dec0
[INFO] running `Command { std: "docker" "create" "-v" "/var/lib/crater-agent-workspace/builds/worker-7-tc1/target:/opt/rustwide/target:rw,Z" "-v" "/var/lib/crater-agent-workspace/builds/worker-7-tc1/source:/opt/rustwide/workdir:ro,Z" "-v" "/var/lib/crater-agent-workspace/cargo-home:/opt/rustwide/cargo-home:ro,Z" "-v" "/var/lib/crater-agent-workspace/rustup-home:/opt/rustwide/rustup-home:ro,Z" "-e" "SOURCE_DIR=/opt/rustwide/workdir" "-e" "CARGO_TARGET_DIR=/opt/rustwide/target" "-e" "CARGO_INCREMENTAL=0" "-e" "RUST_BACKTRACE=full" "-e" "RUSTFLAGS=--cap-lints=warn" "-e" "RUSTDOCFLAGS=--cap-lints=warn" "-e" "CARGO_HOME=/opt/rustwide/cargo-home" "-e" "RUSTUP_HOME=/opt/rustwide/rustup-home" "-w" "/opt/rustwide/workdir" "-m" "1610612736" "--user" "0:0" "--network" "none" "ghcr.io/rust-lang/crates-build-env/linux@sha256:2788e3201cd34a07e3172128adcd8b3090168a8e3bcc40d7c032b9dda1df7d1c" "/opt/rustwide/cargo-home/bin/cargo" "+1.75.0" "test" "--frozen" "--no-run" "--message-format=json", kill_on_drop: false }`
[INFO] [stdout] 791a5127f8faf74dd78102077712e9d2b4d8bf58f4e9ac2750db2d5e0cc5d9fa
[INFO] running `Command { std: "docker" "start" "-a" "791a5127f8faf74dd78102077712e9d2b4d8bf58f4e9ac2750db2d5e0cc5d9fa", kill_on_drop: false }`
[INFO] [stderr]    Compiling block-buffer v0.10.4
[INFO] [stderr]    Compiling subtle v2.5.0
[INFO] [stderr]    Compiling rmp v0.8.12
[INFO] [stderr]    Compiling serde_json v1.0.111
[INFO] [stderr]    Compiling digest v0.10.7
[INFO] [stderr]    Compiling ark-serialize v0.4.2
[INFO] [stderr]    Compiling blake2 v0.10.6
[INFO] [stderr]    Compiling rmp-serde v1.1.2
[INFO] [stderr]    Compiling ark-ff v0.4.2
[INFO] [stderr]    Compiling dock_merlin v2.0.0
[INFO] [stderr]    Compiling ark-poly v0.4.2
[INFO] [stderr]    Compiling ark-ec v0.4.2
[INFO] [stderr]    Compiling dock_crypto_utils v0.16.0
[INFO] [stderr]    Compiling ark-bls12-381 v0.4.0
[INFO] [stderr]    Compiling schnorr_pok v0.16.0
[INFO] [stderr]    Compiling secret_sharing_and_dkg v0.9.0 (/opt/rustwide/workdir)
[INFO] [stdout] error[E0432]: unresolved import `test_utils`
[INFO] [stdout]    --> src/feldman_dvss_dkg.rs:197:9
[INFO] [stdout]     |
[INFO] [stdout] 197 |     use test_utils::{test_serialization, G1, G2};
[INFO] [stdout]     |         ^^^^^^^^^^ use of undeclared crate or module `test_utils`
[INFO] [stdout] 
[INFO] [stdout] 
[INFO] [stdout] error[E0432]: unresolved import `test_utils`
[INFO] [stdout]    --> src/feldman_vss.rs:102:9
[INFO] [stdout]     |
[INFO] [stdout] 102 |     use test_utils::test_serialization;
[INFO] [stdout]     |         ^^^^^^^^^^ use of undeclared crate or module `test_utils`
[INFO] [stdout] 
[INFO] [stdout] 
[INFO] [stdout] error[E0432]: unresolved import `test_utils`
[INFO] [stdout]    --> src/frost_dkg.rs:260:9
[INFO] [stdout]     |
[INFO] [stdout] 260 |     use test_utils::{test_serialization, G1, G2};
[INFO] [stdout]     |         ^^^^^^^^^^ use of undeclared crate or module `test_utils`
[INFO] [stdout] 
[INFO] [stdout] 
[INFO] [stdout] error[E0432]: unresolved import `test_utils`
[INFO] [stdout]    --> src/pedersen_dvss.rs:166:9
[INFO] [stdout]     |
[INFO] [stdout] 166 |     use test_utils::{test_serialization, G1, G2};
[INFO] [stdout]     |         ^^^^^^^^^^ use of undeclared crate or module `test_utils`
[INFO] [stdout] 
[INFO] [stdout] 
[INFO] [stdout] error[E0432]: unresolved import `test_utils`
[INFO] [stdout]    --> src/pedersen_vss.rs:190:9
[INFO] [stdout]     |
[INFO] [stdout] 190 |     use test_utils::{test_serialization, G1, G2};
[INFO] [stdout]     |         ^^^^^^^^^^ use of undeclared crate or module `test_utils`
[INFO] [stdout] 
[INFO] [stdout] 
[INFO] [stdout] error[E0432]: unresolved import `test_utils`
[INFO] [stdout]   --> src/shamir_ss.rs:75:9
[INFO] [stdout]    |
[INFO] [stdout] 75 |     use test_utils::test_serialization;
[INFO] [stdout]    |         ^^^^^^^^^^ use of undeclared crate or module `test_utils`
[INFO] [stdout] 
[INFO] [stdout] 
[INFO] [stdout] error: cannot determine resolution for the macro `test_serialization`
[INFO] [stdout]    --> src/feldman_dvss_dkg.rs:333:17
[INFO] [stdout]     |
[INFO] [stdout] 333 |                 test_serialization!(SharesAccumulator<G>, accumulators[0].clone());
[INFO] [stdout]     |                 ^^^^^^^^^^^^^^^^^^
[INFO] [stdout]     |
[INFO] [stdout]     = note: import resolution is stuck, try simplifying macro imports
[INFO] [stdout] 
[INFO] [stdout] 
[INFO] [stdout] error: cannot determine resolution for the macro `test_serialization`
[INFO] [stdout]    --> src/feldman_vss.rs:146:17
[INFO] [stdout]     |
[INFO] [stdout] 146 |                 test_serialization!(CommitmentToCoefficients<G>, commitments);
[INFO] [stdout]     |                 ^^^^^^^^^^^^^^^^^^
[INFO] [stdout]     |
[INFO] [stdout]     = note: import resolution is stuck, try simplifying macro imports
[INFO] [stdout] 
[INFO] [stdout] 
[INFO] [stdout] error: cannot determine resolution for the macro `test_serialization`
[INFO] [stdout]    --> src/frost_dkg.rs:312:17
[INFO] [stdout]     |
[INFO] [stdout] 312 |                 test_serialization!(Round1State<G>, all_round1_states[0].clone());
[INFO] [stdout]     |                 ^^^^^^^^^^^^^^^^^^
[INFO] [stdout]     |
[INFO] [stdout]     = note: import resolution is stuck, try simplifying macro imports
[INFO] [stdout] 
[INFO] [stdout] 
[INFO] [stdout] error: cannot determine resolution for the macro `test_serialization`
[INFO] [stdout]    --> src/frost_dkg.rs:313:17
[INFO] [stdout]     |
[INFO] [stdout] 313 |                 test_serialization!(Round1Msg<G>, all_round1_msgs[0].clone());
[INFO] [stdout]     |                 ^^^^^^^^^^^^^^^^^^
[INFO] [stdout]     |
[INFO] [stdout]     = note: import resolution is stuck, try simplifying macro imports
[INFO] [stdout] 
[INFO] [stdout] 
[INFO] [stdout] error: cannot determine resolution for the macro `test_serialization`
[INFO] [stdout]    --> src/frost_dkg.rs:359:21
[INFO] [stdout]     |
[INFO] [stdout] 359 |                     test_serialization!(Round1State<G>, all_round1_states[i].clone());
[INFO] [stdout]     |                     ^^^^^^^^^^^^^^^^^^
[INFO] [stdout]     |
[INFO] [stdout]     = note: import resolution is stuck, try simplifying macro imports
[INFO] [stdout] 
[INFO] [stdout] 
[INFO] [stdout] error: cannot determine resolution for the macro `test_serialization`
[INFO] [stdout]    --> src/frost_dkg.rs:370:17
[INFO] [stdout]     |
[INFO] [stdout] 370 |                 test_serialization!(Round2State<G>, all_round2_states[0].clone());
[INFO] [stdout]     |                 ^^^^^^^^^^^^^^^^^^
[INFO] [stdout]     |
[INFO] [stdout]     = note: import resolution is stuck, try simplifying macro imports
[INFO] [stdout] 
[INFO] [stdout] 
[INFO] [stdout] error: cannot determine resolution for the macro `test_serialization`
[INFO] [stdout]    --> src/frost_dkg.rs:442:21
[INFO] [stdout]     |
[INFO] [stdout] 442 |                     test_serialization!(Round2State<G>, all_round2_states[i].clone());
[INFO] [stdout]     |                     ^^^^^^^^^^^^^^^^^^
[INFO] [stdout]     |
[INFO] [stdout]     = note: import resolution is stuck, try simplifying macro imports
[INFO] [stdout] 
[INFO] [stdout] 
[INFO] [stdout] error: cannot determine resolution for the macro `test_serialization`
[INFO] [stdout]    --> src/pedersen_dvss.rs:311:17
[INFO] [stdout]     |
[INFO] [stdout] 311 |                 test_serialization!(SharesAccumulator<G>, accumulators[0].clone());
[INFO] [stdout]     |                 ^^^^^^^^^^^^^^^^^^
[INFO] [stdout]     |
[INFO] [stdout]     = note: import resolution is stuck, try simplifying macro imports
[INFO] [stdout] 
[INFO] [stdout] 
[INFO] [stdout] error: cannot determine resolution for the macro `test_serialization`
[INFO] [stdout]    --> src/pedersen_vss.rs:244:17
[INFO] [stdout]     |
[INFO] [stdout] 244 |                 test_serialization!(VerifiableShares<G::ScalarField>, shares);
[INFO] [stdout]     |                 ^^^^^^^^^^^^^^^^^^
[INFO] [stdout]     |
[INFO] [stdout]     = note: import resolution is stuck, try simplifying macro imports
[INFO] [stdout] 
[INFO] [stdout] 
[INFO] [stdout] error: cannot determine resolution for the macro `test_serialization`
[INFO] [stdout]    --> src/pedersen_vss.rs:245:17
[INFO] [stdout]     |
[INFO] [stdout] 245 |                 test_serialization!(VerifiableShare<G::ScalarField>, shares.0[0]);
[INFO] [stdout]     |                 ^^^^^^^^^^^^^^^^^^
[INFO] [stdout]     |
[INFO] [stdout]     = note: import resolution is stuck, try simplifying macro imports
[INFO] [stdout] 
[INFO] [stdout] 
[INFO] [stdout] error: cannot determine resolution for the macro `test_serialization`
[INFO] [stdout]    --> src/pedersen_vss.rs:246:17
[INFO] [stdout]     |
[INFO] [stdout] 246 |                 test_serialization!(CommitmentToCoefficients<G>, commitments);
[INFO] [stdout]     |                 ^^^^^^^^^^^^^^^^^^
[INFO] [stdout]     |
[INFO] [stdout]     = note: import resolution is stuck, try simplifying macro imports
[INFO] [stdout] 
[INFO] [stdout] 
[INFO] [stdout] error: cannot determine resolution for the macro `test_serialization`
[INFO] [stdout]    --> src/shamir_ss.rs:119:13
[INFO] [stdout]     |
[INFO] [stdout] 119 |             test_serialization!(Shares<Fr>, shares);
[INFO] [stdout]     |             ^^^^^^^^^^^^^^^^^^
[INFO] [stdout]     |
[INFO] [stdout]     = note: import resolution is stuck, try simplifying macro imports
[INFO] [stdout] 
[INFO] [stdout] 
[INFO] [stdout] error: cannot determine resolution for the macro `test_serialization`
[INFO] [stdout]    --> src/shamir_ss.rs:120:13
[INFO] [stdout]     |
[INFO] [stdout] 120 |             test_serialization!(Share<Fr>, shares.0[0]);
[INFO] [stdout]     |             ^^^^^^^^^^^^^^^^^^
[INFO] [stdout]     |
[INFO] [stdout]     = note: import resolution is stuck, try simplifying macro imports
[INFO] [stdout] 
[INFO] [stdout] 
[INFO] [stdout] warning: unused import: `UniformRand`
[INFO] [stdout]    --> src/feldman_dvss_dkg.rs:195:9
[INFO] [stdout]     |
[INFO] [stdout] 195 |         UniformRand,
[INFO] [stdout]     |         ^^^^^^^^^^^
[INFO] [stdout]     |
[INFO] [stdout]     = note: `#[warn(unused_imports)]` on by default
[INFO] [stdout] 
[INFO] [stdout] 
[INFO] [stdout] warning: unused imports: `CanonicalDeserialize`, `CanonicalSerialize`
[INFO] [stdout]   --> src/feldman_vss.rs:99:25
[INFO] [stdout]    |
[INFO] [stdout] 99 |     use ark_serialize::{CanonicalDeserialize, CanonicalSerialize};
[INFO] [stdout]    |                         ^^^^^^^^^^^^^^^^^^^^  ^^^^^^^^^^^^^^^^^^
[INFO] [stdout] 
[INFO] [stdout] 
[INFO] [stdout] warning: unused import: `UniformRand`
[INFO] [stdout]    --> src/frost_dkg.rs:257:9
[INFO] [stdout]     |
[INFO] [stdout] 257 |         UniformRand,
[INFO] [stdout]     |         ^^^^^^^^^^^
[INFO] [stdout] 
[INFO] [stdout] 
[INFO] [stdout] warning: unused import: `crate::common::Share`
[INFO] [stdout]   --> src/shamir_ss.rs:70:9
[INFO] [stdout]    |
[INFO] [stdout] 70 |     use crate::common::Share;
[INFO] [stdout]    |         ^^^^^^^^^^^^^^^^^^^^
[INFO] [stdout] 
[INFO] [stdout] 
[INFO] [stdout] warning: unused imports: `CanonicalDeserialize`, `CanonicalSerialize`
[INFO] [stdout]   --> src/shamir_ss.rs:73:25
[INFO] [stdout]    |
[INFO] [stdout] 73 |     use ark_serialize::{CanonicalDeserialize, CanonicalSerialize};
[INFO] [stdout]    |                         ^^^^^^^^^^^^^^^^^^^^  ^^^^^^^^^^^^^^^^^^
[INFO] [stdout] 
[INFO] [stdout] 
[INFO] [stdout] error: aborting due to 19 previous errors; 5 warnings emitted
[INFO] [stdout] 
[INFO] [stdout] 
[INFO] [stdout] For more information about this error, try `rustc --explain E0432`.
[INFO] [stdout] 
[INFO] [stderr] error: could not compile `secret_sharing_and_dkg` (lib test) due to 20 previous errors; 5 warnings emitted
[INFO] running `Command { std: "docker" "inspect" "791a5127f8faf74dd78102077712e9d2b4d8bf58f4e9ac2750db2d5e0cc5d9fa", kill_on_drop: false }`
[INFO] running `Command { std: "docker" "rm" "-f" "791a5127f8faf74dd78102077712e9d2b4d8bf58f4e9ac2750db2d5e0cc5d9fa", kill_on_drop: false }`
[INFO] [stdout] 791a5127f8faf74dd78102077712e9d2b4d8bf58f4e9ac2750db2d5e0cc5d9fa
[INFO] testing secret_sharing_and_dkg-0.9.0 against beta-2023-12-22 for beta-1.76-1
[INFO] extracting crate secret_sharing_and_dkg 0.9.0 into /workspace/builds/worker-7-tc2/source
[INFO] validating manifest of crates.io crate secret_sharing_and_dkg 0.9.0 on toolchain beta-2023-12-22
[INFO] running `Command { std: CARGO_HOME="/workspace/cargo-home" RUSTUP_HOME="/workspace/rustup-home" "/workspace/cargo-home/bin/cargo" "+beta-2023-12-22" "metadata" "--manifest-path" "Cargo.toml" "--no-deps", kill_on_drop: false }`
[INFO] started tweaking crates.io crate secret_sharing_and_dkg 0.9.0
[INFO] finished tweaking crates.io crate secret_sharing_and_dkg 0.9.0
[INFO] tweaked toml for crates.io crate secret_sharing_and_dkg 0.9.0 written to /workspace/builds/worker-7-tc2/source/Cargo.toml
[INFO] running `Command { std: CARGO_HOME="/workspace/cargo-home" RUSTUP_HOME="/workspace/rustup-home" "/workspace/cargo-home/bin/cargo" "+beta-2023-12-22" "generate-lockfile" "--manifest-path" "Cargo.toml", kill_on_drop: false }`
[INFO] [stderr]     Updating crates.io index
[INFO] running `Command { std: CARGO_HOME="/workspace/cargo-home" RUSTUP_HOME="/workspace/rustup-home" "/workspace/cargo-home/bin/cargo" "+beta-2023-12-22" "fetch" "--manifest-path" "Cargo.toml", kill_on_drop: false }`
[INFO] running `Command { std: "docker" "create" "-v" "/var/lib/crater-agent-workspace/builds/worker-7-tc2/target:/opt/rustwide/target:rw,Z" "-v" "/var/lib/crater-agent-workspace/builds/worker-7-tc2/source:/opt/rustwide/workdir:ro,Z" "-v" "/var/lib/crater-agent-workspace/cargo-home:/opt/rustwide/cargo-home:ro,Z" "-v" "/var/lib/crater-agent-workspace/rustup-home:/opt/rustwide/rustup-home:ro,Z" "-e" "SOURCE_DIR=/opt/rustwide/workdir" "-e" "CARGO_TARGET_DIR=/opt/rustwide/target" "-e" "CARGO_HOME=/opt/rustwide/cargo-home" "-e" "RUSTUP_HOME=/opt/rustwide/rustup-home" "-w" "/opt/rustwide/workdir" "-m" "1610612736" "--user" "0:0" "--network" "none" "ghcr.io/rust-lang/crates-build-env/linux@sha256:2788e3201cd34a07e3172128adcd8b3090168a8e3bcc40d7c032b9dda1df7d1c" "/opt/rustwide/cargo-home/bin/cargo" "+beta-2023-12-22" "metadata" "--no-deps" "--format-version=1", kill_on_drop: false }`
[INFO] [stdout] 48e86deb53f2040c3ff036883773aceee9071d8496c06475051f7ffad6f35c93
[INFO] running `Command { std: "docker" "start" "-a" "48e86deb53f2040c3ff036883773aceee9071d8496c06475051f7ffad6f35c93", kill_on_drop: false }`
[INFO] running `Command { std: "docker" "inspect" "48e86deb53f2040c3ff036883773aceee9071d8496c06475051f7ffad6f35c93", kill_on_drop: false }`
[INFO] running `Command { std: "docker" "rm" "-f" "48e86deb53f2040c3ff036883773aceee9071d8496c06475051f7ffad6f35c93", kill_on_drop: false }`
[INFO] [stdout] 48e86deb53f2040c3ff036883773aceee9071d8496c06475051f7ffad6f35c93
[INFO] running `Command { std: "docker" "create" "-v" "/var/lib/crater-agent-workspace/builds/worker-7-tc2/target:/opt/rustwide/target:rw,Z" "-v" "/var/lib/crater-agent-workspace/builds/worker-7-tc2/source:/opt/rustwide/workdir:ro,Z" "-v" "/var/lib/crater-agent-workspace/cargo-home:/opt/rustwide/cargo-home:ro,Z" "-v" "/var/lib/crater-agent-workspace/rustup-home:/opt/rustwide/rustup-home:ro,Z" "-e" "SOURCE_DIR=/opt/rustwide/workdir" "-e" "CARGO_TARGET_DIR=/opt/rustwide/target" "-e" "CARGO_INCREMENTAL=0" "-e" "RUST_BACKTRACE=full" "-e" "RUSTFLAGS=--cap-lints=warn" "-e" "RUSTDOCFLAGS=--cap-lints=warn" "-e" "CARGO_HOME=/opt/rustwide/cargo-home" "-e" "RUSTUP_HOME=/opt/rustwide/rustup-home" "-w" "/opt/rustwide/workdir" "-m" "1610612736" "--user" "0:0" "--network" "none" "ghcr.io/rust-lang/crates-build-env/linux@sha256:2788e3201cd34a07e3172128adcd8b3090168a8e3bcc40d7c032b9dda1df7d1c" "/opt/rustwide/cargo-home/bin/cargo" "+beta-2023-12-22" "build" "--frozen" "--message-format=json", kill_on_drop: false }`
[INFO] [stdout] c0267b3089792b05451409ce53a16d4e5470c191fe78317c39cf1ae26099608a
[INFO] running `Command { std: "docker" "start" "-a" "c0267b3089792b05451409ce53a16d4e5470c191fe78317c39cf1ae26099608a", kill_on_drop: false }`
[INFO] [stderr]    Compiling cfg-if v1.0.0
[INFO] [stderr]    Compiling syn v1.0.109
[INFO] [stderr]    Compiling num-traits v0.2.17
[INFO] [stderr]    Compiling libc v0.2.151
[INFO] [stderr]    Compiling crossbeam-utils v0.8.18
[INFO] [stderr]    Compiling num-integer v0.1.45
[INFO] [stderr]    Compiling typenum v1.17.0
[INFO] [stderr]    Compiling syn v2.0.48
[INFO] [stderr]    Compiling generic-array v0.14.7
[INFO] [stderr]    Compiling num-bigint v0.4.4
[INFO] [stderr]    Compiling rayon-core v1.12.0
[INFO] [stderr]    Compiling ppv-lite86 v0.2.17
[INFO] [stderr]    Compiling either v1.9.0
[INFO] [stderr]    Compiling crossbeam-epoch v0.9.17
[INFO] [stderr]    Compiling getrandom v0.2.11
[INFO] [stderr]    Compiling crossbeam-deque v0.8.4
[INFO] [stderr]    Compiling rand_core v0.6.4
[INFO] [stderr]    Compiling rand_chacha v0.3.1
[INFO] [stderr]    Compiling rayon v1.8.0
[INFO] [stderr]    Compiling rand v0.8.5
[INFO] [stderr]    Compiling crypto-common v0.1.6
[INFO] [stderr]    Compiling digest v0.10.7
[INFO] [stderr]    Compiling ahash v0.8.7
[INFO] [stderr]    Compiling paste v1.0.14
[INFO] [stderr]    Compiling fnv v1.0.7
[INFO] [stderr]    Compiling ident_case v1.0.1
[INFO] [stderr]    Compiling strsim v0.10.0
[INFO] [stderr]    Compiling zerocopy v0.7.32
[INFO] [stderr]    Compiling once_cell v1.19.0
[INFO] [stderr]    Compiling itertools v0.10.5
[INFO] [stderr]    Compiling darling_core v0.13.4
[INFO] [stderr]    Compiling num-iter v0.1.43
[INFO] [stderr]    Compiling ark-std v0.4.0
[INFO] [stderr]    Compiling num-rational v0.4.1
[INFO] [stderr]    Compiling hashbrown v0.13.2
[INFO] [stderr]    Compiling num-complex v0.4.4
[INFO] [stderr]    Compiling keccak v0.1.4
[INFO] [stderr]    Compiling byteorder v1.5.0
[INFO] [stderr]    Compiling num v0.4.1
[INFO] [stderr]    Compiling zeroize_derive v1.4.2
[INFO] [stderr]    Compiling serde_derive v1.0.194
[INFO] [stderr]    Compiling ark-serialize-derive v0.4.2
[INFO] [stderr]    Compiling ark-ff-macros v0.4.2
[INFO] [stderr]    Compiling ark-ff-asm v0.4.2
[INFO] [stderr]    Compiling derivative v2.2.0
[INFO] [stderr]    Compiling darling_macro v0.13.4
[INFO] [stderr]    Compiling zeroize v1.7.0
[INFO] [stderr]    Compiling ark-serialize v0.4.2
[INFO] [stderr]    Compiling darling v0.13.4
[INFO] [stderr]    Compiling serde_with_macros v1.5.2
[INFO] [stderr]    Compiling ark-ff v0.4.2
[INFO] [stderr]    Compiling serde v1.0.194
[INFO] [stderr]    Compiling serde_with v1.14.0
[INFO] [stderr]    Compiling dock_merlin v2.0.0
[INFO] [stderr]    Compiling ark-poly v0.4.2
[INFO] [stderr]    Compiling ark-ec v0.4.2
[INFO] [stderr]    Compiling dock_crypto_utils v0.16.0
[INFO] [stderr]    Compiling schnorr_pok v0.16.0
[INFO] [stderr]    Compiling secret_sharing_and_dkg v0.9.0 (/opt/rustwide/workdir)
[INFO] [stderr]     Finished dev [unoptimized + debuginfo] target(s) in 29.94s
[INFO] running `Command { std: "docker" "inspect" "c0267b3089792b05451409ce53a16d4e5470c191fe78317c39cf1ae26099608a", kill_on_drop: false }`
[INFO] running `Command { std: "docker" "rm" "-f" "c0267b3089792b05451409ce53a16d4e5470c191fe78317c39cf1ae26099608a", kill_on_drop: false }`
[INFO] [stdout] c0267b3089792b05451409ce53a16d4e5470c191fe78317c39cf1ae26099608a
[INFO] running `Command { std: "docker" "create" "-v" "/var/lib/crater-agent-workspace/builds/worker-7-tc2/target:/opt/rustwide/target:rw,Z" "-v" "/var/lib/crater-agent-workspace/builds/worker-7-tc2/source:/opt/rustwide/workdir:ro,Z" "-v" "/var/lib/crater-agent-workspace/cargo-home:/opt/rustwide/cargo-home:ro,Z" "-v" "/var/lib/crater-agent-workspace/rustup-home:/opt/rustwide/rustup-home:ro,Z" "-e" "SOURCE_DIR=/opt/rustwide/workdir" "-e" "CARGO_TARGET_DIR=/opt/rustwide/target" "-e" "CARGO_INCREMENTAL=0" "-e" "RUST_BACKTRACE=full" "-e" "RUSTFLAGS=--cap-lints=warn" "-e" "RUSTDOCFLAGS=--cap-lints=warn" "-e" "CARGO_HOME=/opt/rustwide/cargo-home" "-e" "RUSTUP_HOME=/opt/rustwide/rustup-home" "-w" "/opt/rustwide/workdir" "-m" "1610612736" "--user" "0:0" "--network" "none" "ghcr.io/rust-lang/crates-build-env/linux@sha256:2788e3201cd34a07e3172128adcd8b3090168a8e3bcc40d7c032b9dda1df7d1c" "/opt/rustwide/cargo-home/bin/cargo" "+beta-2023-12-22" "test" "--frozen" "--no-run" "--message-format=json", kill_on_drop: false }`
[INFO] [stdout] fd80076a4824923cab2542a17e54aadbc1d67b90023b95a60a9803a1df3ee443
[INFO] running `Command { std: "docker" "start" "-a" "fd80076a4824923cab2542a17e54aadbc1d67b90023b95a60a9803a1df3ee443", kill_on_drop: false }`
[INFO] [stderr]    Compiling block-buffer v0.10.4
[INFO] [stderr]    Compiling subtle v2.5.0
[INFO] [stderr]    Compiling rmp v0.8.12
[INFO] [stderr]    Compiling serde_json v1.0.111
[INFO] [stderr]    Compiling digest v0.10.7
[INFO] [stderr]    Compiling ark-serialize v0.4.2
[INFO] [stderr]    Compiling blake2 v0.10.6
[INFO] [stderr]    Compiling rmp-serde v1.1.2
[INFO] [stderr]    Compiling ark-ff v0.4.2
[INFO] [stderr]    Compiling dock_merlin v2.0.0
[INFO] [stderr]    Compiling ark-poly v0.4.2
[INFO] [stderr]    Compiling ark-ec v0.4.2
[INFO] [stderr]    Compiling dock_crypto_utils v0.16.0
[INFO] [stderr]    Compiling ark-bls12-381 v0.4.0
[INFO] [stderr]    Compiling schnorr_pok v0.16.0
[INFO] [stderr]    Compiling secret_sharing_and_dkg v0.9.0 (/opt/rustwide/workdir)
[INFO] [stdout] error[E0432]: unresolved import `test_utils`
[INFO] [stdout]    --> src/feldman_dvss_dkg.rs:197:9
[INFO] [stdout]     |
[INFO] [stdout] 197 |     use test_utils::{test_serialization, G1, G2};
[INFO] [stdout]     |         ^^^^^^^^^^ use of undeclared crate or module `test_utils`
[INFO] [stdout] 
[INFO] [stdout] 
[INFO] [stdout] error[E0432]: unresolved import `test_utils`
[INFO] [stdout]    --> src/feldman_vss.rs:102:9
[INFO] [stdout]     |
[INFO] [stdout] 102 |     use test_utils::test_serialization;
[INFO] [stdout]     |         ^^^^^^^^^^ use of undeclared crate or module `test_utils`
[INFO] [stdout] 
[INFO] [stdout] 
[INFO] [stdout] error[E0432]: unresolved import `test_utils`
[INFO] [stdout]    --> src/frost_dkg.rs:260:9
[INFO] [stdout]     |
[INFO] [stdout] 260 |     use test_utils::{test_serialization, G1, G2};
[INFO] [stdout]     |         ^^^^^^^^^^ use of undeclared crate or module `test_utils`
[INFO] [stdout] 
[INFO] [stdout] 
[INFO] [stdout] error[E0432]: unresolved import `test_utils`
[INFO] [stdout]    --> src/pedersen_dvss.rs:166:9
[INFO] [stdout]     |
[INFO] [stdout] 166 |     use test_utils::{test_serialization, G1, G2};
[INFO] [stdout]     |         ^^^^^^^^^^ use of undeclared crate or module `test_utils`
[INFO] [stdout] 
[INFO] [stdout] 
[INFO] [stdout] error[E0432]: unresolved import `test_utils`
[INFO] [stdout]    --> src/pedersen_vss.rs:190:9
[INFO] [stdout]     |
[INFO] [stdout] 190 |     use test_utils::{test_serialization, G1, G2};
[INFO] [stdout]     |         ^^^^^^^^^^ use of undeclared crate or module `test_utils`
[INFO] [stdout] 
[INFO] [stdout] 
[INFO] [stdout] error[E0432]: unresolved import `test_utils`
[INFO] [stdout]   --> src/shamir_ss.rs:75:9
[INFO] [stdout]    |
[INFO] [stdout] 75 |     use test_utils::test_serialization;
[INFO] [stdout]    |         ^^^^^^^^^^ use of undeclared crate or module `test_utils`
[INFO] [stdout] 
[INFO] [stdout] 
[INFO] [stdout] error: cannot determine resolution for the macro `test_serialization`
[INFO] [stdout]    --> src/feldman_dvss_dkg.rs:333:17
[INFO] [stdout]     |
[INFO] [stdout] 333 |                 test_serialization!(SharesAccumulator<G>, accumulators[0].clone());
[INFO] [stdout]     |                 ^^^^^^^^^^^^^^^^^^
[INFO] [stdout]     |
[INFO] [stdout]     = note: import resolution is stuck, try simplifying macro imports
[INFO] [stdout] 
[INFO] [stdout] 
[INFO] [stdout] error: cannot determine resolution for the macro `test_serialization`
[INFO] [stdout]    --> src/feldman_vss.rs:146:17
[INFO] [stdout]     |
[INFO] [stdout] 146 |                 test_serialization!(CommitmentToCoefficients<G>, commitments);
[INFO] [stdout]     |                 ^^^^^^^^^^^^^^^^^^
[INFO] [stdout]     |
[INFO] [stdout]     = note: import resolution is stuck, try simplifying macro imports
[INFO] [stdout] 
[INFO] [stdout] 
[INFO] [stdout] error: cannot determine resolution for the macro `test_serialization`
[INFO] [stdout]    --> src/frost_dkg.rs:312:17
[INFO] [stdout]     |
[INFO] [stdout] 312 |                 test_serialization!(Round1State<G>, all_round1_states[0].clone());
[INFO] [stdout]     |                 ^^^^^^^^^^^^^^^^^^
[INFO] [stdout]     |
[INFO] [stdout]     = note: import resolution is stuck, try simplifying macro imports
[INFO] [stdout] 
[INFO] [stdout] 
[INFO] [stdout] error: cannot determine resolution for the macro `test_serialization`
[INFO] [stdout]    --> src/frost_dkg.rs:313:17
[INFO] [stdout]     |
[INFO] [stdout] 313 |                 test_serialization!(Round1Msg<G>, all_round1_msgs[0].clone());
[INFO] [stdout]     |                 ^^^^^^^^^^^^^^^^^^
[INFO] [stdout]     |
[INFO] [stdout]     = note: import resolution is stuck, try simplifying macro imports
[INFO] [stdout] 
[INFO] [stdout] 
[INFO] [stdout] error: cannot determine resolution for the macro `test_serialization`
[INFO] [stdout]    --> src/frost_dkg.rs:359:21
[INFO] [stdout]     |
[INFO] [stdout] 359 |                     test_serialization!(Round1State<G>, all_round1_states[i].clone());
[INFO] [stdout]     |                     ^^^^^^^^^^^^^^^^^^
[INFO] [stdout]     |
[INFO] [stdout]     = note: import resolution is stuck, try simplifying macro imports
[INFO] [stdout] 
[INFO] [stdout] 
[INFO] [stdout] error: cannot determine resolution for the macro `test_serialization`
[INFO] [stdout]    --> src/frost_dkg.rs:370:17
[INFO] [stdout]     |
[INFO] [stdout] 370 |                 test_serialization!(Round2State<G>, all_round2_states[0].clone());
[INFO] [stdout]     |                 ^^^^^^^^^^^^^^^^^^
[INFO] [stdout]     |
[INFO] [stdout]     = note: import resolution is stuck, try simplifying macro imports
[INFO] [stdout] 
[INFO] [stdout] 
[INFO] [stdout] error: cannot determine resolution for the macro `test_serialization`
[INFO] [stdout]    --> src/frost_dkg.rs:442:21
[INFO] [stdout]     |
[INFO] [stdout] 442 |                     test_serialization!(Round2State<G>, all_round2_states[i].clone());
[INFO] [stdout]     |                     ^^^^^^^^^^^^^^^^^^
[INFO] [stdout]     |
[INFO] [stdout]     = note: import resolution is stuck, try simplifying macro imports
[INFO] [stdout] 
[INFO] [stdout] 
[INFO] [stdout] error: cannot determine resolution for the macro `test_serialization`
[INFO] [stdout]    --> src/pedersen_dvss.rs:311:17
[INFO] [stdout]     |
[INFO] [stdout] 311 |                 test_serialization!(SharesAccumulator<G>, accumulators[0].clone());
[INFO] [stdout]     |                 ^^^^^^^^^^^^^^^^^^
[INFO] [stdout]     |
[INFO] [stdout]     = note: import resolution is stuck, try simplifying macro imports
[INFO] [stdout] 
[INFO] [stdout] 
[INFO] [stdout] error: cannot determine resolution for the macro `test_serialization`
[INFO] [stdout]    --> src/pedersen_vss.rs:244:17
[INFO] [stdout]     |
[INFO] [stdout] 244 |                 test_serialization!(VerifiableShares<G::ScalarField>, shares);
[INFO] [stdout]     |                 ^^^^^^^^^^^^^^^^^^
[INFO] [stdout]     |
[INFO] [stdout]     = note: import resolution is stuck, try simplifying macro imports
[INFO] [stdout] 
[INFO] [stdout] 
[INFO] [stdout] error: cannot determine resolution for the macro `test_serialization`
[INFO] [stdout]    --> src/pedersen_vss.rs:245:17
[INFO] [stdout]     |
[INFO] [stdout] 245 |                 test_serialization!(VerifiableShare<G::ScalarField>, shares.0[0]);
[INFO] [stdout]     |                 ^^^^^^^^^^^^^^^^^^
[INFO] [stdout]     |
[INFO] [stdout]     = note: import resolution is stuck, try simplifying macro imports
[INFO] [stdout] 
[INFO] [stdout] 
[INFO] [stdout] error: cannot determine resolution for the macro `test_serialization`
[INFO] [stdout]    --> src/pedersen_vss.rs:246:17
[INFO] [stdout]     |
[INFO] [stdout] 246 |                 test_serialization!(CommitmentToCoefficients<G>, commitments);
[INFO] [stdout]     |                 ^^^^^^^^^^^^^^^^^^
[INFO] [stdout]     |
[INFO] [stdout]     = note: import resolution is stuck, try simplifying macro imports
[INFO] [stdout] 
[INFO] [stdout] 
[INFO] [stdout] error: cannot determine resolution for the macro `test_serialization`
[INFO] [stdout]    --> src/shamir_ss.rs:119:13
[INFO] [stdout]     |
[INFO] [stdout] 119 |             test_serialization!(Shares<Fr>, shares);
[INFO] [stdout]     |             ^^^^^^^^^^^^^^^^^^
[INFO] [stdout]     |
[INFO] [stdout]     = note: import resolution is stuck, try simplifying macro imports
[INFO] [stdout] 
[INFO] [stdout] 
[INFO] [stdout] error: cannot determine resolution for the macro `test_serialization`
[INFO] [stdout]    --> src/shamir_ss.rs:120:13
[INFO] [stdout]     |
[INFO] [stdout] 120 |             test_serialization!(Share<Fr>, shares.0[0]);
[INFO] [stdout]     |             ^^^^^^^^^^^^^^^^^^
[INFO] [stdout]     |
[INFO] [stdout]     = note: import resolution is stuck, try simplifying macro imports
[INFO] [stdout] 
[INFO] [stdout] 
[INFO] [stdout] warning: unused import: `UniformRand`
[INFO] [stdout]    --> src/feldman_dvss_dkg.rs:195:9
[INFO] [stdout]     |
[INFO] [stdout] 195 |         UniformRand,
[INFO] [stdout]     |         ^^^^^^^^^^^
[INFO] [stdout]     |
[INFO] [stdout]     = note: `#[warn(unused_imports)]` on by default
[INFO] [stdout] 
[INFO] [stdout] 
[INFO] [stdout] warning: unused imports: `CanonicalDeserialize`, `CanonicalSerialize`
[INFO] [stdout]   --> src/feldman_vss.rs:99:25
[INFO] [stdout]    |
[INFO] [stdout] 99 |     use ark_serialize::{CanonicalDeserialize, CanonicalSerialize};
[INFO] [stdout]    |                         ^^^^^^^^^^^^^^^^^^^^  ^^^^^^^^^^^^^^^^^^
[INFO] [stdout] 
[INFO] [stdout] 
[INFO] [stdout] warning: unused import: `UniformRand`
[INFO] [stdout]    --> src/frost_dkg.rs:257:9
[INFO] [stdout]     |
[INFO] [stdout] 257 |         UniformRand,
[INFO] [stdout]     |         ^^^^^^^^^^^
[INFO] [stdout] 
[INFO] [stdout] 
[INFO] [stdout] warning: unused import: `crate::common::Share`
[INFO] [stdout]   --> src/shamir_ss.rs:70:9
[INFO] [stdout]    |
[INFO] [stdout] 70 |     use crate::common::Share;
[INFO] [stdout]    |         ^^^^^^^^^^^^^^^^^^^^
[INFO] [stdout] 
[INFO] [stdout] 
[INFO] [stdout] warning: unused imports: `CanonicalDeserialize`, `CanonicalSerialize`
[INFO] [stdout]   --> src/shamir_ss.rs:73:25
[INFO] [stdout]    |
[INFO] [stdout] 73 |     use ark_serialize::{CanonicalDeserialize, CanonicalSerialize};
[INFO] [stdout]    |                         ^^^^^^^^^^^^^^^^^^^^  ^^^^^^^^^^^^^^^^^^
[INFO] [stdout] 
[INFO] [stdout] 
[INFO] [stdout] error: aborting due to 19 previous errors; 5 warnings emitted
[INFO] [stdout] 
[INFO] [stdout] 
[INFO] [stdout] For more information about this error, try `rustc --explain E0432`.
[INFO] [stdout] 
[INFO] [stderr] error: could not compile `secret_sharing_and_dkg` (lib test) due to 20 previous errors; 5 warnings emitted
[INFO] running `Command { std: "docker" "inspect" "fd80076a4824923cab2542a17e54aadbc1d67b90023b95a60a9803a1df3ee443", kill_on_drop: false }`
[INFO] running `Command { std: "docker" "rm" "-f" "fd80076a4824923cab2542a17e54aadbc1d67b90023b95a60a9803a1df3ee443", kill_on_drop: false }`
[INFO] [stdout] fd80076a4824923cab2542a17e54aadbc1d67b90023b95a60a9803a1df3ee443
