[INFO] fetching crate secret-cosmwasm-std 1.1.11...
[INFO] testing secret-cosmwasm-std-1.1.11 against 1.75.0 for beta-1.76-1
[INFO] extracting crate secret-cosmwasm-std 1.1.11 into /workspace/builds/worker-1-tc1/source
[INFO] validating manifest of crates.io crate secret-cosmwasm-std 1.1.11 on toolchain 1.75.0
[INFO] running `Command { std: CARGO_HOME="/workspace/cargo-home" RUSTUP_HOME="/workspace/rustup-home" "/workspace/cargo-home/bin/cargo" "+1.75.0" "metadata" "--manifest-path" "Cargo.toml" "--no-deps", kill_on_drop: false }`
[INFO] removed /workspace/builds/worker-1-tc1/source/.cargo/config
[INFO] started tweaking crates.io crate secret-cosmwasm-std 1.1.11
[INFO] finished tweaking crates.io crate secret-cosmwasm-std 1.1.11
[INFO] tweaked toml for crates.io crate secret-cosmwasm-std 1.1.11 written to /workspace/builds/worker-1-tc1/source/Cargo.toml
[INFO] crate crates.io crate secret-cosmwasm-std 1.1.11 already has a lockfile, it will not be regenerated
[INFO] running `Command { std: CARGO_HOME="/workspace/cargo-home" RUSTUP_HOME="/workspace/rustup-home" "/workspace/cargo-home/bin/cargo" "+1.75.0" "fetch" "--manifest-path" "Cargo.toml", kill_on_drop: false }`
[INFO] [stderr]     Updating crates.io index
[INFO] [stderr]  Downloading crates ...
[INFO] [stderr]   Downloaded secret-cosmwasm-crypto v1.1.11
[INFO] running `Command { std: "docker" "create" "-v" "/var/lib/crater-agent-workspace/builds/worker-1-tc1/target:/opt/rustwide/target:rw,Z" "-v" "/var/lib/crater-agent-workspace/builds/worker-1-tc1/source:/opt/rustwide/workdir:ro,Z" "-v" "/var/lib/crater-agent-workspace/cargo-home:/opt/rustwide/cargo-home:ro,Z" "-v" "/var/lib/crater-agent-workspace/rustup-home:/opt/rustwide/rustup-home:ro,Z" "-e" "SOURCE_DIR=/opt/rustwide/workdir" "-e" "CARGO_TARGET_DIR=/opt/rustwide/target" "-e" "CARGO_HOME=/opt/rustwide/cargo-home" "-e" "RUSTUP_HOME=/opt/rustwide/rustup-home" "-w" "/opt/rustwide/workdir" "-m" "1610612736" "--user" "0:0" "--network" "none" "ghcr.io/rust-lang/crates-build-env/linux@sha256:2788e3201cd34a07e3172128adcd8b3090168a8e3bcc40d7c032b9dda1df7d1c" "/opt/rustwide/cargo-home/bin/cargo" "+1.75.0" "metadata" "--no-deps" "--format-version=1", kill_on_drop: false }`
[INFO] [stdout] 8551c2db04acab5561ad87c65f422a04b05e710b24d055d8982e558fb2310728
[INFO] running `Command { std: "docker" "start" "-a" "8551c2db04acab5561ad87c65f422a04b05e710b24d055d8982e558fb2310728", kill_on_drop: false }`
[INFO] running `Command { std: "docker" "inspect" "8551c2db04acab5561ad87c65f422a04b05e710b24d055d8982e558fb2310728", kill_on_drop: false }`
[INFO] running `Command { std: "docker" "rm" "-f" "8551c2db04acab5561ad87c65f422a04b05e710b24d055d8982e558fb2310728", kill_on_drop: false }`
[INFO] [stdout] 8551c2db04acab5561ad87c65f422a04b05e710b24d055d8982e558fb2310728
[INFO] running `Command { std: "docker" "create" "-v" "/var/lib/crater-agent-workspace/builds/worker-1-tc1/target:/opt/rustwide/target:rw,Z" "-v" "/var/lib/crater-agent-workspace/builds/worker-1-tc1/source:/opt/rustwide/workdir:ro,Z" "-v" "/var/lib/crater-agent-workspace/cargo-home:/opt/rustwide/cargo-home:ro,Z" "-v" "/var/lib/crater-agent-workspace/rustup-home:/opt/rustwide/rustup-home:ro,Z" "-e" "SOURCE_DIR=/opt/rustwide/workdir" "-e" "CARGO_TARGET_DIR=/opt/rustwide/target" "-e" "CARGO_INCREMENTAL=0" "-e" "RUST_BACKTRACE=full" "-e" "RUSTFLAGS=--cap-lints=warn" "-e" "RUSTDOCFLAGS=--cap-lints=warn" "-e" "CARGO_HOME=/opt/rustwide/cargo-home" "-e" "RUSTUP_HOME=/opt/rustwide/rustup-home" "-w" "/opt/rustwide/workdir" "-m" "1610612736" "--user" "0:0" "--network" "none" "ghcr.io/rust-lang/crates-build-env/linux@sha256:2788e3201cd34a07e3172128adcd8b3090168a8e3bcc40d7c032b9dda1df7d1c" "/opt/rustwide/cargo-home/bin/cargo" "+1.75.0" "build" "--frozen" "--message-format=json", kill_on_drop: false }`
[INFO] [stdout] 2a84174d6bfcf5ad697e3f77337e8d652a74a23f33b915817b8d16da0eff1ab8
[INFO] running `Command { std: "docker" "start" "-a" "2a84174d6bfcf5ad697e3f77337e8d652a74a23f33b915817b8d16da0eff1ab8", kill_on_drop: false }`
[INFO] [stderr]    Compiling typenum v1.16.0
[INFO] [stderr]    Compiling generic-array v0.14.6
[INFO] [stderr]    Compiling proc-macro2 v1.0.51
[INFO] [stderr]    Compiling libc v0.2.139
[INFO] [stderr]    Compiling syn v1.0.108
[INFO] [stderr]    Compiling subtle v2.4.1
[INFO] [stderr]    Compiling zeroize v1.5.7
[INFO] [stderr]    Compiling const-oid v0.9.1
[INFO] [stderr]    Compiling serde v1.0.152
[INFO] [stderr]    Compiling base64ct v1.5.3
[INFO] [stderr]    Compiling ahash v0.7.6
[INFO] [stderr]    Compiling base16ct v0.1.1
[INFO] [stderr]    Compiling cpufeatures v0.2.5
[INFO] [stderr]    Compiling byteorder v1.4.3
[INFO] [stderr]    Compiling once_cell v1.17.1
[INFO] [stderr]    Compiling opaque-debug v0.3.0
[INFO] [stderr]    Compiling rand_core v0.5.1
[INFO] [stderr]    Compiling hex v0.4.3
[INFO] [stderr]    Compiling der v0.6.1
[INFO] [stderr]    Compiling crunchy v0.2.2
[INFO] [stderr]    Compiling schemars v0.8.11
[INFO] [stderr]    Compiling static_assertions v1.1.0
[INFO] [stderr]    Compiling dyn-clone v1.0.10
[INFO] [stderr]    Compiling forward_ref v1.0.0
[INFO] [stderr]    Compiling base64 v0.13.1
[INFO] [stderr]    Compiling uint v0.9.5
[INFO] [stderr]    Compiling quote v1.0.23
[INFO] [stderr]    Compiling getrandom v0.2.8
[INFO] [stderr]    Compiling rand_core v0.6.4
[INFO] [stderr]    Compiling spki v0.6.0
[INFO] [stderr]    Compiling ff v0.12.1
[INFO] [stderr]    Compiling hashbrown v0.12.3
[INFO] [stderr]    Compiling pkcs8 v0.9.0
[INFO] [stderr]    Compiling group v0.12.1
[INFO] [stderr]    Compiling block-buffer v0.10.3
[INFO] [stderr]    Compiling crypto-common v0.1.6
[INFO] [stderr]    Compiling crypto-bigint v0.4.9
[INFO] [stderr]    Compiling sec1 v0.3.0
[INFO] [stderr]    Compiling digest v0.9.0
[INFO] [stderr]    Compiling block-buffer v0.9.0
[INFO] [stderr]    Compiling curve25519-dalek v3.2.0
[INFO] [stderr]    Compiling sha2 v0.9.9
[INFO] [stderr]    Compiling digest v0.10.6
[INFO] [stderr]    Compiling hmac v0.12.1
[INFO] [stderr]    Compiling signature v1.6.4
[INFO] [stderr]    Compiling sha2 v0.10.6
[INFO] [stderr]    Compiling elliptic-curve v0.12.3
[INFO] [stderr]    Compiling rfc6979 v0.3.1
[INFO] [stderr]    Compiling ecdsa v0.14.8
[INFO] [stderr]    Compiling k256 v0.11.6
[INFO] [stderr]    Compiling serde_derive_internals v0.26.0
[INFO] [stderr]    Compiling serde_derive v1.0.152
[INFO] [stderr]    Compiling thiserror-impl v1.0.38
[INFO] [stderr]    Compiling schemars_derive v0.8.11
[INFO] [stderr]    Compiling cosmwasm-derive v1.4.1
[INFO] [stderr]    Compiling derivative v2.2.0
[INFO] [stderr]    Compiling thiserror v1.0.38
[INFO] [stderr]    Compiling ed25519-zebra v3.1.0
[INFO] [stderr]    Compiling serde_json v1.0.93
[INFO] [stderr]    Compiling serde-json-wasm v0.4.1
[INFO] [stderr]    Compiling secret-cosmwasm-crypto v1.1.11
[INFO] [stderr]    Compiling secret-cosmwasm-std v1.1.11 (/opt/rustwide/workdir)
[INFO] [stderr]     Finished dev [unoptimized + debuginfo] target(s) in 11.28s
[INFO] running `Command { std: "docker" "inspect" "2a84174d6bfcf5ad697e3f77337e8d652a74a23f33b915817b8d16da0eff1ab8", kill_on_drop: false }`
[INFO] running `Command { std: "docker" "rm" "-f" "2a84174d6bfcf5ad697e3f77337e8d652a74a23f33b915817b8d16da0eff1ab8", kill_on_drop: false }`
[INFO] [stdout] 2a84174d6bfcf5ad697e3f77337e8d652a74a23f33b915817b8d16da0eff1ab8
[INFO] running `Command { std: "docker" "create" "-v" "/var/lib/crater-agent-workspace/builds/worker-1-tc1/target:/opt/rustwide/target:rw,Z" "-v" "/var/lib/crater-agent-workspace/builds/worker-1-tc1/source:/opt/rustwide/workdir:ro,Z" "-v" "/var/lib/crater-agent-workspace/cargo-home:/opt/rustwide/cargo-home:ro,Z" "-v" "/var/lib/crater-agent-workspace/rustup-home:/opt/rustwide/rustup-home:ro,Z" "-e" "SOURCE_DIR=/opt/rustwide/workdir" "-e" "CARGO_TARGET_DIR=/opt/rustwide/target" "-e" "CARGO_INCREMENTAL=0" "-e" "RUST_BACKTRACE=full" "-e" "RUSTFLAGS=--cap-lints=warn" "-e" "RUSTDOCFLAGS=--cap-lints=warn" "-e" "CARGO_HOME=/opt/rustwide/cargo-home" "-e" "RUSTUP_HOME=/opt/rustwide/rustup-home" "-w" "/opt/rustwide/workdir" "-m" "1610612736" "--user" "0:0" "--network" "none" "ghcr.io/rust-lang/crates-build-env/linux@sha256:2788e3201cd34a07e3172128adcd8b3090168a8e3bcc40d7c032b9dda1df7d1c" "/opt/rustwide/cargo-home/bin/cargo" "+1.75.0" "test" "--frozen" "--no-run" "--message-format=json", kill_on_drop: false }`
[INFO] [stdout] f06010192761ad6e0e18ba8008d77f0143b9dc1c2da200dc7b829f77b87d5bc4
[INFO] running `Command { std: "docker" "start" "-a" "f06010192761ad6e0e18ba8008d77f0143b9dc1c2da200dc7b829f77b87d5bc4", kill_on_drop: false }`
[INFO] [stderr]    Compiling hex-literal v0.3.4
[INFO] [stderr]    Compiling chrono v0.4.23
[INFO] [stderr]    Compiling secret-cosmwasm-std v1.1.11 (/opt/rustwide/workdir)
[INFO] [stdout] error[E0432]: unresolved import `cosmwasm_schema`
[INFO] [stdout]  --> examples/schema.rs:4:5
[INFO] [stdout]   |
[INFO] [stdout] 4 | use cosmwasm_schema::{export_schema, export_schema_with_title, remove_schemas, schema_for};
[INFO] [stdout]   |     ^^^^^^^^^^^^^^^ use of undeclared crate or module `cosmwasm_schema`
[INFO] [stdout] 
[INFO] [stdout] 
[INFO] [stdout] error: cannot determine resolution for the macro `schema_for`
[INFO] [stdout]   --> examples/schema.rs:16:31
[INFO] [stdout]    |
[INFO] [stdout] 16 |     export_schema_with_title(&schema_for!(QueryRequest<Empty>), &out_dir, "QueryRequest");
[INFO] [stdout]    |                               ^^^^^^^^^^
[INFO] [stdout]    |
[INFO] [stdout]    = note: import resolution is stuck, try simplifying macro imports
[INFO] [stdout] 
[INFO] [stdout] 
[INFO] [stdout] error: cannot determine resolution for the macro `schema_for`
[INFO] [stdout]   --> examples/schema.rs:15:31
[INFO] [stdout]    |
[INFO] [stdout] 15 |     export_schema_with_title(&schema_for!(CosmosMsg), &out_dir, "CosmosMsg");
[INFO] [stdout]    |                               ^^^^^^^^^^
[INFO] [stdout]    |
[INFO] [stdout]    = note: import resolution is stuck, try simplifying macro imports
[INFO] [stdout] 
[INFO] [stdout] 
[INFO] [stdout] error: cannot determine resolution for the macro `schema_for`
[INFO] [stdout]   --> examples/schema.rs:14:20
[INFO] [stdout]    |
[INFO] [stdout] 14 |     export_schema(&schema_for!(Timestamp), &out_dir);
[INFO] [stdout]    |                    ^^^^^^^^^^
[INFO] [stdout]    |
[INFO] [stdout]    = note: import resolution is stuck, try simplifying macro imports
[INFO] [stdout] 
[INFO] [stdout] 
[INFO] [stdout] error: cannot determine resolution for the macro `schema_for`
[INFO] [stdout]   --> examples/schema.rs:13:20
[INFO] [stdout]    |
[INFO] [stdout] 13 |     export_schema(&schema_for!(BlockInfo), &out_dir);
[INFO] [stdout]    |                    ^^^^^^^^^^
[INFO] [stdout]    |
[INFO] [stdout]    = note: import resolution is stuck, try simplifying macro imports
[INFO] [stdout] 
[INFO] [stdout] 
[INFO] [stdout] warning: unused imports: `BlockInfo`, `CosmosMsg`, `Empty`, `QueryRequest`, `Timestamp`
[INFO] [stdout]  --> examples/schema.rs:5:27
[INFO] [stdout]   |
[INFO] [stdout] 5 | use secret_cosmwasm_std::{BlockInfo, CosmosMsg, Empty, QueryRequest, Timestamp};
[INFO] [stdout]   |                           ^^^^^^^^^  ^^^^^^^^^  ^^^^^  ^^^^^^^^^^^^  ^^^^^^^^^
[INFO] [stdout]   |
[INFO] [stdout]   = note: `#[warn(unused_imports)]` on by default
[INFO] [stdout] 
[INFO] [stdout] 
[INFO] [stdout] error: aborting due to 5 previous errors; 1 warning emitted
[INFO] [stdout] 
[INFO] [stdout] 
[INFO] [stdout] For more information about this error, try `rustc --explain E0432`.
[INFO] [stdout] 
[INFO] [stderr] error: could not compile `secret-cosmwasm-std` (example "schema") due to 6 previous errors; 1 warning emitted
[INFO] [stderr] warning: build failed, waiting for other jobs to finish...
[INFO] [stdout] error[E0433]: failed to resolve: use of undeclared crate or module `cosmwasm_schema`
[INFO] [stdout]    --> src/results/cosmos_msg.rs:314:7
[INFO] [stdout]     |
[INFO] [stdout] 314 |     #[cosmwasm_schema::cw_serde]
[INFO] [stdout]     |       ^^^^^^^^^^^^^^^ use of undeclared crate or module `cosmwasm_schema`
[INFO] [stdout] 
[INFO] [stdout] 
[INFO] [stdout] warning: a method with this name may be added to the standard library in the future
[INFO] [stdout]   --> src/math/isqrt.rs:61:24
[INFO] [stdout]    |
[INFO] [stdout] 61 |         assert_eq!(0u8.isqrt(), 0);
[INFO] [stdout]    |                        ^^^^^
[INFO] [stdout]    |
[INFO] [stdout]    = warning: once this associated item is added to the standard library, the ambiguity may cause an error or change in behavior!
[INFO] [stdout]    = note: for more information, see issue #48919 <https://github.com/rust-lang/rust/issues/48919>
[INFO] [stdout]    = help: call with fully qualified syntax `isqrt::Isqrt::isqrt(...)` to keep using the current method
[INFO] [stdout]    = note: `#[warn(unstable_name_collisions)]` on by default
[INFO] [stdout] 
[INFO] [stdout] 
[INFO] [stdout] warning: a method with this name may be added to the standard library in the future
[INFO] [stdout]   --> src/math/isqrt.rs:62:24
[INFO] [stdout]    |
[INFO] [stdout] 62 |         assert_eq!(1u8.isqrt(), 1);
[INFO] [stdout]    |                        ^^^^^
[INFO] [stdout]    |
[INFO] [stdout]    = warning: once this associated item is added to the standard library, the ambiguity may cause an error or change in behavior!
[INFO] [stdout]    = note: for more information, see issue #48919 <https://github.com/rust-lang/rust/issues/48919>
[INFO] [stdout]    = help: call with fully qualified syntax `isqrt::Isqrt::isqrt(...)` to keep using the current method
[INFO] [stdout] 
[INFO] [stdout] 
[INFO] [stdout] warning: a method with this name may be added to the standard library in the future
[INFO] [stdout]   --> src/math/isqrt.rs:63:25
[INFO] [stdout]    |
[INFO] [stdout] 63 |         assert_eq!(24u8.isqrt(), 4);
[INFO] [stdout]    |                         ^^^^^
[INFO] [stdout]    |
[INFO] [stdout]    = warning: once this associated item is added to the standard library, the ambiguity may cause an error or change in behavior!
[INFO] [stdout]    = note: for more information, see issue #48919 <https://github.com/rust-lang/rust/issues/48919>
[INFO] [stdout]    = help: call with fully qualified syntax `isqrt::Isqrt::isqrt(...)` to keep using the current method
[INFO] [stdout] 
[INFO] [stdout] 
[INFO] [stdout] warning: a method with this name may be added to the standard library in the future
[INFO] [stdout]   --> src/math/isqrt.rs:64:25
[INFO] [stdout]    |
[INFO] [stdout] 64 |         assert_eq!(25u8.isqrt(), 5);
[INFO] [stdout]    |                         ^^^^^
[INFO] [stdout]    |
[INFO] [stdout]    = warning: once this associated item is added to the standard library, the ambiguity may cause an error or change in behavior!
[INFO] [stdout]    = note: for more information, see issue #48919 <https://github.com/rust-lang/rust/issues/48919>
[INFO] [stdout]    = help: call with fully qualified syntax `isqrt::Isqrt::isqrt(...)` to keep using the current method
[INFO] [stdout] 
[INFO] [stdout] 
[INFO] [stdout] warning: a method with this name may be added to the standard library in the future
[INFO] [stdout]   --> src/math/isqrt.rs:65:25
[INFO] [stdout]    |
[INFO] [stdout] 65 |         assert_eq!(26u8.isqrt(), 5);
[INFO] [stdout]    |                         ^^^^^
[INFO] [stdout]    |
[INFO] [stdout]    = warning: once this associated item is added to the standard library, the ambiguity may cause an error or change in behavior!
[INFO] [stdout]    = note: for more information, see issue #48919 <https://github.com/rust-lang/rust/issues/48919>
[INFO] [stdout]    = help: call with fully qualified syntax `isqrt::Isqrt::isqrt(...)` to keep using the current method
[INFO] [stdout] 
[INFO] [stdout] 
[INFO] [stdout] warning: a method with this name may be added to the standard library in the future
[INFO] [stdout]   --> src/math/isqrt.rs:66:25
[INFO] [stdout]    |
[INFO] [stdout] 66 |         assert_eq!(36u8.isqrt(), 6);
[INFO] [stdout]    |                         ^^^^^
[INFO] [stdout]    |
[INFO] [stdout]    = warning: once this associated item is added to the standard library, the ambiguity may cause an error or change in behavior!
[INFO] [stdout]    = note: for more information, see issue #48919 <https://github.com/rust-lang/rust/issues/48919>
[INFO] [stdout]    = help: call with fully qualified syntax `isqrt::Isqrt::isqrt(...)` to keep using the current method
[INFO] [stdout] 
[INFO] [stdout] 
[INFO] [stdout] warning: a method with this name may be added to the standard library in the future
[INFO] [stdout]   --> src/math/isqrt.rs:69:25
[INFO] [stdout]    |
[INFO] [stdout] 69 |         assert_eq!(26u8.isqrt(), 5);
[INFO] [stdout]    |                         ^^^^^
[INFO] [stdout]    |
[INFO] [stdout]    = warning: once this associated item is added to the standard library, the ambiguity may cause an error or change in behavior!
[INFO] [stdout]    = note: for more information, see issue #48919 <https://github.com/rust-lang/rust/issues/48919>
[INFO] [stdout]    = help: call with fully qualified syntax `isqrt::Isqrt::isqrt(...)` to keep using the current method
[INFO] [stdout] 
[INFO] [stdout] 
[INFO] [stdout] warning: a method with this name may be added to the standard library in the future
[INFO] [stdout]   --> src/math/isqrt.rs:70:26
[INFO] [stdout]    |
[INFO] [stdout] 70 |         assert_eq!(26u16.isqrt(), 5);
[INFO] [stdout]    |                          ^^^^^
[INFO] [stdout]    |
[INFO] [stdout]    = warning: once this associated item is added to the standard library, the ambiguity may cause an error or change in behavior!
[INFO] [stdout]    = note: for more information, see issue #48919 <https://github.com/rust-lang/rust/issues/48919>
[INFO] [stdout]    = help: call with fully qualified syntax `isqrt::Isqrt::isqrt(...)` to keep using the current method
[INFO] [stdout] 
[INFO] [stdout] 
[INFO] [stdout] warning: a method with this name may be added to the standard library in the future
[INFO] [stdout]   --> src/math/isqrt.rs:71:26
[INFO] [stdout]    |
[INFO] [stdout] 71 |         assert_eq!(26u32.isqrt(), 5);
[INFO] [stdout]    |                          ^^^^^
[INFO] [stdout]    |
[INFO] [stdout]    = warning: once this associated item is added to the standard library, the ambiguity may cause an error or change in behavior!
[INFO] [stdout]    = note: for more information, see issue #48919 <https://github.com/rust-lang/rust/issues/48919>
[INFO] [stdout]    = help: call with fully qualified syntax `isqrt::Isqrt::isqrt(...)` to keep using the current method
[INFO] [stdout] 
[INFO] [stdout] 
[INFO] [stdout] warning: a method with this name may be added to the standard library in the future
[INFO] [stdout]   --> src/math/isqrt.rs:72:26
[INFO] [stdout]    |
[INFO] [stdout] 72 |         assert_eq!(26u64.isqrt(), 5);
[INFO] [stdout]    |                          ^^^^^
[INFO] [stdout]    |
[INFO] [stdout]    = warning: once this associated item is added to the standard library, the ambiguity may cause an error or change in behavior!
[INFO] [stdout]    = note: for more information, see issue #48919 <https://github.com/rust-lang/rust/issues/48919>
[INFO] [stdout]    = help: call with fully qualified syntax `isqrt::Isqrt::isqrt(...)` to keep using the current method
[INFO] [stdout] 
[INFO] [stdout] 
[INFO] [stdout] warning: a method with this name may be added to the standard library in the future
[INFO] [stdout]   --> src/math/isqrt.rs:73:27
[INFO] [stdout]    |
[INFO] [stdout] 73 |         assert_eq!(26u128.isqrt(), 5);
[INFO] [stdout]    |                           ^^^^^
[INFO] [stdout]    |
[INFO] [stdout]    = warning: once this associated item is added to the standard library, the ambiguity may cause an error or change in behavior!
[INFO] [stdout]    = note: for more information, see issue #48919 <https://github.com/rust-lang/rust/issues/48919>
[INFO] [stdout]    = help: call with fully qualified syntax `isqrt::Isqrt::isqrt(...)` to keep using the current method
[INFO] [stdout] 
[INFO] [stdout] 
[INFO] [stdout] error[E0277]: the trait bound `ExecuteMsg: addresses::_::_serde::Serialize` is not satisfied
[INFO] [stdout]    --> src/results/cosmos_msg.rs:324:28
[INFO] [stdout]     |
[INFO] [stdout] 324 |               msg: to_binary(&ExecuteMsg::Mint {
[INFO] [stdout]     |  __________________---------_^
[INFO] [stdout]     | |                  |
[INFO] [stdout]     | |                  required by a bound introduced by this call
[INFO] [stdout] 325 | |                 coin: coin(10, "BTC"),
[INFO] [stdout] 326 | |             })
[INFO] [stdout]     | |_____________^ the trait `addresses::_::_serde::Serialize` is not implemented for `ExecuteMsg`
[INFO] [stdout]     |
[INFO] [stdout]     = help: the following other types implement trait `addresses::_::_serde::Serialize`:
[INFO] [stdout]               bool
[INFO] [stdout]               char
[INFO] [stdout]               isize
[INFO] [stdout]               i8
[INFO] [stdout]               i16
[INFO] [stdout]               i32
[INFO] [stdout]               i64
[INFO] [stdout]               i128
[INFO] [stdout]             and 180 others
[INFO] [stdout] note: required by a bound in `serde::to_binary`
[INFO] [stdout]    --> src/serde.rs:28:8
[INFO] [stdout]     |
[INFO] [stdout] 26  | pub fn to_binary<T>(data: &T) -> StdResult<Binary>
[INFO] [stdout]     |        --------- required by a bound in this function
[INFO] [stdout] 27  | where
[INFO] [stdout] 28  |     T: Serialize + ?Sized,
[INFO] [stdout]     |        ^^^^^^^^^ required by this bound in `to_binary`
[INFO] [stdout] 
[INFO] [stdout] 
[INFO] [stdout] error: aborting due to 2 previous errors; 11 warnings emitted
[INFO] [stdout] 
[INFO] [stdout] 
[INFO] [stdout] Some errors have detailed explanations: E0277, E0433.
[INFO] [stdout] 
[INFO] [stdout] For more information about an error, try `rustc --explain E0277`.
[INFO] [stdout] 
[INFO] [stderr] error: could not compile `secret-cosmwasm-std` (lib test) due to 3 previous errors; 11 warnings emitted
[INFO] running `Command { std: "docker" "inspect" "f06010192761ad6e0e18ba8008d77f0143b9dc1c2da200dc7b829f77b87d5bc4", kill_on_drop: false }`
[INFO] running `Command { std: "docker" "rm" "-f" "f06010192761ad6e0e18ba8008d77f0143b9dc1c2da200dc7b829f77b87d5bc4", kill_on_drop: false }`
[INFO] [stdout] f06010192761ad6e0e18ba8008d77f0143b9dc1c2da200dc7b829f77b87d5bc4
