[INFO] fetching crate sea-query 0.30.4...
[INFO] testing sea-query-0.30.4 against 1.75.0 for beta-1.76-1
[INFO] extracting crate sea-query 0.30.4 into /workspace/builds/worker-1-tc1/source
[INFO] validating manifest of crates.io crate sea-query 0.30.4 on toolchain 1.75.0
[INFO] running `Command { std: CARGO_HOME="/workspace/cargo-home" RUSTUP_HOME="/workspace/rustup-home" "/workspace/cargo-home/bin/cargo" "+1.75.0" "metadata" "--manifest-path" "Cargo.toml" "--no-deps", kill_on_drop: false }`
[INFO] started tweaking crates.io crate sea-query 0.30.4
[INFO] removed 0 missing tests
[INFO] finished tweaking crates.io crate sea-query 0.30.4
[INFO] tweaked toml for crates.io crate sea-query 0.30.4 written to /workspace/builds/worker-1-tc1/source/Cargo.toml
[INFO] running `Command { std: CARGO_HOME="/workspace/cargo-home" RUSTUP_HOME="/workspace/rustup-home" "/workspace/cargo-home/bin/cargo" "+1.75.0" "generate-lockfile" "--manifest-path" "Cargo.toml", kill_on_drop: false }`
[INFO] [stderr]     Updating crates.io index
[INFO] running `Command { std: CARGO_HOME="/workspace/cargo-home" RUSTUP_HOME="/workspace/rustup-home" "/workspace/cargo-home/bin/cargo" "+1.75.0" "fetch" "--manifest-path" "Cargo.toml", kill_on_drop: false }`
[INFO] [stderr]  Downloading crates ...
[INFO] [stderr]   Downloaded sea-query-derive v0.4.1
[INFO] [stderr]   Downloaded inherent v1.0.11
[INFO] [stderr]   Downloaded sea-query-attr v0.1.1
[INFO] running `Command { std: "docker" "create" "-v" "/var/lib/crater-agent-workspace/builds/worker-1-tc1/target:/opt/rustwide/target:rw,Z" "-v" "/var/lib/crater-agent-workspace/builds/worker-1-tc1/source:/opt/rustwide/workdir:ro,Z" "-v" "/var/lib/crater-agent-workspace/cargo-home:/opt/rustwide/cargo-home:ro,Z" "-v" "/var/lib/crater-agent-workspace/rustup-home:/opt/rustwide/rustup-home:ro,Z" "-e" "SOURCE_DIR=/opt/rustwide/workdir" "-e" "CARGO_TARGET_DIR=/opt/rustwide/target" "-e" "CARGO_HOME=/opt/rustwide/cargo-home" "-e" "RUSTUP_HOME=/opt/rustwide/rustup-home" "-w" "/opt/rustwide/workdir" "-m" "1610612736" "--user" "0:0" "--network" "none" "ghcr.io/rust-lang/crates-build-env/linux@sha256:2788e3201cd34a07e3172128adcd8b3090168a8e3bcc40d7c032b9dda1df7d1c" "/opt/rustwide/cargo-home/bin/cargo" "+1.75.0" "metadata" "--no-deps" "--format-version=1", kill_on_drop: false }`
[INFO] [stdout] ec233cb3998aa4d24216c5992f1c4e8fac26beec9fe205dad5dec3ce70c0959e
[INFO] running `Command { std: "docker" "start" "-a" "ec233cb3998aa4d24216c5992f1c4e8fac26beec9fe205dad5dec3ce70c0959e", kill_on_drop: false }`
[INFO] running `Command { std: "docker" "inspect" "ec233cb3998aa4d24216c5992f1c4e8fac26beec9fe205dad5dec3ce70c0959e", kill_on_drop: false }`
[INFO] running `Command { std: "docker" "rm" "-f" "ec233cb3998aa4d24216c5992f1c4e8fac26beec9fe205dad5dec3ce70c0959e", kill_on_drop: false }`
[INFO] [stdout] ec233cb3998aa4d24216c5992f1c4e8fac26beec9fe205dad5dec3ce70c0959e
[INFO] running `Command { std: "docker" "create" "-v" "/var/lib/crater-agent-workspace/builds/worker-1-tc1/target:/opt/rustwide/target:rw,Z" "-v" "/var/lib/crater-agent-workspace/builds/worker-1-tc1/source:/opt/rustwide/workdir:ro,Z" "-v" "/var/lib/crater-agent-workspace/cargo-home:/opt/rustwide/cargo-home:ro,Z" "-v" "/var/lib/crater-agent-workspace/rustup-home:/opt/rustwide/rustup-home:ro,Z" "-e" "SOURCE_DIR=/opt/rustwide/workdir" "-e" "CARGO_TARGET_DIR=/opt/rustwide/target" "-e" "CARGO_INCREMENTAL=0" "-e" "RUST_BACKTRACE=full" "-e" "RUSTFLAGS=--cap-lints=warn" "-e" "RUSTDOCFLAGS=--cap-lints=warn" "-e" "CARGO_HOME=/opt/rustwide/cargo-home" "-e" "RUSTUP_HOME=/opt/rustwide/rustup-home" "-w" "/opt/rustwide/workdir" "-m" "1610612736" "--user" "0:0" "--network" "none" "ghcr.io/rust-lang/crates-build-env/linux@sha256:2788e3201cd34a07e3172128adcd8b3090168a8e3bcc40d7c032b9dda1df7d1c" "/opt/rustwide/cargo-home/bin/cargo" "+1.75.0" "build" "--frozen" "--message-format=json", kill_on_drop: false }`
[INFO] [stdout] 1ef259b9aae1009deb04808ca855429bfb6c52c91a7e30fe80ed9bffb4012a05
[INFO] running `Command { std: "docker" "start" "-a" "1ef259b9aae1009deb04808ca855429bfb6c52c91a7e30fe80ed9bffb4012a05", kill_on_drop: false }`
[INFO] [stderr]    Compiling heck v0.4.1
[INFO] [stderr]    Compiling thiserror v1.0.56
[INFO] [stderr]    Compiling thiserror-impl v1.0.56
[INFO] [stderr]    Compiling inherent v1.0.11
[INFO] [stderr]    Compiling sea-query-derive v0.4.1
[INFO] [stderr]    Compiling sea-query v0.30.4 (/opt/rustwide/workdir)
[INFO] [stdout] warning: unused import: `interval::*`
[INFO] [stdout]  --> src/extension/postgres/mod.rs:4:9
[INFO] [stdout]   |
[INFO] [stdout] 4 | pub use interval::*;
[INFO] [stdout]   |         ^^^^^^^^^^^
[INFO] [stdout]   |
[INFO] [stdout]   = note: `#[warn(unused_imports)]` on by default
[INFO] [stdout] 
[INFO] [stdout] 
[INFO] [stdout] warning: 1 warning emitted
[INFO] [stdout] 
[INFO] [stdout] 
[INFO] [stderr]     Finished dev [unoptimized + debuginfo] target(s) in 3.08s
[INFO] running `Command { std: "docker" "inspect" "1ef259b9aae1009deb04808ca855429bfb6c52c91a7e30fe80ed9bffb4012a05", kill_on_drop: false }`
[INFO] running `Command { std: "docker" "rm" "-f" "1ef259b9aae1009deb04808ca855429bfb6c52c91a7e30fe80ed9bffb4012a05", kill_on_drop: false }`
[INFO] [stdout] 1ef259b9aae1009deb04808ca855429bfb6c52c91a7e30fe80ed9bffb4012a05
[INFO] running `Command { std: "docker" "create" "-v" "/var/lib/crater-agent-workspace/builds/worker-1-tc1/target:/opt/rustwide/target:rw,Z" "-v" "/var/lib/crater-agent-workspace/builds/worker-1-tc1/source:/opt/rustwide/workdir:ro,Z" "-v" "/var/lib/crater-agent-workspace/cargo-home:/opt/rustwide/cargo-home:ro,Z" "-v" "/var/lib/crater-agent-workspace/rustup-home:/opt/rustwide/rustup-home:ro,Z" "-e" "SOURCE_DIR=/opt/rustwide/workdir" "-e" "CARGO_TARGET_DIR=/opt/rustwide/target" "-e" "CARGO_INCREMENTAL=0" "-e" "RUST_BACKTRACE=full" "-e" "RUSTFLAGS=--cap-lints=warn" "-e" "RUSTDOCFLAGS=--cap-lints=warn" "-e" "CARGO_HOME=/opt/rustwide/cargo-home" "-e" "RUSTUP_HOME=/opt/rustwide/rustup-home" "-w" "/opt/rustwide/workdir" "-m" "1610612736" "--user" "0:0" "--network" "none" "ghcr.io/rust-lang/crates-build-env/linux@sha256:2788e3201cd34a07e3172128adcd8b3090168a8e3bcc40d7c032b9dda1df7d1c" "/opt/rustwide/cargo-home/bin/cargo" "+1.75.0" "test" "--frozen" "--no-run" "--message-format=json", kill_on_drop: false }`
[INFO] [stdout] fea6cbe1cc9e3c030d1b4b90fb9c5fd46735262f632a9102936f0c1b82fad60f
[INFO] running `Command { std: "docker" "start" "-a" "fea6cbe1cc9e3c030d1b4b90fb9c5fd46735262f632a9102936f0c1b82fad60f", kill_on_drop: false }`
[INFO] [stderr]    Compiling yansi v0.5.1
[INFO] [stderr]    Compiling diff v0.1.13
[INFO] [stdout] warning: unused import: `interval::*`
[INFO] [stdout]  --> src/extension/postgres/mod.rs:4:9
[INFO] [stdout]   |
[INFO] [stdout] 4 | pub use interval::*;
[INFO] [stdout]   |         ^^^^^^^^^^^
[INFO] [stdout]   |
[INFO] [stdout]   = note: `#[warn(unused_imports)]` on by default
[INFO] [stdout] 
[INFO] [stdout] 
[INFO] [stdout] warning: 1 warning emitted
[INFO] [stdout] 
[INFO] [stdout] 
[INFO] [stderr]    Compiling criterion v0.3.6
[INFO] [stderr]    Compiling pretty_assertions v1.4.0
[INFO] [stderr]    Compiling sea-query v0.30.4 (/opt/rustwide/workdir)
[INFO] [stdout] error[E0432]: unresolved import `crate::tests_cfg`
[INFO] [stdout]    --> src/query/condition.rs:669:17
[INFO] [stdout]     |
[INFO] [stdout] 669 |     use crate::{tests_cfg::*, *};
[INFO] [stdout]     |                 ^^^^^^^^^ could not find `tests_cfg` in the crate root
[INFO] [stdout] 
[INFO] [stdout] 
[INFO] [stdout] error[E0432]: unresolved import `crate::tests_cfg`
[INFO] [stdout]    --> src/types.rs:615:21
[INFO] [stdout]     |
[INFO] [stdout] 615 |     pub use crate::{tests_cfg::*, *};
[INFO] [stdout]     |                     ^^^^^^^^^ could not find `tests_cfg` in the crate root
[INFO] [stdout] 
[INFO] [stdout] 
[INFO] [stdout] error[E0432]: unresolved import `Character`
[INFO] [stdout]    --> src/types.rs:617:13
[INFO] [stdout]     |
[INFO] [stdout] 617 |     pub use Character as CharReexport;
[INFO] [stdout]     |             ^^^^^^^^^^^^^^^^^^^^^^^^^ no external crate `Character`
[INFO] [stdout] 
[INFO] [stdout] 
[INFO] [stdout] error[E0412]: cannot find type `Character` in this scope
[INFO] [stdout]    --> src/types.rs:677:26
[INFO] [stdout]     |
[INFO] [stdout] 677 |         type CharLocal = Character;
[INFO] [stdout]     |                          ^^^^^^^^^ not found in this scope
[INFO] [stdout] 
[INFO] [stdout] 
[INFO] [stdout] error[E0433]: failed to resolve: use of undeclared type `Char`
[INFO] [stdout]    --> src/types.rs:685:31
[INFO] [stdout]     |
[INFO] [stdout] 685 |             ColumnRef::Column(Char::Id.into_iden())
[INFO] [stdout]     |                               ^^^^ use of undeclared type `Char`
[INFO] [stdout]     |
[INFO] [stdout] help: a builtin type with a similar name exists
[INFO] [stdout]     |
[INFO] [stdout] 685 |             ColumnRef::Column(char::Id.into_iden())
[INFO] [stdout]     |                               ~~~~
[INFO] [stdout] help: consider importing one of these items
[INFO] [stdout]     |
[INFO] [stdout] 615 +     use core::ascii::Char;
[INFO] [stdout]     |
[INFO] [stdout] 615 +     use std::ascii::Char;
[INFO] [stdout]     |
[INFO] [stdout] 
[INFO] [stdout] 
[INFO] [stdout] warning: unused import: `interval::*`
[INFO] [stdout]  --> src/extension/postgres/mod.rs:4:9
[INFO] [stdout]   |
[INFO] [stdout] 4 | pub use interval::*;
[INFO] [stdout]   |         ^^^^^^^^^^^
[INFO] [stdout]   |
[INFO] [stdout]   = note: `#[warn(unused_imports)]` on by default
[INFO] [stdout] 
[INFO] [stdout] 
[INFO] [stdout] error[E0433]: failed to resolve: use of undeclared type `Glyph`
[INFO] [stdout]    --> src/query/condition.rs:676:21
[INFO] [stdout]     |
[INFO] [stdout] 676 |             .column(Glyph::Image)
[INFO] [stdout]     |                     ^^^^^ use of undeclared type `Glyph`
[INFO] [stdout] 
[INFO] [stdout] 
[INFO] [stdout] error[E0433]: failed to resolve: use of undeclared type `Glyph`
[INFO] [stdout]    --> src/query/condition.rs:677:19
[INFO] [stdout]     |
[INFO] [stdout] 677 |             .from(Glyph::Table)
[INFO] [stdout]     |                   ^^^^^ use of undeclared type `Glyph`
[INFO] [stdout] 
[INFO] [stdout] 
[INFO] [stdout] error[E0433]: failed to resolve: use of undeclared type `Character`
[INFO] [stdout]    --> src/types.rs:680:31
[INFO] [stdout]     |
[INFO] [stdout] 680 |             ColumnRef::Column(Character::Id.into_iden()),
[INFO] [stdout]     |                               ^^^^^^^^^ use of undeclared type `Character`
[INFO] [stdout] 
[INFO] [stdout] 
[INFO] [stdout] error[E0433]: failed to resolve: use of undeclared type `Character`
[INFO] [stdout]    --> src/types.rs:681:31
[INFO] [stdout]     |
[INFO] [stdout] 681 |             ColumnRef::Column(Character::Id.into_iden())
[INFO] [stdout]     |                               ^^^^^^^^^ use of undeclared type `Character`
[INFO] [stdout] 
[INFO] [stdout] 
[INFO] [stdout] error[E0433]: failed to resolve: use of undeclared type `Character`
[INFO] [stdout]    --> src/types.rs:684:31
[INFO] [stdout]     |
[INFO] [stdout] 684 |             ColumnRef::Column(Character::Id.into_iden()),
[INFO] [stdout]     |                               ^^^^^^^^^ use of undeclared type `Character`
[INFO] [stdout] 
[INFO] [stdout] 
[INFO] [stdout] error[E0433]: failed to resolve: use of undeclared type `Character`
[INFO] [stdout]    --> src/types.rs:688:31
[INFO] [stdout]     |
[INFO] [stdout] 688 |             ColumnRef::Column(Character::Id.into_iden()),
[INFO] [stdout]     |                               ^^^^^^^^^ use of undeclared type `Character`
[INFO] [stdout] 
[INFO] [stdout] 
[INFO] [stdout] error[E0433]: failed to resolve: use of undeclared type `Character`
[INFO] [stdout]    --> src/types.rs:692:31
[INFO] [stdout]     |
[INFO] [stdout] 692 |             ColumnRef::Column(Character::Id.into_iden()),
[INFO] [stdout]     |                               ^^^^^^^^^ use of undeclared type `Character`
[INFO] [stdout] 
[INFO] [stdout] 
[INFO] [stdout] error[E0433]: failed to resolve: use of undeclared type `Character`
[INFO] [stdout]    --> src/types.rs:704:31
[INFO] [stdout]     |
[INFO] [stdout] 704 |             ColumnRef::Column(Character::Id.into_iden()),
[INFO] [stdout]     |                               ^^^^^^^^^ use of undeclared type `Character`
[INFO] [stdout] 
[INFO] [stdout] 
[INFO] [stdout] error[E0433]: failed to resolve: use of undeclared type `Character`
[INFO] [stdout]    --> src/types.rs:708:31
[INFO] [stdout]     |
[INFO] [stdout] 708 |             ColumnRef::Column(Character::Id.into_iden()),
[INFO] [stdout]     |                               ^^^^^^^^^ use of undeclared type `Character`
[INFO] [stdout] 
[INFO] [stdout] 
[INFO] [stdout] error[E0433]: failed to resolve: use of undeclared type `Character`
[INFO] [stdout]    --> src/types.rs:709:31
[INFO] [stdout]     |
[INFO] [stdout] 709 |             ColumnRef::Column(Character::Table.into_iden())
[INFO] [stdout]     |                               ^^^^^^^^^ use of undeclared type `Character`
[INFO] [stdout] 
[INFO] [stdout] 
[INFO] [stdout] error[E0433]: failed to resolve: use of undeclared type `Character`
[INFO] [stdout]    --> src/types.rs:712:31
[INFO] [stdout]     |
[INFO] [stdout] 712 |             ColumnRef::Column(Character::Id.into_iden()),
[INFO] [stdout]     |                               ^^^^^^^^^ use of undeclared type `Character`
[INFO] [stdout] 
[INFO] [stdout] 
[INFO] [stdout] error[E0433]: failed to resolve: use of undeclared type `Font`
[INFO] [stdout]    --> src/types.rs:713:31
[INFO] [stdout]     |
[INFO] [stdout] 713 |             ColumnRef::Column(Font::Id.into_iden())
[INFO] [stdout]     |                               ^^^^ use of undeclared type `Font`
[INFO] [stdout] 
[INFO] [stdout] 
[INFO] [stdout] error: aborting due to 17 previous errors; 1 warning emitted
[INFO] [stdout] 
[INFO] [stdout] 
[INFO] [stdout] Some errors have detailed explanations: E0412, E0432, E0433.
[INFO] [stdout] 
[INFO] [stdout] For more information about an error, try `rustc --explain E0412`.
[INFO] [stdout] 
[INFO] [stderr] error: could not compile `sea-query` (lib test) due to 18 previous errors; 1 warning emitted
[INFO] running `Command { std: "docker" "inspect" "fea6cbe1cc9e3c030d1b4b90fb9c5fd46735262f632a9102936f0c1b82fad60f", kill_on_drop: false }`
[INFO] running `Command { std: "docker" "rm" "-f" "fea6cbe1cc9e3c030d1b4b90fb9c5fd46735262f632a9102936f0c1b82fad60f", kill_on_drop: false }`
[INFO] [stdout] fea6cbe1cc9e3c030d1b4b90fb9c5fd46735262f632a9102936f0c1b82fad60f
[INFO] testing sea-query-0.30.4 against beta-2023-12-22 for beta-1.76-1
[INFO] extracting crate sea-query 0.30.4 into /workspace/builds/worker-1-tc2/source
[INFO] validating manifest of crates.io crate sea-query 0.30.4 on toolchain beta-2023-12-22
[INFO] running `Command { std: CARGO_HOME="/workspace/cargo-home" RUSTUP_HOME="/workspace/rustup-home" "/workspace/cargo-home/bin/cargo" "+beta-2023-12-22" "metadata" "--manifest-path" "Cargo.toml" "--no-deps", kill_on_drop: false }`
[INFO] started tweaking crates.io crate sea-query 0.30.4
[INFO] removed 0 missing tests
[INFO] finished tweaking crates.io crate sea-query 0.30.4
[INFO] tweaked toml for crates.io crate sea-query 0.30.4 written to /workspace/builds/worker-1-tc2/source/Cargo.toml
[INFO] running `Command { std: CARGO_HOME="/workspace/cargo-home" RUSTUP_HOME="/workspace/rustup-home" "/workspace/cargo-home/bin/cargo" "+beta-2023-12-22" "generate-lockfile" "--manifest-path" "Cargo.toml", kill_on_drop: false }`
[INFO] [stderr]     Updating crates.io index
[INFO] running `Command { std: CARGO_HOME="/workspace/cargo-home" RUSTUP_HOME="/workspace/rustup-home" "/workspace/cargo-home/bin/cargo" "+beta-2023-12-22" "fetch" "--manifest-path" "Cargo.toml", kill_on_drop: false }`
[INFO] running `Command { std: "docker" "create" "-v" "/var/lib/crater-agent-workspace/builds/worker-1-tc2/target:/opt/rustwide/target:rw,Z" "-v" "/var/lib/crater-agent-workspace/builds/worker-1-tc2/source:/opt/rustwide/workdir:ro,Z" "-v" "/var/lib/crater-agent-workspace/cargo-home:/opt/rustwide/cargo-home:ro,Z" "-v" "/var/lib/crater-agent-workspace/rustup-home:/opt/rustwide/rustup-home:ro,Z" "-e" "SOURCE_DIR=/opt/rustwide/workdir" "-e" "CARGO_TARGET_DIR=/opt/rustwide/target" "-e" "CARGO_HOME=/opt/rustwide/cargo-home" "-e" "RUSTUP_HOME=/opt/rustwide/rustup-home" "-w" "/opt/rustwide/workdir" "-m" "1610612736" "--user" "0:0" "--network" "none" "ghcr.io/rust-lang/crates-build-env/linux@sha256:2788e3201cd34a07e3172128adcd8b3090168a8e3bcc40d7c032b9dda1df7d1c" "/opt/rustwide/cargo-home/bin/cargo" "+beta-2023-12-22" "metadata" "--no-deps" "--format-version=1", kill_on_drop: false }`
[INFO] [stdout] 98e40db277041c6cccf3ada8960b2be030ed3384c6b4295cdda128d97783349a
[INFO] running `Command { std: "docker" "start" "-a" "98e40db277041c6cccf3ada8960b2be030ed3384c6b4295cdda128d97783349a", kill_on_drop: false }`
[INFO] running `Command { std: "docker" "inspect" "98e40db277041c6cccf3ada8960b2be030ed3384c6b4295cdda128d97783349a", kill_on_drop: false }`
[INFO] running `Command { std: "docker" "rm" "-f" "98e40db277041c6cccf3ada8960b2be030ed3384c6b4295cdda128d97783349a", kill_on_drop: false }`
[INFO] [stdout] 98e40db277041c6cccf3ada8960b2be030ed3384c6b4295cdda128d97783349a
[INFO] running `Command { std: "docker" "create" "-v" "/var/lib/crater-agent-workspace/builds/worker-1-tc2/target:/opt/rustwide/target:rw,Z" "-v" "/var/lib/crater-agent-workspace/builds/worker-1-tc2/source:/opt/rustwide/workdir:ro,Z" "-v" "/var/lib/crater-agent-workspace/cargo-home:/opt/rustwide/cargo-home:ro,Z" "-v" "/var/lib/crater-agent-workspace/rustup-home:/opt/rustwide/rustup-home:ro,Z" "-e" "SOURCE_DIR=/opt/rustwide/workdir" "-e" "CARGO_TARGET_DIR=/opt/rustwide/target" "-e" "CARGO_INCREMENTAL=0" "-e" "RUST_BACKTRACE=full" "-e" "RUSTFLAGS=--cap-lints=warn" "-e" "RUSTDOCFLAGS=--cap-lints=warn" "-e" "CARGO_HOME=/opt/rustwide/cargo-home" "-e" "RUSTUP_HOME=/opt/rustwide/rustup-home" "-w" "/opt/rustwide/workdir" "-m" "1610612736" "--user" "0:0" "--network" "none" "ghcr.io/rust-lang/crates-build-env/linux@sha256:2788e3201cd34a07e3172128adcd8b3090168a8e3bcc40d7c032b9dda1df7d1c" "/opt/rustwide/cargo-home/bin/cargo" "+beta-2023-12-22" "build" "--frozen" "--message-format=json", kill_on_drop: false }`
[INFO] [stdout] 2d6db62e5bd179096aca1697158111882dc9bd2c4e2731c62fca9f08ddf4e519
[INFO] running `Command { std: "docker" "start" "-a" "2d6db62e5bd179096aca1697158111882dc9bd2c4e2731c62fca9f08ddf4e519", kill_on_drop: false }`
[INFO] [stderr]    Compiling heck v0.4.1
[INFO] [stderr]    Compiling thiserror v1.0.56
[INFO] [stderr]    Compiling thiserror-impl v1.0.56
[INFO] [stderr]    Compiling inherent v1.0.11
[INFO] [stderr]    Compiling sea-query-derive v0.4.1
[INFO] [stderr]    Compiling sea-query v0.30.4 (/opt/rustwide/workdir)
[INFO] [stdout] warning: unused import: `interval::*`
[INFO] [stdout]  --> src/extension/postgres/mod.rs:4:9
[INFO] [stdout]   |
[INFO] [stdout] 4 | pub use interval::*;
[INFO] [stdout]   |         ^^^^^^^^^^^
[INFO] [stdout]   |
[INFO] [stdout]   = note: `#[warn(unused_imports)]` on by default
[INFO] [stdout] 
[INFO] [stdout] 
[INFO] [stdout] warning: 1 warning emitted
[INFO] [stdout] 
[INFO] [stdout] 
[INFO] [stderr]     Finished dev [unoptimized + debuginfo] target(s) in 4.21s
[INFO] running `Command { std: "docker" "inspect" "2d6db62e5bd179096aca1697158111882dc9bd2c4e2731c62fca9f08ddf4e519", kill_on_drop: false }`
[INFO] running `Command { std: "docker" "rm" "-f" "2d6db62e5bd179096aca1697158111882dc9bd2c4e2731c62fca9f08ddf4e519", kill_on_drop: false }`
[INFO] [stdout] 2d6db62e5bd179096aca1697158111882dc9bd2c4e2731c62fca9f08ddf4e519
[INFO] running `Command { std: "docker" "create" "-v" "/var/lib/crater-agent-workspace/builds/worker-1-tc2/target:/opt/rustwide/target:rw,Z" "-v" "/var/lib/crater-agent-workspace/builds/worker-1-tc2/source:/opt/rustwide/workdir:ro,Z" "-v" "/var/lib/crater-agent-workspace/cargo-home:/opt/rustwide/cargo-home:ro,Z" "-v" "/var/lib/crater-agent-workspace/rustup-home:/opt/rustwide/rustup-home:ro,Z" "-e" "SOURCE_DIR=/opt/rustwide/workdir" "-e" "CARGO_TARGET_DIR=/opt/rustwide/target" "-e" "CARGO_INCREMENTAL=0" "-e" "RUST_BACKTRACE=full" "-e" "RUSTFLAGS=--cap-lints=warn" "-e" "RUSTDOCFLAGS=--cap-lints=warn" "-e" "CARGO_HOME=/opt/rustwide/cargo-home" "-e" "RUSTUP_HOME=/opt/rustwide/rustup-home" "-w" "/opt/rustwide/workdir" "-m" "1610612736" "--user" "0:0" "--network" "none" "ghcr.io/rust-lang/crates-build-env/linux@sha256:2788e3201cd34a07e3172128adcd8b3090168a8e3bcc40d7c032b9dda1df7d1c" "/opt/rustwide/cargo-home/bin/cargo" "+beta-2023-12-22" "test" "--frozen" "--no-run" "--message-format=json", kill_on_drop: false }`
[INFO] [stdout] 825cbfbd652504bd95617f0130fc12cb29b2e539b5139fb43c7a3d1b2c53ce60
[INFO] running `Command { std: "docker" "start" "-a" "825cbfbd652504bd95617f0130fc12cb29b2e539b5139fb43c7a3d1b2c53ce60", kill_on_drop: false }`
[INFO] [stderr]    Compiling yansi v0.5.1
[INFO] [stderr]    Compiling diff v0.1.13
[INFO] [stdout] warning: unused import: `interval::*`
[INFO] [stdout]  --> src/extension/postgres/mod.rs:4:9
[INFO] [stdout]   |
[INFO] [stdout] 4 | pub use interval::*;
[INFO] [stdout]   |         ^^^^^^^^^^^
[INFO] [stdout]   |
[INFO] [stdout]   = note: `#[warn(unused_imports)]` on by default
[INFO] [stdout] 
[INFO] [stdout] 
[INFO] [stderr]    Compiling criterion v0.3.6
[INFO] [stdout] warning: 1 warning emitted
[INFO] [stdout] 
[INFO] [stdout] 
[INFO] [stderr]    Compiling pretty_assertions v1.4.0
[INFO] [stderr]    Compiling sea-query v0.30.4 (/opt/rustwide/workdir)
[INFO] [stdout] error[E0432]: unresolved import `crate::tests_cfg`
[INFO] [stdout]    --> src/query/condition.rs:669:17
[INFO] [stdout]     |
[INFO] [stdout] 669 |     use crate::{tests_cfg::*, *};
[INFO] [stdout]     |                 ^^^^^^^^^ could not find `tests_cfg` in the crate root
[INFO] [stdout] 
[INFO] [stdout] 
[INFO] [stdout] error[E0432]: unresolved import `crate::tests_cfg`
[INFO] [stdout]    --> src/types.rs:615:21
[INFO] [stdout]     |
[INFO] [stdout] 615 |     pub use crate::{tests_cfg::*, *};
[INFO] [stdout]     |                     ^^^^^^^^^ could not find `tests_cfg` in the crate root
[INFO] [stdout] 
[INFO] [stdout] 
[INFO] [stdout] error[E0432]: unresolved import `Character`
[INFO] [stdout]    --> src/types.rs:617:13
[INFO] [stdout]     |
[INFO] [stdout] 617 |     pub use Character as CharReexport;
[INFO] [stdout]     |             ^^^^^^^^^^^^^^^^^^^^^^^^^ no external crate `Character`
[INFO] [stdout] 
[INFO] [stdout] 
[INFO] [stdout] error[E0412]: cannot find type `Character` in this scope
[INFO] [stdout]    --> src/types.rs:677:26
[INFO] [stdout]     |
[INFO] [stdout] 677 |         type CharLocal = Character;
[INFO] [stdout]     |                          ^^^^^^^^^ not found in this scope
[INFO] [stdout] 
[INFO] [stdout] 
[INFO] [stdout] error[E0433]: failed to resolve: use of undeclared type `Char`
[INFO] [stdout]    --> src/types.rs:685:31
[INFO] [stdout]     |
[INFO] [stdout] 685 |             ColumnRef::Column(Char::Id.into_iden())
[INFO] [stdout]     |                               ^^^^ use of undeclared type `Char`
[INFO] [stdout]     |
[INFO] [stdout] help: a builtin type with a similar name exists
[INFO] [stdout]     |
[INFO] [stdout] 685 |             ColumnRef::Column(char::Id.into_iden())
[INFO] [stdout]     |                               ~~~~
[INFO] [stdout] help: consider importing one of these items
[INFO] [stdout]     |
[INFO] [stdout] 615 +     use core::ascii::Char;
[INFO] [stdout]     |
[INFO] [stdout] 615 +     use std::ascii::Char;
[INFO] [stdout]     |
[INFO] [stdout] 
[INFO] [stdout] 
[INFO] [stdout] warning: unused import: `interval::*`
[INFO] [stdout]  --> src/extension/postgres/mod.rs:4:9
[INFO] [stdout]   |
[INFO] [stdout] 4 | pub use interval::*;
[INFO] [stdout]   |         ^^^^^^^^^^^
[INFO] [stdout]   |
[INFO] [stdout]   = note: `#[warn(unused_imports)]` on by default
[INFO] [stdout] 
[INFO] [stdout] 
[INFO] [stdout] error[E0433]: failed to resolve: use of undeclared type `Glyph`
[INFO] [stdout]    --> src/query/condition.rs:676:21
[INFO] [stdout]     |
[INFO] [stdout] 676 |             .column(Glyph::Image)
[INFO] [stdout]     |                     ^^^^^ use of undeclared type `Glyph`
[INFO] [stdout] 
[INFO] [stdout] 
[INFO] [stdout] error[E0433]: failed to resolve: use of undeclared type `Glyph`
[INFO] [stdout]    --> src/query/condition.rs:677:19
[INFO] [stdout]     |
[INFO] [stdout] 677 |             .from(Glyph::Table)
[INFO] [stdout]     |                   ^^^^^ use of undeclared type `Glyph`
[INFO] [stdout] 
[INFO] [stdout] 
[INFO] [stdout] error[E0433]: failed to resolve: use of undeclared type `Character`
[INFO] [stdout]    --> src/types.rs:680:31
[INFO] [stdout]     |
[INFO] [stdout] 680 |             ColumnRef::Column(Character::Id.into_iden()),
[INFO] [stdout]     |                               ^^^^^^^^^ use of undeclared type `Character`
[INFO] [stdout] 
[INFO] [stdout] 
[INFO] [stdout] error[E0433]: failed to resolve: use of undeclared type `Character`
[INFO] [stdout]    --> src/types.rs:681:31
[INFO] [stdout]     |
[INFO] [stdout] 681 |             ColumnRef::Column(Character::Id.into_iden())
[INFO] [stdout]     |                               ^^^^^^^^^ use of undeclared type `Character`
[INFO] [stdout] 
[INFO] [stdout] 
[INFO] [stdout] error[E0433]: failed to resolve: use of undeclared type `Character`
[INFO] [stdout]    --> src/types.rs:684:31
[INFO] [stdout]     |
[INFO] [stdout] 684 |             ColumnRef::Column(Character::Id.into_iden()),
[INFO] [stdout]     |                               ^^^^^^^^^ use of undeclared type `Character`
[INFO] [stdout] 
[INFO] [stdout] 
[INFO] [stdout] error[E0433]: failed to resolve: use of undeclared type `Character`
[INFO] [stdout]    --> src/types.rs:688:31
[INFO] [stdout]     |
[INFO] [stdout] 688 |             ColumnRef::Column(Character::Id.into_iden()),
[INFO] [stdout]     |                               ^^^^^^^^^ use of undeclared type `Character`
[INFO] [stdout] 
[INFO] [stdout] 
[INFO] [stdout] error[E0433]: failed to resolve: use of undeclared type `Character`
[INFO] [stdout]    --> src/types.rs:692:31
[INFO] [stdout]     |
[INFO] [stdout] 692 |             ColumnRef::Column(Character::Id.into_iden()),
[INFO] [stdout]     |                               ^^^^^^^^^ use of undeclared type `Character`
[INFO] [stdout] 
[INFO] [stdout] 
[INFO] [stdout] error[E0433]: failed to resolve: use of undeclared type `Character`
[INFO] [stdout]    --> src/types.rs:704:31
[INFO] [stdout]     |
[INFO] [stdout] 704 |             ColumnRef::Column(Character::Id.into_iden()),
[INFO] [stdout]     |                               ^^^^^^^^^ use of undeclared type `Character`
[INFO] [stdout] 
[INFO] [stdout] 
[INFO] [stdout] error[E0433]: failed to resolve: use of undeclared type `Character`
[INFO] [stdout]    --> src/types.rs:708:31
[INFO] [stdout]     |
[INFO] [stdout] 708 |             ColumnRef::Column(Character::Id.into_iden()),
[INFO] [stdout]     |                               ^^^^^^^^^ use of undeclared type `Character`
[INFO] [stdout] 
[INFO] [stdout] 
[INFO] [stdout] error[E0433]: failed to resolve: use of undeclared type `Character`
[INFO] [stdout]    --> src/types.rs:709:31
[INFO] [stdout]     |
[INFO] [stdout] 709 |             ColumnRef::Column(Character::Table.into_iden())
[INFO] [stdout]     |                               ^^^^^^^^^ use of undeclared type `Character`
[INFO] [stdout] 
[INFO] [stdout] 
[INFO] [stdout] error[E0433]: failed to resolve: use of undeclared type `Character`
[INFO] [stdout]    --> src/types.rs:712:31
[INFO] [stdout]     |
[INFO] [stdout] 712 |             ColumnRef::Column(Character::Id.into_iden()),
[INFO] [stdout]     |                               ^^^^^^^^^ use of undeclared type `Character`
[INFO] [stdout] 
[INFO] [stdout] 
[INFO] [stdout] error[E0433]: failed to resolve: use of undeclared type `Font`
[INFO] [stdout]    --> src/types.rs:713:31
[INFO] [stdout]     |
[INFO] [stdout] 713 |             ColumnRef::Column(Font::Id.into_iden())
[INFO] [stdout]     |                               ^^^^ use of undeclared type `Font`
[INFO] [stdout] 
[INFO] [stdout] 
[INFO] [stdout] error: aborting due to 17 previous errors; 1 warning emitted
[INFO] [stdout] 
[INFO] [stdout] 
[INFO] [stdout] Some errors have detailed explanations: E0412, E0432, E0433.
[INFO] [stdout] 
[INFO] [stdout] For more information about an error, try `rustc --explain E0412`.
[INFO] [stdout] 
[INFO] [stderr] error: could not compile `sea-query` (lib test) due to 18 previous errors; 1 warning emitted
[INFO] running `Command { std: "docker" "inspect" "825cbfbd652504bd95617f0130fc12cb29b2e539b5139fb43c7a3d1b2c53ce60", kill_on_drop: false }`
[INFO] running `Command { std: "docker" "rm" "-f" "825cbfbd652504bd95617f0130fc12cb29b2e539b5139fb43c7a3d1b2c53ce60", kill_on_drop: false }`
[INFO] [stdout] 825cbfbd652504bd95617f0130fc12cb29b2e539b5139fb43c7a3d1b2c53ce60
