[INFO] fetching crate sdml-parse 0.2.0...
[INFO] testing sdml-parse-0.2.0 against 1.75.0 for beta-1.76-1
[INFO] extracting crate sdml-parse 0.2.0 into /workspace/builds/worker-3-tc1/source
[INFO] validating manifest of crates.io crate sdml-parse 0.2.0 on toolchain 1.75.0
[INFO] running `Command { std: CARGO_HOME="/workspace/cargo-home" RUSTUP_HOME="/workspace/rustup-home" "/workspace/cargo-home/bin/cargo" "+1.75.0" "metadata" "--manifest-path" "Cargo.toml" "--no-deps", kill_on_drop: false }`
[INFO] started tweaking crates.io crate sdml-parse 0.2.0
[INFO] finished tweaking crates.io crate sdml-parse 0.2.0
[INFO] tweaked toml for crates.io crate sdml-parse 0.2.0 written to /workspace/builds/worker-3-tc1/source/Cargo.toml
[INFO] running `Command { std: CARGO_HOME="/workspace/cargo-home" RUSTUP_HOME="/workspace/rustup-home" "/workspace/cargo-home/bin/cargo" "+1.75.0" "generate-lockfile" "--manifest-path" "Cargo.toml", kill_on_drop: false }`
[INFO] [stderr]     Updating crates.io index
[INFO] running `Command { std: CARGO_HOME="/workspace/cargo-home" RUSTUP_HOME="/workspace/rustup-home" "/workspace/cargo-home/bin/cargo" "+1.75.0" "fetch" "--manifest-path" "Cargo.toml", kill_on_drop: false }`
[INFO] [stderr]  Downloading crates ...
[INFO] [stderr]   Downloaded sdml-core v0.2.1
[INFO] [stderr]   Downloaded tree-sitter-sdml v0.2.10
[INFO] running `Command { std: "docker" "create" "-v" "/var/lib/crater-agent-workspace/builds/worker-3-tc1/target:/opt/rustwide/target:rw,Z" "-v" "/var/lib/crater-agent-workspace/builds/worker-3-tc1/source:/opt/rustwide/workdir:ro,Z" "-v" "/var/lib/crater-agent-workspace/cargo-home:/opt/rustwide/cargo-home:ro,Z" "-v" "/var/lib/crater-agent-workspace/rustup-home:/opt/rustwide/rustup-home:ro,Z" "-e" "SOURCE_DIR=/opt/rustwide/workdir" "-e" "CARGO_TARGET_DIR=/opt/rustwide/target" "-e" "CARGO_HOME=/opt/rustwide/cargo-home" "-e" "RUSTUP_HOME=/opt/rustwide/rustup-home" "-w" "/opt/rustwide/workdir" "-m" "1610612736" "--user" "0:0" "--network" "none" "ghcr.io/rust-lang/crates-build-env/linux@sha256:2788e3201cd34a07e3172128adcd8b3090168a8e3bcc40d7c032b9dda1df7d1c" "/opt/rustwide/cargo-home/bin/cargo" "+1.75.0" "metadata" "--no-deps" "--format-version=1", kill_on_drop: false }`
[INFO] [stdout] 19a7ca4983aad0ba3b0e901f4cd4ba4f572e5da5b92e1163a739ef1f87d159dd
[INFO] running `Command { std: "docker" "start" "-a" "19a7ca4983aad0ba3b0e901f4cd4ba4f572e5da5b92e1163a739ef1f87d159dd", kill_on_drop: false }`
[INFO] running `Command { std: "docker" "inspect" "19a7ca4983aad0ba3b0e901f4cd4ba4f572e5da5b92e1163a739ef1f87d159dd", kill_on_drop: false }`
[INFO] running `Command { std: "docker" "rm" "-f" "19a7ca4983aad0ba3b0e901f4cd4ba4f572e5da5b92e1163a739ef1f87d159dd", kill_on_drop: false }`
[INFO] [stdout] 19a7ca4983aad0ba3b0e901f4cd4ba4f572e5da5b92e1163a739ef1f87d159dd
[INFO] running `Command { std: "docker" "create" "-v" "/var/lib/crater-agent-workspace/builds/worker-3-tc1/target:/opt/rustwide/target:rw,Z" "-v" "/var/lib/crater-agent-workspace/builds/worker-3-tc1/source:/opt/rustwide/workdir:ro,Z" "-v" "/var/lib/crater-agent-workspace/cargo-home:/opt/rustwide/cargo-home:ro,Z" "-v" "/var/lib/crater-agent-workspace/rustup-home:/opt/rustwide/rustup-home:ro,Z" "-e" "SOURCE_DIR=/opt/rustwide/workdir" "-e" "CARGO_TARGET_DIR=/opt/rustwide/target" "-e" "CARGO_INCREMENTAL=0" "-e" "RUST_BACKTRACE=full" "-e" "RUSTFLAGS=--cap-lints=warn" "-e" "RUSTDOCFLAGS=--cap-lints=warn" "-e" "CARGO_HOME=/opt/rustwide/cargo-home" "-e" "RUSTUP_HOME=/opt/rustwide/rustup-home" "-w" "/opt/rustwide/workdir" "-m" "1610612736" "--user" "0:0" "--network" "none" "ghcr.io/rust-lang/crates-build-env/linux@sha256:2788e3201cd34a07e3172128adcd8b3090168a8e3bcc40d7c032b9dda1df7d1c" "/opt/rustwide/cargo-home/bin/cargo" "+1.75.0" "build" "--frozen" "--message-format=json", kill_on_drop: false }`
[INFO] [stdout] 7438f720c7a89c847055eb1b448a1f39329363e9b285926bf03f053396bc4ca6
[INFO] running `Command { std: "docker" "start" "-a" "7438f720c7a89c847055eb1b448a1f39329363e9b285926bf03f053396bc4ca6", kill_on_drop: false }`
[INFO] [stderr]    Compiling libc v0.2.151
[INFO] [stderr]    Compiling serde v1.0.194
[INFO] [stderr]    Compiling once_cell v1.19.0
[INFO] [stderr]    Compiling regex-syntax v0.6.29
[INFO] [stderr]    Compiling unicode-bidi v0.3.14
[INFO] [stderr]    Compiling overload v0.1.1
[INFO] [stderr]    Compiling cfg-if v1.0.0
[INFO] [stderr]    Compiling percent-encoding v2.3.1
[INFO] [stderr]    Compiling num-traits v0.2.17
[INFO] [stderr]    Compiling rust_decimal v1.33.1
[INFO] [stderr]    Compiling sharded-slab v0.1.7
[INFO] [stderr]    Compiling smallvec v1.11.2
[INFO] [stderr]    Compiling unicode-width v0.1.11
[INFO] [stderr]    Compiling syn v2.0.48
[INFO] [stderr]    Compiling unicode-normalization v0.1.22
[INFO] [stderr]    Compiling unicode-segmentation v1.10.1
[INFO] [stderr]    Compiling nu-ansi-term v0.46.0
[INFO] [stderr]    Compiling serde_json v1.0.111
[INFO] [stderr]    Compiling arrayvec v0.7.4
[INFO] [stderr]    Compiling tracing-core v0.1.32
[INFO] [stderr]    Compiling thread_local v1.1.7
[INFO] [stderr]    Compiling form_urlencoded v1.2.1
[INFO] [stderr]    Compiling termcolor v1.4.0
[INFO] [stderr]    Compiling convert_case v0.6.0
[INFO] [stderr]    Compiling indent_write v2.2.0
[INFO] [stderr]    Compiling itoa v1.0.10
[INFO] [stderr]    Compiling ryu v1.0.16
[INFO] [stderr]    Compiling search_path v0.1.4
[INFO] [stderr]    Compiling idna v0.5.0
[INFO] [stderr]    Compiling codespan-reporting v0.11.1
[INFO] [stderr]    Compiling tracing-log v0.2.0
[INFO] [stderr]    Compiling cc v1.0.83
[INFO] [stderr]    Compiling regex-automata v0.1.10
[INFO] [stderr]    Compiling tree-sitter v0.20.10
[INFO] [stderr]    Compiling tree-sitter-sdml v0.2.10
[INFO] [stderr]    Compiling matchers v0.1.0
[INFO] [stderr]    Compiling serde_derive v1.0.194
[INFO] [stderr]    Compiling tracing-attributes v0.1.27
[INFO] [stderr]    Compiling tracing v0.1.40
[INFO] [stderr]    Compiling tracing-subscriber v0.3.18
[INFO] [stderr]    Compiling url v2.5.0
[INFO] [stderr]    Compiling ordered-float v4.2.0
[INFO] [stderr]    Compiling sdml-core v0.2.1
[INFO] [stderr]    Compiling sdml-parse v0.2.0 (/opt/rustwide/workdir)
[INFO] [stdout] error[E0432]: unresolved import `sdml_core::model::definitions::HasGroups`
[INFO] [stdout]  --> src/parse/definitions/entities.rs:9:63
[INFO] [stdout]   |
[INFO] [stdout] 9 |     EntityBody, EntityDef, EntityIdentity, EntityIdentityDef, HasGroups, HasMembers,
[INFO] [stdout]   |                                                               ^^^^^^^^^ no `HasGroups` in `model::definitions`
[INFO] [stdout] 
[INFO] [stdout] 
[INFO] [stdout] error[E0432]: unresolved import `sdml_core::syntax::NODE_KIND_MEMBER_GROUP`
[INFO] [stdout]   --> src/parse/definitions/entities.rs:15:5
[INFO] [stdout]    |
[INFO] [stdout] 15 |     NODE_KIND_MEMBER_GROUP,
[INFO] [stdout]    |     ^^^^^^^^^^^^^^^^^^^^^^
[INFO] [stdout]    |     |
[INFO] [stdout]    |     no `NODE_KIND_MEMBER_GROUP` in `syntax`
[INFO] [stdout]    |     help: a similar name exists in the module: `NODE_KIND_MEMBER_ROLE`
[INFO] [stdout] 
[INFO] [stdout] 
[INFO] [stdout] error[E0432]: unresolved import `sdml_core::model::definitions::HasGroups`
[INFO] [stdout]  --> src/parse/definitions/structures.rs:7:37
[INFO] [stdout]   |
[INFO] [stdout] 7 | use sdml_core::model::definitions::{HasGroups, HasMembers, StructureBody, StructureDef};
[INFO] [stdout]   |                                     ^^^^^^^^^ no `HasGroups` in `model::definitions`
[INFO] [stdout] 
[INFO] [stdout] 
[INFO] [stdout] error[E0432]: unresolved imports `sdml_core::syntax::NODE_KIND_MEMBER_GROUP`, `sdml_core::syntax::NODE_KIND_STRUCTURE_GROUP`
[INFO] [stdout]   --> src/parse/definitions/structures.rs:11:23
[INFO] [stdout]    |
[INFO] [stdout] 11 |     NODE_KIND_MEMBER, NODE_KIND_MEMBER_GROUP, NODE_KIND_STRUCTURE_GROUP,
[INFO] [stdout]    |                       ^^^^^^^^^^^^^^^^^^^^^^  ^^^^^^^^^^^^^^^^^^^^^^^^^ no `NODE_KIND_STRUCTURE_GROUP` in `syntax`
[INFO] [stdout]    |                       |
[INFO] [stdout]    |                       no `NODE_KIND_MEMBER_GROUP` in `syntax`
[INFO] [stdout]    |
[INFO] [stdout] help: a similar name exists in the module
[INFO] [stdout]    |
[INFO] [stdout] 11 |     NODE_KIND_MEMBER, NODE_KIND_MEMBER_ROLE, NODE_KIND_STRUCTURE_GROUP,
[INFO] [stdout]    |                       ~~~~~~~~~~~~~~~~~~~~~
[INFO] [stdout] help: a similar name exists in the module
[INFO] [stdout]    |
[INFO] [stdout] 11 |     NODE_KIND_MEMBER, NODE_KIND_MEMBER_GROUP, NODE_KIND_STRUCTURE_BODY,
[INFO] [stdout]    |                                               ~~~~~~~~~~~~~~~~~~~~~~~~
[INFO] [stdout] 
[INFO] [stdout] 
[INFO] [stdout] error[E0432]: unresolved import `sdml_core::model::members::MemberGroup`
[INFO] [stdout]  --> src/parse/members/groups.rs:7:5
[INFO] [stdout]   |
[INFO] [stdout] 7 | use sdml_core::model::members::MemberGroup;
[INFO] [stdout]   |     ^^^^^^^^^^^^^^^^^^^^^^^^^^^^^^^^^^^^^^ no `MemberGroup` in `model::members`
[INFO] [stdout] 
[INFO] [stdout] 
[INFO] [stdout] error[E0432]: unresolved import `sdml_core::load`
[INFO] [stdout]   --> src/lib.rs:74:20
[INFO] [stdout]    |
[INFO] [stdout] 74 | pub use sdml_core::load::{ModuleLoader, ModuleResolver};
[INFO] [stdout]    |                    ^^^^ could not find `load` in `sdml_core`
[INFO] [stdout] 
[INFO] [stdout] 
[INFO] [stdout] error[E0432]: unresolved import `sdml_core::load`
[INFO] [stdout]   --> src/load.rs:15:16
[INFO] [stdout]    |
[INFO] [stdout] 15 | use sdml_core::load::{ModuleLoader as LoaderTrait, ModuleRef, ModuleResolver as ResolverTrait};
[INFO] [stdout]    |                ^^^^ could not find `load` in `sdml_core`
[INFO] [stdout] 
[INFO] [stdout] 
[INFO] [stdout] warning: lint `private_in_public` has been removed: replaced with another group of lints, see RFC <https://rust-lang.github.io/rfcs/2145-type-privacy.html> for more information
[INFO] [stdout]   --> src/lib.rs:43:5
[INFO] [stdout]    |
[INFO] [stdout] 43 |     private_in_public,
[INFO] [stdout]    |     ^^^^^^^^^^^^^^^^^
[INFO] [stdout]    |
[INFO] [stdout]    = note: `#[warn(renamed_and_removed_lints)]` on by default
[INFO] [stdout] 
[INFO] [stdout] 
[INFO] [stdout] error: aborting due to 7 previous errors; 1 warning emitted
[INFO] [stdout] 
[INFO] [stdout] 
[INFO] [stdout] For more information about this error, try `rustc --explain E0432`.
[INFO] [stdout] 
[INFO] [stderr] error: could not compile `sdml-parse` (lib) due to 8 previous errors; 1 warning emitted
[INFO] [stderr] warning: build failed, waiting for other jobs to finish...
[INFO] running `Command { std: "docker" "inspect" "7438f720c7a89c847055eb1b448a1f39329363e9b285926bf03f053396bc4ca6", kill_on_drop: false }`
[INFO] running `Command { std: "docker" "rm" "-f" "7438f720c7a89c847055eb1b448a1f39329363e9b285926bf03f053396bc4ca6", kill_on_drop: false }`
[INFO] [stdout] 7438f720c7a89c847055eb1b448a1f39329363e9b285926bf03f053396bc4ca6
[INFO] testing sdml-parse-0.2.0 against beta-2023-12-22 for beta-1.76-1
[INFO] extracting crate sdml-parse 0.2.0 into /workspace/builds/worker-3-tc2/source
[INFO] validating manifest of crates.io crate sdml-parse 0.2.0 on toolchain beta-2023-12-22
[INFO] running `Command { std: CARGO_HOME="/workspace/cargo-home" RUSTUP_HOME="/workspace/rustup-home" "/workspace/cargo-home/bin/cargo" "+beta-2023-12-22" "metadata" "--manifest-path" "Cargo.toml" "--no-deps", kill_on_drop: false }`
[INFO] started tweaking crates.io crate sdml-parse 0.2.0
[INFO] finished tweaking crates.io crate sdml-parse 0.2.0
[INFO] tweaked toml for crates.io crate sdml-parse 0.2.0 written to /workspace/builds/worker-3-tc2/source/Cargo.toml
[INFO] running `Command { std: CARGO_HOME="/workspace/cargo-home" RUSTUP_HOME="/workspace/rustup-home" "/workspace/cargo-home/bin/cargo" "+beta-2023-12-22" "generate-lockfile" "--manifest-path" "Cargo.toml", kill_on_drop: false }`
[INFO] [stderr]     Updating crates.io index
[INFO] running `Command { std: CARGO_HOME="/workspace/cargo-home" RUSTUP_HOME="/workspace/rustup-home" "/workspace/cargo-home/bin/cargo" "+beta-2023-12-22" "fetch" "--manifest-path" "Cargo.toml", kill_on_drop: false }`
[INFO] running `Command { std: "docker" "create" "-v" "/var/lib/crater-agent-workspace/builds/worker-3-tc2/target:/opt/rustwide/target:rw,Z" "-v" "/var/lib/crater-agent-workspace/builds/worker-3-tc2/source:/opt/rustwide/workdir:ro,Z" "-v" "/var/lib/crater-agent-workspace/cargo-home:/opt/rustwide/cargo-home:ro,Z" "-v" "/var/lib/crater-agent-workspace/rustup-home:/opt/rustwide/rustup-home:ro,Z" "-e" "SOURCE_DIR=/opt/rustwide/workdir" "-e" "CARGO_TARGET_DIR=/opt/rustwide/target" "-e" "CARGO_HOME=/opt/rustwide/cargo-home" "-e" "RUSTUP_HOME=/opt/rustwide/rustup-home" "-w" "/opt/rustwide/workdir" "-m" "1610612736" "--user" "0:0" "--network" "none" "ghcr.io/rust-lang/crates-build-env/linux@sha256:2788e3201cd34a07e3172128adcd8b3090168a8e3bcc40d7c032b9dda1df7d1c" "/opt/rustwide/cargo-home/bin/cargo" "+beta-2023-12-22" "metadata" "--no-deps" "--format-version=1", kill_on_drop: false }`
[INFO] [stdout] 2dd253ddddf77256e05e922d864e671886180d8300e34b38bd27dd2b96318760
[INFO] running `Command { std: "docker" "start" "-a" "2dd253ddddf77256e05e922d864e671886180d8300e34b38bd27dd2b96318760", kill_on_drop: false }`
[INFO] running `Command { std: "docker" "inspect" "2dd253ddddf77256e05e922d864e671886180d8300e34b38bd27dd2b96318760", kill_on_drop: false }`
[INFO] running `Command { std: "docker" "rm" "-f" "2dd253ddddf77256e05e922d864e671886180d8300e34b38bd27dd2b96318760", kill_on_drop: false }`
[INFO] [stdout] 2dd253ddddf77256e05e922d864e671886180d8300e34b38bd27dd2b96318760
[INFO] running `Command { std: "docker" "create" "-v" "/var/lib/crater-agent-workspace/builds/worker-3-tc2/target:/opt/rustwide/target:rw,Z" "-v" "/var/lib/crater-agent-workspace/builds/worker-3-tc2/source:/opt/rustwide/workdir:ro,Z" "-v" "/var/lib/crater-agent-workspace/cargo-home:/opt/rustwide/cargo-home:ro,Z" "-v" "/var/lib/crater-agent-workspace/rustup-home:/opt/rustwide/rustup-home:ro,Z" "-e" "SOURCE_DIR=/opt/rustwide/workdir" "-e" "CARGO_TARGET_DIR=/opt/rustwide/target" "-e" "CARGO_INCREMENTAL=0" "-e" "RUST_BACKTRACE=full" "-e" "RUSTFLAGS=--cap-lints=warn" "-e" "RUSTDOCFLAGS=--cap-lints=warn" "-e" "CARGO_HOME=/opt/rustwide/cargo-home" "-e" "RUSTUP_HOME=/opt/rustwide/rustup-home" "-w" "/opt/rustwide/workdir" "-m" "1610612736" "--user" "0:0" "--network" "none" "ghcr.io/rust-lang/crates-build-env/linux@sha256:2788e3201cd34a07e3172128adcd8b3090168a8e3bcc40d7c032b9dda1df7d1c" "/opt/rustwide/cargo-home/bin/cargo" "+beta-2023-12-22" "build" "--frozen" "--message-format=json", kill_on_drop: false }`
[INFO] [stdout] bc199ca49a6b5e45ed0d5f8581030730403c7cde8198eb93dfb56742fc5da2db
[INFO] running `Command { std: "docker" "start" "-a" "bc199ca49a6b5e45ed0d5f8581030730403c7cde8198eb93dfb56742fc5da2db", kill_on_drop: false }`
[INFO] [stderr]    Compiling libc v0.2.151
[INFO] [stderr]    Compiling serde v1.0.194
[INFO] [stderr]    Compiling once_cell v1.19.0
[INFO] [stderr]    Compiling num-traits v0.2.17
[INFO] [stderr]    Compiling regex-syntax v0.6.29
[INFO] [stderr]    Compiling cfg-if v1.0.0
[INFO] [stderr]    Compiling overload v0.1.1
[INFO] [stderr]    Compiling percent-encoding v2.3.1
[INFO] [stderr]    Compiling rust_decimal v1.33.1
[INFO] [stderr]    Compiling unicode-bidi v0.3.14
[INFO] [stderr]    Compiling unicode-normalization v0.1.22
[INFO] [stderr]    Compiling sharded-slab v0.1.7
[INFO] [stderr]    Compiling unicode-width v0.1.11
[INFO] [stderr]    Compiling serde_json v1.0.111
[INFO] [stderr]    Compiling syn v2.0.48
[INFO] [stderr]    Compiling smallvec v1.11.2
[INFO] [stderr]    Compiling nu-ansi-term v0.46.0
[INFO] [stderr]    Compiling unicode-segmentation v1.10.1
[INFO] [stderr]    Compiling termcolor v1.4.0
[INFO] [stderr]    Compiling tracing-core v0.1.32
[INFO] [stderr]    Compiling thread_local v1.1.7
[INFO] [stderr]    Compiling form_urlencoded v1.2.1
[INFO] [stderr]    Compiling arrayvec v0.7.4
[INFO] [stderr]    Compiling codespan-reporting v0.11.1
[INFO] [stderr]    Compiling convert_case v0.6.0
[INFO] [stderr]    Compiling ryu v1.0.16
[INFO] [stderr]    Compiling itoa v1.0.10
[INFO] [stderr]    Compiling indent_write v2.2.0
[INFO] [stderr]    Compiling search_path v0.1.4
[INFO] [stderr]    Compiling idna v0.5.0
[INFO] [stderr]    Compiling tracing-log v0.2.0
[INFO] [stderr]    Compiling cc v1.0.83
[INFO] [stderr]    Compiling tree-sitter v0.20.10
[INFO] [stderr]    Compiling tree-sitter-sdml v0.2.10
[INFO] [stderr]    Compiling regex-automata v0.1.10
[INFO] [stderr]    Compiling matchers v0.1.0
[INFO] [stderr]    Compiling serde_derive v1.0.194
[INFO] [stderr]    Compiling tracing-attributes v0.1.27
[INFO] [stderr]    Compiling tracing v0.1.40
[INFO] [stderr]    Compiling tracing-subscriber v0.3.18
[INFO] [stderr]    Compiling ordered-float v4.2.0
[INFO] [stderr]    Compiling url v2.5.0
[INFO] [stderr]    Compiling sdml-core v0.2.1
[INFO] [stderr]    Compiling sdml-parse v0.2.0 (/opt/rustwide/workdir)
[INFO] [stdout] error[E0432]: unresolved import `sdml_core::model::definitions::HasGroups`
[INFO] [stdout]  --> src/parse/definitions/entities.rs:9:63
[INFO] [stdout]   |
[INFO] [stdout] 9 |     EntityBody, EntityDef, EntityIdentity, EntityIdentityDef, HasGroups, HasMembers,
[INFO] [stdout]   |                                                               ^^^^^^^^^ no `HasGroups` in `model::definitions`
[INFO] [stdout] 
[INFO] [stdout] 
[INFO] [stdout] error[E0432]: unresolved import `sdml_core::syntax::NODE_KIND_MEMBER_GROUP`
[INFO] [stdout]   --> src/parse/definitions/entities.rs:15:5
[INFO] [stdout]    |
[INFO] [stdout] 15 |     NODE_KIND_MEMBER_GROUP,
[INFO] [stdout]    |     ^^^^^^^^^^^^^^^^^^^^^^
[INFO] [stdout]    |     |
[INFO] [stdout]    |     no `NODE_KIND_MEMBER_GROUP` in `syntax`
[INFO] [stdout]    |     help: a similar name exists in the module: `NODE_KIND_MEMBER_ROLE`
[INFO] [stdout] 
[INFO] [stdout] 
[INFO] [stdout] error[E0432]: unresolved import `sdml_core::model::definitions::HasGroups`
[INFO] [stdout]  --> src/parse/definitions/structures.rs:7:37
[INFO] [stdout]   |
[INFO] [stdout] 7 | use sdml_core::model::definitions::{HasGroups, HasMembers, StructureBody, StructureDef};
[INFO] [stdout]   |                                     ^^^^^^^^^ no `HasGroups` in `model::definitions`
[INFO] [stdout] 
[INFO] [stdout] 
[INFO] [stdout] error[E0432]: unresolved imports `sdml_core::syntax::NODE_KIND_MEMBER_GROUP`, `sdml_core::syntax::NODE_KIND_STRUCTURE_GROUP`
[INFO] [stdout]   --> src/parse/definitions/structures.rs:11:23
[INFO] [stdout]    |
[INFO] [stdout] 11 |     NODE_KIND_MEMBER, NODE_KIND_MEMBER_GROUP, NODE_KIND_STRUCTURE_GROUP,
[INFO] [stdout]    |                       ^^^^^^^^^^^^^^^^^^^^^^  ^^^^^^^^^^^^^^^^^^^^^^^^^ no `NODE_KIND_STRUCTURE_GROUP` in `syntax`
[INFO] [stdout]    |                       |
[INFO] [stdout]    |                       no `NODE_KIND_MEMBER_GROUP` in `syntax`
[INFO] [stdout]    |
[INFO] [stdout] help: a similar name exists in the module
[INFO] [stdout]    |
[INFO] [stdout] 11 |     NODE_KIND_MEMBER, NODE_KIND_MEMBER_ROLE, NODE_KIND_STRUCTURE_GROUP,
[INFO] [stdout]    |                       ~~~~~~~~~~~~~~~~~~~~~
[INFO] [stdout] help: a similar name exists in the module
[INFO] [stdout]    |
[INFO] [stdout] 11 |     NODE_KIND_MEMBER, NODE_KIND_MEMBER_GROUP, NODE_KIND_STRUCTURE_BODY,
[INFO] [stdout]    |                                               ~~~~~~~~~~~~~~~~~~~~~~~~
[INFO] [stdout] 
[INFO] [stdout] 
[INFO] [stdout] error[E0432]: unresolved import `sdml_core::model::members::MemberGroup`
[INFO] [stdout]  --> src/parse/members/groups.rs:7:5
[INFO] [stdout]   |
[INFO] [stdout] 7 | use sdml_core::model::members::MemberGroup;
[INFO] [stdout]   |     ^^^^^^^^^^^^^^^^^^^^^^^^^^^^^^^^^^^^^^ no `MemberGroup` in `model::members`
[INFO] [stdout] 
[INFO] [stdout] 
[INFO] [stdout] error[E0432]: unresolved import `sdml_core::load`
[INFO] [stdout]   --> src/lib.rs:74:20
[INFO] [stdout]    |
[INFO] [stdout] 74 | pub use sdml_core::load::{ModuleLoader, ModuleResolver};
[INFO] [stdout]    |                    ^^^^ could not find `load` in `sdml_core`
[INFO] [stdout] 
[INFO] [stdout] 
[INFO] [stdout] error[E0432]: unresolved import `sdml_core::load`
[INFO] [stdout]   --> src/load.rs:15:16
[INFO] [stdout]    |
[INFO] [stdout] 15 | use sdml_core::load::{ModuleLoader as LoaderTrait, ModuleRef, ModuleResolver as ResolverTrait};
[INFO] [stdout]    |                ^^^^ could not find `load` in `sdml_core`
[INFO] [stdout] 
[INFO] [stdout] 
[INFO] [stdout] warning: lint `private_in_public` has been removed: replaced with another group of lints, see RFC <https://rust-lang.github.io/rfcs/2145-type-privacy.html> for more information
[INFO] [stdout]   --> src/lib.rs:43:5
[INFO] [stdout]    |
[INFO] [stdout] 43 |     private_in_public,
[INFO] [stdout]    |     ^^^^^^^^^^^^^^^^^
[INFO] [stdout]    |
[INFO] [stdout]    = note: `#[warn(renamed_and_removed_lints)]` on by default
[INFO] [stdout] 
[INFO] [stdout] 
[INFO] [stdout] error: aborting due to 7 previous errors; 1 warning emitted
[INFO] [stdout] 
[INFO] [stdout] 
[INFO] [stdout] For more information about this error, try `rustc --explain E0432`.
[INFO] [stdout] 
[INFO] [stderr] error: could not compile `sdml-parse` (lib) due to 8 previous errors; 1 warning emitted
[INFO] [stderr] warning: build failed, waiting for other jobs to finish...
[INFO] running `Command { std: "docker" "inspect" "bc199ca49a6b5e45ed0d5f8581030730403c7cde8198eb93dfb56742fc5da2db", kill_on_drop: false }`
[INFO] running `Command { std: "docker" "rm" "-f" "bc199ca49a6b5e45ed0d5f8581030730403c7cde8198eb93dfb56742fc5da2db", kill_on_drop: false }`
[INFO] [stdout] bc199ca49a6b5e45ed0d5f8581030730403c7cde8198eb93dfb56742fc5da2db
