[INFO] fetching crate sdml-generate 0.2.1...
[INFO] testing sdml-generate-0.2.1 against 1.75.0 for beta-1.76-1
[INFO] extracting crate sdml-generate 0.2.1 into /workspace/builds/worker-3-tc1/source
[INFO] validating manifest of crates.io crate sdml-generate 0.2.1 on toolchain 1.75.0
[INFO] running `Command { std: CARGO_HOME="/workspace/cargo-home" RUSTUP_HOME="/workspace/rustup-home" "/workspace/cargo-home/bin/cargo" "+1.75.0" "metadata" "--manifest-path" "Cargo.toml" "--no-deps", kill_on_drop: false }`
[INFO] started tweaking crates.io crate sdml-generate 0.2.1
[INFO] finished tweaking crates.io crate sdml-generate 0.2.1
[INFO] tweaked toml for crates.io crate sdml-generate 0.2.1 written to /workspace/builds/worker-3-tc1/source/Cargo.toml
[INFO] running `Command { std: CARGO_HOME="/workspace/cargo-home" RUSTUP_HOME="/workspace/rustup-home" "/workspace/cargo-home/bin/cargo" "+1.75.0" "generate-lockfile" "--manifest-path" "Cargo.toml", kill_on_drop: false }`
[INFO] [stderr]     Updating crates.io index
[INFO] running `Command { std: CARGO_HOME="/workspace/cargo-home" RUSTUP_HOME="/workspace/rustup-home" "/workspace/cargo-home/bin/cargo" "+1.75.0" "fetch" "--manifest-path" "Cargo.toml", kill_on_drop: false }`
[INFO] [stderr]  Downloading crates ...
[INFO] [stderr]   Downloaded tree-sitter-highlight v0.20.1
[INFO] [stderr]   Downloaded sdml-core v0.2.1
[INFO] [stderr]   Downloaded tree-sitter-sdml v0.2.10
[INFO] [stderr]   Downloaded tree-sitter v0.20.10
[INFO] running `Command { std: "docker" "create" "-v" "/var/lib/crater-agent-workspace/builds/worker-3-tc1/target:/opt/rustwide/target:rw,Z" "-v" "/var/lib/crater-agent-workspace/builds/worker-3-tc1/source:/opt/rustwide/workdir:ro,Z" "-v" "/var/lib/crater-agent-workspace/cargo-home:/opt/rustwide/cargo-home:ro,Z" "-v" "/var/lib/crater-agent-workspace/rustup-home:/opt/rustwide/rustup-home:ro,Z" "-e" "SOURCE_DIR=/opt/rustwide/workdir" "-e" "CARGO_TARGET_DIR=/opt/rustwide/target" "-e" "CARGO_HOME=/opt/rustwide/cargo-home" "-e" "RUSTUP_HOME=/opt/rustwide/rustup-home" "-w" "/opt/rustwide/workdir" "-m" "1610612736" "--user" "0:0" "--network" "none" "ghcr.io/rust-lang/crates-build-env/linux@sha256:2788e3201cd34a07e3172128adcd8b3090168a8e3bcc40d7c032b9dda1df7d1c" "/opt/rustwide/cargo-home/bin/cargo" "+1.75.0" "metadata" "--no-deps" "--format-version=1", kill_on_drop: false }`
[INFO] [stdout] b52c48d6cbfdf69cedccd763af071cf934311208528af4efee9a1339b0b60f93
[INFO] running `Command { std: "docker" "start" "-a" "b52c48d6cbfdf69cedccd763af071cf934311208528af4efee9a1339b0b60f93", kill_on_drop: false }`
[INFO] running `Command { std: "docker" "inspect" "b52c48d6cbfdf69cedccd763af071cf934311208528af4efee9a1339b0b60f93", kill_on_drop: false }`
[INFO] running `Command { std: "docker" "rm" "-f" "b52c48d6cbfdf69cedccd763af071cf934311208528af4efee9a1339b0b60f93", kill_on_drop: false }`
[INFO] [stdout] b52c48d6cbfdf69cedccd763af071cf934311208528af4efee9a1339b0b60f93
[INFO] running `Command { std: "docker" "create" "-v" "/var/lib/crater-agent-workspace/builds/worker-3-tc1/target:/opt/rustwide/target:rw,Z" "-v" "/var/lib/crater-agent-workspace/builds/worker-3-tc1/source:/opt/rustwide/workdir:ro,Z" "-v" "/var/lib/crater-agent-workspace/cargo-home:/opt/rustwide/cargo-home:ro,Z" "-v" "/var/lib/crater-agent-workspace/rustup-home:/opt/rustwide/rustup-home:ro,Z" "-e" "SOURCE_DIR=/opt/rustwide/workdir" "-e" "CARGO_TARGET_DIR=/opt/rustwide/target" "-e" "CARGO_INCREMENTAL=0" "-e" "RUST_BACKTRACE=full" "-e" "RUSTFLAGS=--cap-lints=warn" "-e" "RUSTDOCFLAGS=--cap-lints=warn" "-e" "CARGO_HOME=/opt/rustwide/cargo-home" "-e" "RUSTUP_HOME=/opt/rustwide/rustup-home" "-w" "/opt/rustwide/workdir" "-m" "1610612736" "--user" "0:0" "--network" "none" "ghcr.io/rust-lang/crates-build-env/linux@sha256:2788e3201cd34a07e3172128adcd8b3090168a8e3bcc40d7c032b9dda1df7d1c" "/opt/rustwide/cargo-home/bin/cargo" "+1.75.0" "build" "--frozen" "--message-format=json", kill_on_drop: false }`
[INFO] [stdout] 714cdd6b5fc1b8cfb7461ee3ff20e18313cbc84c143f03bdff6175bb02bc533c
[INFO] running `Command { std: "docker" "start" "-a" "714cdd6b5fc1b8cfb7461ee3ff20e18313cbc84c143f03bdff6175bb02bc533c", kill_on_drop: false }`
[INFO] [stderr]    Compiling libc v0.2.151
[INFO] [stderr]    Compiling num-traits v0.2.17
[INFO] [stderr]    Compiling tracing-core v0.1.32
[INFO] [stderr]    Compiling regex-syntax v0.6.29
[INFO] [stderr]    Compiling overload v0.1.1
[INFO] [stderr]    Compiling syn v2.0.48
[INFO] [stderr]    Compiling rust_decimal v1.33.1
[INFO] [stderr]    Compiling rustix v0.38.28
[INFO] [stderr]    Compiling nu-ansi-term v0.46.0
[INFO] [stderr]    Compiling tracing-log v0.2.0
[INFO] [stderr]    Compiling sharded-slab v0.1.7
[INFO] [stderr]    Compiling thread_local v1.1.7
[INFO] [stderr]    Compiling termcolor v1.4.0
[INFO] [stderr]    Compiling cc v1.0.83
[INFO] [stderr]    Compiling paste v1.0.14
[INFO] [stderr]    Compiling linux-raw-sys v0.4.12
[INFO] [stderr]    Compiling arrayvec v0.7.4
[INFO] [stderr]    Compiling codespan-reporting v0.11.1
[INFO] [stderr]    Compiling convert_case v0.6.0
[INFO] [stderr]    Compiling indent_write v2.2.0
[INFO] [stderr]    Compiling fastrand v2.0.1
[INFO] [stderr]    Compiling regex-automata v0.1.10
[INFO] [stderr]    Compiling tree-sitter v0.20.10
[INFO] [stderr]    Compiling tree-sitter-sdml v0.2.10
[INFO] [stderr]    Compiling matchers v0.1.0
[INFO] [stderr]    Compiling tempfile v3.9.0
[INFO] [stderr]    Compiling serde_derive v1.0.194
[INFO] [stderr]    Compiling tracing-attributes v0.1.27
[INFO] [stderr]    Compiling thiserror-impl v1.0.56
[INFO] [stderr]    Compiling thiserror v1.0.56
[INFO] [stderr]    Compiling tree-sitter-highlight v0.20.1
[INFO] [stderr]    Compiling tracing v0.1.40
[INFO] [stderr]    Compiling tracing-subscriber v0.3.18
[INFO] [stderr]    Compiling serde v1.0.194
[INFO] [stderr]    Compiling ordered-float v4.2.0
[INFO] [stderr]    Compiling url v2.5.0
[INFO] [stderr]    Compiling sdml-core v0.2.1
[INFO] [stderr]    Compiling sdml-generate v0.2.1 (/opt/rustwide/workdir)
[INFO] [stdout] error[E0432]: unresolved import `sdml_core::generate`
[INFO] [stdout]   --> src/lib.rs:63:20
[INFO] [stdout]    |
[INFO] [stdout] 63 | pub use sdml_core::generate::{GenerateToFile, GenerateToWriter, NoFormatOptions};
[INFO] [stdout]    |                    ^^^^^^^^ could not find `generate` in `sdml_core`
[INFO] [stdout] 
[INFO] [stdout] 
[INFO] [stdout] error[E0432]: unresolved import `sdml_core::generate`
[INFO] [stdout]   --> src/convert/org.rs:13:16
[INFO] [stdout]    |
[INFO] [stdout] 13 | use sdml_core::generate::{GenerateToWriter, NoFormatOptions};
[INFO] [stdout]    |                ^^^^^^^^ could not find `generate` in `sdml_core`
[INFO] [stdout] 
[INFO] [stdout] 
[INFO] [stdout] error[E0432]: unresolved import `sdml_core::load`
[INFO] [stdout]   --> src/convert/org.rs:14:16
[INFO] [stdout]    |
[INFO] [stdout] 14 | use sdml_core::load::ModuleLoader;
[INFO] [stdout]    |                ^^^^ could not find `load` in `sdml_core`
[INFO] [stdout] 
[INFO] [stdout] 
[INFO] [stdout] error[E0432]: unresolved import `sdml_core::model::definitions::HasGroups`
[INFO] [stdout]   --> src/convert/sexpr.rs:27:24
[INFO] [stdout]    |
[INFO] [stdout] 27 |     EnumDef, EventDef, HasGroups, HasMembers, HasVariants, PropertyBody, PropertyDef,
[INFO] [stdout]    |                        ^^^^^^^^^ no `HasGroups` in `model::definitions`
[INFO] [stdout] 
[INFO] [stdout] 
[INFO] [stdout] error[E0432]: unresolved import `sdml_core::model::members::MemberGroup`
[INFO] [stdout]   --> src/convert/sexpr.rs:32:75
[INFO] [stdout]    |
[INFO] [stdout] 32 |     Cardinality, HasCardinality, HasType, MappingType, Member, MemberDef, MemberGroup,
[INFO] [stdout]    |                                                                           ^^^^^^^^^^^ no `MemberGroup` in `model::members`
[INFO] [stdout] 
[INFO] [stdout] 
[INFO] [stdout] error[E0432]: unresolved import `sdml_core::syntax::NODE_KIND_MEMBER_GROUP`
[INFO] [stdout]   --> src/convert/sexpr.rs:64:75
[INFO] [stdout]    |
[INFO] [stdout] 64 |     NODE_KIND_MAPPING_TYPE, NODE_KIND_MAPPING_VARIABLE, NODE_KIND_MEMBER, NODE_KIND_MEMBER_GROUP,
[INFO] [stdout]    |                                                                           ^^^^^^^^^^^^^^^^^^^^^^
[INFO] [stdout]    |                                                                           |
[INFO] [stdout]    |                                                                           no `NODE_KIND_MEMBER_GROUP` in `syntax`
[INFO] [stdout]    |                                                                           help: a similar name exists in the module: `NODE_KIND_MEMBER_ROLE`
[INFO] [stdout] 
[INFO] [stdout] 
[INFO] [stdout] error[E0432]: unresolved import `sdml_core::generate`
[INFO] [stdout]   --> src/draw/concepts.rs:15:16
[INFO] [stdout]    |
[INFO] [stdout] 15 | use sdml_core::generate::GenerateToWriter;
[INFO] [stdout]    |                ^^^^^^^^ could not find `generate` in `sdml_core`
[INFO] [stdout] 
[INFO] [stdout] 
[INFO] [stdout] error[E0432]: unresolved import `sdml_core::load`
[INFO] [stdout]   --> src/draw/concepts.rs:16:16
[INFO] [stdout]    |
[INFO] [stdout] 16 | use sdml_core::load::ModuleLoader;
[INFO] [stdout]    |                ^^^^ could not find `load` in `sdml_core`
[INFO] [stdout] 
[INFO] [stdout] 
[INFO] [stdout] error[E0432]: unresolved import `sdml_core::generate`
[INFO] [stdout]   --> src/draw/erd.rs:15:16
[INFO] [stdout]    |
[INFO] [stdout] 15 | use sdml_core::generate::GenerateToWriter;
[INFO] [stdout]    |                ^^^^^^^^ could not find `generate` in `sdml_core`
[INFO] [stdout] 
[INFO] [stdout] 
[INFO] [stdout] error[E0432]: unresolved import `sdml_core::load`
[INFO] [stdout]   --> src/draw/erd.rs:16:16
[INFO] [stdout]    |
[INFO] [stdout] 16 | use sdml_core::load::ModuleLoader;
[INFO] [stdout]    |                ^^^^ could not find `load` in `sdml_core`
[INFO] [stdout] 
[INFO] [stdout] 
[INFO] [stdout] error[E0432]: unresolved import `sdml_core::generate`
[INFO] [stdout]   --> src/draw/uml.rs:15:16
[INFO] [stdout]    |
[INFO] [stdout] 15 | use sdml_core::generate::GenerateToFile;
[INFO] [stdout]    |                ^^^^^^^^ could not find `generate` in `sdml_core`
[INFO] [stdout] 
[INFO] [stdout] 
[INFO] [stdout] error[E0432]: unresolved import `sdml_core::load`
[INFO] [stdout]   --> src/draw/uml.rs:16:16
[INFO] [stdout]    |
[INFO] [stdout] 16 | use sdml_core::load::ModuleLoader;
[INFO] [stdout]    |                ^^^^ could not find `load` in `sdml_core`
[INFO] [stdout] 
[INFO] [stdout] 
[INFO] [stdout] warning: lint `private_in_public` has been removed: replaced with another group of lints, see RFC <https://rust-lang.github.io/rfcs/2145-type-privacy.html> for more information
[INFO] [stdout]   --> src/lib.rs:43:5
[INFO] [stdout]    |
[INFO] [stdout] 43 |     private_in_public,
[INFO] [stdout]    |     ^^^^^^^^^^^^^^^^^
[INFO] [stdout]    |
[INFO] [stdout]    = note: `#[warn(renamed_and_removed_lints)]` on by default
[INFO] [stdout] 
[INFO] [stdout] 
[INFO] [stdout] error: aborting due to 12 previous errors; 1 warning emitted
[INFO] [stdout] 
[INFO] [stdout] 
[INFO] [stdout] For more information about this error, try `rustc --explain E0432`.
[INFO] [stdout] 
[INFO] [stderr] error: could not compile `sdml-generate` (lib) due to 13 previous errors; 1 warning emitted
[INFO] [stderr] warning: build failed, waiting for other jobs to finish...
[INFO] running `Command { std: "docker" "inspect" "714cdd6b5fc1b8cfb7461ee3ff20e18313cbc84c143f03bdff6175bb02bc533c", kill_on_drop: false }`
[INFO] running `Command { std: "docker" "rm" "-f" "714cdd6b5fc1b8cfb7461ee3ff20e18313cbc84c143f03bdff6175bb02bc533c", kill_on_drop: false }`
[INFO] [stdout] 714cdd6b5fc1b8cfb7461ee3ff20e18313cbc84c143f03bdff6175bb02bc533c
[INFO] testing sdml-generate-0.2.1 against beta-2023-12-22 for beta-1.76-1
[INFO] extracting crate sdml-generate 0.2.1 into /workspace/builds/worker-3-tc2/source
[INFO] validating manifest of crates.io crate sdml-generate 0.2.1 on toolchain beta-2023-12-22
[INFO] running `Command { std: CARGO_HOME="/workspace/cargo-home" RUSTUP_HOME="/workspace/rustup-home" "/workspace/cargo-home/bin/cargo" "+beta-2023-12-22" "metadata" "--manifest-path" "Cargo.toml" "--no-deps", kill_on_drop: false }`
[INFO] started tweaking crates.io crate sdml-generate 0.2.1
[INFO] finished tweaking crates.io crate sdml-generate 0.2.1
[INFO] tweaked toml for crates.io crate sdml-generate 0.2.1 written to /workspace/builds/worker-3-tc2/source/Cargo.toml
[INFO] running `Command { std: CARGO_HOME="/workspace/cargo-home" RUSTUP_HOME="/workspace/rustup-home" "/workspace/cargo-home/bin/cargo" "+beta-2023-12-22" "generate-lockfile" "--manifest-path" "Cargo.toml", kill_on_drop: false }`
[INFO] [stderr]     Updating crates.io index
[INFO] running `Command { std: CARGO_HOME="/workspace/cargo-home" RUSTUP_HOME="/workspace/rustup-home" "/workspace/cargo-home/bin/cargo" "+beta-2023-12-22" "fetch" "--manifest-path" "Cargo.toml", kill_on_drop: false }`
[INFO] running `Command { std: "docker" "create" "-v" "/var/lib/crater-agent-workspace/builds/worker-3-tc2/target:/opt/rustwide/target:rw,Z" "-v" "/var/lib/crater-agent-workspace/builds/worker-3-tc2/source:/opt/rustwide/workdir:ro,Z" "-v" "/var/lib/crater-agent-workspace/cargo-home:/opt/rustwide/cargo-home:ro,Z" "-v" "/var/lib/crater-agent-workspace/rustup-home:/opt/rustwide/rustup-home:ro,Z" "-e" "SOURCE_DIR=/opt/rustwide/workdir" "-e" "CARGO_TARGET_DIR=/opt/rustwide/target" "-e" "CARGO_HOME=/opt/rustwide/cargo-home" "-e" "RUSTUP_HOME=/opt/rustwide/rustup-home" "-w" "/opt/rustwide/workdir" "-m" "1610612736" "--user" "0:0" "--network" "none" "ghcr.io/rust-lang/crates-build-env/linux@sha256:2788e3201cd34a07e3172128adcd8b3090168a8e3bcc40d7c032b9dda1df7d1c" "/opt/rustwide/cargo-home/bin/cargo" "+beta-2023-12-22" "metadata" "--no-deps" "--format-version=1", kill_on_drop: false }`
[INFO] [stdout] 9cf1e01e1744ee319a08a25d3c5a001f0ef510c8f93c9023f7713610610c6e46
[INFO] running `Command { std: "docker" "start" "-a" "9cf1e01e1744ee319a08a25d3c5a001f0ef510c8f93c9023f7713610610c6e46", kill_on_drop: false }`
[INFO] running `Command { std: "docker" "inspect" "9cf1e01e1744ee319a08a25d3c5a001f0ef510c8f93c9023f7713610610c6e46", kill_on_drop: false }`
[INFO] running `Command { std: "docker" "rm" "-f" "9cf1e01e1744ee319a08a25d3c5a001f0ef510c8f93c9023f7713610610c6e46", kill_on_drop: false }`
[INFO] [stdout] 9cf1e01e1744ee319a08a25d3c5a001f0ef510c8f93c9023f7713610610c6e46
[INFO] running `Command { std: "docker" "create" "-v" "/var/lib/crater-agent-workspace/builds/worker-3-tc2/target:/opt/rustwide/target:rw,Z" "-v" "/var/lib/crater-agent-workspace/builds/worker-3-tc2/source:/opt/rustwide/workdir:ro,Z" "-v" "/var/lib/crater-agent-workspace/cargo-home:/opt/rustwide/cargo-home:ro,Z" "-v" "/var/lib/crater-agent-workspace/rustup-home:/opt/rustwide/rustup-home:ro,Z" "-e" "SOURCE_DIR=/opt/rustwide/workdir" "-e" "CARGO_TARGET_DIR=/opt/rustwide/target" "-e" "CARGO_INCREMENTAL=0" "-e" "RUST_BACKTRACE=full" "-e" "RUSTFLAGS=--cap-lints=warn" "-e" "RUSTDOCFLAGS=--cap-lints=warn" "-e" "CARGO_HOME=/opt/rustwide/cargo-home" "-e" "RUSTUP_HOME=/opt/rustwide/rustup-home" "-w" "/opt/rustwide/workdir" "-m" "1610612736" "--user" "0:0" "--network" "none" "ghcr.io/rust-lang/crates-build-env/linux@sha256:2788e3201cd34a07e3172128adcd8b3090168a8e3bcc40d7c032b9dda1df7d1c" "/opt/rustwide/cargo-home/bin/cargo" "+beta-2023-12-22" "build" "--frozen" "--message-format=json", kill_on_drop: false }`
[INFO] [stdout] 2cdb36e7384a64ffa65e473bae07bbcbb837eb492ed667782c67509c07166cfd
[INFO] running `Command { std: "docker" "start" "-a" "2cdb36e7384a64ffa65e473bae07bbcbb837eb492ed667782c67509c07166cfd", kill_on_drop: false }`
[INFO] [stderr]    Compiling libc v0.2.151
[INFO] [stderr]    Compiling num-traits v0.2.17
[INFO] [stderr]    Compiling tracing-core v0.1.32
[INFO] [stderr]    Compiling regex-syntax v0.6.29
[INFO] [stderr]    Compiling syn v2.0.48
[INFO] [stderr]    Compiling rustix v0.38.28
[INFO] [stderr]    Compiling rust_decimal v1.33.1
[INFO] [stderr]    Compiling overload v0.1.1
[INFO] [stderr]    Compiling nu-ansi-term v0.46.0
[INFO] [stderr]    Compiling sharded-slab v0.1.7
[INFO] [stderr]    Compiling tracing-log v0.2.0
[INFO] [stderr]    Compiling thread_local v1.1.7
[INFO] [stderr]    Compiling termcolor v1.4.0
[INFO] [stderr]    Compiling cc v1.0.83
[INFO] [stderr]    Compiling paste v1.0.14
[INFO] [stderr]    Compiling linux-raw-sys v0.4.12
[INFO] [stderr]    Compiling arrayvec v0.7.4
[INFO] [stderr]    Compiling codespan-reporting v0.11.1
[INFO] [stderr]    Compiling convert_case v0.6.0
[INFO] [stderr]    Compiling fastrand v2.0.1
[INFO] [stderr]    Compiling indent_write v2.2.0
[INFO] [stderr]    Compiling regex-automata v0.1.10
[INFO] [stderr]    Compiling tree-sitter v0.20.10
[INFO] [stderr]    Compiling tree-sitter-sdml v0.2.10
[INFO] [stderr]    Compiling matchers v0.1.0
[INFO] [stderr]    Compiling tempfile v3.9.0
[INFO] [stderr]    Compiling serde_derive v1.0.194
[INFO] [stderr]    Compiling tracing-attributes v0.1.27
[INFO] [stderr]    Compiling thiserror-impl v1.0.56
[INFO] [stderr]    Compiling thiserror v1.0.56
[INFO] [stderr]    Compiling tree-sitter-highlight v0.20.1
[INFO] [stderr]    Compiling tracing v0.1.40
[INFO] [stderr]    Compiling tracing-subscriber v0.3.18
[INFO] [stderr]    Compiling serde v1.0.194
[INFO] [stderr]    Compiling ordered-float v4.2.0
[INFO] [stderr]    Compiling url v2.5.0
[INFO] [stderr]    Compiling sdml-core v0.2.1
[INFO] [stderr]    Compiling sdml-generate v0.2.1 (/opt/rustwide/workdir)
[INFO] [stdout] error[E0432]: unresolved import `sdml_core::generate`
[INFO] [stdout]   --> src/lib.rs:63:20
[INFO] [stdout]    |
[INFO] [stdout] 63 | pub use sdml_core::generate::{GenerateToFile, GenerateToWriter, NoFormatOptions};
[INFO] [stdout]    |                    ^^^^^^^^ could not find `generate` in `sdml_core`
[INFO] [stdout] 
[INFO] [stdout] 
[INFO] [stdout] error[E0432]: unresolved import `sdml_core::generate`
[INFO] [stdout]   --> src/convert/org.rs:13:16
[INFO] [stdout]    |
[INFO] [stdout] 13 | use sdml_core::generate::{GenerateToWriter, NoFormatOptions};
[INFO] [stdout]    |                ^^^^^^^^ could not find `generate` in `sdml_core`
[INFO] [stdout] 
[INFO] [stdout] 
[INFO] [stdout] error[E0432]: unresolved import `sdml_core::load`
[INFO] [stdout]   --> src/convert/org.rs:14:16
[INFO] [stdout]    |
[INFO] [stdout] 14 | use sdml_core::load::ModuleLoader;
[INFO] [stdout]    |                ^^^^ could not find `load` in `sdml_core`
[INFO] [stdout] 
[INFO] [stdout] 
[INFO] [stdout] error[E0432]: unresolved import `sdml_core::model::definitions::HasGroups`
[INFO] [stdout]   --> src/convert/sexpr.rs:27:24
[INFO] [stdout]    |
[INFO] [stdout] 27 |     EnumDef, EventDef, HasGroups, HasMembers, HasVariants, PropertyBody, PropertyDef,
[INFO] [stdout]    |                        ^^^^^^^^^ no `HasGroups` in `model::definitions`
[INFO] [stdout] 
[INFO] [stdout] 
[INFO] [stdout] error[E0432]: unresolved import `sdml_core::model::members::MemberGroup`
[INFO] [stdout]   --> src/convert/sexpr.rs:32:75
[INFO] [stdout]    |
[INFO] [stdout] 32 |     Cardinality, HasCardinality, HasType, MappingType, Member, MemberDef, MemberGroup,
[INFO] [stdout]    |                                                                           ^^^^^^^^^^^ no `MemberGroup` in `model::members`
[INFO] [stdout] 
[INFO] [stdout] 
[INFO] [stdout] error[E0432]: unresolved import `sdml_core::syntax::NODE_KIND_MEMBER_GROUP`
[INFO] [stdout]   --> src/convert/sexpr.rs:64:75
[INFO] [stdout]    |
[INFO] [stdout] 64 |     NODE_KIND_MAPPING_TYPE, NODE_KIND_MAPPING_VARIABLE, NODE_KIND_MEMBER, NODE_KIND_MEMBER_GROUP,
[INFO] [stdout]    |                                                                           ^^^^^^^^^^^^^^^^^^^^^^
[INFO] [stdout]    |                                                                           |
[INFO] [stdout]    |                                                                           no `NODE_KIND_MEMBER_GROUP` in `syntax`
[INFO] [stdout]    |                                                                           help: a similar name exists in the module: `NODE_KIND_MEMBER_ROLE`
[INFO] [stdout] 
[INFO] [stdout] 
[INFO] [stdout] error[E0432]: unresolved import `sdml_core::generate`
[INFO] [stdout]   --> src/draw/concepts.rs:15:16
[INFO] [stdout]    |
[INFO] [stdout] 15 | use sdml_core::generate::GenerateToWriter;
[INFO] [stdout]    |                ^^^^^^^^ could not find `generate` in `sdml_core`
[INFO] [stdout] 
[INFO] [stdout] 
[INFO] [stdout] error[E0432]: unresolved import `sdml_core::load`
[INFO] [stdout]   --> src/draw/concepts.rs:16:16
[INFO] [stdout]    |
[INFO] [stdout] 16 | use sdml_core::load::ModuleLoader;
[INFO] [stdout]    |                ^^^^ could not find `load` in `sdml_core`
[INFO] [stdout] 
[INFO] [stdout] 
[INFO] [stdout] error[E0432]: unresolved import `sdml_core::generate`
[INFO] [stdout]   --> src/draw/erd.rs:15:16
[INFO] [stdout]    |
[INFO] [stdout] 15 | use sdml_core::generate::GenerateToWriter;
[INFO] [stdout]    |                ^^^^^^^^ could not find `generate` in `sdml_core`
[INFO] [stdout] 
[INFO] [stdout] 
[INFO] [stdout] error[E0432]: unresolved import `sdml_core::load`
[INFO] [stdout]   --> src/draw/erd.rs:16:16
[INFO] [stdout]    |
[INFO] [stdout] 16 | use sdml_core::load::ModuleLoader;
[INFO] [stdout]    |                ^^^^ could not find `load` in `sdml_core`
[INFO] [stdout] 
[INFO] [stdout] 
[INFO] [stdout] error[E0432]: unresolved import `sdml_core::generate`
[INFO] [stdout]   --> src/draw/uml.rs:15:16
[INFO] [stdout]    |
[INFO] [stdout] 15 | use sdml_core::generate::GenerateToFile;
[INFO] [stdout]    |                ^^^^^^^^ could not find `generate` in `sdml_core`
[INFO] [stdout] 
[INFO] [stdout] 
[INFO] [stdout] error[E0432]: unresolved import `sdml_core::load`
[INFO] [stdout]   --> src/draw/uml.rs:16:16
[INFO] [stdout]    |
[INFO] [stdout] 16 | use sdml_core::load::ModuleLoader;
[INFO] [stdout]    |                ^^^^ could not find `load` in `sdml_core`
[INFO] [stdout] 
[INFO] [stdout] 
[INFO] [stdout] warning: lint `private_in_public` has been removed: replaced with another group of lints, see RFC <https://rust-lang.github.io/rfcs/2145-type-privacy.html> for more information
[INFO] [stdout]   --> src/lib.rs:43:5
[INFO] [stdout]    |
[INFO] [stdout] 43 |     private_in_public,
[INFO] [stdout]    |     ^^^^^^^^^^^^^^^^^
[INFO] [stdout]    |
[INFO] [stdout]    = note: `#[warn(renamed_and_removed_lints)]` on by default
[INFO] [stdout] 
[INFO] [stdout] 
[INFO] [stdout] error: aborting due to 12 previous errors; 1 warning emitted
[INFO] [stdout] 
[INFO] [stdout] 
[INFO] [stdout] For more information about this error, try `rustc --explain E0432`.
[INFO] [stdout] 
[INFO] [stderr] error: could not compile `sdml-generate` (lib) due to 13 previous errors; 1 warning emitted
[INFO] [stderr] warning: build failed, waiting for other jobs to finish...
[INFO] running `Command { std: "docker" "inspect" "2cdb36e7384a64ffa65e473bae07bbcbb837eb492ed667782c67509c07166cfd", kill_on_drop: false }`
[INFO] running `Command { std: "docker" "rm" "-f" "2cdb36e7384a64ffa65e473bae07bbcbb837eb492ed667782c67509c07166cfd", kill_on_drop: false }`
[INFO] [stdout] 2cdb36e7384a64ffa65e473bae07bbcbb837eb492ed667782c67509c07166cfd
