[INFO] fetching crate scylla 0.10.1...
[INFO] testing scylla-0.10.1 against 1.75.0 for beta-1.76-1
[INFO] extracting crate scylla 0.10.1 into /workspace/builds/worker-5-tc1/source
[INFO] validating manifest of crates.io crate scylla 0.10.1 on toolchain 1.75.0
[INFO] running `Command { std: CARGO_HOME="/workspace/cargo-home" RUSTUP_HOME="/workspace/rustup-home" "/workspace/cargo-home/bin/cargo" "+1.75.0" "metadata" "--manifest-path" "Cargo.toml" "--no-deps", kill_on_drop: false }`
[INFO] started tweaking crates.io crate scylla 0.10.1
[INFO] finished tweaking crates.io crate scylla 0.10.1
[INFO] tweaked toml for crates.io crate scylla 0.10.1 written to /workspace/builds/worker-5-tc1/source/Cargo.toml
[INFO] running `Command { std: CARGO_HOME="/workspace/cargo-home" RUSTUP_HOME="/workspace/rustup-home" "/workspace/cargo-home/bin/cargo" "+1.75.0" "generate-lockfile" "--manifest-path" "Cargo.toml", kill_on_drop: false }`
[INFO] [stderr]     Updating crates.io index
[INFO] running `Command { std: CARGO_HOME="/workspace/cargo-home" RUSTUP_HOME="/workspace/rustup-home" "/workspace/cargo-home/bin/cargo" "+1.75.0" "fetch" "--manifest-path" "Cargo.toml", kill_on_drop: false }`
[INFO] [stderr]  Downloading crates ...
[INFO] [stderr]   Downloaded ntest v0.9.0
[INFO] [stderr]   Downloaded scylla-macros v0.2.3
[INFO] [stderr]   Downloaded ntest_test_cases v0.9.0
[INFO] [stderr]   Downloaded ntest_timeout v0.9.0
[INFO] [stderr]   Downloaded scylla-cql v0.0.9
[INFO] [stderr]   Downloaded scylla-proxy v0.0.3
[INFO] [stderr]   Downloaded scylla-cql v0.0.7
[INFO] running `Command { std: "docker" "create" "-v" "/var/lib/crater-agent-workspace/builds/worker-5-tc1/target:/opt/rustwide/target:rw,Z" "-v" "/var/lib/crater-agent-workspace/builds/worker-5-tc1/source:/opt/rustwide/workdir:ro,Z" "-v" "/var/lib/crater-agent-workspace/cargo-home:/opt/rustwide/cargo-home:ro,Z" "-v" "/var/lib/crater-agent-workspace/rustup-home:/opt/rustwide/rustup-home:ro,Z" "-e" "SOURCE_DIR=/opt/rustwide/workdir" "-e" "CARGO_TARGET_DIR=/opt/rustwide/target" "-e" "CARGO_HOME=/opt/rustwide/cargo-home" "-e" "RUSTUP_HOME=/opt/rustwide/rustup-home" "-w" "/opt/rustwide/workdir" "-m" "1610612736" "--user" "0:0" "--network" "none" "ghcr.io/rust-lang/crates-build-env/linux@sha256:2788e3201cd34a07e3172128adcd8b3090168a8e3bcc40d7c032b9dda1df7d1c" "/opt/rustwide/cargo-home/bin/cargo" "+1.75.0" "metadata" "--no-deps" "--format-version=1", kill_on_drop: false }`
[INFO] [stdout] be0364d9d67a195982443e7ae0561256ece6eff72137ae5e55350eb84cd37f0c
[INFO] running `Command { std: "docker" "start" "-a" "be0364d9d67a195982443e7ae0561256ece6eff72137ae5e55350eb84cd37f0c", kill_on_drop: false }`
[INFO] running `Command { std: "docker" "inspect" "be0364d9d67a195982443e7ae0561256ece6eff72137ae5e55350eb84cd37f0c", kill_on_drop: false }`
[INFO] running `Command { std: "docker" "rm" "-f" "be0364d9d67a195982443e7ae0561256ece6eff72137ae5e55350eb84cd37f0c", kill_on_drop: false }`
[INFO] [stdout] be0364d9d67a195982443e7ae0561256ece6eff72137ae5e55350eb84cd37f0c
[INFO] running `Command { std: "docker" "create" "-v" "/var/lib/crater-agent-workspace/builds/worker-5-tc1/target:/opt/rustwide/target:rw,Z" "-v" "/var/lib/crater-agent-workspace/builds/worker-5-tc1/source:/opt/rustwide/workdir:ro,Z" "-v" "/var/lib/crater-agent-workspace/cargo-home:/opt/rustwide/cargo-home:ro,Z" "-v" "/var/lib/crater-agent-workspace/rustup-home:/opt/rustwide/rustup-home:ro,Z" "-e" "SOURCE_DIR=/opt/rustwide/workdir" "-e" "CARGO_TARGET_DIR=/opt/rustwide/target" "-e" "CARGO_INCREMENTAL=0" "-e" "RUST_BACKTRACE=full" "-e" "RUSTFLAGS=--cap-lints=warn" "-e" "RUSTDOCFLAGS=--cap-lints=warn" "-e" "CARGO_HOME=/opt/rustwide/cargo-home" "-e" "RUSTUP_HOME=/opt/rustwide/rustup-home" "-w" "/opt/rustwide/workdir" "-m" "1610612736" "--user" "0:0" "--network" "none" "ghcr.io/rust-lang/crates-build-env/linux@sha256:2788e3201cd34a07e3172128adcd8b3090168a8e3bcc40d7c032b9dda1df7d1c" "/opt/rustwide/cargo-home/bin/cargo" "+1.75.0" "build" "--frozen" "--message-format=json", kill_on_drop: false }`
[INFO] [stdout] 62d2ca233406f00ba6bc4e2242a35c97fc93fbf690363c5722f54e392410bc83
[INFO] running `Command { std: "docker" "start" "-a" "62d2ca233406f00ba6bc4e2242a35c97fc93fbf690363c5722f54e392410bc83", kill_on_drop: false }`
[INFO] [stderr]    Compiling autocfg v1.1.0
[INFO] [stderr]    Compiling proc-macro2 v1.0.75
[INFO] [stderr]    Compiling unicode-ident v1.0.12
[INFO] [stderr]    Compiling cfg-if v1.0.0
[INFO] [stderr]    Compiling once_cell v1.19.0
[INFO] [stderr]    Compiling hashbrown v0.14.3
[INFO] [stderr]    Compiling pin-project-lite v0.2.13
[INFO] [stderr]    Compiling equivalent v1.0.1
[INFO] [stderr]    Compiling toml_datetime v0.6.5
[INFO] [stderr]    Compiling getrandom v0.2.11
[INFO] [stderr]    Compiling winnow v0.5.32
[INFO] [stderr]    Compiling futures-core v0.3.30
[INFO] [stderr]    Compiling futures-sink v0.3.30
[INFO] [stderr]    Compiling rustversion v1.0.14
[INFO] [stderr]    Compiling futures-channel v0.3.30
[INFO] [stderr]    Compiling rand_core v0.6.4
[INFO] [stderr]    Compiling static_assertions v1.1.0
[INFO] [stderr]    Compiling syn v1.0.109
[INFO] [stderr]    Compiling num-traits v0.2.17
[INFO] [stderr]    Compiling num-integer v0.1.45
[INFO] [stderr]    Compiling slab v0.4.9
[INFO] [stderr]    Compiling num-bigint v0.3.3
[INFO] [stderr]    Compiling lock_api v0.4.11
[INFO] [stderr]    Compiling indexmap v2.1.0
[INFO] [stderr]    Compiling parking_lot_core v0.9.9
[INFO] [stderr]    Compiling quote v1.0.35
[INFO] [stderr]    Compiling memchr v2.7.1
[INFO] [stderr]    Compiling snap v1.1.1
[INFO] [stderr]    Compiling futures-io v0.3.30
[INFO] [stderr]    Compiling syn v2.0.48
[INFO] [stderr]    Compiling async-trait v0.1.77
[INFO] [stderr]    Compiling pin-utils v0.1.0
[INFO] [stderr]    Compiling thiserror v1.0.56
[INFO] [stderr]    Compiling futures-task v0.3.30
[INFO] [stderr]    Compiling twox-hash v1.6.3
[INFO] [stderr]    Compiling socket2 v0.5.5
[INFO] [stderr]    Compiling num_cpus v1.16.0
[INFO] [stderr]    Compiling mio v0.8.10
[INFO] [stderr]    Compiling unicode-segmentation v1.10.1
[INFO] [stderr]    Compiling iana-time-zone v0.1.59
[INFO] [stderr]    Compiling ppv-lite86 v0.2.17
[INFO] [stderr]    Compiling bytes v1.5.0
[INFO] [stderr]    Compiling smallvec v1.11.2
[INFO] [stderr]    Compiling scopeguard v1.2.0
[INFO] [stderr]    Compiling heck v0.3.3
[INFO] [stderr]    Compiling rand_chacha v0.3.1
[INFO] [stderr]    Compiling chrono v0.4.31
[INFO] [stderr]    Compiling toml_edit v0.19.15
[INFO] [stderr]    Compiling lz4_flex v0.11.1
[INFO] [stderr]    Compiling uuid v1.6.1
[INFO] [stderr]    Compiling tracing-core v0.1.32
[INFO] [stderr]    Compiling either v1.9.0
[INFO] [stderr]    Compiling bigdecimal v0.2.2
[INFO] [stderr]    Compiling byteorder v1.5.0
[INFO] [stderr]    Compiling itertools v0.11.0
[INFO] [stderr]    Compiling proc-macro-crate v1.3.1
[INFO] [stderr]    Compiling rand v0.8.5
[INFO] [stderr]    Compiling dashmap v5.5.3
[INFO] [stderr]    Compiling rand_pcg v0.3.1
[INFO] [stderr]    Compiling histogram v0.6.9
[INFO] [stderr]    Compiling arc-swap v1.6.0
[INFO] [stderr]    Compiling strum v0.23.0
[INFO] [stderr]    Compiling futures-macro v0.3.30
[INFO] [stderr]    Compiling tokio-macros v2.2.0
[INFO] [stderr]    Compiling thiserror-impl v1.0.56
[INFO] [stderr]    Compiling num_enum_derive v0.6.1
[INFO] [stderr]    Compiling tracing-attributes v0.1.27
[INFO] [stderr]    Compiling scylla-macros v0.2.3
[INFO] [stderr]    Compiling tokio v1.35.1
[INFO] [stderr]    Compiling num_enum v0.6.1
[INFO] [stderr]    Compiling futures-util v0.3.30
[INFO] [stderr]    Compiling strum_macros v0.23.1
[INFO] [stderr]    Compiling tracing v0.1.40
[INFO] [stderr]    Compiling futures-executor v0.3.30
[INFO] [stderr]    Compiling futures v0.3.30
[INFO] [stderr]    Compiling scylla-cql v0.0.9
[INFO] [stderr]    Compiling scylla v0.10.1 (/opt/rustwide/workdir)
[INFO] [stderr]     Finished dev [unoptimized + debuginfo] target(s) in 58.78s
[INFO] running `Command { std: "docker" "inspect" "62d2ca233406f00ba6bc4e2242a35c97fc93fbf690363c5722f54e392410bc83", kill_on_drop: false }`
[INFO] running `Command { std: "docker" "rm" "-f" "62d2ca233406f00ba6bc4e2242a35c97fc93fbf690363c5722f54e392410bc83", kill_on_drop: false }`
[INFO] [stdout] 62d2ca233406f00ba6bc4e2242a35c97fc93fbf690363c5722f54e392410bc83
[INFO] running `Command { std: "docker" "create" "-v" "/var/lib/crater-agent-workspace/builds/worker-5-tc1/target:/opt/rustwide/target:rw,Z" "-v" "/var/lib/crater-agent-workspace/builds/worker-5-tc1/source:/opt/rustwide/workdir:ro,Z" "-v" "/var/lib/crater-agent-workspace/cargo-home:/opt/rustwide/cargo-home:ro,Z" "-v" "/var/lib/crater-agent-workspace/rustup-home:/opt/rustwide/rustup-home:ro,Z" "-e" "SOURCE_DIR=/opt/rustwide/workdir" "-e" "CARGO_TARGET_DIR=/opt/rustwide/target" "-e" "CARGO_INCREMENTAL=0" "-e" "RUST_BACKTRACE=full" "-e" "RUSTFLAGS=--cap-lints=warn" "-e" "RUSTDOCFLAGS=--cap-lints=warn" "-e" "CARGO_HOME=/opt/rustwide/cargo-home" "-e" "RUSTUP_HOME=/opt/rustwide/rustup-home" "-w" "/opt/rustwide/workdir" "-m" "1610612736" "--user" "0:0" "--network" "none" "ghcr.io/rust-lang/crates-build-env/linux@sha256:2788e3201cd34a07e3172128adcd8b3090168a8e3bcc40d7c032b9dda1df7d1c" "/opt/rustwide/cargo-home/bin/cargo" "+1.75.0" "test" "--frozen" "--no-run" "--message-format=json", kill_on_drop: false }`
[INFO] [stdout] 4c82b3e47b40cf13677009878c697130ebd7752f55ffe2182ed82872794c3aa0
[INFO] running `Command { std: "docker" "start" "-a" "4c82b3e47b40cf13677009878c697130ebd7752f55ffe2182ed82872794c3aa0", kill_on_drop: false }`
[INFO] [stderr]    Compiling crossbeam-utils v0.8.18
[INFO] [stderr]    Compiling serde v1.0.194
[INFO] [stderr]    Compiling serde_derive v1.0.194
[INFO] [stderr]    Compiling indexmap v1.9.3
[INFO] [stderr]    Compiling rayon-core v1.12.0
[INFO] [stderr]    Compiling regex-syntax v0.8.2
[INFO] [stderr]    Compiling serde_json v1.0.111
[INFO] [stderr]    Compiling num_enum_derive v0.5.11
[INFO] [stderr]    Compiling ciborium-io v0.2.1
[INFO] [stderr]    Compiling half v1.8.2
[INFO] [stderr]    Compiling plotters-backend v0.3.5
[INFO] [stderr]    Compiling regex-syntax v0.6.29
[INFO] [stderr]    Compiling ryu v1.0.16
[INFO] [stderr]    Compiling lazy_static v1.4.0
[INFO] [stderr]    Compiling hashbrown v0.12.3
[INFO] [stderr]    Compiling os_str_bytes v6.6.1
[INFO] [stderr]    Compiling itoa v1.0.10
[INFO] [stderr]    Compiling plotters-svg v0.3.5
[INFO] [stderr]    Compiling crossbeam-epoch v0.9.17
[INFO] [stderr]    Compiling clap_lex v0.2.4
[INFO] [stderr]    Compiling crossbeam-deque v0.8.4
[INFO] [stderr]    Compiling ciborium-ll v0.2.1
[INFO] [stderr]    Compiling itertools v0.10.5
[INFO] [stderr]    Compiling lz4_flex v0.9.5
[INFO] [stderr]    Compiling same-file v1.0.6
[INFO] [stderr]    Compiling log v0.4.20
[INFO] [stderr]    Compiling regex-automata v0.4.3
[INFO] [stderr]    Compiling num_enum v0.5.11
[INFO] [stderr]    Compiling overload v0.1.1
[INFO] [stderr]    Compiling bitflags v1.3.2
[INFO] [stderr]    Compiling cast v0.3.0
[INFO] [stderr]    Compiling textwrap v0.16.0
[INFO] [stderr]    Compiling clap v3.2.25
[INFO] [stderr]    Compiling nu-ansi-term v0.46.0
[INFO] [stderr]    Compiling regex-automata v0.1.10
[INFO] [stderr]    Compiling scylla-cql v0.0.7
[INFO] [stderr]    Compiling criterion-plot v0.5.0
[INFO] [stderr]    Compiling regex v1.10.2
[INFO] [stderr]    Compiling matchers v0.1.0
[INFO] [stderr]    Compiling tracing-log v0.2.0
[INFO] [stderr]    Compiling rayon v1.8.0
[INFO] [stderr]    Compiling walkdir v2.4.0
[INFO] [stderr]    Compiling plotters v0.3.5
[INFO] [stderr]    Compiling sharded-slab v0.1.7
[INFO] [stderr]    Compiling ntest_test_cases v0.9.0
[INFO] [stderr]    Compiling ntest_timeout v0.9.0
[INFO] [stderr]    Compiling atty v0.2.14
[INFO] [stderr]    Compiling thread_local v1.1.7
[INFO] [stderr]    Compiling anes v0.1.6
[INFO] [stderr]    Compiling oorandom v11.1.3
[INFO] [stderr]    Compiling tracing-subscriber v0.3.18
[INFO] [stderr]    Compiling scylla-proxy v0.0.3
[INFO] [stderr]    Compiling assert_matches v1.5.0
[INFO] [stderr]    Compiling ntest v0.9.0
[INFO] [stderr]    Compiling ciborium v0.2.1
[INFO] [stderr]    Compiling tinytemplate v1.2.1
[INFO] [stderr]    Compiling criterion v0.4.0
[INFO] [stderr]    Compiling scylla v0.10.1 (/opt/rustwide/workdir)
[INFO] [stdout] error[E0432]: unresolved import `scylla_proxy::TargetShard`
[INFO] [stdout]   --> tests/integration/consistency.rs:23:5
[INFO] [stdout]    |
[INFO] [stdout] 23 |     TargetShard, WorkerError,
[INFO] [stdout]    |     ^^^^^^^^^^^ no `TargetShard` in the root
[INFO] [stdout] 
[INFO] [stdout] 
[INFO] [stdout] error[E0432]: unresolved import `scylla_proxy::TargetShard`
[INFO] [stdout]   --> tests/integration/lwt_optimisation.rs:12:69
[INFO] [stdout]    |
[INFO] [stdout] 12 |     ResponseOpcode, ResponseReaction, ResponseRule, ShardAwareness, TargetShard, WorkerError,
[INFO] [stdout]    |                                                                     ^^^^^^^^^^^ no `TargetShard` in the root
[INFO] [stdout] 
[INFO] [stdout] 
[INFO] [stdout] error[E0432]: unresolved import `scylla_proxy::TargetShard`
[INFO] [stdout]  --> tests/integration/shards.rs:7:5
[INFO] [stdout]   |
[INFO] [stdout] 7 | use scylla_proxy::TargetShard;
[INFO] [stdout]   |     ^^^^^^^^^^^^^^^^^^^^^^^^^ no `TargetShard` in the root
[INFO] [stdout] 
[INFO] [stdout] 
[INFO] [stdout] error[E0631]: type mismatch in function arguments
[INFO] [stdout]    --> tests/integration/consistency.rs:317:17
[INFO] [stdout]     |
[INFO] [stdout] 296 | /             async fn check_consistencies(
[INFO] [stdout] 297 | |                 consistency: Consistency,
[INFO] [stdout] 298 | |                 serial_consistency: Option<SerialConsistency>,
[INFO] [stdout] 299 | |                 mut request_rx: UnboundedReceiver<(RequestFrame, Option<TargetShard>)>,
[INFO] [stdout] 300 | |             ) -> UnboundedReceiver<(RequestFrame, Option<TargetShard>)> {
[INFO] [stdout]     | |_______________________________________________________________________- found signature defined here
[INFO] [stdout] ...
[INFO] [stdout] 311 |               check_for_all_consistencies_and_setting_options(
[INFO] [stdout]     |               ----------------------------------------------- required by a bound introduced by this call
[INFO] [stdout] ...
[INFO] [stdout] 317 |                   check_consistencies,
[INFO] [stdout]     |                   ^^^^^^^^^^^^^^^^^^^ expected due to this
[INFO] [stdout]     |
[INFO] [stdout]     = note: expected function signature `fn(Consistency, Option<_>, tokio::sync::mpsc::UnboundedReceiver<RequestFrame>) -> _`
[INFO] [stdout]                found function signature `fn(Consistency, Option<_>, tokio::sync::mpsc::UnboundedReceiver<(RequestFrame, Option<{type error}>)>) -> _`
[INFO] [stdout] note: required by a bound in `check_for_all_consistencies_and_setting_options`
[INFO] [stdout]    --> tests/integration/consistency.rs:155:31
[INFO] [stdout]     |
[INFO] [stdout] 145 | async fn check_for_all_consistencies_and_setting_options<
[INFO] [stdout]     |          ----------------------------------------------- required by a bound in this function
[INFO] [stdout] ...
[INFO] [stdout] 155 |     check_consistencies: impl Fn(Consistency, Option<SerialConsistency>, Rx) -> Fut2,
[INFO] [stdout]     |                               ^^^^^^^^^^^^^^^^^^^^^^^^^^^^^^^^^^^^^^^^^^^^^^^^^^^^^^ required by this bound in `check_for_all_consistencies_and_setting_options`
[INFO] [stdout] 
[INFO] [stdout] 
[INFO] [stdout] error[E0308]: mismatched types
[INFO] [stdout]   --> tests/integration/lwt_optimisation.rs:59:13
[INFO] [stdout]    |
[INFO] [stdout] 59 |         let (supported_frame, _shard) = supported_rx.recv().await.unwrap();
[INFO] [stdout]    |             ^^^^^^^^^^^^^^^^^^^^^^^^^   ---------------------------------- this expression has type `ResponseFrame`
[INFO] [stdout]    |             |
[INFO] [stdout]    |             expected `ResponseFrame`, found `(_, _)`
[INFO] [stdout]    |
[INFO] [stdout]    = note: expected struct `ResponseFrame`
[INFO] [stdout]                found tuple `(_, _)`
[INFO] [stdout] 
[INFO] [stdout] 
[INFO] [stdout] error: aborting due to 5 previous errors
[INFO] [stdout] 
[INFO] [stdout] 
[INFO] [stdout] Some errors have detailed explanations: E0308, E0432, E0631.
[INFO] [stdout] 
[INFO] [stdout] For more information about an error, try `rustc --explain E0308`.
[INFO] [stdout] 
[INFO] [stderr] error: could not compile `scylla` (test "integration") due to 6 previous errors
[INFO] [stderr] warning: build failed, waiting for other jobs to finish...
[INFO] [stdout] error[E0308]: mismatched types
[INFO] [stdout]     --> src/transport/connection.rs:2051:13
[INFO] [stdout]      |
[INFO] [stdout] 2051 |   ...   let (startup_without_lwt_optimisation, _shard) = select! {
[INFO] [stdout]      |  ___________^^^^^^^^^^^^^^^^^^^^^^^^^^^^^^^^^^^^^^^^^^___-
[INFO] [stdout]      | |           |
[INFO] [stdout]      | |           expected `RequestFrame`, found `(_, _)`
[INFO] [stdout] 2052 | | ...       _ = open_connection(UntranslatedEndpoint::ContactPoint(ResolvedContactPoint{address: proxy_addr, datacenter: None}), None, conf...
[INFO] [stdout] 2053 | | ...       startup = startup_rx.recv() => startup.unwrap(),
[INFO] [stdout] 2054 | | ...   };
[INFO] [stdout]      | |_______- this expression has type `RequestFrame`
[INFO] [stdout]      |
[INFO] [stdout]      = note: expected struct `RequestFrame`
[INFO] [stdout]                  found tuple `(_, _)`
[INFO] [stdout] 
[INFO] [stdout] 
[INFO] [stdout] error[E0308]: mismatched types
[INFO] [stdout]     --> src/transport/connection.rs:2059:13
[INFO] [stdout]      |
[INFO] [stdout] 2059 |   ...   let (startup_with_lwt_optimisation, _shard) = select! {
[INFO] [stdout]      |  ___________^^^^^^^^^^^^^^^^^^^^^^^^^^^^^^^^^^^^^^^___-
[INFO] [stdout]      | |           |
[INFO] [stdout]      | |           expected `RequestFrame`, found `(_, _)`
[INFO] [stdout] 2060 | | ...       _ = open_connection(UntranslatedEndpoint::ContactPoint(ResolvedContactPoint{address: proxy_addr, datacenter: None}), None, conf...
[INFO] [stdout] 2061 | | ...       startup = startup_rx.recv() => startup.unwrap(),
[INFO] [stdout] 2062 | | ...   };
[INFO] [stdout]      | |_______- this expression has type `RequestFrame`
[INFO] [stdout]      |
[INFO] [stdout]      = note: expected struct `RequestFrame`
[INFO] [stdout]                  found tuple `(_, _)`
[INFO] [stdout] 
[INFO] [stdout] 
[INFO] [stdout] error: aborting due to 2 previous errors
[INFO] [stdout] 
[INFO] [stdout] 
[INFO] [stdout] For more information about this error, try `rustc --explain E0308`.
[INFO] [stdout] 
[INFO] [stderr] error: could not compile `scylla` (lib test) due to 3 previous errors
[INFO] running `Command { std: "docker" "inspect" "4c82b3e47b40cf13677009878c697130ebd7752f55ffe2182ed82872794c3aa0", kill_on_drop: false }`
[INFO] running `Command { std: "docker" "rm" "-f" "4c82b3e47b40cf13677009878c697130ebd7752f55ffe2182ed82872794c3aa0", kill_on_drop: false }`
[INFO] [stdout] 4c82b3e47b40cf13677009878c697130ebd7752f55ffe2182ed82872794c3aa0
