[INFO] fetching crate sctp-udp 0.0.0...
[INFO] testing sctp-udp-0.0.0 against 1.75.0 for beta-1.76-1
[INFO] extracting crate sctp-udp 0.0.0 into /workspace/builds/worker-1-tc1/source
[INFO] validating manifest of crates.io crate sctp-udp 0.0.0 on toolchain 1.75.0
[INFO] running `Command { std: CARGO_HOME="/workspace/cargo-home" RUSTUP_HOME="/workspace/rustup-home" "/workspace/cargo-home/bin/cargo" "+1.75.0" "metadata" "--manifest-path" "Cargo.toml" "--no-deps", kill_on_drop: false }`
[INFO] started tweaking crates.io crate sctp-udp 0.0.0
[INFO] finished tweaking crates.io crate sctp-udp 0.0.0
[INFO] tweaked toml for crates.io crate sctp-udp 0.0.0 written to /workspace/builds/worker-1-tc1/source/Cargo.toml
[INFO] running `Command { std: CARGO_HOME="/workspace/cargo-home" RUSTUP_HOME="/workspace/rustup-home" "/workspace/cargo-home/bin/cargo" "+1.75.0" "generate-lockfile" "--manifest-path" "Cargo.toml", kill_on_drop: false }`
[INFO] [stderr]     Updating crates.io index
[INFO] running `Command { std: CARGO_HOME="/workspace/cargo-home" RUSTUP_HOME="/workspace/rustup-home" "/workspace/cargo-home/bin/cargo" "+1.75.0" "fetch" "--manifest-path" "Cargo.toml", kill_on_drop: false }`
[INFO] [stderr]  Downloading crates ...
[INFO] [stderr]   Downloaded sctp-proto v0.1.6
[INFO] running `Command { std: "docker" "create" "-v" "/var/lib/crater-agent-workspace/builds/worker-1-tc1/target:/opt/rustwide/target:rw,Z" "-v" "/var/lib/crater-agent-workspace/builds/worker-1-tc1/source:/opt/rustwide/workdir:ro,Z" "-v" "/var/lib/crater-agent-workspace/cargo-home:/opt/rustwide/cargo-home:ro,Z" "-v" "/var/lib/crater-agent-workspace/rustup-home:/opt/rustwide/rustup-home:ro,Z" "-e" "SOURCE_DIR=/opt/rustwide/workdir" "-e" "CARGO_TARGET_DIR=/opt/rustwide/target" "-e" "CARGO_HOME=/opt/rustwide/cargo-home" "-e" "RUSTUP_HOME=/opt/rustwide/rustup-home" "-w" "/opt/rustwide/workdir" "-m" "1610612736" "--user" "0:0" "--network" "none" "ghcr.io/rust-lang/crates-build-env/linux@sha256:2788e3201cd34a07e3172128adcd8b3090168a8e3bcc40d7c032b9dda1df7d1c" "/opt/rustwide/cargo-home/bin/cargo" "+1.75.0" "metadata" "--no-deps" "--format-version=1", kill_on_drop: false }`
[INFO] [stdout] d07b15bc0dd3878637ba3952a6baa3f85a67d907d3c58201816c472f7f5a83af
[INFO] running `Command { std: "docker" "start" "-a" "d07b15bc0dd3878637ba3952a6baa3f85a67d907d3c58201816c472f7f5a83af", kill_on_drop: false }`
[INFO] running `Command { std: "docker" "inspect" "d07b15bc0dd3878637ba3952a6baa3f85a67d907d3c58201816c472f7f5a83af", kill_on_drop: false }`
[INFO] running `Command { std: "docker" "rm" "-f" "d07b15bc0dd3878637ba3952a6baa3f85a67d907d3c58201816c472f7f5a83af", kill_on_drop: false }`
[INFO] [stdout] d07b15bc0dd3878637ba3952a6baa3f85a67d907d3c58201816c472f7f5a83af
[INFO] running `Command { std: "docker" "create" "-v" "/var/lib/crater-agent-workspace/builds/worker-1-tc1/target:/opt/rustwide/target:rw,Z" "-v" "/var/lib/crater-agent-workspace/builds/worker-1-tc1/source:/opt/rustwide/workdir:ro,Z" "-v" "/var/lib/crater-agent-workspace/cargo-home:/opt/rustwide/cargo-home:ro,Z" "-v" "/var/lib/crater-agent-workspace/rustup-home:/opt/rustwide/rustup-home:ro,Z" "-e" "SOURCE_DIR=/opt/rustwide/workdir" "-e" "CARGO_TARGET_DIR=/opt/rustwide/target" "-e" "CARGO_INCREMENTAL=0" "-e" "RUST_BACKTRACE=full" "-e" "RUSTFLAGS=--cap-lints=warn" "-e" "RUSTDOCFLAGS=--cap-lints=warn" "-e" "CARGO_HOME=/opt/rustwide/cargo-home" "-e" "RUSTUP_HOME=/opt/rustwide/rustup-home" "-w" "/opt/rustwide/workdir" "-m" "1610612736" "--user" "0:0" "--network" "none" "ghcr.io/rust-lang/crates-build-env/linux@sha256:2788e3201cd34a07e3172128adcd8b3090168a8e3bcc40d7c032b9dda1df7d1c" "/opt/rustwide/cargo-home/bin/cargo" "+1.75.0" "build" "--frozen" "--message-format=json", kill_on_drop: false }`
[INFO] [stdout] 192a6428b2a5a23b2ac6ed844509665bf4cafa4b99b2d678dd6a11a62362cf93
[INFO] running `Command { std: "docker" "start" "-a" "192a6428b2a5a23b2ac6ed844509665bf4cafa4b99b2d678dd6a11a62362cf93", kill_on_drop: false }`
[INFO] [stderr]    Compiling proc-macro2 v1.0.75
[INFO] [stderr]    Compiling libc v0.2.151
[INFO] [stderr]    Compiling thiserror v1.0.56
[INFO] [stderr]    Compiling crc-catalog v2.4.0
[INFO] [stderr]    Compiling byteorder v1.5.0
[INFO] [stderr]    Compiling pin-project-lite v0.2.13
[INFO] [stderr]    Compiling bytes v1.5.0
[INFO] [stderr]    Compiling slab v0.4.9
[INFO] [stderr]    Compiling tracing-core v0.1.32
[INFO] [stderr]    Compiling crc v3.0.1
[INFO] [stderr]    Compiling fxhash v0.2.1
[INFO] [stderr]    Compiling quote v1.0.35
[INFO] [stderr]    Compiling syn v2.0.48
[INFO] [stderr]    Compiling getrandom v0.2.11
[INFO] [stderr]    Compiling socket2 v0.4.10
[INFO] [stderr]    Compiling rand_core v0.6.4
[INFO] [stderr]    Compiling rand_chacha v0.3.1
[INFO] [stderr]    Compiling rand v0.8.5
[INFO] [stderr]    Compiling thiserror-impl v1.0.56
[INFO] [stderr]    Compiling tracing-attributes v0.1.27
[INFO] [stderr]    Compiling sctp-proto v0.1.6
[INFO] [stderr]    Compiling tracing v0.1.40
[INFO] [stderr]    Compiling sctp-udp v0.0.0 (/opt/rustwide/workdir)
[INFO] [stdout] error[E0609]: no field `destination` on type `&Transmit`
[INFO] [stdout]   --> src/fallback.rs:43:77
[INFO] [stdout]    |
[INFO] [stdout] 43 |                         .send_to(content, &socket2::SockAddr::from(transmit.destination))
[INFO] [stdout]    |                                                                             ^^^^^^^^^^^ unknown field
[INFO] [stdout]    |
[INFO] [stdout]    = note: available fields are: `now`, `remote`, `ecn`, `local_ip`, `payload`
[INFO] [stdout] 
[INFO] [stdout] 
[INFO] [stdout] error[E0609]: no field `destination` on type `&Transmit`
[INFO] [stdout]    --> src/lib.rs:116:27
[INFO] [stdout]     |
[INFO] [stdout] 116 |             err, transmit.destination, transmit.src_ip, transmit.ecn, transmit.payload);
[INFO] [stdout]     |                           ^^^^^^^^^^^ unknown field
[INFO] [stdout]     |
[INFO] [stdout]     = note: available fields are: `now`, `remote`, `ecn`, `local_ip`, `payload`
[INFO] [stdout] 
[INFO] [stdout] 
[INFO] [stdout] error[E0609]: no field `src_ip` on type `&Transmit`
[INFO] [stdout]    --> src/lib.rs:116:49
[INFO] [stdout]     |
[INFO] [stdout] 116 |             err, transmit.destination, transmit.src_ip, transmit.ecn, transmit.payload);
[INFO] [stdout]     |                                                 ^^^^^^ unknown field
[INFO] [stdout]     |
[INFO] [stdout]     = note: available fields are: `now`, `remote`, `ecn`, `local_ip`, `payload`
[INFO] [stdout] 
[INFO] [stdout] 
[INFO] [stdout] error: aborting due to 3 previous errors
[INFO] [stdout] 
[INFO] [stdout] 
[INFO] [stdout] For more information about this error, try `rustc --explain E0609`.
[INFO] [stdout] 
[INFO] [stderr] error: could not compile `sctp-udp` (lib) due to 4 previous errors
[INFO] [stderr] warning: build failed, waiting for other jobs to finish...
[INFO] running `Command { std: "docker" "inspect" "192a6428b2a5a23b2ac6ed844509665bf4cafa4b99b2d678dd6a11a62362cf93", kill_on_drop: false }`
[INFO] running `Command { std: "docker" "rm" "-f" "192a6428b2a5a23b2ac6ed844509665bf4cafa4b99b2d678dd6a11a62362cf93", kill_on_drop: false }`
[INFO] [stdout] 192a6428b2a5a23b2ac6ed844509665bf4cafa4b99b2d678dd6a11a62362cf93
[INFO] testing sctp-udp-0.0.0 against beta-2023-12-22 for beta-1.76-1
[INFO] extracting crate sctp-udp 0.0.0 into /workspace/builds/worker-1-tc2/source
[INFO] validating manifest of crates.io crate sctp-udp 0.0.0 on toolchain beta-2023-12-22
[INFO] running `Command { std: CARGO_HOME="/workspace/cargo-home" RUSTUP_HOME="/workspace/rustup-home" "/workspace/cargo-home/bin/cargo" "+beta-2023-12-22" "metadata" "--manifest-path" "Cargo.toml" "--no-deps", kill_on_drop: false }`
[INFO] started tweaking crates.io crate sctp-udp 0.0.0
[INFO] finished tweaking crates.io crate sctp-udp 0.0.0
[INFO] tweaked toml for crates.io crate sctp-udp 0.0.0 written to /workspace/builds/worker-1-tc2/source/Cargo.toml
[INFO] running `Command { std: CARGO_HOME="/workspace/cargo-home" RUSTUP_HOME="/workspace/rustup-home" "/workspace/cargo-home/bin/cargo" "+beta-2023-12-22" "generate-lockfile" "--manifest-path" "Cargo.toml", kill_on_drop: false }`
[INFO] [stderr]     Updating crates.io index
[INFO] running `Command { std: CARGO_HOME="/workspace/cargo-home" RUSTUP_HOME="/workspace/rustup-home" "/workspace/cargo-home/bin/cargo" "+beta-2023-12-22" "fetch" "--manifest-path" "Cargo.toml", kill_on_drop: false }`
[INFO] running `Command { std: "docker" "create" "-v" "/var/lib/crater-agent-workspace/builds/worker-1-tc2/target:/opt/rustwide/target:rw,Z" "-v" "/var/lib/crater-agent-workspace/builds/worker-1-tc2/source:/opt/rustwide/workdir:ro,Z" "-v" "/var/lib/crater-agent-workspace/cargo-home:/opt/rustwide/cargo-home:ro,Z" "-v" "/var/lib/crater-agent-workspace/rustup-home:/opt/rustwide/rustup-home:ro,Z" "-e" "SOURCE_DIR=/opt/rustwide/workdir" "-e" "CARGO_TARGET_DIR=/opt/rustwide/target" "-e" "CARGO_HOME=/opt/rustwide/cargo-home" "-e" "RUSTUP_HOME=/opt/rustwide/rustup-home" "-w" "/opt/rustwide/workdir" "-m" "1610612736" "--user" "0:0" "--network" "none" "ghcr.io/rust-lang/crates-build-env/linux@sha256:2788e3201cd34a07e3172128adcd8b3090168a8e3bcc40d7c032b9dda1df7d1c" "/opt/rustwide/cargo-home/bin/cargo" "+beta-2023-12-22" "metadata" "--no-deps" "--format-version=1", kill_on_drop: false }`
[INFO] [stdout] 4b5efbb9a08bf18944a93b1b529e0ab4def70927fbabe5bda450a3a48f72842e
[INFO] running `Command { std: "docker" "start" "-a" "4b5efbb9a08bf18944a93b1b529e0ab4def70927fbabe5bda450a3a48f72842e", kill_on_drop: false }`
[INFO] running `Command { std: "docker" "inspect" "4b5efbb9a08bf18944a93b1b529e0ab4def70927fbabe5bda450a3a48f72842e", kill_on_drop: false }`
[INFO] running `Command { std: "docker" "rm" "-f" "4b5efbb9a08bf18944a93b1b529e0ab4def70927fbabe5bda450a3a48f72842e", kill_on_drop: false }`
[INFO] [stdout] 4b5efbb9a08bf18944a93b1b529e0ab4def70927fbabe5bda450a3a48f72842e
[INFO] running `Command { std: "docker" "create" "-v" "/var/lib/crater-agent-workspace/builds/worker-1-tc2/target:/opt/rustwide/target:rw,Z" "-v" "/var/lib/crater-agent-workspace/builds/worker-1-tc2/source:/opt/rustwide/workdir:ro,Z" "-v" "/var/lib/crater-agent-workspace/cargo-home:/opt/rustwide/cargo-home:ro,Z" "-v" "/var/lib/crater-agent-workspace/rustup-home:/opt/rustwide/rustup-home:ro,Z" "-e" "SOURCE_DIR=/opt/rustwide/workdir" "-e" "CARGO_TARGET_DIR=/opt/rustwide/target" "-e" "CARGO_INCREMENTAL=0" "-e" "RUST_BACKTRACE=full" "-e" "RUSTFLAGS=--cap-lints=warn" "-e" "RUSTDOCFLAGS=--cap-lints=warn" "-e" "CARGO_HOME=/opt/rustwide/cargo-home" "-e" "RUSTUP_HOME=/opt/rustwide/rustup-home" "-w" "/opt/rustwide/workdir" "-m" "1610612736" "--user" "0:0" "--network" "none" "ghcr.io/rust-lang/crates-build-env/linux@sha256:2788e3201cd34a07e3172128adcd8b3090168a8e3bcc40d7c032b9dda1df7d1c" "/opt/rustwide/cargo-home/bin/cargo" "+beta-2023-12-22" "build" "--frozen" "--message-format=json", kill_on_drop: false }`
[INFO] [stdout] 196af6c3d5cca14f411b809587d0396f5120fce55134c8104646daee936495a3
[INFO] running `Command { std: "docker" "start" "-a" "196af6c3d5cca14f411b809587d0396f5120fce55134c8104646daee936495a3", kill_on_drop: false }`
[INFO] [stderr]    Compiling proc-macro2 v1.0.75
[INFO] [stderr]    Compiling libc v0.2.151
[INFO] [stderr]    Compiling slab v0.4.9
[INFO] [stderr]    Compiling thiserror v1.0.56
[INFO] [stderr]    Compiling crc-catalog v2.4.0
[INFO] [stderr]    Compiling byteorder v1.5.0
[INFO] [stderr]    Compiling pin-project-lite v0.2.13
[INFO] [stderr]    Compiling bytes v1.5.0
[INFO] [stderr]    Compiling tracing-core v0.1.32
[INFO] [stderr]    Compiling crc v3.0.1
[INFO] [stderr]    Compiling fxhash v0.2.1
[INFO] [stderr]    Compiling quote v1.0.35
[INFO] [stderr]    Compiling syn v2.0.48
[INFO] [stderr]    Compiling getrandom v0.2.11
[INFO] [stderr]    Compiling socket2 v0.4.10
[INFO] [stderr]    Compiling rand_core v0.6.4
[INFO] [stderr]    Compiling rand_chacha v0.3.1
[INFO] [stderr]    Compiling rand v0.8.5
[INFO] [stderr]    Compiling thiserror-impl v1.0.56
[INFO] [stderr]    Compiling tracing-attributes v0.1.27
[INFO] [stderr]    Compiling sctp-proto v0.1.6
[INFO] [stderr]    Compiling tracing v0.1.40
[INFO] [stderr]    Compiling sctp-udp v0.0.0 (/opt/rustwide/workdir)
[INFO] [stdout] error[E0609]: no field `destination` on type `&Transmit`
[INFO] [stdout]   --> src/fallback.rs:43:77
[INFO] [stdout]    |
[INFO] [stdout] 43 |                         .send_to(content, &socket2::SockAddr::from(transmit.destination))
[INFO] [stdout]    |                                                                             ^^^^^^^^^^^ unknown field
[INFO] [stdout]    |
[INFO] [stdout]    = note: available fields are: `now`, `remote`, `ecn`, `local_ip`, `payload`
[INFO] [stdout] 
[INFO] [stdout] 
[INFO] [stdout] error[E0609]: no field `destination` on type `&Transmit`
[INFO] [stdout]    --> src/lib.rs:116:27
[INFO] [stdout]     |
[INFO] [stdout] 116 |             err, transmit.destination, transmit.src_ip, transmit.ecn, transmit.payload);
[INFO] [stdout]     |                           ^^^^^^^^^^^ unknown field
[INFO] [stdout]     |
[INFO] [stdout]     = note: available fields are: `now`, `remote`, `ecn`, `local_ip`, `payload`
[INFO] [stdout] 
[INFO] [stdout] 
[INFO] [stdout] error[E0609]: no field `src_ip` on type `&Transmit`
[INFO] [stdout]    --> src/lib.rs:116:49
[INFO] [stdout]     |
[INFO] [stdout] 116 |             err, transmit.destination, transmit.src_ip, transmit.ecn, transmit.payload);
[INFO] [stdout]     |                                                 ^^^^^^ unknown field
[INFO] [stdout]     |
[INFO] [stdout]     = note: available fields are: `now`, `remote`, `ecn`, `local_ip`, `payload`
[INFO] [stdout] 
[INFO] [stdout] 
[INFO] [stdout] error: aborting due to 3 previous errors
[INFO] [stdout] 
[INFO] [stdout] 
[INFO] [stdout] For more information about this error, try `rustc --explain E0609`.
[INFO] [stdout] 
[INFO] [stderr] error: could not compile `sctp-udp` (lib) due to 4 previous errors
[INFO] [stderr] warning: build failed, waiting for other jobs to finish...
[INFO] running `Command { std: "docker" "inspect" "196af6c3d5cca14f411b809587d0396f5120fce55134c8104646daee936495a3", kill_on_drop: false }`
[INFO] running `Command { std: "docker" "rm" "-f" "196af6c3d5cca14f411b809587d0396f5120fce55134c8104646daee936495a3", kill_on_drop: false }`
[INFO] [stdout] 196af6c3d5cca14f411b809587d0396f5120fce55134c8104646daee936495a3
