[INFO] fetching crate scryfall_sdk_rust 0.1.1...
[INFO] testing scryfall_sdk_rust-0.1.1 against 1.75.0 for beta-1.76-1
[INFO] extracting crate scryfall_sdk_rust 0.1.1 into /workspace/builds/worker-4-tc1/source
[INFO] validating manifest of crates.io crate scryfall_sdk_rust 0.1.1 on toolchain 1.75.0
[INFO] running `Command { std: CARGO_HOME="/workspace/cargo-home" RUSTUP_HOME="/workspace/rustup-home" "/workspace/cargo-home/bin/cargo" "+1.75.0" "metadata" "--manifest-path" "Cargo.toml" "--no-deps", kill_on_drop: false }`
[INFO] started tweaking crates.io crate scryfall_sdk_rust 0.1.1
[INFO] finished tweaking crates.io crate scryfall_sdk_rust 0.1.1
[INFO] tweaked toml for crates.io crate scryfall_sdk_rust 0.1.1 written to /workspace/builds/worker-4-tc1/source/Cargo.toml
[INFO] running `Command { std: CARGO_HOME="/workspace/cargo-home" RUSTUP_HOME="/workspace/rustup-home" "/workspace/cargo-home/bin/cargo" "+1.75.0" "generate-lockfile" "--manifest-path" "Cargo.toml", kill_on_drop: false }`
[INFO] [stderr]     Updating crates.io index
[INFO] running `Command { std: CARGO_HOME="/workspace/cargo-home" RUSTUP_HOME="/workspace/rustup-home" "/workspace/cargo-home/bin/cargo" "+1.75.0" "fetch" "--manifest-path" "Cargo.toml", kill_on_drop: false }`
[INFO] [stderr]  Downloading crates ...
[INFO] [stderr]   Downloaded levenshtein v1.0.5
[INFO] [stderr]   Downloaded rstest v0.13.0
[INFO] [stderr]   Downloaded basic-cookies v0.1.4
[INFO] [stderr]   Downloaded httpmock v0.6.8
[INFO] [stderr]   Downloaded async-object-pool v0.1.4
[INFO] [stderr]   Downloaded rstest_macros v0.13.0
[INFO] running `Command { std: "docker" "create" "-v" "/var/lib/crater-agent-workspace/builds/worker-4-tc1/target:/opt/rustwide/target:rw,Z" "-v" "/var/lib/crater-agent-workspace/builds/worker-4-tc1/source:/opt/rustwide/workdir:ro,Z" "-v" "/var/lib/crater-agent-workspace/cargo-home:/opt/rustwide/cargo-home:ro,Z" "-v" "/var/lib/crater-agent-workspace/rustup-home:/opt/rustwide/rustup-home:ro,Z" "-e" "SOURCE_DIR=/opt/rustwide/workdir" "-e" "CARGO_TARGET_DIR=/opt/rustwide/target" "-e" "CARGO_HOME=/opt/rustwide/cargo-home" "-e" "RUSTUP_HOME=/opt/rustwide/rustup-home" "-w" "/opt/rustwide/workdir" "-m" "1610612736" "--user" "0:0" "--network" "none" "ghcr.io/rust-lang/crates-build-env/linux@sha256:2788e3201cd34a07e3172128adcd8b3090168a8e3bcc40d7c032b9dda1df7d1c" "/opt/rustwide/cargo-home/bin/cargo" "+1.75.0" "metadata" "--no-deps" "--format-version=1", kill_on_drop: false }`
[INFO] [stdout] a80dede39121756838474d2a30d35c1b832cbbd030237541d171d2f2a48fd4ca
[INFO] running `Command { std: "docker" "start" "-a" "a80dede39121756838474d2a30d35c1b832cbbd030237541d171d2f2a48fd4ca", kill_on_drop: false }`
[INFO] running `Command { std: "docker" "inspect" "a80dede39121756838474d2a30d35c1b832cbbd030237541d171d2f2a48fd4ca", kill_on_drop: false }`
[INFO] running `Command { std: "docker" "rm" "-f" "a80dede39121756838474d2a30d35c1b832cbbd030237541d171d2f2a48fd4ca", kill_on_drop: false }`
[INFO] [stdout] a80dede39121756838474d2a30d35c1b832cbbd030237541d171d2f2a48fd4ca
[INFO] running `Command { std: "docker" "create" "-v" "/var/lib/crater-agent-workspace/builds/worker-4-tc1/target:/opt/rustwide/target:rw,Z" "-v" "/var/lib/crater-agent-workspace/builds/worker-4-tc1/source:/opt/rustwide/workdir:ro,Z" "-v" "/var/lib/crater-agent-workspace/cargo-home:/opt/rustwide/cargo-home:ro,Z" "-v" "/var/lib/crater-agent-workspace/rustup-home:/opt/rustwide/rustup-home:ro,Z" "-e" "SOURCE_DIR=/opt/rustwide/workdir" "-e" "CARGO_TARGET_DIR=/opt/rustwide/target" "-e" "CARGO_INCREMENTAL=0" "-e" "RUST_BACKTRACE=full" "-e" "RUSTFLAGS=--cap-lints=warn" "-e" "RUSTDOCFLAGS=--cap-lints=warn" "-e" "CARGO_HOME=/opt/rustwide/cargo-home" "-e" "RUSTUP_HOME=/opt/rustwide/rustup-home" "-w" "/opt/rustwide/workdir" "-m" "1610612736" "--user" "0:0" "--network" "none" "ghcr.io/rust-lang/crates-build-env/linux@sha256:2788e3201cd34a07e3172128adcd8b3090168a8e3bcc40d7c032b9dda1df7d1c" "/opt/rustwide/cargo-home/bin/cargo" "+1.75.0" "build" "--frozen" "--message-format=json", kill_on_drop: false }`
[INFO] [stdout] b6e46f4c50e0a64a4919553f8cc4f152d8c09b150e5fd5d7dbf30803d1280ab1
[INFO] running `Command { std: "docker" "start" "-a" "b6e46f4c50e0a64a4919553f8cc4f152d8c09b150e5fd5d7dbf30803d1280ab1", kill_on_drop: false }`
[INFO] [stderr]    Compiling serde v1.0.194
[INFO] [stderr]    Compiling rustversion v1.0.14
[INFO] [stderr]    Compiling syn v1.0.109
[INFO] [stderr]    Compiling time-macros v0.2.16
[INFO] [stderr]    Compiling heck v0.4.1
[INFO] [stderr]    Compiling strum v0.24.1
[INFO] [stderr]    Compiling strum_macros v0.24.3
[INFO] [stderr]    Compiling deranged v0.3.11
[INFO] [stderr]    Compiling serde_json v1.0.111
[INFO] [stderr]    Compiling serde_urlencoded v0.7.1
[INFO] [stderr]    Compiling url v2.5.0
[INFO] [stderr]    Compiling uuid v1.6.1
[INFO] [stderr]    Compiling reqwest v0.11.23
[INFO] [stderr]    Compiling time v0.3.31
[INFO] [stderr]    Compiling scryfall_sdk_rust v0.1.1 (/opt/rustwide/workdir)
[INFO] [stderr]     Finished dev [unoptimized + debuginfo] target(s) in 7.99s
[INFO] running `Command { std: "docker" "inspect" "b6e46f4c50e0a64a4919553f8cc4f152d8c09b150e5fd5d7dbf30803d1280ab1", kill_on_drop: false }`
[INFO] running `Command { std: "docker" "rm" "-f" "b6e46f4c50e0a64a4919553f8cc4f152d8c09b150e5fd5d7dbf30803d1280ab1", kill_on_drop: false }`
[INFO] [stdout] b6e46f4c50e0a64a4919553f8cc4f152d8c09b150e5fd5d7dbf30803d1280ab1
[INFO] running `Command { std: "docker" "create" "-v" "/var/lib/crater-agent-workspace/builds/worker-4-tc1/target:/opt/rustwide/target:rw,Z" "-v" "/var/lib/crater-agent-workspace/builds/worker-4-tc1/source:/opt/rustwide/workdir:ro,Z" "-v" "/var/lib/crater-agent-workspace/cargo-home:/opt/rustwide/cargo-home:ro,Z" "-v" "/var/lib/crater-agent-workspace/rustup-home:/opt/rustwide/rustup-home:ro,Z" "-e" "SOURCE_DIR=/opt/rustwide/workdir" "-e" "CARGO_TARGET_DIR=/opt/rustwide/target" "-e" "CARGO_INCREMENTAL=0" "-e" "RUST_BACKTRACE=full" "-e" "RUSTFLAGS=--cap-lints=warn" "-e" "RUSTDOCFLAGS=--cap-lints=warn" "-e" "CARGO_HOME=/opt/rustwide/cargo-home" "-e" "RUSTUP_HOME=/opt/rustwide/rustup-home" "-w" "/opt/rustwide/workdir" "-m" "1610612736" "--user" "0:0" "--network" "none" "ghcr.io/rust-lang/crates-build-env/linux@sha256:2788e3201cd34a07e3172128adcd8b3090168a8e3bcc40d7c032b9dda1df7d1c" "/opt/rustwide/cargo-home/bin/cargo" "+1.75.0" "test" "--frozen" "--no-run" "--message-format=json", kill_on_drop: false }`
[INFO] [stdout] 947855f12581f48f621895b35c1a5d9a85224c4027f6870d72a4bb0e4cd5aacf
[INFO] running `Command { std: "docker" "start" "-a" "947855f12581f48f621895b35c1a5d9a85224c4027f6870d72a4bb0e4cd5aacf", kill_on_drop: false }`
[INFO] [stderr]    Compiling value-bag v1.4.3
[INFO] [stderr]    Compiling futures-io v0.3.30
[INFO] [stderr]    Compiling crossbeam-utils v0.8.18
[INFO] [stderr]    Compiling parking v2.2.0
[INFO] [stderr]    Compiling openssl-sys v0.9.98
[INFO] [stderr]    Compiling signal-hook-registry v1.4.1
[INFO] [stderr]    Compiling syn v2.0.48
[INFO] [stderr]    Compiling fastrand v2.0.1
[INFO] [stderr]    Compiling rustix v0.38.28
[INFO] [stderr]    Compiling linux-raw-sys v0.4.12
[INFO] [stderr]    Compiling log v0.4.20
[INFO] [stderr]    Compiling futures-lite v2.1.0
[INFO] [stderr]    Compiling syn v1.0.109
[INFO] [stderr]    Compiling event-listener v2.5.3
[INFO] [stderr]    Compiling libz-sys v1.1.12
[INFO] [stderr]    Compiling concurrent-queue v2.4.0
[INFO] [stderr]    Compiling event-listener v4.0.2
[INFO] [stderr]    Compiling libnghttp2-sys v0.1.9+1.58.0
[INFO] [stderr]    Compiling polling v2.8.0
[INFO] [stderr]    Compiling io-lifetimes v1.0.11
[INFO] [stderr]    Compiling parking_lot_core v0.9.9
[INFO] [stderr]    Compiling event-listener-strategy v0.4.0
[INFO] [stderr]    Compiling async-lock v3.2.0
[INFO] [stderr]    Compiling lock_api v0.4.11
[INFO] [stderr]    Compiling dirs-sys-next v0.1.2
[INFO] [stderr]    Compiling socket2 v0.4.10
[INFO] [stderr]    Compiling scopeguard v1.2.0
[INFO] [stderr]    Compiling smallvec v1.11.2
[INFO] [stderr]    Compiling waker-fn v1.1.1
[INFO] [stderr]    Compiling rustix v0.37.27
[INFO] [stderr]    Compiling fastrand v1.9.0
[INFO] [stderr]    Compiling crunchy v0.2.2
[INFO] [stderr]    Compiling futures-lite v1.13.0
[INFO] [stderr]    Compiling dirs-next v2.0.0
[INFO] [stderr]    Compiling curl-sys v0.4.70+curl-8.5.0
[INFO] [stderr]    Compiling async-io v1.13.0
[INFO] [stderr]    Compiling linux-raw-sys v0.3.8
[INFO] [stderr]    Compiling semver v1.0.21
[INFO] [stderr]    Compiling siphasher v0.3.11
[INFO] [stderr]    Compiling atomic-waker v1.1.2
[INFO] [stderr]    Compiling async-task v4.7.0
[INFO] [stderr]    Compiling tiny-keccak v2.0.2
[INFO] [stderr]    Compiling piper v0.2.1
[INFO] [stderr]    Compiling phf_shared v0.10.0
[INFO] [stderr]    Compiling openssl v0.10.62
[INFO] [stderr]    Compiling term v0.7.0
[INFO] [stderr]    Compiling parking_lot v0.12.1
[INFO] [stderr]    Compiling async-channel v2.1.1
[INFO] [stderr]    Compiling async-channel v1.9.0
[INFO] [stderr]    Compiling async-lock v2.8.0
[INFO] [stderr]    Compiling precomputed-hash v0.1.1
[INFO] [stderr]    Compiling either v1.9.0
[INFO] [stderr]    Compiling new_debug_unreachable v1.0.4
[INFO] [stderr]    Compiling bit-vec v0.6.3
[INFO] [stderr]    Compiling fixedbitset v0.4.2
[INFO] [stderr]    Compiling native-tls v0.2.11
[INFO] [stderr]    Compiling ena v0.14.2
[INFO] [stderr]    Compiling petgraph v0.6.4
[INFO] [stderr]    Compiling bit-set v0.5.3
[INFO] [stderr]    Compiling string_cache v0.8.7
[INFO] [stderr]    Compiling itertools v0.10.5
[INFO] [stderr]    Compiling is-terminal v0.4.10
[INFO] [stderr]    Compiling ascii-canvas v3.0.0
[INFO] [stderr]    Compiling tracing-attributes v0.1.27
[INFO] [stderr]    Compiling serde_derive v1.0.194
[INFO] [stderr]    Compiling futures-macro v0.3.30
[INFO] [stderr]    Compiling tokio-macros v2.2.0
[INFO] [stderr]    Compiling openssl-macros v0.1.1
[INFO] [stderr]    Compiling async-executor v1.8.0
[INFO] [stderr]    Compiling futures-util v0.3.30
[INFO] [stderr]    Compiling tokio v1.35.1
[INFO] [stderr]    Compiling lalrpop-util v0.19.12
[INFO] [stderr]    Compiling event-listener v3.1.0
[INFO] [stderr]    Compiling tracing v0.1.40
[INFO] [stderr]    Compiling regex-syntax v0.6.29
[INFO] [stderr]    Compiling diff v0.1.13
[INFO] [stderr]    Compiling polling v3.3.1
[INFO] [stderr]    Compiling blocking v1.5.1
[INFO] [stderr]    Compiling async-io v2.2.2
[INFO] [stderr]    Compiling unicode-xid v0.2.4
[INFO] [stderr]    Compiling async-attributes v1.1.2
[INFO] [stderr]    Compiling async-signal v0.2.5
[INFO] [stderr]    Compiling async-process v1.8.1
[INFO] [stderr]    Compiling serde v1.0.194
[INFO] [stderr]    Compiling lalrpop v0.19.12
[INFO] [stderr]    Compiling async-global-executor v2.4.1
[INFO] [stderr]    Compiling rustc_version v0.4.0
[INFO] [stderr]    Compiling tokio-util v0.7.10
[INFO] [stderr]    Compiling pin-project-internal v1.1.3
[INFO] [stderr]    Compiling h2 v0.3.22
[INFO] [stderr]    Compiling kv-log-macro v1.0.7
[INFO] [stderr]    Compiling curl v0.4.44
[INFO] [stderr]    Compiling async-std v1.12.0
[INFO] [stderr]    Compiling rstest_macros v0.13.0
[INFO] [stderr]    Compiling url v2.5.0
[INFO] [stderr]    Compiling serde_json v1.0.111
[INFO] [stderr]    Compiling pin-project v1.1.3
[INFO] [stderr]    Compiling tokio-native-tls v0.3.1
[INFO] [stderr]    Compiling isahc v1.7.2
[INFO] [stderr]    Compiling deranged v0.3.11
[INFO] [stderr]    Compiling tracing-futures v0.2.5
[INFO] [stderr]    Compiling serde_urlencoded v0.7.1
[INFO] [stderr]    Compiling futures-executor v0.3.30
[INFO] [stderr]    Compiling sluice v0.5.5
[INFO] [stderr]    Compiling castaway v0.1.2
[INFO] [stderr]    Compiling time v0.3.31
[INFO] [stderr]    Compiling futures v0.3.30
[INFO] [stderr]    Compiling async-object-pool v0.1.4
[INFO] [stderr]    Compiling strum_macros v0.24.3
[INFO] [stderr]    Compiling async-trait v0.1.77
[INFO] [stderr]    Compiling hyper v0.14.28
[INFO] [stderr]    Compiling assert-json-diff v2.0.2
[INFO] [stderr]    Compiling uuid v1.6.1
[INFO] [stderr]    Compiling serde_regex v1.1.0
[INFO] [stderr]    Compiling levenshtein v1.0.5
[INFO] [stderr]    Compiling futures-timer v3.0.2
[INFO] [stderr]    Compiling similar v2.4.0
[INFO] [stderr]    Compiling indoc v1.0.9
[INFO] [stderr]    Compiling rstest v0.13.0
[INFO] [stderr]    Compiling hyper-tls v0.5.0
[INFO] [stderr]    Compiling basic-cookies v0.1.4
[INFO] [stderr]    Compiling reqwest v0.11.23
[INFO] [stderr]    Compiling scryfall_sdk_rust v0.1.1 (/opt/rustwide/workdir)
[INFO] [stderr]    Compiling httpmock v0.6.8
[INFO] [stdout] error[E0432]: unresolved import `scryfall_sdk_rust::ScryfallBlocking`
[INFO] [stdout]   --> tests/rulings.rs:15:5
[INFO] [stdout]    |
[INFO] [stdout] 15 |     ScryfallBlocking,
[INFO] [stdout]    |     ^^^^^^^^^^^^^^^^ no `ScryfallBlocking` in the root
[INFO] [stdout]    |
[INFO] [stdout] note: found an item that was configured out
[INFO] [stdout]   --> /opt/rustwide/workdir/src/lib.rs:26:39
[INFO] [stdout]    |
[INFO] [stdout] 26 | pub use client::blocking::Scryfall as ScryfallBlocking;
[INFO] [stdout]    |                                       ^^^^^^^^^^^^^^^^
[INFO] [stdout]    = note: the item is gated behind the `blocking` feature
[INFO] [stdout] 
[INFO] [stdout] 
[INFO] [stdout] error[E0432]: unresolved import `scryfall_sdk_rust::ScryfallBlocking`
[INFO] [stdout]   --> tests/card_symbols.rs:9:5
[INFO] [stdout]    |
[INFO] [stdout] 9  |     ScryfallBlocking,
[INFO] [stdout]    |     ^^^^^^^^^^^^^^^^ no `ScryfallBlocking` in the root
[INFO] [stdout]    |
[INFO] [stdout] note: found an item that was configured out
[INFO] [stdout]   --> /opt/rustwide/workdir/src/lib.rs:26:39
[INFO] [stdout]    |
[INFO] [stdout] 26 | pub use client::blocking::Scryfall as ScryfallBlocking;
[INFO] [stdout]    |                                       ^^^^^^^^^^^^^^^^
[INFO] [stdout]    = note: the item is gated behind the `blocking` feature
[INFO] [stdout] 
[INFO] [stdout] 
[INFO] [stdout] error[E0432]: unresolved import `scryfall_sdk_rust::ScryfallBlocking`
[INFO] [stdout]   --> tests/client.rs:10:35
[INFO] [stdout]    |
[INFO] [stdout] 10 | use scryfall_sdk_rust::{Scryfall, ScryfallBlocking};
[INFO] [stdout]    |                                   ^^^^^^^^^^^^^^^^ no `ScryfallBlocking` in the root
[INFO] [stdout]    |
[INFO] [stdout] note: found an item that was configured out
[INFO] [stdout]   --> /opt/rustwide/workdir/src/lib.rs:26:39
[INFO] [stdout]    |
[INFO] [stdout] 26 | pub use client::blocking::Scryfall as ScryfallBlocking;
[INFO] [stdout]    |                                       ^^^^^^^^^^^^^^^^
[INFO] [stdout]    = note: the item is gated behind the `blocking` feature
[INFO] [stdout] 
[INFO] [stdout] 
[INFO] [stdout] error[E0432]: unresolved import `scryfall_sdk_rust::ScryfallBlocking`
[INFO] [stdout]   --> tests/bulk_data.rs:16:5
[INFO] [stdout]    |
[INFO] [stdout] 16 |     ScryfallBlocking
[INFO] [stdout]    |     ^^^^^^^^^^^^^^^^ no `ScryfallBlocking` in the root
[INFO] [stdout]    |
[INFO] [stdout] note: found an item that was configured out
[INFO] [stdout]   --> /opt/rustwide/workdir/src/lib.rs:26:39
[INFO] [stdout]    |
[INFO] [stdout] 26 | pub use client::blocking::Scryfall as ScryfallBlocking;
[INFO] [stdout]    |                                       ^^^^^^^^^^^^^^^^
[INFO] [stdout]    = note: the item is gated behind the `blocking` feature
[INFO] [stdout] 
[INFO] [stdout] 
[INFO] [stdout] error[E0432]: unresolved import `scryfall_sdk_rust::ScryfallBlocking`
[INFO] [stdout]   --> tests/catalog.rs:9:5
[INFO] [stdout]    |
[INFO] [stdout] 9  |     ScryfallBlocking,
[INFO] [stdout]    |     ^^^^^^^^^^^^^^^^ no `ScryfallBlocking` in the root
[INFO] [stdout]    |
[INFO] [stdout] note: found an item that was configured out
[INFO] [stdout]   --> /opt/rustwide/workdir/src/lib.rs:26:39
[INFO] [stdout]    |
[INFO] [stdout] 26 | pub use client::blocking::Scryfall as ScryfallBlocking;
[INFO] [stdout]    |                                       ^^^^^^^^^^^^^^^^
[INFO] [stdout]    = note: the item is gated behind the `blocking` feature
[INFO] [stdout] 
[INFO] [stdout] 
[INFO] [stdout] error[E0432]: unresolved import `scryfall_sdk_rust::ScryfallBlocking`
[INFO] [stdout]   --> tests/card_sets.rs:15:5
[INFO] [stdout]    |
[INFO] [stdout] 15 |     ScryfallBlocking,
[INFO] [stdout]    |     ^^^^^^^^^^^^^^^^ no `ScryfallBlocking` in the root
[INFO] [stdout]    |
[INFO] [stdout] note: found an item that was configured out
[INFO] [stdout]   --> /opt/rustwide/workdir/src/lib.rs:26:39
[INFO] [stdout]    |
[INFO] [stdout] 26 | pub use client::blocking::Scryfall as ScryfallBlocking;
[INFO] [stdout]    |                                       ^^^^^^^^^^^^^^^^
[INFO] [stdout]    = note: the item is gated behind the `blocking` feature
[INFO] [stdout] 
[INFO] [stdout] 
[INFO] [stdout] error[E0432]: unresolved import `scryfall_sdk_rust::ScryfallBlocking`
[INFO] [stdout]   --> tests/cards.rs:20:5
[INFO] [stdout]    |
[INFO] [stdout] 20 |     ScryfallBlocking,
[INFO] [stdout]    |     ^^^^^^^^^^^^^^^^ no `ScryfallBlocking` in the root
[INFO] [stdout]    |
[INFO] [stdout] note: found an item that was configured out
[INFO] [stdout]   --> /opt/rustwide/workdir/src/lib.rs:26:39
[INFO] [stdout]    |
[INFO] [stdout] 26 | pub use client::blocking::Scryfall as ScryfallBlocking;
[INFO] [stdout]    |                                       ^^^^^^^^^^^^^^^^
[INFO] [stdout]    = note: the item is gated behind the `blocking` feature
[INFO] [stdout] 
[INFO] [stdout] 
[INFO] [stdout] error: aborting due to previous error
[INFO] [stdout] 
[INFO] [stdout] 
[INFO] [stdout] For more information about this error, try `rustc --explain E0432`.
[INFO] [stdout] 
[INFO] [stdout] error: aborting due to previous error
[INFO] [stdout] 
[INFO] [stdout] 
[INFO] [stdout] For more information about this error, try `rustc --explain E0432`.
[INFO] [stdout] 
[INFO] [stderr] error: could not compile `scryfall_sdk_rust` (test "bulk_data") due to 2 previous errors
[INFO] [stderr] warning: build failed, waiting for other jobs to finish...
[INFO] [stdout] error: aborting due to previous error
[INFO] [stdout] 
[INFO] [stdout] 
[INFO] [stdout] For more information about this error, try `rustc --explain E0432`.
[INFO] [stdout] 
[INFO] [stderr] error: could not compile `scryfall_sdk_rust` (test "card_sets") due to 2 previous errors
[INFO] [stdout] error: aborting due to previous error
[INFO] [stdout] 
[INFO] [stdout] 
[INFO] [stderr] error: could not compile `scryfall_sdk_rust` (test "rulings") due to 2 previous errors
[INFO] [stdout] For more information about this error, try `rustc --explain E0432`.
[INFO] [stdout] 
[INFO] [stdout] error: aborting due to previous error
[INFO] [stdout] 
[INFO] [stdout] 
[INFO] [stdout] For more information about this error, try `rustc --explain E0432`.
[INFO] [stdout] 
[INFO] [stdout] error: aborting due to previous error
[INFO] [stdout] 
[INFO] [stdout] 
[INFO] [stdout] For more information about this error, try `rustc --explain E0432`.
[INFO] [stdout] 
[INFO] [stderr] error: could not compile `scryfall_sdk_rust` (test "card_symbols") due to 2 previous errors
[INFO] [stderr] error: could not compile `scryfall_sdk_rust` (test "client") due to 2 previous errors
[INFO] [stderr] error: could not compile `scryfall_sdk_rust` (test "catalog") due to 2 previous errors
[INFO] [stdout] error: aborting due to previous error
[INFO] [stdout] 
[INFO] [stdout] 
[INFO] [stdout] For more information about this error, try `rustc --explain E0432`.
[INFO] [stdout] 
[INFO] [stderr] error: could not compile `scryfall_sdk_rust` (test "cards") due to 2 previous errors
[INFO] running `Command { std: "docker" "inspect" "947855f12581f48f621895b35c1a5d9a85224c4027f6870d72a4bb0e4cd5aacf", kill_on_drop: false }`
[INFO] running `Command { std: "docker" "rm" "-f" "947855f12581f48f621895b35c1a5d9a85224c4027f6870d72a4bb0e4cd5aacf", kill_on_drop: false }`
[INFO] [stdout] 947855f12581f48f621895b35c1a5d9a85224c4027f6870d72a4bb0e4cd5aacf
[INFO] testing scryfall_sdk_rust-0.1.1 against beta-2023-12-22 for beta-1.76-1
[INFO] extracting crate scryfall_sdk_rust 0.1.1 into /workspace/builds/worker-4-tc2/source
[INFO] validating manifest of crates.io crate scryfall_sdk_rust 0.1.1 on toolchain beta-2023-12-22
[INFO] running `Command { std: CARGO_HOME="/workspace/cargo-home" RUSTUP_HOME="/workspace/rustup-home" "/workspace/cargo-home/bin/cargo" "+beta-2023-12-22" "metadata" "--manifest-path" "Cargo.toml" "--no-deps", kill_on_drop: false }`
[INFO] started tweaking crates.io crate scryfall_sdk_rust 0.1.1
[INFO] finished tweaking crates.io crate scryfall_sdk_rust 0.1.1
[INFO] tweaked toml for crates.io crate scryfall_sdk_rust 0.1.1 written to /workspace/builds/worker-4-tc2/source/Cargo.toml
[INFO] running `Command { std: CARGO_HOME="/workspace/cargo-home" RUSTUP_HOME="/workspace/rustup-home" "/workspace/cargo-home/bin/cargo" "+beta-2023-12-22" "generate-lockfile" "--manifest-path" "Cargo.toml", kill_on_drop: false }`
[INFO] [stderr]     Updating crates.io index
[INFO] running `Command { std: CARGO_HOME="/workspace/cargo-home" RUSTUP_HOME="/workspace/rustup-home" "/workspace/cargo-home/bin/cargo" "+beta-2023-12-22" "fetch" "--manifest-path" "Cargo.toml", kill_on_drop: false }`
[INFO] running `Command { std: "docker" "create" "-v" "/var/lib/crater-agent-workspace/builds/worker-4-tc2/target:/opt/rustwide/target:rw,Z" "-v" "/var/lib/crater-agent-workspace/builds/worker-4-tc2/source:/opt/rustwide/workdir:ro,Z" "-v" "/var/lib/crater-agent-workspace/cargo-home:/opt/rustwide/cargo-home:ro,Z" "-v" "/var/lib/crater-agent-workspace/rustup-home:/opt/rustwide/rustup-home:ro,Z" "-e" "SOURCE_DIR=/opt/rustwide/workdir" "-e" "CARGO_TARGET_DIR=/opt/rustwide/target" "-e" "CARGO_HOME=/opt/rustwide/cargo-home" "-e" "RUSTUP_HOME=/opt/rustwide/rustup-home" "-w" "/opt/rustwide/workdir" "-m" "1610612736" "--user" "0:0" "--network" "none" "ghcr.io/rust-lang/crates-build-env/linux@sha256:2788e3201cd34a07e3172128adcd8b3090168a8e3bcc40d7c032b9dda1df7d1c" "/opt/rustwide/cargo-home/bin/cargo" "+beta-2023-12-22" "metadata" "--no-deps" "--format-version=1", kill_on_drop: false }`
[INFO] [stdout] 47c78b6158c31affeeefaa03b9c70108e4c90ae1609620dea70ad3f7ead0790e
[INFO] running `Command { std: "docker" "start" "-a" "47c78b6158c31affeeefaa03b9c70108e4c90ae1609620dea70ad3f7ead0790e", kill_on_drop: false }`
[INFO] running `Command { std: "docker" "inspect" "47c78b6158c31affeeefaa03b9c70108e4c90ae1609620dea70ad3f7ead0790e", kill_on_drop: false }`
[INFO] running `Command { std: "docker" "rm" "-f" "47c78b6158c31affeeefaa03b9c70108e4c90ae1609620dea70ad3f7ead0790e", kill_on_drop: false }`
[INFO] [stdout] 47c78b6158c31affeeefaa03b9c70108e4c90ae1609620dea70ad3f7ead0790e
[INFO] running `Command { std: "docker" "create" "-v" "/var/lib/crater-agent-workspace/builds/worker-4-tc2/target:/opt/rustwide/target:rw,Z" "-v" "/var/lib/crater-agent-workspace/builds/worker-4-tc2/source:/opt/rustwide/workdir:ro,Z" "-v" "/var/lib/crater-agent-workspace/cargo-home:/opt/rustwide/cargo-home:ro,Z" "-v" "/var/lib/crater-agent-workspace/rustup-home:/opt/rustwide/rustup-home:ro,Z" "-e" "SOURCE_DIR=/opt/rustwide/workdir" "-e" "CARGO_TARGET_DIR=/opt/rustwide/target" "-e" "CARGO_INCREMENTAL=0" "-e" "RUST_BACKTRACE=full" "-e" "RUSTFLAGS=--cap-lints=warn" "-e" "RUSTDOCFLAGS=--cap-lints=warn" "-e" "CARGO_HOME=/opt/rustwide/cargo-home" "-e" "RUSTUP_HOME=/opt/rustwide/rustup-home" "-w" "/opt/rustwide/workdir" "-m" "1610612736" "--user" "0:0" "--network" "none" "ghcr.io/rust-lang/crates-build-env/linux@sha256:2788e3201cd34a07e3172128adcd8b3090168a8e3bcc40d7c032b9dda1df7d1c" "/opt/rustwide/cargo-home/bin/cargo" "+beta-2023-12-22" "build" "--frozen" "--message-format=json", kill_on_drop: false }`
[INFO] [stdout] 15029ef8203048e469574470f148f27bc6578465c20257583300947c937fdea1
[INFO] running `Command { std: "docker" "start" "-a" "15029ef8203048e469574470f148f27bc6578465c20257583300947c937fdea1", kill_on_drop: false }`
[INFO] [stderr]    Compiling serde v1.0.194
[INFO] [stderr]    Compiling rustversion v1.0.14
[INFO] [stderr]    Compiling syn v1.0.109
[INFO] [stderr]    Compiling time-macros v0.2.16
[INFO] [stderr]    Compiling heck v0.4.1
[INFO] [stderr]    Compiling strum v0.24.1
[INFO] [stderr]    Compiling url v2.5.0
[INFO] [stderr]    Compiling serde_urlencoded v0.7.1
[INFO] [stderr]    Compiling deranged v0.3.11
[INFO] [stderr]    Compiling serde_json v1.0.111
[INFO] [stderr]    Compiling uuid v1.6.1
[INFO] [stderr]    Compiling strum_macros v0.24.3
[INFO] [stderr]    Compiling reqwest v0.11.23
[INFO] [stderr]    Compiling time v0.3.31
[INFO] [stderr]    Compiling scryfall_sdk_rust v0.1.1 (/opt/rustwide/workdir)
[INFO] [stderr]     Finished dev [unoptimized + debuginfo] target(s) in 9.12s
[INFO] running `Command { std: "docker" "inspect" "15029ef8203048e469574470f148f27bc6578465c20257583300947c937fdea1", kill_on_drop: false }`
[INFO] running `Command { std: "docker" "rm" "-f" "15029ef8203048e469574470f148f27bc6578465c20257583300947c937fdea1", kill_on_drop: false }`
[INFO] [stdout] 15029ef8203048e469574470f148f27bc6578465c20257583300947c937fdea1
[INFO] running `Command { std: "docker" "create" "-v" "/var/lib/crater-agent-workspace/builds/worker-4-tc2/target:/opt/rustwide/target:rw,Z" "-v" "/var/lib/crater-agent-workspace/builds/worker-4-tc2/source:/opt/rustwide/workdir:ro,Z" "-v" "/var/lib/crater-agent-workspace/cargo-home:/opt/rustwide/cargo-home:ro,Z" "-v" "/var/lib/crater-agent-workspace/rustup-home:/opt/rustwide/rustup-home:ro,Z" "-e" "SOURCE_DIR=/opt/rustwide/workdir" "-e" "CARGO_TARGET_DIR=/opt/rustwide/target" "-e" "CARGO_INCREMENTAL=0" "-e" "RUST_BACKTRACE=full" "-e" "RUSTFLAGS=--cap-lints=warn" "-e" "RUSTDOCFLAGS=--cap-lints=warn" "-e" "CARGO_HOME=/opt/rustwide/cargo-home" "-e" "RUSTUP_HOME=/opt/rustwide/rustup-home" "-w" "/opt/rustwide/workdir" "-m" "1610612736" "--user" "0:0" "--network" "none" "ghcr.io/rust-lang/crates-build-env/linux@sha256:2788e3201cd34a07e3172128adcd8b3090168a8e3bcc40d7c032b9dda1df7d1c" "/opt/rustwide/cargo-home/bin/cargo" "+beta-2023-12-22" "test" "--frozen" "--no-run" "--message-format=json", kill_on_drop: false }`
[INFO] [stdout] a46e891c2fcd275ba47acf594eb275872201bb926daeaea097824a935afee928
[INFO] running `Command { std: "docker" "start" "-a" "a46e891c2fcd275ba47acf594eb275872201bb926daeaea097824a935afee928", kill_on_drop: false }`
[INFO] [stderr]    Compiling value-bag v1.4.3
[INFO] [stderr]    Compiling futures-io v0.3.30
[INFO] [stderr]    Compiling crossbeam-utils v0.8.18
[INFO] [stderr]    Compiling parking v2.2.0
[INFO] [stderr]    Compiling openssl-sys v0.9.98
[INFO] [stderr]    Compiling signal-hook-registry v1.4.1
[INFO] [stderr]    Compiling syn v2.0.48
[INFO] [stderr]    Compiling fastrand v2.0.1
[INFO] [stderr]    Compiling rustix v0.38.28
[INFO] [stderr]    Compiling syn v1.0.109
[INFO] [stderr]    Compiling log v0.4.20
[INFO] [stderr]    Compiling futures-lite v2.1.0
[INFO] [stderr]    Compiling linux-raw-sys v0.4.12
[INFO] [stderr]    Compiling event-listener v2.5.3
[INFO] [stderr]    Compiling libz-sys v1.1.12
[INFO] [stderr]    Compiling libnghttp2-sys v0.1.9+1.58.0
[INFO] [stderr]    Compiling polling v2.8.0
[INFO] [stderr]    Compiling concurrent-queue v2.4.0
[INFO] [stderr]    Compiling io-lifetimes v1.0.11
[INFO] [stderr]    Compiling parking_lot_core v0.9.9
[INFO] [stderr]    Compiling lock_api v0.4.11
[INFO] [stderr]    Compiling event-listener v4.0.2
[INFO] [stderr]    Compiling dirs-sys-next v0.1.2
[INFO] [stderr]    Compiling event-listener-strategy v0.4.0
[INFO] [stderr]    Compiling async-lock v3.2.0
[INFO] [stderr]    Compiling socket2 v0.4.10
[INFO] [stderr]    Compiling crunchy v0.2.2
[INFO] [stderr]    Compiling smallvec v1.11.2
[INFO] [stderr]    Compiling fastrand v1.9.0
[INFO] [stderr]    Compiling scopeguard v1.2.0
[INFO] [stderr]    Compiling waker-fn v1.1.1
[INFO] [stderr]    Compiling rustix v0.37.27
[INFO] [stderr]    Compiling futures-lite v1.13.0
[INFO] [stderr]    Compiling dirs-next v2.0.0
[INFO] [stderr]    Compiling curl-sys v0.4.70+curl-8.5.0
[INFO] [stderr]    Compiling async-io v1.13.0
[INFO] [stderr]    Compiling siphasher v0.3.11
[INFO] [stderr]    Compiling tiny-keccak v2.0.2
[INFO] [stderr]    Compiling linux-raw-sys v0.3.8
[INFO] [stderr]    Compiling async-task v4.7.0
[INFO] [stderr]    Compiling atomic-waker v1.1.2
[INFO] [stderr]    Compiling semver v1.0.21
[INFO] [stderr]    Compiling openssl v0.10.62
[INFO] [stderr]    Compiling piper v0.2.1
[INFO] [stderr]    Compiling phf_shared v0.10.0
[INFO] [stderr]    Compiling term v0.7.0
[INFO] [stderr]    Compiling parking_lot v0.12.1
[INFO] [stderr]    Compiling async-channel v2.1.1
[INFO] [stderr]    Compiling async-channel v1.9.0
[INFO] [stderr]    Compiling async-lock v2.8.0
[INFO] [stderr]    Compiling precomputed-hash v0.1.1
[INFO] [stderr]    Compiling fixedbitset v0.4.2
[INFO] [stderr]    Compiling either v1.9.0
[INFO] [stderr]    Compiling new_debug_unreachable v1.0.4
[INFO] [stderr]    Compiling bit-vec v0.6.3
[INFO] [stderr]    Compiling string_cache v0.8.7
[INFO] [stderr]    Compiling itertools v0.10.5
[INFO] [stderr]    Compiling native-tls v0.2.11
[INFO] [stderr]    Compiling ena v0.14.2
[INFO] [stderr]    Compiling bit-set v0.5.3
[INFO] [stderr]    Compiling petgraph v0.6.4
[INFO] [stderr]    Compiling is-terminal v0.4.10
[INFO] [stderr]    Compiling ascii-canvas v3.0.0
[INFO] [stderr]    Compiling tracing-attributes v0.1.27
[INFO] [stderr]    Compiling serde_derive v1.0.194
[INFO] [stderr]    Compiling futures-macro v0.3.30
[INFO] [stderr]    Compiling tokio-macros v2.2.0
[INFO] [stderr]    Compiling openssl-macros v0.1.1
[INFO] [stderr]    Compiling async-executor v1.8.0
[INFO] [stderr]    Compiling lalrpop-util v0.19.12
[INFO] [stderr]    Compiling event-listener v3.1.0
[INFO] [stderr]    Compiling tokio v1.35.1
[INFO] [stderr]    Compiling futures-util v0.3.30
[INFO] [stderr]    Compiling regex-syntax v0.6.29
[INFO] [stderr]    Compiling unicode-xid v0.2.4
[INFO] [stderr]    Compiling diff v0.1.13
[INFO] [stderr]    Compiling tracing v0.1.40
[INFO] [stderr]    Compiling async-attributes v1.1.2
[INFO] [stderr]    Compiling polling v3.3.1
[INFO] [stderr]    Compiling async-io v2.2.2
[INFO] [stderr]    Compiling blocking v1.5.1
[INFO] [stderr]    Compiling async-signal v0.2.5
[INFO] [stderr]    Compiling async-process v1.8.1
[INFO] [stderr]    Compiling async-global-executor v2.4.1
[INFO] [stderr]    Compiling serde v1.0.194
[INFO] [stderr]    Compiling lalrpop v0.19.12
[INFO] [stderr]    Compiling rustc_version v0.4.0
[INFO] [stderr]    Compiling pin-project-internal v1.1.3
[INFO] [stderr]    Compiling tokio-util v0.7.10
[INFO] [stderr]    Compiling kv-log-macro v1.0.7
[INFO] [stderr]    Compiling curl v0.4.44
[INFO] [stderr]    Compiling h2 v0.3.22
[INFO] [stderr]    Compiling async-std v1.12.0
[INFO] [stderr]    Compiling tokio-native-tls v0.3.1
[INFO] [stderr]    Compiling rstest_macros v0.13.0
[INFO] [stderr]    Compiling pin-project v1.1.3
[INFO] [stderr]    Compiling isahc v1.7.2
[INFO] [stderr]    Compiling tracing-futures v0.2.5
[INFO] [stderr]    Compiling futures-executor v0.3.30
[INFO] [stderr]    Compiling sluice v0.5.5
[INFO] [stderr]    Compiling serde_json v1.0.111
[INFO] [stderr]    Compiling url v2.5.0
[INFO] [stderr]    Compiling deranged v0.3.11
[INFO] [stderr]    Compiling serde_urlencoded v0.7.1
[INFO] [stderr]    Compiling castaway v0.1.2
[INFO] [stderr]    Compiling strum_macros v0.24.3
[INFO] [stderr]    Compiling time v0.3.31
[INFO] [stderr]    Compiling assert-json-diff v2.0.2
[INFO] [stderr]    Compiling async-object-pool v0.1.4
[INFO] [stderr]    Compiling uuid v1.6.1
[INFO] [stderr]    Compiling serde_regex v1.1.0
[INFO] [stderr]    Compiling futures v0.3.30
[INFO] [stderr]    Compiling async-trait v0.1.77
[INFO] [stderr]    Compiling hyper v0.14.28
[INFO] [stderr]    Compiling levenshtein v1.0.5
[INFO] [stderr]    Compiling similar v2.4.0
[INFO] [stderr]    Compiling futures-timer v3.0.2
[INFO] [stderr]    Compiling indoc v1.0.9
[INFO] [stderr]    Compiling rstest v0.13.0
[INFO] [stderr]    Compiling hyper-tls v0.5.0
[INFO] [stderr]    Compiling basic-cookies v0.1.4
[INFO] [stderr]    Compiling reqwest v0.11.23
[INFO] [stderr]    Compiling scryfall_sdk_rust v0.1.1 (/opt/rustwide/workdir)
[INFO] [stderr]    Compiling httpmock v0.6.8
[INFO] [stdout] error[E0432]: unresolved import `scryfall_sdk_rust::ScryfallBlocking`
[INFO] [stdout]   --> tests/client.rs:10:35
[INFO] [stdout]    |
[INFO] [stdout] 10 | use scryfall_sdk_rust::{Scryfall, ScryfallBlocking};
[INFO] [stdout]    |                                   ^^^^^^^^^^^^^^^^ no `ScryfallBlocking` in the root
[INFO] [stdout]    |
[INFO] [stdout] note: found an item that was configured out
[INFO] [stdout]   --> /opt/rustwide/workdir/src/lib.rs:26:39
[INFO] [stdout]    |
[INFO] [stdout] 26 | pub use client::blocking::Scryfall as ScryfallBlocking;
[INFO] [stdout]    |                                       ^^^^^^^^^^^^^^^^
[INFO] [stdout]    = note: the item is gated behind the `blocking` feature
[INFO] [stdout] 
[INFO] [stdout] 
[INFO] [stdout] error[E0432]: unresolved import `scryfall_sdk_rust::ScryfallBlocking`
[INFO] [stdout]   --> tests/catalog.rs:9:5
[INFO] [stdout]    |
[INFO] [stdout] 9  |     ScryfallBlocking,
[INFO] [stdout]    |     ^^^^^^^^^^^^^^^^ no `ScryfallBlocking` in the root
[INFO] [stdout]    |
[INFO] [stdout] note: found an item that was configured out
[INFO] [stdout]   --> /opt/rustwide/workdir/src/lib.rs:26:39
[INFO] [stdout]    |
[INFO] [stdout] 26 | pub use client::blocking::Scryfall as ScryfallBlocking;
[INFO] [stdout]    |                                       ^^^^^^^^^^^^^^^^
[INFO] [stdout]    = note: the item is gated behind the `blocking` feature
[INFO] [stdout] 
[INFO] [stdout] 
[INFO] [stdout] error[E0432]: unresolved import `scryfall_sdk_rust::ScryfallBlocking`
[INFO] [stdout]   --> tests/card_sets.rs:15:5
[INFO] [stdout]    |
[INFO] [stdout] 15 |     ScryfallBlocking,
[INFO] [stdout]    |     ^^^^^^^^^^^^^^^^ no `ScryfallBlocking` in the root
[INFO] [stdout]    |
[INFO] [stdout] note: found an item that was configured out
[INFO] [stdout]   --> /opt/rustwide/workdir/src/lib.rs:26:39
[INFO] [stdout]    |
[INFO] [stdout] 26 | pub use client::blocking::Scryfall as ScryfallBlocking;
[INFO] [stdout]    |                                       ^^^^^^^^^^^^^^^^
[INFO] [stdout]    = note: the item is gated behind the `blocking` feature
[INFO] [stdout] 
[INFO] [stdout] 
[INFO] [stdout] error[E0432]: unresolved import `scryfall_sdk_rust::ScryfallBlocking`
[INFO] [stdout]   --> tests/card_symbols.rs:9:5
[INFO] [stdout]    |
[INFO] [stdout] 9  |     ScryfallBlocking,
[INFO] [stdout]    |     ^^^^^^^^^^^^^^^^ no `ScryfallBlocking` in the root
[INFO] [stdout]    |
[INFO] [stdout] note: found an item that was configured out
[INFO] [stdout]   --> /opt/rustwide/workdir/src/lib.rs:26:39
[INFO] [stdout]    |
[INFO] [stdout] 26 | pub use client::blocking::Scryfall as ScryfallBlocking;
[INFO] [stdout]    |                                       ^^^^^^^^^^^^^^^^
[INFO] [stdout]    = note: the item is gated behind the `blocking` feature
[INFO] [stdout] 
[INFO] [stdout] 
[INFO] [stdout] error[E0432]: unresolved import `scryfall_sdk_rust::ScryfallBlocking`
[INFO] [stdout]   --> tests/bulk_data.rs:16:5
[INFO] [stdout]    |
[INFO] [stdout] 16 |     ScryfallBlocking
[INFO] [stdout]    |     ^^^^^^^^^^^^^^^^ no `ScryfallBlocking` in the root
[INFO] [stdout]    |
[INFO] [stdout] note: found an item that was configured out
[INFO] [stdout]   --> /opt/rustwide/workdir/src/lib.rs:26:39
[INFO] [stdout]    |
[INFO] [stdout] 26 | pub use client::blocking::Scryfall as ScryfallBlocking;
[INFO] [stdout]    |                                       ^^^^^^^^^^^^^^^^
[INFO] [stdout]    = note: the item is gated behind the `blocking` feature
[INFO] [stdout] 
[INFO] [stdout] 
[INFO] [stdout] error[E0432]: unresolved import `scryfall_sdk_rust::ScryfallBlocking`
[INFO] [stdout]   --> tests/rulings.rs:15:5
[INFO] [stdout]    |
[INFO] [stdout] 15 |     ScryfallBlocking,
[INFO] [stdout]    |     ^^^^^^^^^^^^^^^^ no `ScryfallBlocking` in the root
[INFO] [stdout]    |
[INFO] [stdout] note: found an item that was configured out
[INFO] [stdout]   --> /opt/rustwide/workdir/src/lib.rs:26:39
[INFO] [stdout]    |
[INFO] [stdout] 26 | pub use client::blocking::Scryfall as ScryfallBlocking;
[INFO] [stdout]    |                                       ^^^^^^^^^^^^^^^^
[INFO] [stdout]    = note: the item is gated behind the `blocking` feature
[INFO] [stdout] 
[INFO] [stdout] 
[INFO] [stdout] error[E0432]: unresolved import `scryfall_sdk_rust::ScryfallBlocking`
[INFO] [stdout]   --> tests/cards.rs:20:5
[INFO] [stdout]    |
[INFO] [stdout] 20 |     ScryfallBlocking,
[INFO] [stdout]    |     ^^^^^^^^^^^^^^^^ no `ScryfallBlocking` in the root
[INFO] [stdout]    |
[INFO] [stdout] note: found an item that was configured out
[INFO] [stdout]   --> /opt/rustwide/workdir/src/lib.rs:26:39
[INFO] [stdout]    |
[INFO] [stdout] 26 | pub use client::blocking::Scryfall as ScryfallBlocking;
[INFO] [stdout]    |                                       ^^^^^^^^^^^^^^^^
[INFO] [stdout]    = note: the item is gated behind the `blocking` feature
[INFO] [stdout] 
[INFO] [stdout] 
[INFO] [stdout] error: aborting due to 1 previous error
[INFO] [stdout] 
[INFO] [stdout] 
[INFO] [stdout] error: aborting due to 1 previous error
[INFO] [stdout] 
[INFO] [stdout] 
[INFO] [stdout] For more information about this error, try `rustc --explain E0432`.
[INFO] [stdout] 
[INFO] [stdout] error: aborting due to 1 previous error
[INFO] [stdout] 
[INFO] [stdout] 
[INFO] [stdout] For more information about this error, try `rustc --explain E0432`.
[INFO] [stdout] 
[INFO] [stdout] For more information about this error, try `rustc --explain E0432`.
[INFO] [stdout] 
[INFO] [stderr] error: could not compile `scryfall_sdk_rust` (test "client") due to 2 previous errors
[INFO] [stderr] warning: build failed, waiting for other jobs to finish...
[INFO] [stderr] error: could not compile `scryfall_sdk_rust` (test "bulk_data") due to 2 previous errors
[INFO] [stderr] error: could not compile `scryfall_sdk_rust` (test "card_symbols") due to 2 previous errors
[INFO] [stdout] error: aborting due to 1 previous error
[INFO] [stdout] 
[INFO] [stdout] 
[INFO] [stdout] For more information about this error, try `rustc --explain E0432`.
[INFO] [stdout] 
[INFO] [stdout] error: aborting due to 1 previous error
[INFO] [stdout] 
[INFO] [stdout] 
[INFO] [stdout] For more information about this error, try `rustc --explain E0432`.
[INFO] [stdout] 
[INFO] [stderr] error: could not compile `scryfall_sdk_rust` (test "rulings") due to 2 previous errors
[INFO] [stderr] error: could not compile `scryfall_sdk_rust` (test "card_sets") due to 2 previous errors
[INFO] [stdout] error: aborting due to 1 previous error
[INFO] [stdout] 
[INFO] [stdout] 
[INFO] [stdout] For more information about this error, try `rustc --explain E0432`.
[INFO] [stdout] 
[INFO] [stderr] error: could not compile `scryfall_sdk_rust` (test "catalog") due to 2 previous errors
[INFO] [stdout] error: aborting due to 1 previous error
[INFO] [stdout] 
[INFO] [stdout] 
[INFO] [stdout] For more information about this error, try `rustc --explain E0432`.
[INFO] [stdout] 
[INFO] [stderr] error: could not compile `scryfall_sdk_rust` (test "cards") due to 2 previous errors
[INFO] running `Command { std: "docker" "inspect" "a46e891c2fcd275ba47acf594eb275872201bb926daeaea097824a935afee928", kill_on_drop: false }`
[INFO] running `Command { std: "docker" "rm" "-f" "a46e891c2fcd275ba47acf594eb275872201bb926daeaea097824a935afee928", kill_on_drop: false }`
[INFO] [stdout] a46e891c2fcd275ba47acf594eb275872201bb926daeaea097824a935afee928
