[INFO] fetching crate scripthookv-rs 0.3.0...
[INFO] testing scripthookv-rs-0.3.0 against 1.75.0 for beta-1.76-1
[INFO] extracting crate scripthookv-rs 0.3.0 into /workspace/builds/worker-6-tc1/source
[INFO] validating manifest of crates.io crate scripthookv-rs 0.3.0 on toolchain 1.75.0
[INFO] running `Command { std: CARGO_HOME="/workspace/cargo-home" RUSTUP_HOME="/workspace/rustup-home" "/workspace/cargo-home/bin/cargo" "+1.75.0" "metadata" "--manifest-path" "Cargo.toml" "--no-deps", kill_on_drop: false }`
[INFO] started tweaking crates.io crate scripthookv-rs 0.3.0
[INFO] finished tweaking crates.io crate scripthookv-rs 0.3.0
[INFO] tweaked toml for crates.io crate scripthookv-rs 0.3.0 written to /workspace/builds/worker-6-tc1/source/Cargo.toml
[INFO] running `Command { std: CARGO_HOME="/workspace/cargo-home" RUSTUP_HOME="/workspace/rustup-home" "/workspace/cargo-home/bin/cargo" "+1.75.0" "generate-lockfile" "--manifest-path" "Cargo.toml", kill_on_drop: false }`
[INFO] [stderr]     Updating crates.io index
[INFO] running `Command { std: CARGO_HOME="/workspace/cargo-home" RUSTUP_HOME="/workspace/rustup-home" "/workspace/cargo-home/bin/cargo" "+1.75.0" "fetch" "--manifest-path" "Cargo.toml", kill_on_drop: false }`
[INFO] [stderr]  Downloading crates ...
[INFO] [stderr]   Downloaded scripthookv-rs-macros v0.2.1
[INFO] [stderr]   Downloaded libscripthookv-sys v0.1.0
[INFO] running `Command { std: "docker" "create" "-v" "/var/lib/crater-agent-workspace/builds/worker-6-tc1/target:/opt/rustwide/target:rw,Z" "-v" "/var/lib/crater-agent-workspace/builds/worker-6-tc1/source:/opt/rustwide/workdir:ro,Z" "-v" "/var/lib/crater-agent-workspace/cargo-home:/opt/rustwide/cargo-home:ro,Z" "-v" "/var/lib/crater-agent-workspace/rustup-home:/opt/rustwide/rustup-home:ro,Z" "-e" "SOURCE_DIR=/opt/rustwide/workdir" "-e" "CARGO_TARGET_DIR=/opt/rustwide/target" "-e" "CARGO_HOME=/opt/rustwide/cargo-home" "-e" "RUSTUP_HOME=/opt/rustwide/rustup-home" "-w" "/opt/rustwide/workdir" "-m" "1610612736" "--user" "0:0" "--network" "none" "ghcr.io/rust-lang/crates-build-env/linux@sha256:2788e3201cd34a07e3172128adcd8b3090168a8e3bcc40d7c032b9dda1df7d1c" "/opt/rustwide/cargo-home/bin/cargo" "+1.75.0" "metadata" "--no-deps" "--format-version=1", kill_on_drop: false }`
[INFO] [stdout] 0b77d64f5372a1a38e03c8685bbf696db1c32386b52b022678766a25e013cf7a
[INFO] running `Command { std: "docker" "start" "-a" "0b77d64f5372a1a38e03c8685bbf696db1c32386b52b022678766a25e013cf7a", kill_on_drop: false }`
[INFO] running `Command { std: "docker" "inspect" "0b77d64f5372a1a38e03c8685bbf696db1c32386b52b022678766a25e013cf7a", kill_on_drop: false }`
[INFO] running `Command { std: "docker" "rm" "-f" "0b77d64f5372a1a38e03c8685bbf696db1c32386b52b022678766a25e013cf7a", kill_on_drop: false }`
[INFO] [stdout] 0b77d64f5372a1a38e03c8685bbf696db1c32386b52b022678766a25e013cf7a
[INFO] running `Command { std: "docker" "create" "-v" "/var/lib/crater-agent-workspace/builds/worker-6-tc1/target:/opt/rustwide/target:rw,Z" "-v" "/var/lib/crater-agent-workspace/builds/worker-6-tc1/source:/opt/rustwide/workdir:ro,Z" "-v" "/var/lib/crater-agent-workspace/cargo-home:/opt/rustwide/cargo-home:ro,Z" "-v" "/var/lib/crater-agent-workspace/rustup-home:/opt/rustwide/rustup-home:ro,Z" "-e" "SOURCE_DIR=/opt/rustwide/workdir" "-e" "CARGO_TARGET_DIR=/opt/rustwide/target" "-e" "CARGO_INCREMENTAL=0" "-e" "RUST_BACKTRACE=full" "-e" "RUSTFLAGS=--cap-lints=warn" "-e" "RUSTDOCFLAGS=--cap-lints=warn" "-e" "CARGO_HOME=/opt/rustwide/cargo-home" "-e" "RUSTUP_HOME=/opt/rustwide/rustup-home" "-w" "/opt/rustwide/workdir" "-m" "1610612736" "--user" "0:0" "--network" "none" "ghcr.io/rust-lang/crates-build-env/linux@sha256:2788e3201cd34a07e3172128adcd8b3090168a8e3bcc40d7c032b9dda1df7d1c" "/opt/rustwide/cargo-home/bin/cargo" "+1.75.0" "build" "--frozen" "--message-format=json", kill_on_drop: false }`
[INFO] [stdout] a18d53a4fe45ba97499bfcf2c9bba8402211db90630c7e4ef606fc31c620a19b
[INFO] running `Command { std: "docker" "start" "-a" "a18d53a4fe45ba97499bfcf2c9bba8402211db90630c7e4ef606fc31c620a19b", kill_on_drop: false }`
[INFO] [stderr]    Compiling crossbeam-utils v0.8.18
[INFO] [stderr]    Compiling parking v2.2.0
[INFO] [stderr]    Compiling futures-core v0.3.30
[INFO] [stderr]    Compiling libc v0.2.151
[INFO] [stderr]    Compiling futures-io v0.3.30
[INFO] [stderr]    Compiling tracing-core v0.1.32
[INFO] [stderr]    Compiling event-listener v2.5.3
[INFO] [stderr]    Compiling io-lifetimes v1.0.11
[INFO] [stderr]    Compiling futures-lite v2.1.0
[INFO] [stderr]    Compiling rustix v0.38.28
[INFO] [stderr]    Compiling polling v2.8.0
[INFO] [stderr]    Compiling fastrand v1.9.0
[INFO] [stderr]    Compiling tracing v0.1.40
[INFO] [stderr]    Compiling rustix v0.37.27
[INFO] [stderr]    Compiling linux-raw-sys v0.4.12
[INFO] [stderr]    Compiling waker-fn v1.1.1
[INFO] [stderr]    Compiling futures-lite v1.13.0
[INFO] [stderr]    Compiling concurrent-queue v2.4.0
[INFO] [stderr]    Compiling async-lock v2.8.0
[INFO] [stderr]    Compiling async-io v1.13.0
[INFO] [stderr]    Compiling atomic-waker v1.1.2
[INFO] [stderr]    Compiling event-listener v4.0.2
[INFO] [stderr]    Compiling async-task v4.7.0
[INFO] [stderr]    Compiling log v0.4.20
[INFO] [stderr]    Compiling linux-raw-sys v0.3.8
[INFO] [stderr]    Compiling piper v0.2.1
[INFO] [stderr]    Compiling event-listener-strategy v0.4.0
[INFO] [stderr]    Compiling syn v2.0.48
[INFO] [stderr]    Compiling async-lock v3.2.0
[INFO] [stderr]    Compiling async-channel v2.1.1
[INFO] [stderr]    Compiling socket2 v0.4.10
[INFO] [stderr]    Compiling signal-hook-registry v1.4.1
[INFO] [stderr]    Compiling async-fs v1.6.0
[INFO] [stderr]    Compiling blocking v1.5.1
[INFO] [stderr]    Compiling event-listener v3.1.0
[INFO] [stderr]    Compiling winapi v0.3.9
[INFO] [stderr]    Compiling thiserror v1.0.56
[INFO] [stderr]    Compiling async-trait v0.1.77
[INFO] [stderr]    Compiling async-executor v1.8.0
[INFO] [stderr]    Compiling async-channel v1.9.0
[INFO] [stderr]    Compiling scripthookv-rs-macros v0.2.1
[INFO] [stderr]    Compiling libscripthookv-sys v0.1.0
[INFO] [stderr]    Compiling async-net v1.8.0
[INFO] [stderr]    Compiling thiserror-impl v1.0.56
[INFO] [stderr]    Compiling polling v3.3.1
[INFO] [stderr]    Compiling async-io v2.2.2
[INFO] [stderr]    Compiling async-signal v0.2.5
[INFO] [stderr]    Compiling async-process v1.8.1
[INFO] [stderr]    Compiling smol v1.3.0
[INFO] [stderr]    Compiling scripthookv-rs v0.3.0 (/opt/rustwide/workdir)
[INFO] [stdout] error[E0433]: failed to resolve: could not find `shared` in `winapi`
[INFO] [stdout]   --> src/memory/scanners/module_memory_scanner.rs:10:3
[INFO] [stdout]    |
[INFO] [stdout] 10 |   shared::minwindef::HMODULE,
[INFO] [stdout]    |   ^^^^^^ could not find `shared` in `winapi`
[INFO] [stdout] 
[INFO] [stdout] 
[INFO] [stdout] error[E0433]: failed to resolve: could not find `um` in `winapi`
[INFO] [stdout]   --> src/memory/scanners/module_memory_scanner.rs:11:3
[INFO] [stdout]    |
[INFO] [stdout] 11 |   um::{
[INFO] [stdout]    |   ^^ could not find `um` in `winapi`
[INFO] [stdout] 
[INFO] [stdout] 
[INFO] [stdout] error: aborting due to 2 previous errors
[INFO] [stdout] 
[INFO] [stdout] 
[INFO] [stdout] For more information about this error, try `rustc --explain E0433`.
[INFO] [stdout] 
[INFO] [stderr] error: could not compile `scripthookv-rs` (lib) due to 3 previous errors
[INFO] [stderr] warning: build failed, waiting for other jobs to finish...
[INFO] running `Command { std: "docker" "inspect" "a18d53a4fe45ba97499bfcf2c9bba8402211db90630c7e4ef606fc31c620a19b", kill_on_drop: false }`
[INFO] running `Command { std: "docker" "rm" "-f" "a18d53a4fe45ba97499bfcf2c9bba8402211db90630c7e4ef606fc31c620a19b", kill_on_drop: false }`
[INFO] [stdout] a18d53a4fe45ba97499bfcf2c9bba8402211db90630c7e4ef606fc31c620a19b
[INFO] testing scripthookv-rs-0.3.0 against beta-2023-12-22 for beta-1.76-1
[INFO] extracting crate scripthookv-rs 0.3.0 into /workspace/builds/worker-6-tc2/source
[INFO] validating manifest of crates.io crate scripthookv-rs 0.3.0 on toolchain beta-2023-12-22
[INFO] running `Command { std: CARGO_HOME="/workspace/cargo-home" RUSTUP_HOME="/workspace/rustup-home" "/workspace/cargo-home/bin/cargo" "+beta-2023-12-22" "metadata" "--manifest-path" "Cargo.toml" "--no-deps", kill_on_drop: false }`
[INFO] started tweaking crates.io crate scripthookv-rs 0.3.0
[INFO] finished tweaking crates.io crate scripthookv-rs 0.3.0
[INFO] tweaked toml for crates.io crate scripthookv-rs 0.3.0 written to /workspace/builds/worker-6-tc2/source/Cargo.toml
[INFO] running `Command { std: CARGO_HOME="/workspace/cargo-home" RUSTUP_HOME="/workspace/rustup-home" "/workspace/cargo-home/bin/cargo" "+beta-2023-12-22" "generate-lockfile" "--manifest-path" "Cargo.toml", kill_on_drop: false }`
[INFO] [stderr]     Updating crates.io index
[INFO] running `Command { std: CARGO_HOME="/workspace/cargo-home" RUSTUP_HOME="/workspace/rustup-home" "/workspace/cargo-home/bin/cargo" "+beta-2023-12-22" "fetch" "--manifest-path" "Cargo.toml", kill_on_drop: false }`
[INFO] running `Command { std: "docker" "create" "-v" "/var/lib/crater-agent-workspace/builds/worker-6-tc2/target:/opt/rustwide/target:rw,Z" "-v" "/var/lib/crater-agent-workspace/builds/worker-6-tc2/source:/opt/rustwide/workdir:ro,Z" "-v" "/var/lib/crater-agent-workspace/cargo-home:/opt/rustwide/cargo-home:ro,Z" "-v" "/var/lib/crater-agent-workspace/rustup-home:/opt/rustwide/rustup-home:ro,Z" "-e" "SOURCE_DIR=/opt/rustwide/workdir" "-e" "CARGO_TARGET_DIR=/opt/rustwide/target" "-e" "CARGO_HOME=/opt/rustwide/cargo-home" "-e" "RUSTUP_HOME=/opt/rustwide/rustup-home" "-w" "/opt/rustwide/workdir" "-m" "1610612736" "--user" "0:0" "--network" "none" "ghcr.io/rust-lang/crates-build-env/linux@sha256:2788e3201cd34a07e3172128adcd8b3090168a8e3bcc40d7c032b9dda1df7d1c" "/opt/rustwide/cargo-home/bin/cargo" "+beta-2023-12-22" "metadata" "--no-deps" "--format-version=1", kill_on_drop: false }`
[INFO] [stdout] 1c1b5bb4473f3e17dd0136fabf0b9264ffdfb2a6e80e0c81f82f259888bae209
[INFO] running `Command { std: "docker" "start" "-a" "1c1b5bb4473f3e17dd0136fabf0b9264ffdfb2a6e80e0c81f82f259888bae209", kill_on_drop: false }`
[INFO] running `Command { std: "docker" "inspect" "1c1b5bb4473f3e17dd0136fabf0b9264ffdfb2a6e80e0c81f82f259888bae209", kill_on_drop: false }`
[INFO] running `Command { std: "docker" "rm" "-f" "1c1b5bb4473f3e17dd0136fabf0b9264ffdfb2a6e80e0c81f82f259888bae209", kill_on_drop: false }`
[INFO] [stdout] 1c1b5bb4473f3e17dd0136fabf0b9264ffdfb2a6e80e0c81f82f259888bae209
[INFO] running `Command { std: "docker" "create" "-v" "/var/lib/crater-agent-workspace/builds/worker-6-tc2/target:/opt/rustwide/target:rw,Z" "-v" "/var/lib/crater-agent-workspace/builds/worker-6-tc2/source:/opt/rustwide/workdir:ro,Z" "-v" "/var/lib/crater-agent-workspace/cargo-home:/opt/rustwide/cargo-home:ro,Z" "-v" "/var/lib/crater-agent-workspace/rustup-home:/opt/rustwide/rustup-home:ro,Z" "-e" "SOURCE_DIR=/opt/rustwide/workdir" "-e" "CARGO_TARGET_DIR=/opt/rustwide/target" "-e" "CARGO_INCREMENTAL=0" "-e" "RUST_BACKTRACE=full" "-e" "RUSTFLAGS=--cap-lints=warn" "-e" "RUSTDOCFLAGS=--cap-lints=warn" "-e" "CARGO_HOME=/opt/rustwide/cargo-home" "-e" "RUSTUP_HOME=/opt/rustwide/rustup-home" "-w" "/opt/rustwide/workdir" "-m" "1610612736" "--user" "0:0" "--network" "none" "ghcr.io/rust-lang/crates-build-env/linux@sha256:2788e3201cd34a07e3172128adcd8b3090168a8e3bcc40d7c032b9dda1df7d1c" "/opt/rustwide/cargo-home/bin/cargo" "+beta-2023-12-22" "build" "--frozen" "--message-format=json", kill_on_drop: false }`
[INFO] [stdout] ad50b3253773d470a2a043eeac848d2409e13f578a19a9b75ebd3c2da1e48933
[INFO] running `Command { std: "docker" "start" "-a" "ad50b3253773d470a2a043eeac848d2409e13f578a19a9b75ebd3c2da1e48933", kill_on_drop: false }`
[INFO] [stderr]    Compiling crossbeam-utils v0.8.18
[INFO] [stderr]    Compiling parking v2.2.0
[INFO] [stderr]    Compiling libc v0.2.151
[INFO] [stderr]    Compiling futures-core v0.3.30
[INFO] [stderr]    Compiling futures-io v0.3.30
[INFO] [stderr]    Compiling tracing-core v0.1.32
[INFO] [stderr]    Compiling rustix v0.38.28
[INFO] [stderr]    Compiling io-lifetimes v1.0.11
[INFO] [stderr]    Compiling futures-lite v2.1.0
[INFO] [stderr]    Compiling event-listener v2.5.3
[INFO] [stderr]    Compiling polling v2.8.0
[INFO] [stderr]    Compiling fastrand v1.9.0
[INFO] [stderr]    Compiling rustix v0.37.27
[INFO] [stderr]    Compiling waker-fn v1.1.1
[INFO] [stderr]    Compiling linux-raw-sys v0.4.12
[INFO] [stderr]    Compiling concurrent-queue v2.4.0
[INFO] [stderr]    Compiling tracing v0.1.40
[INFO] [stderr]    Compiling futures-lite v1.13.0
[INFO] [stderr]    Compiling event-listener v4.0.2
[INFO] [stderr]    Compiling async-lock v2.8.0
[INFO] [stderr]    Compiling async-io v1.13.0
[INFO] [stderr]    Compiling event-listener-strategy v0.4.0
[INFO] [stderr]    Compiling async-task v4.7.0
[INFO] [stderr]    Compiling linux-raw-sys v0.3.8
[INFO] [stderr]    Compiling async-lock v3.2.0
[INFO] [stderr]    Compiling log v0.4.20
[INFO] [stderr]    Compiling atomic-waker v1.1.2
[INFO] [stderr]    Compiling piper v0.2.1
[INFO] [stderr]    Compiling async-channel v2.1.1
[INFO] [stderr]    Compiling socket2 v0.4.10
[INFO] [stderr]    Compiling signal-hook-registry v1.4.1
[INFO] [stderr]    Compiling syn v2.0.48
[INFO] [stderr]    Compiling async-fs v1.6.0
[INFO] [stderr]    Compiling blocking v1.5.1
[INFO] [stderr]    Compiling event-listener v3.1.0
[INFO] [stderr]    Compiling winapi v0.3.9
[INFO] [stderr]    Compiling async-trait v0.1.77
[INFO] [stderr]    Compiling thiserror v1.0.56
[INFO] [stderr]    Compiling async-executor v1.8.0
[INFO] [stderr]    Compiling async-channel v1.9.0
[INFO] [stderr]    Compiling scripthookv-rs-macros v0.2.1
[INFO] [stderr]    Compiling libscripthookv-sys v0.1.0
[INFO] [stderr]    Compiling async-net v1.8.0
[INFO] [stderr]    Compiling thiserror-impl v1.0.56
[INFO] [stderr]    Compiling polling v3.3.1
[INFO] [stderr]    Compiling async-io v2.2.2
[INFO] [stderr]    Compiling async-signal v0.2.5
[INFO] [stderr]    Compiling async-process v1.8.1
[INFO] [stderr]    Compiling smol v1.3.0
[INFO] [stderr]    Compiling scripthookv-rs v0.3.0 (/opt/rustwide/workdir)
[INFO] [stdout] error[E0433]: failed to resolve: could not find `shared` in `winapi`
[INFO] [stdout]   --> src/memory/scanners/module_memory_scanner.rs:10:3
[INFO] [stdout]    |
[INFO] [stdout] 10 |   shared::minwindef::HMODULE,
[INFO] [stdout]    |   ^^^^^^ could not find `shared` in `winapi`
[INFO] [stdout] 
[INFO] [stdout] 
[INFO] [stdout] error[E0433]: failed to resolve: could not find `um` in `winapi`
[INFO] [stdout]   --> src/memory/scanners/module_memory_scanner.rs:11:3
[INFO] [stdout]    |
[INFO] [stdout] 11 |   um::{
[INFO] [stdout]    |   ^^ could not find `um` in `winapi`
[INFO] [stdout] 
[INFO] [stdout] 
[INFO] [stdout] error: aborting due to 2 previous errors
[INFO] [stdout] 
[INFO] [stdout] 
[INFO] [stdout] For more information about this error, try `rustc --explain E0433`.
[INFO] [stdout] 
[INFO] [stderr] error: could not compile `scripthookv-rs` (lib) due to 3 previous errors
[INFO] [stderr] warning: build failed, waiting for other jobs to finish...
[INFO] running `Command { std: "docker" "inspect" "ad50b3253773d470a2a043eeac848d2409e13f578a19a9b75ebd3c2da1e48933", kill_on_drop: false }`
[INFO] running `Command { std: "docker" "rm" "-f" "ad50b3253773d470a2a043eeac848d2409e13f578a19a9b75ebd3c2da1e48933", kill_on_drop: false }`
[INFO] [stdout] ad50b3253773d470a2a043eeac848d2409e13f578a19a9b75ebd3c2da1e48933
