[INFO] fetching crate sclink 0.1.4...
[INFO] testing sclink-0.1.4 against 1.75.0 for beta-1.76-1
[INFO] extracting crate sclink 0.1.4 into /workspace/builds/worker-0-tc1/source
[INFO] validating manifest of crates.io crate sclink 0.1.4 on toolchain 1.75.0
[INFO] running `Command { std: CARGO_HOME="/workspace/cargo-home" RUSTUP_HOME="/workspace/rustup-home" "/workspace/cargo-home/bin/cargo" "+1.75.0" "metadata" "--manifest-path" "Cargo.toml" "--no-deps", kill_on_drop: false }`
[INFO] started tweaking crates.io crate sclink 0.1.4
[INFO] finished tweaking crates.io crate sclink 0.1.4
[INFO] tweaked toml for crates.io crate sclink 0.1.4 written to /workspace/builds/worker-0-tc1/source/Cargo.toml
[INFO] running `Command { std: CARGO_HOME="/workspace/cargo-home" RUSTUP_HOME="/workspace/rustup-home" "/workspace/cargo-home/bin/cargo" "+1.75.0" "generate-lockfile" "--manifest-path" "Cargo.toml", kill_on_drop: false }`
[INFO] [stderr]     Updating crates.io index
[INFO] running `Command { std: CARGO_HOME="/workspace/cargo-home" RUSTUP_HOME="/workspace/rustup-home" "/workspace/cargo-home/bin/cargo" "+1.75.0" "fetch" "--manifest-path" "Cargo.toml", kill_on_drop: false }`
[INFO] [stderr]  Downloading crates ...
[INFO] [stderr]   Downloaded static-pubkey v1.0.3
[INFO] [stderr]   Downloaded type-layout v0.2.0
[INFO] [stderr]   Downloaded type-layout-derive v0.2.0
[INFO] [stderr]   Downloaded so-defi-utils v0.1.6
[INFO] running `Command { std: "docker" "create" "-v" "/var/lib/crater-agent-workspace/builds/worker-0-tc1/target:/opt/rustwide/target:rw,Z" "-v" "/var/lib/crater-agent-workspace/builds/worker-0-tc1/source:/opt/rustwide/workdir:ro,Z" "-v" "/var/lib/crater-agent-workspace/cargo-home:/opt/rustwide/cargo-home:ro,Z" "-v" "/var/lib/crater-agent-workspace/rustup-home:/opt/rustwide/rustup-home:ro,Z" "-e" "SOURCE_DIR=/opt/rustwide/workdir" "-e" "CARGO_TARGET_DIR=/opt/rustwide/target" "-e" "CARGO_HOME=/opt/rustwide/cargo-home" "-e" "RUSTUP_HOME=/opt/rustwide/rustup-home" "-w" "/opt/rustwide/workdir" "-m" "1610612736" "--user" "0:0" "--network" "none" "ghcr.io/rust-lang/crates-build-env/linux@sha256:2788e3201cd34a07e3172128adcd8b3090168a8e3bcc40d7c032b9dda1df7d1c" "/opt/rustwide/cargo-home/bin/cargo" "+1.75.0" "metadata" "--no-deps" "--format-version=1", kill_on_drop: false }`
[INFO] [stdout] 49897f328ddb520af14ba66d912be4c39efd790d077b2398c4104a941b3a0fed
[INFO] running `Command { std: "docker" "start" "-a" "49897f328ddb520af14ba66d912be4c39efd790d077b2398c4104a941b3a0fed", kill_on_drop: false }`
[INFO] running `Command { std: "docker" "inspect" "49897f328ddb520af14ba66d912be4c39efd790d077b2398c4104a941b3a0fed", kill_on_drop: false }`
[INFO] running `Command { std: "docker" "rm" "-f" "49897f328ddb520af14ba66d912be4c39efd790d077b2398c4104a941b3a0fed", kill_on_drop: false }`
[INFO] [stdout] 49897f328ddb520af14ba66d912be4c39efd790d077b2398c4104a941b3a0fed
[INFO] running `Command { std: "docker" "create" "-v" "/var/lib/crater-agent-workspace/builds/worker-0-tc1/target:/opt/rustwide/target:rw,Z" "-v" "/var/lib/crater-agent-workspace/builds/worker-0-tc1/source:/opt/rustwide/workdir:ro,Z" "-v" "/var/lib/crater-agent-workspace/cargo-home:/opt/rustwide/cargo-home:ro,Z" "-v" "/var/lib/crater-agent-workspace/rustup-home:/opt/rustwide/rustup-home:ro,Z" "-e" "SOURCE_DIR=/opt/rustwide/workdir" "-e" "CARGO_TARGET_DIR=/opt/rustwide/target" "-e" "CARGO_INCREMENTAL=0" "-e" "RUST_BACKTRACE=full" "-e" "RUSTFLAGS=--cap-lints=warn" "-e" "RUSTDOCFLAGS=--cap-lints=warn" "-e" "CARGO_HOME=/opt/rustwide/cargo-home" "-e" "RUSTUP_HOME=/opt/rustwide/rustup-home" "-w" "/opt/rustwide/workdir" "-m" "1610612736" "--user" "0:0" "--network" "none" "ghcr.io/rust-lang/crates-build-env/linux@sha256:2788e3201cd34a07e3172128adcd8b3090168a8e3bcc40d7c032b9dda1df7d1c" "/opt/rustwide/cargo-home/bin/cargo" "+1.75.0" "build" "--frozen" "--message-format=json", kill_on_drop: false }`
[INFO] [stdout] 99ac39ff764860c551169e206d57f84d59c9310abd1dd4af8a872113d2d6d804
[INFO] running `Command { std: "docker" "start" "-a" "99ac39ff764860c551169e206d57f84d59c9310abd1dd4af8a872113d2d6d804", kill_on_drop: false }`
[INFO] [stderr]    Compiling serde v1.0.194
[INFO] [stderr]    Compiling syn v1.0.109
[INFO] [stderr]    Compiling subtle v2.4.1
[INFO] [stderr]    Compiling either v1.9.0
[INFO] [stderr]    Compiling crunchy v0.2.2
[INFO] [stderr]    Compiling generic-array v0.14.7
[INFO] [stderr]    Compiling num-traits v0.2.17
[INFO] [stderr]    Compiling num-integer v0.1.45
[INFO] [stderr]    Compiling libc v0.2.151
[INFO] [stderr]    Compiling ahash v0.8.7
[INFO] [stderr]    Compiling syn v2.0.48
[INFO] [stderr]    Compiling getrandom v0.2.11
[INFO] [stderr]    Compiling num-bigint v0.4.4
[INFO] [stderr]    Compiling zerocopy v0.7.32
[INFO] [stderr]    Compiling crossbeam-utils v0.8.18
[INFO] [stderr]    Compiling paste v1.0.14
[INFO] [stderr]    Compiling rand_core v0.6.4
[INFO] [stderr]    Compiling getrandom v0.1.16
[INFO] [stderr]    Compiling wasm-bindgen-shared v0.2.89
[INFO] [stderr]    Compiling itertools v0.10.5
[INFO] [stderr]    Compiling rand_chacha v0.3.1
[INFO] [stderr]    Compiling rand_core v0.5.1
[INFO] [stderr]    Compiling digest v0.9.0
[INFO] [stderr]    Compiling rayon-core v1.12.0
[INFO] [stderr]    Compiling thiserror v1.0.56
[INFO] [stderr]    Compiling feature-probe v0.1.1
[INFO] [stderr]    Compiling libsecp256k1-core v0.2.2
[INFO] [stderr]    Compiling rand v0.8.5
[INFO] [stderr]    Compiling hashbrown v0.13.2
[INFO] [stderr]    Compiling bumpalo v3.14.0
[INFO] [stderr]    Compiling log v0.4.20
[INFO] [stderr]    Compiling jobserver v0.1.27
[INFO] [stderr]    Compiling crossbeam-epoch v0.9.17
[INFO] [stderr]    Compiling bv v0.11.1
[INFO] [stderr]    Compiling rand_chacha v0.2.2
[INFO] [stderr]    Compiling solana-frozen-abi-macro v1.17.14
[INFO] [stderr]    Compiling cc v1.0.83
[INFO] [stderr]    Compiling crossbeam-deque v0.8.4
[INFO] [stderr]    Compiling bitmaps v2.1.0
[INFO] [stderr]    Compiling im v15.1.0
[INFO] [stderr]    Compiling proc-macro-error-attr v1.0.4
[INFO] [stderr]    Compiling ark-std v0.4.0
[INFO] [stderr]    Compiling libsecp256k1-gen-genmult v0.2.1
[INFO] [stderr]    Compiling libsecp256k1-gen-ecmult v0.2.1
[INFO] [stderr]    Compiling rustversion v1.0.14
[INFO] [stderr]    Compiling arrayref v0.3.7
[INFO] [stderr]    Compiling bs58 v0.4.0
[INFO] [stderr]    Compiling rand v0.7.3
[INFO] [stderr]    Compiling ahash v0.7.7
[INFO] [stderr]    Compiling rand_xoshiro v0.6.0
[INFO] [stderr]    Compiling solana-frozen-abi v1.17.14
[INFO] [stderr]    Compiling libsecp256k1 v0.6.0
[INFO] [stderr]    Compiling memoffset v0.9.0
[INFO] [stderr]    Compiling rayon v1.8.0
[INFO] [stderr]    Compiling proc-macro-error v1.0.4
[INFO] [stderr]    Compiling equivalent v1.0.1
[INFO] [stderr]    Compiling sized-chunks v0.6.5
[INFO] [stderr]    Compiling byteorder v1.5.0
[INFO] [stderr]    Compiling wasm-bindgen v0.2.89
[INFO] [stderr]    Compiling hashbrown v0.14.3
[INFO] [stderr]    Compiling constant_time_eq v0.3.0
[INFO] [stderr]    Compiling arrayvec v0.7.4
[INFO] [stderr]    Compiling hashbrown v0.11.2
[INFO] [stderr]    Compiling memmap2 v0.5.10
[INFO] [stderr]    Compiling memoffset v0.5.6
[INFO] [stderr]    Compiling winnow v0.5.32
[INFO] [stderr]    Compiling keccak v0.1.4
[INFO] [stderr]    Compiling rustc-hash v1.1.0
[INFO] [stderr]    Compiling cfg_aliases v0.1.1
[INFO] [stderr]    Compiling indexmap v2.1.0
[INFO] [stderr]    Compiling toml_datetime v0.6.3
[INFO] [stderr]    Compiling base64 v0.12.3
[INFO] [stderr]    Compiling borsh v1.3.0
[INFO] [stderr]    Compiling base64 v0.21.5
[INFO] [stderr]    Compiling blake3 v1.5.0
[INFO] [stderr]    Compiling solana-program v1.17.14
[INFO] [stderr]    Compiling toml v0.5.11
[INFO] [stderr]    Compiling wasm-bindgen-backend v0.2.89
[INFO] [stderr]    Compiling toml_edit v0.20.2
[INFO] [stderr]    Compiling proc-macro-crate v0.1.5
[INFO] [stderr]    Compiling borsh-schema-derive-internal v0.9.3
[INFO] [stderr]    Compiling borsh-derive-internal v0.9.3
[INFO] [stderr]    Compiling borsh-schema-derive-internal v0.10.3
[INFO] [stderr]    Compiling borsh-derive-internal v0.10.3
[INFO] [stderr]    Compiling serde_derive v1.0.194
[INFO] [stderr]    Compiling zeroize_derive v1.4.2
[INFO] [stderr]    Compiling thiserror-impl v1.0.56
[INFO] [stderr]    Compiling bytemuck_derive v1.5.0
[INFO] [stderr]    Compiling solana-sdk-macro v1.17.14
[INFO] [stderr]    Compiling syn_derive v0.1.8
[INFO] [stderr]    Compiling wasm-bindgen-macro-support v0.2.89
[INFO] [stderr]    Compiling proc-macro-crate v2.0.1
[INFO] [stderr]    Compiling ark-serialize-derive v0.4.2
[INFO] [stderr]    Compiling ark-ff-macros v0.4.2
[INFO] [stderr]    Compiling derivative v2.2.0
[INFO] [stderr]    Compiling ark-ff-asm v0.4.2
[INFO] [stderr]    Compiling borsh-derive v0.10.3
[INFO] [stderr]    Compiling borsh-derive v0.9.3
[INFO] [stderr]    Compiling num-derive v0.3.3
[INFO] [stderr]    Compiling wasm-bindgen-macro v0.2.89
[INFO] [stderr]    Compiling type-layout-derive v0.2.0
[INFO] [stderr]    Compiling zeroize v1.3.0
[INFO] [stderr]    Compiling static-pubkey v1.0.3
[INFO] [stderr]    Compiling bytemuck v1.14.0
[INFO] [stderr]    Compiling type-layout v0.2.0
[INFO] [stderr]    Compiling borsh v0.9.3
[INFO] [stderr]    Compiling borsh v0.10.3
[INFO] [stderr]    Compiling borsh-derive v1.3.0
[INFO] [stderr]    Compiling serde_json v1.0.111
[INFO] [stderr]    Compiling serde_bytes v0.11.14
[INFO] [stderr]    Compiling bitflags v2.4.1
[INFO] [stderr]    Compiling bincode v1.3.3
[INFO] [stderr]    Compiling block-buffer v0.10.4
[INFO] [stderr]    Compiling crypto-common v0.1.6
[INFO] [stderr]    Compiling crypto-mac v0.8.0
[INFO] [stderr]    Compiling block-buffer v0.9.0
[INFO] [stderr]    Compiling pbkdf2 v0.4.0
[INFO] [stderr]    Compiling digest v0.10.7
[INFO] [stderr]    Compiling hmac v0.8.1
[INFO] [stderr]    Compiling sha2 v0.9.9
[INFO] [stderr]    Compiling curve25519-dalek v3.2.1
[INFO] [stderr]    Compiling hmac-drbg v0.3.0
[INFO] [stderr]    Compiling ark-serialize v0.4.2
[INFO] [stderr]    Compiling sha2 v0.10.8
[INFO] [stderr]    Compiling sha3 v0.10.8
[INFO] [stderr]    Compiling tiny-bip39 v0.8.2
[INFO] [stderr]    Compiling ark-ff v0.4.2
[INFO] [stderr]    Compiling ark-poly v0.4.2
[INFO] [stderr]    Compiling ark-ec v0.4.2
[INFO] [stderr]    Compiling ark-bn254 v0.4.0
[INFO] [stderr]    Compiling light-poseidon v0.2.0
[INFO] [stderr]    Compiling so-defi-utils v0.1.6
[INFO] [stderr]    Compiling sclink v0.1.4 (/opt/rustwide/workdir)
[INFO] [stdout] error: cannot find derive macro `BorshSerialize` in this scope
[INFO] [stdout]   --> src/store.rs:21:10
[INFO] [stdout]    |
[INFO] [stdout] 21 | #[derive(BorshSerialize, BorshDeserialize)]
[INFO] [stdout]    |          ^^^^^^^^^^^^^^
[INFO] [stdout]    |
[INFO] [stdout] note: `BorshSerialize` is imported here, but it is only a trait, without a derive macro
[INFO] [stdout]   --> src/store.rs:3:31
[INFO] [stdout]    |
[INFO] [stdout] 3  | use borsh::{BorshDeserialize, BorshSerialize};
[INFO] [stdout]    |                               ^^^^^^^^^^^^^^
[INFO] [stdout] help: consider importing this derive macro
[INFO] [stdout]    |
[INFO] [stdout] 2  + use borsh_derive::BorshSerialize;
[INFO] [stdout]    |
[INFO] [stdout] 
[INFO] [stdout] 
[INFO] [stdout] error: cannot find derive macro `BorshDeserialize` in this scope
[INFO] [stdout]   --> src/store.rs:21:26
[INFO] [stdout]    |
[INFO] [stdout] 21 | #[derive(BorshSerialize, BorshDeserialize)]
[INFO] [stdout]    |                          ^^^^^^^^^^^^^^^^
[INFO] [stdout]    |
[INFO] [stdout] note: `BorshDeserialize` is imported here, but it is only a trait, without a derive macro
[INFO] [stdout]   --> src/store.rs:3:13
[INFO] [stdout]    |
[INFO] [stdout] 3  | use borsh::{BorshDeserialize, BorshSerialize};
[INFO] [stdout]    |             ^^^^^^^^^^^^^^^^
[INFO] [stdout] help: consider importing this derive macro
[INFO] [stdout]    |
[INFO] [stdout] 2  + use borsh_derive::BorshDeserialize;
[INFO] [stdout]    |
[INFO] [stdout] 
[INFO] [stdout] 
[INFO] [stdout] error: cannot find derive macro `BorshSerialize` in this scope
[INFO] [stdout]   --> src/store.rs:54:10
[INFO] [stdout]    |
[INFO] [stdout] 54 | #[derive(BorshSerialize, BorshDeserialize, Clone)]
[INFO] [stdout]    |          ^^^^^^^^^^^^^^
[INFO] [stdout]    |
[INFO] [stdout] note: `BorshSerialize` is imported here, but it is only a trait, without a derive macro
[INFO] [stdout]   --> src/store.rs:3:31
[INFO] [stdout]    |
[INFO] [stdout] 3  | use borsh::{BorshDeserialize, BorshSerialize};
[INFO] [stdout]    |                               ^^^^^^^^^^^^^^
[INFO] [stdout] help: consider importing this derive macro
[INFO] [stdout]    |
[INFO] [stdout] 2  + use borsh_derive::BorshSerialize;
[INFO] [stdout]    |
[INFO] [stdout] 
[INFO] [stdout] 
[INFO] [stdout] error: cannot find derive macro `BorshDeserialize` in this scope
[INFO] [stdout]   --> src/store.rs:54:26
[INFO] [stdout]    |
[INFO] [stdout] 54 | #[derive(BorshSerialize, BorshDeserialize, Clone)]
[INFO] [stdout]    |                          ^^^^^^^^^^^^^^^^
[INFO] [stdout]    |
[INFO] [stdout] note: `BorshDeserialize` is imported here, but it is only a trait, without a derive macro
[INFO] [stdout]   --> src/store.rs:3:13
[INFO] [stdout]    |
[INFO] [stdout] 3  | use borsh::{BorshDeserialize, BorshSerialize};
[INFO] [stdout]    |             ^^^^^^^^^^^^^^^^
[INFO] [stdout] help: consider importing this derive macro
[INFO] [stdout]    |
[INFO] [stdout] 2  + use borsh_derive::BorshDeserialize;
[INFO] [stdout]    |
[INFO] [stdout] 
[INFO] [stdout] 
[INFO] [stdout] error: cannot find derive macro `BorshSerialize` in this scope
[INFO] [stdout]   --> src/lib.rs:20:10
[INFO] [stdout]    |
[INFO] [stdout] 20 | #[derive(BorshSerialize, BorshDeserialize, Clone, Copy)]
[INFO] [stdout]    |          ^^^^^^^^^^^^^^
[INFO] [stdout]    |
[INFO] [stdout] note: `BorshSerialize` is imported here, but it is only a trait, without a derive macro
[INFO] [stdout]   --> src/lib.rs:6:31
[INFO] [stdout]    |
[INFO] [stdout] 6  | use borsh::{BorshDeserialize, BorshSerialize};
[INFO] [stdout]    |                               ^^^^^^^^^^^^^^
[INFO] [stdout] help: consider importing this derive macro
[INFO] [stdout]    |
[INFO] [stdout] 6  + use borsh_derive::BorshSerialize;
[INFO] [stdout]    |
[INFO] [stdout] 
[INFO] [stdout] 
[INFO] [stdout] error: cannot find derive macro `BorshDeserialize` in this scope
[INFO] [stdout]   --> src/lib.rs:20:26
[INFO] [stdout]    |
[INFO] [stdout] 20 | #[derive(BorshSerialize, BorshDeserialize, Clone, Copy)]
[INFO] [stdout]    |                          ^^^^^^^^^^^^^^^^
[INFO] [stdout]    |
[INFO] [stdout] note: `BorshDeserialize` is imported here, but it is only a trait, without a derive macro
[INFO] [stdout]   --> src/lib.rs:6:13
[INFO] [stdout]    |
[INFO] [stdout] 6  | use borsh::{BorshDeserialize, BorshSerialize};
[INFO] [stdout]    |             ^^^^^^^^^^^^^^^^
[INFO] [stdout] help: consider importing this derive macro
[INFO] [stdout]    |
[INFO] [stdout] 6  + use borsh_derive::BorshDeserialize;
[INFO] [stdout]    |
[INFO] [stdout] 
[INFO] [stdout] 
[INFO] [stdout] error: cannot find derive macro `BorshSerialize` in this scope
[INFO] [stdout]   --> src/lib.rs:33:10
[INFO] [stdout]    |
[INFO] [stdout] 33 | #[derive(BorshSerialize, BorshDeserialize, Clone, Copy, PartialEq, Eq)]
[INFO] [stdout]    |          ^^^^^^^^^^^^^^
[INFO] [stdout]    |
[INFO] [stdout] note: `BorshSerialize` is imported here, but it is only a trait, without a derive macro
[INFO] [stdout]   --> src/lib.rs:6:31
[INFO] [stdout]    |
[INFO] [stdout] 6  | use borsh::{BorshDeserialize, BorshSerialize};
[INFO] [stdout]    |                               ^^^^^^^^^^^^^^
[INFO] [stdout] help: consider importing this derive macro
[INFO] [stdout]    |
[INFO] [stdout] 6  + use borsh_derive::BorshSerialize;
[INFO] [stdout]    |
[INFO] [stdout] 
[INFO] [stdout] 
[INFO] [stdout] error: cannot find derive macro `BorshDeserialize` in this scope
[INFO] [stdout]   --> src/lib.rs:33:26
[INFO] [stdout]    |
[INFO] [stdout] 33 | #[derive(BorshSerialize, BorshDeserialize, Clone, Copy, PartialEq, Eq)]
[INFO] [stdout]    |                          ^^^^^^^^^^^^^^^^
[INFO] [stdout]    |
[INFO] [stdout] note: `BorshDeserialize` is imported here, but it is only a trait, without a derive macro
[INFO] [stdout]   --> src/lib.rs:6:13
[INFO] [stdout]    |
[INFO] [stdout] 6  | use borsh::{BorshDeserialize, BorshSerialize};
[INFO] [stdout]    |             ^^^^^^^^^^^^^^^^
[INFO] [stdout] help: consider importing this derive macro
[INFO] [stdout]    |
[INFO] [stdout] 6  + use borsh_derive::BorshDeserialize;
[INFO] [stdout]    |
[INFO] [stdout] 
[INFO] [stdout] 
[INFO] [stdout] error: cannot find derive macro `BorshSerialize` in this scope
[INFO] [stdout]   --> src/lib.rs:42:10
[INFO] [stdout]    |
[INFO] [stdout] 42 | #[derive(BorshSerialize, BorshDeserialize, Clone, Copy, PartialEq, Eq)]
[INFO] [stdout]    |          ^^^^^^^^^^^^^^
[INFO] [stdout]    |
[INFO] [stdout] note: `BorshSerialize` is imported here, but it is only a trait, without a derive macro
[INFO] [stdout]   --> src/lib.rs:6:31
[INFO] [stdout]    |
[INFO] [stdout] 6  | use borsh::{BorshDeserialize, BorshSerialize};
[INFO] [stdout]    |                               ^^^^^^^^^^^^^^
[INFO] [stdout] help: consider importing this derive macro
[INFO] [stdout]    |
[INFO] [stdout] 6  + use borsh_derive::BorshSerialize;
[INFO] [stdout]    |
[INFO] [stdout] 
[INFO] [stdout] 
[INFO] [stdout] error: cannot find derive macro `BorshDeserialize` in this scope
[INFO] [stdout]   --> src/lib.rs:42:26
[INFO] [stdout]    |
[INFO] [stdout] 42 | #[derive(BorshSerialize, BorshDeserialize, Clone, Copy, PartialEq, Eq)]
[INFO] [stdout]    |                          ^^^^^^^^^^^^^^^^
[INFO] [stdout]    |
[INFO] [stdout] note: `BorshDeserialize` is imported here, but it is only a trait, without a derive macro
[INFO] [stdout]   --> src/lib.rs:6:13
[INFO] [stdout]    |
[INFO] [stdout] 6  | use borsh::{BorshDeserialize, BorshSerialize};
[INFO] [stdout]    |             ^^^^^^^^^^^^^^^^
[INFO] [stdout] help: consider importing this derive macro
[INFO] [stdout]    |
[INFO] [stdout] 6  + use borsh_derive::BorshDeserialize;
[INFO] [stdout]    |
[INFO] [stdout] 
[INFO] [stdout] 
[INFO] [stdout] error[E0599]: no function or associated item named `deserialize` found for struct `Transmissions` in the current scope
[INFO] [stdout]    --> src/store.rs:117:39
[INFO] [stdout]     |
[INFO] [stdout] 62  | pub struct Transmissions {
[INFO] [stdout]     | ------------------------ function or associated item `deserialize` not found for this struct
[INFO] [stdout] ...
[INFO] [stdout] 117 |     let transmission = Transmissions::deserialize(&mut &data[..]).unwrap();
[INFO] [stdout]     |                                       ^^^^^^^^^^^ function or associated item not found in `Transmissions`
[INFO] [stdout]     |
[INFO] [stdout]     = help: items from traits can only be used if the trait is implemented and in scope
[INFO] [stdout]     = note: the following traits define an item `deserialize`, perhaps you need to implement one of them:
[INFO] [stdout]             candidate #1: `BorshDeserialize`
[INFO] [stdout]             candidate #2: `serde::de::Deserialize`
[INFO] [stdout]             candidate #3: `serde::de::DeserializeSeed`
[INFO] [stdout]             candidate #4: `borsh::de::BorshDeserialize`
[INFO] [stdout]             candidate #5: `bincode::config::Options`
[INFO] [stdout]             candidate #6: `borsh::de::BorshDeserialize`
[INFO] [stdout]             candidate #7: `serde_bytes::de::Deserialize`
[INFO] [stdout] 
[INFO] [stdout] 
[INFO] [stdout] error[E0599]: no method named `try_to_vec` found for struct `Round` in the current scope
[INFO] [stdout]   --> src/lib.rs:85:14
[INFO] [stdout]    |
[INFO] [stdout] 35 |   pub struct Round {
[INFO] [stdout]    |   ---------------- method `try_to_vec` not found for this struct
[INFO] [stdout] ...
[INFO] [stdout] 79 |               Ok(Round {
[INFO] [stdout]    |  ________________-
[INFO] [stdout] 80 | |                 round_id,
[INFO] [stdout] 81 | |                 slot: round.slot,
[INFO] [stdout] 82 | |                 answer: round.answer,
[INFO] [stdout] 83 | |                 timestamp: round.timestamp,
[INFO] [stdout] 84 | |             }
[INFO] [stdout] 85 | |             .try_to_vec()?)
[INFO] [stdout]    | |             -^^^^^^^^^^ method not found in `Round`
[INFO] [stdout]    | |_____________|
[INFO] [stdout]    | 
[INFO] [stdout]    |
[INFO] [stdout]    = help: items from traits can only be used if the trait is implemented and in scope
[INFO] [stdout]    = note: the following traits define an item `try_to_vec`, perhaps you need to implement one of them:
[INFO] [stdout]            candidate #1: `borsh::ser::BorshSerialize`
[INFO] [stdout]            candidate #2: `borsh::ser::BorshSerialize`
[INFO] [stdout] 
[INFO] [stdout] 
[INFO] [stdout] error[E0599]: no method named `try_to_vec` found for struct `Round` in the current scope
[INFO] [stdout]    --> src/lib.rs:105:14
[INFO] [stdout]     |
[INFO] [stdout] 35  |   pub struct Round {
[INFO] [stdout]     |   ---------------- method `try_to_vec` not found for this struct
[INFO] [stdout] ...
[INFO] [stdout] 99  |               Ok(Round {
[INFO] [stdout]     |  ________________-
[INFO] [stdout] 100 | |                 round_id: to_u32(&AccessorType::U32(143).access(feed)[..]),
[INFO] [stdout] 101 | |                 slot: round.slot,
[INFO] [stdout] 102 | |                 answer: round.answer,
[INFO] [stdout] 103 | |                 timestamp: round.timestamp,
[INFO] [stdout] 104 | |             }
[INFO] [stdout] 105 | |             .try_to_vec()?)
[INFO] [stdout]     | |             -^^^^^^^^^^ method not found in `Round`
[INFO] [stdout]     | |_____________|
[INFO] [stdout]     | 
[INFO] [stdout]     |
[INFO] [stdout]     = help: items from traits can only be used if the trait is implemented and in scope
[INFO] [stdout]     = note: the following traits define an item `try_to_vec`, perhaps you need to implement one of them:
[INFO] [stdout]             candidate #1: `borsh::ser::BorshSerialize`
[INFO] [stdout]             candidate #2: `borsh::ser::BorshSerialize`
[INFO] [stdout] 
[INFO] [stdout] 
[INFO] [stdout] error[E0599]: no method named `try_to_vec` found for struct `RoundWithDecimals` in the current scope
[INFO] [stdout]    --> src/lib.rs:129:14
[INFO] [stdout]     |
[INFO] [stdout] 44  |   pub struct RoundWithDecimals {
[INFO] [stdout]     |   ---------------------------- method `try_to_vec` not found for this struct
[INFO] [stdout] ...
[INFO] [stdout] 120 |               Ok(RoundWithDecimals {
[INFO] [stdout]     |  ________________-
[INFO] [stdout] 121 | |                 round: Round {
[INFO] [stdout] 122 | |                     round_id: to_u32(&AccessorType::U32(143).access(feed)[..]),
[INFO] [stdout] 123 | |                     slot: round.slot,
[INFO] [stdout] ...   |
[INFO] [stdout] 128 | |             }
[INFO] [stdout] 129 | |             .try_to_vec()?)
[INFO] [stdout]     | |             -^^^^^^^^^^ method not found in `RoundWithDecimals`
[INFO] [stdout]     | |_____________|
[INFO] [stdout]     | 
[INFO] [stdout]     |
[INFO] [stdout]     = help: items from traits can only be used if the trait is implemented and in scope
[INFO] [stdout]     = note: the following traits define an item `try_to_vec`, perhaps you need to implement one of them:
[INFO] [stdout]             candidate #1: `borsh::ser::BorshSerialize`
[INFO] [stdout]             candidate #2: `borsh::ser::BorshSerialize`
[INFO] [stdout] 
[INFO] [stdout] 
[INFO] [stdout] error[E0599]: no function or associated item named `deserialize` found for struct `Round` in the current scope
[INFO] [stdout]    --> src/lib.rs:157:15
[INFO] [stdout]     |
[INFO] [stdout] 35  | pub struct Round {
[INFO] [stdout]     | ---------------- function or associated item `deserialize` not found for this struct
[INFO] [stdout] ...
[INFO] [stdout] 157 |     Ok(Round::deserialize(
[INFO] [stdout]     |               ^^^^^^^^^^^ function or associated item not found in `Round`
[INFO] [stdout]     |
[INFO] [stdout]     = help: items from traits can only be used if the trait is implemented and in scope
[INFO] [stdout]     = note: the following traits define an item `deserialize`, perhaps you need to implement one of them:
[INFO] [stdout]             candidate #1: `BorshDeserialize`
[INFO] [stdout]             candidate #2: `serde::de::Deserialize`
[INFO] [stdout]             candidate #3: `serde::de::DeserializeSeed`
[INFO] [stdout]             candidate #4: `borsh::de::BorshDeserialize`
[INFO] [stdout]             candidate #5: `bincode::config::Options`
[INFO] [stdout]             candidate #6: `borsh::de::BorshDeserialize`
[INFO] [stdout]             candidate #7: `serde_bytes::de::Deserialize`
[INFO] [stdout] 
[INFO] [stdout] 
[INFO] [stdout] warning: use of deprecated associated function `solana_program::pubkey::Pubkey::new`: Please use 'Pubkey::from' or 'Pubkey::try_from' instead
[INFO] [stdout]    --> src/lib.rs:163:16
[INFO] [stdout]     |
[INFO] [stdout] 163 |     Ok(Pubkey::new(&query(feed, Scope::Aggregator)?[..]))
[INFO] [stdout]     |                ^^^
[INFO] [stdout]     |
[INFO] [stdout]     = note: `#[warn(deprecated)]` on by default
[INFO] [stdout] 
[INFO] [stdout] 
[INFO] [stdout] error[E0599]: no function or associated item named `deserialize` found for struct `RoundWithDecimals` in the current scope
[INFO] [stdout]    --> src/lib.rs:170:27
[INFO] [stdout]     |
[INFO] [stdout] 44  | pub struct RoundWithDecimals {
[INFO] [stdout]     | ---------------------------- function or associated item `deserialize` not found for this struct
[INFO] [stdout] ...
[INFO] [stdout] 170 |     Ok(RoundWithDecimals::deserialize(
[INFO] [stdout]     |                           ^^^^^^^^^^^ function or associated item not found in `RoundWithDecimals`
[INFO] [stdout]     |
[INFO] [stdout]     = help: items from traits can only be used if the trait is implemented and in scope
[INFO] [stdout]     = note: the following traits define an item `deserialize`, perhaps you need to implement one of them:
[INFO] [stdout]             candidate #1: `BorshDeserialize`
[INFO] [stdout]             candidate #2: `serde::de::Deserialize`
[INFO] [stdout]             candidate #3: `serde::de::DeserializeSeed`
[INFO] [stdout]             candidate #4: `borsh::de::BorshDeserialize`
[INFO] [stdout]             candidate #5: `bincode::config::Options`
[INFO] [stdout]             candidate #6: `borsh::de::BorshDeserialize`
[INFO] [stdout]             candidate #7: `serde_bytes::de::Deserialize`
[INFO] [stdout] 
[INFO] [stdout] 
[INFO] [stdout] error: aborting due to 16 previous errors; 1 warning emitted
[INFO] [stdout] 
[INFO] [stdout] 
[INFO] [stdout] For more information about this error, try `rustc --explain E0599`.
[INFO] [stdout] 
[INFO] [stderr] error: could not compile `sclink` (lib) due to 17 previous errors; 1 warning emitted
[INFO] running `Command { std: "docker" "inspect" "99ac39ff764860c551169e206d57f84d59c9310abd1dd4af8a872113d2d6d804", kill_on_drop: false }`
[INFO] running `Command { std: "docker" "rm" "-f" "99ac39ff764860c551169e206d57f84d59c9310abd1dd4af8a872113d2d6d804", kill_on_drop: false }`
[INFO] [stdout] 99ac39ff764860c551169e206d57f84d59c9310abd1dd4af8a872113d2d6d804
