[INFO] fetching crate sci-rs 0.3.5...
[INFO] testing sci-rs-0.3.5 against 1.75.0 for beta-1.76-1
[INFO] extracting crate sci-rs 0.3.5 into /workspace/builds/worker-7-tc1/source
[INFO] validating manifest of crates.io crate sci-rs 0.3.5 on toolchain 1.75.0
[INFO] running `Command { std: CARGO_HOME="/workspace/cargo-home" RUSTUP_HOME="/workspace/rustup-home" "/workspace/cargo-home/bin/cargo" "+1.75.0" "metadata" "--manifest-path" "Cargo.toml" "--no-deps", kill_on_drop: false }`
[INFO] started tweaking crates.io crate sci-rs 0.3.5
[INFO] finished tweaking crates.io crate sci-rs 0.3.5
[INFO] tweaked toml for crates.io crate sci-rs 0.3.5 written to /workspace/builds/worker-7-tc1/source/Cargo.toml
[INFO] running `Command { std: CARGO_HOME="/workspace/cargo-home" RUSTUP_HOME="/workspace/rustup-home" "/workspace/cargo-home/bin/cargo" "+1.75.0" "generate-lockfile" "--manifest-path" "Cargo.toml", kill_on_drop: false }`
[INFO] [stderr]     Updating crates.io index
[INFO] running `Command { std: CARGO_HOME="/workspace/cargo-home" RUSTUP_HOME="/workspace/rustup-home" "/workspace/cargo-home/bin/cargo" "+1.75.0" "fetch" "--manifest-path" "Cargo.toml", kill_on_drop: false }`
[INFO] [stderr]  Downloading crates ...
[INFO] [stderr]   Downloaded dasp_interpolate v0.11.0
[INFO] [stderr]   Downloaded dasp_window v0.11.1
[INFO] [stderr]   Downloaded dasp_peak v0.11.0
[INFO] [stderr]   Downloaded dasp_signal v0.11.0
[INFO] [stderr]   Downloaded dasp_rms v0.11.0
[INFO] [stderr]   Downloaded dasp_envelope v0.11.0
[INFO] [stderr]   Downloaded dasp_ring_buffer v0.11.0
[INFO] [stderr]   Downloaded gaussfilt v0.1.3
[INFO] [stderr]   Downloaded kalmanfilt v0.2.2
[INFO] [stderr]   Downloaded lstsq v0.5.0
[INFO] running `Command { std: "docker" "create" "-v" "/var/lib/crater-agent-workspace/builds/worker-7-tc1/target:/opt/rustwide/target:rw,Z" "-v" "/var/lib/crater-agent-workspace/builds/worker-7-tc1/source:/opt/rustwide/workdir:ro,Z" "-v" "/var/lib/crater-agent-workspace/cargo-home:/opt/rustwide/cargo-home:ro,Z" "-v" "/var/lib/crater-agent-workspace/rustup-home:/opt/rustwide/rustup-home:ro,Z" "-e" "SOURCE_DIR=/opt/rustwide/workdir" "-e" "CARGO_TARGET_DIR=/opt/rustwide/target" "-e" "CARGO_HOME=/opt/rustwide/cargo-home" "-e" "RUSTUP_HOME=/opt/rustwide/rustup-home" "-w" "/opt/rustwide/workdir" "-m" "1610612736" "--user" "0:0" "--network" "none" "ghcr.io/rust-lang/crates-build-env/linux@sha256:2788e3201cd34a07e3172128adcd8b3090168a8e3bcc40d7c032b9dda1df7d1c" "/opt/rustwide/cargo-home/bin/cargo" "+1.75.0" "metadata" "--no-deps" "--format-version=1", kill_on_drop: false }`
[INFO] [stdout] b7fda11c1f12ddec6948cb59307646420155aaeab6e5107c347ca38fb80ee616
[INFO] running `Command { std: "docker" "start" "-a" "b7fda11c1f12ddec6948cb59307646420155aaeab6e5107c347ca38fb80ee616", kill_on_drop: false }`
[INFO] running `Command { std: "docker" "inspect" "b7fda11c1f12ddec6948cb59307646420155aaeab6e5107c347ca38fb80ee616", kill_on_drop: false }`
[INFO] running `Command { std: "docker" "rm" "-f" "b7fda11c1f12ddec6948cb59307646420155aaeab6e5107c347ca38fb80ee616", kill_on_drop: false }`
[INFO] [stdout] b7fda11c1f12ddec6948cb59307646420155aaeab6e5107c347ca38fb80ee616
[INFO] running `Command { std: "docker" "create" "-v" "/var/lib/crater-agent-workspace/builds/worker-7-tc1/target:/opt/rustwide/target:rw,Z" "-v" "/var/lib/crater-agent-workspace/builds/worker-7-tc1/source:/opt/rustwide/workdir:ro,Z" "-v" "/var/lib/crater-agent-workspace/cargo-home:/opt/rustwide/cargo-home:ro,Z" "-v" "/var/lib/crater-agent-workspace/rustup-home:/opt/rustwide/rustup-home:ro,Z" "-e" "SOURCE_DIR=/opt/rustwide/workdir" "-e" "CARGO_TARGET_DIR=/opt/rustwide/target" "-e" "CARGO_INCREMENTAL=0" "-e" "RUST_BACKTRACE=full" "-e" "RUSTFLAGS=--cap-lints=warn" "-e" "RUSTDOCFLAGS=--cap-lints=warn" "-e" "CARGO_HOME=/opt/rustwide/cargo-home" "-e" "RUSTUP_HOME=/opt/rustwide/rustup-home" "-w" "/opt/rustwide/workdir" "-m" "1610612736" "--user" "0:0" "--network" "none" "ghcr.io/rust-lang/crates-build-env/linux@sha256:2788e3201cd34a07e3172128adcd8b3090168a8e3bcc40d7c032b9dda1df7d1c" "/opt/rustwide/cargo-home/bin/cargo" "+1.75.0" "build" "--frozen" "--message-format=json", kill_on_drop: false }`
[INFO] [stdout] 08734264c617925ec4f00dc8a25d7aaff6672f574dcd5305fb04fd4098c84840
[INFO] running `Command { std: "docker" "start" "-a" "08734264c617925ec4f00dc8a25d7aaff6672f574dcd5305fb04fd4098c84840", kill_on_drop: false }`
[INFO] [stderr]    Compiling libm v0.2.8
[INFO] [stderr]    Compiling num-traits v0.2.17
[INFO] [stderr]    Compiling num-integer v0.1.45
[INFO] [stderr]    Compiling paste v1.0.14
[INFO] [stderr]    Compiling num-rational v0.4.1
[INFO] [stderr]    Compiling matrixmultiply v0.3.8
[INFO] [stderr]    Compiling either v1.9.0
[INFO] [stderr]    Compiling itertools v0.11.0
[INFO] [stderr]    Compiling num-complex v0.4.4
[INFO] [stderr]    Compiling approx v0.5.1
[INFO] [stderr]    Compiling gaussfilt v0.1.3
[INFO] [stderr]    Compiling simba v0.8.1
[INFO] [stderr]    Compiling ndarray v0.15.6
[INFO] [stderr]    Compiling nalgebra v0.32.3
[INFO] [stderr]    Compiling lstsq v0.5.0
[INFO] [stderr]    Compiling kalmanfilt v0.2.2
[INFO] [stderr]    Compiling sci-rs v0.3.5 (/opt/rustwide/workdir)
[INFO] [stderr]     Finished dev [unoptimized + debuginfo] target(s) in 8.77s
[INFO] running `Command { std: "docker" "inspect" "08734264c617925ec4f00dc8a25d7aaff6672f574dcd5305fb04fd4098c84840", kill_on_drop: false }`
[INFO] running `Command { std: "docker" "rm" "-f" "08734264c617925ec4f00dc8a25d7aaff6672f574dcd5305fb04fd4098c84840", kill_on_drop: false }`
[INFO] [stdout] 08734264c617925ec4f00dc8a25d7aaff6672f574dcd5305fb04fd4098c84840
[INFO] running `Command { std: "docker" "create" "-v" "/var/lib/crater-agent-workspace/builds/worker-7-tc1/target:/opt/rustwide/target:rw,Z" "-v" "/var/lib/crater-agent-workspace/builds/worker-7-tc1/source:/opt/rustwide/workdir:ro,Z" "-v" "/var/lib/crater-agent-workspace/cargo-home:/opt/rustwide/cargo-home:ro,Z" "-v" "/var/lib/crater-agent-workspace/rustup-home:/opt/rustwide/rustup-home:ro,Z" "-e" "SOURCE_DIR=/opt/rustwide/workdir" "-e" "CARGO_TARGET_DIR=/opt/rustwide/target" "-e" "CARGO_INCREMENTAL=0" "-e" "RUST_BACKTRACE=full" "-e" "RUSTFLAGS=--cap-lints=warn" "-e" "RUSTDOCFLAGS=--cap-lints=warn" "-e" "CARGO_HOME=/opt/rustwide/cargo-home" "-e" "RUSTUP_HOME=/opt/rustwide/rustup-home" "-w" "/opt/rustwide/workdir" "-m" "1610612736" "--user" "0:0" "--network" "none" "ghcr.io/rust-lang/crates-build-env/linux@sha256:2788e3201cd34a07e3172128adcd8b3090168a8e3bcc40d7c032b9dda1df7d1c" "/opt/rustwide/cargo-home/bin/cargo" "+1.75.0" "test" "--frozen" "--no-run" "--message-format=json", kill_on_drop: false }`
[INFO] [stdout] 21e02d78a04cd2c13f8d9c56b694ac0372b4e626d2d4f08279c1e722466278d0
[INFO] running `Command { std: "docker" "start" "-a" "21e02d78a04cd2c13f8d9c56b694ac0372b4e626d2d4f08279c1e722466278d0", kill_on_drop: false }`
[INFO] [stderr]    Compiling num-traits v0.2.17
[INFO] [stderr]    Compiling crossbeam-utils v0.8.18
[INFO] [stderr]    Compiling dasp_sample v0.11.0
[INFO] [stderr]    Compiling either v1.9.0
[INFO] [stderr]    Compiling serde v1.0.194
[INFO] [stderr]    Compiling indexmap v1.9.3
[INFO] [stderr]    Compiling dasp_ring_buffer v0.11.0
[INFO] [stderr]    Compiling rayon-core v1.12.0
[INFO] [stderr]    Compiling plotters-backend v0.3.5
[INFO] [stderr]    Compiling regex-syntax v0.8.2
[INFO] [stderr]    Compiling os_str_bytes v6.6.1
[INFO] [stderr]    Compiling half v1.8.2
[INFO] [stderr]    Compiling syn v2.0.48
[INFO] [stderr]    Compiling ciborium-io v0.2.1
[INFO] [stderr]    Compiling same-file v1.0.6
[INFO] [stderr]    Compiling textwrap v0.16.0
[INFO] [stderr]    Compiling cast v0.3.0
[INFO] [stderr]    Compiling walkdir v2.4.0
[INFO] [stderr]    Compiling itertools v0.10.5
[INFO] [stderr]    Compiling clap_lex v0.2.4
[INFO] [stderr]    Compiling ciborium-ll v0.2.1
[INFO] [stderr]    Compiling dasp_frame v0.11.0
[INFO] [stderr]    Compiling plotters-svg v0.3.5
[INFO] [stderr]    Compiling dasp_window v0.11.1
[INFO] [stderr]    Compiling itertools v0.11.0
[INFO] [stderr]    Compiling atty v0.2.14
[INFO] [stderr]    Compiling anes v0.1.6
[INFO] [stderr]    Compiling oorandom v11.1.3
[INFO] [stderr]    Compiling clap v3.2.25
[INFO] [stderr]    Compiling crossbeam-epoch v0.9.17
[INFO] [stderr]    Compiling dasp_rms v0.11.0
[INFO] [stderr]    Compiling dasp_peak v0.11.0
[INFO] [stderr]    Compiling dasp_interpolate v0.11.0
[INFO] [stderr]    Compiling crossbeam-deque v0.8.4
[INFO] [stderr]    Compiling dasp_envelope v0.11.0
[INFO] [stderr]    Compiling dasp_signal v0.11.0
[INFO] [stderr]    Compiling regex-automata v0.4.3
[INFO] [stderr]    Compiling num-integer v0.1.45
[INFO] [stderr]    Compiling num-complex v0.4.4
[INFO] [stderr]    Compiling approx v0.5.1
[INFO] [stderr]    Compiling plotters v0.3.5
[INFO] [stderr]    Compiling gaussfilt v0.1.3
[INFO] [stderr]    Compiling rayon v1.8.0
[INFO] [stderr]    Compiling num-rational v0.4.1
[INFO] [stderr]    Compiling simba v0.8.1
[INFO] [stderr]    Compiling ndarray v0.15.6
[INFO] [stderr]    Compiling criterion-plot v0.5.0
[INFO] [stderr]    Compiling serde_derive v1.0.194
[INFO] [stderr]    Compiling regex v1.10.2
[INFO] [stderr]    Compiling nalgebra v0.32.3
[INFO] [stderr]    Compiling serde_json v1.0.111
[INFO] [stderr]    Compiling ciborium v0.2.1
[INFO] [stderr]    Compiling tinytemplate v1.2.1
[INFO] [stderr]    Compiling criterion v0.4.0
[INFO] [stderr]    Compiling lstsq v0.5.0
[INFO] [stderr]    Compiling kalmanfilt v0.2.2
[INFO] [stderr]    Compiling sci-rs v0.3.5 (/opt/rustwide/workdir)
[INFO] [stdout] error[E0432]: unresolved import `nalgebra::matrix`
[INFO] [stdout]    --> src/signal/filter/ext.rs:231:9
[INFO] [stdout]     |
[INFO] [stdout] 231 |     use nalgebra::matrix;
[INFO] [stdout]     |         ^^^^^^^^^^------
[INFO] [stdout]     |         |         |
[INFO] [stdout]     |         |         help: a similar name exists in the module: `Matrix`
[INFO] [stdout]     |         no `matrix` in the root
[INFO] [stdout]     |
[INFO] [stdout] note: found an item that was configured out
[INFO] [stdout]    --> /opt/rustwide/cargo-home/registry/src/index.crates.io-6f17d22bba15001f/nalgebra-0.32.3/src/lib.rs:158:45
[INFO] [stdout]     |
[INFO] [stdout] 158 | pub use nalgebra_macros::{dmatrix, dvector, matrix, point, vector};
[INFO] [stdout]     |                                             ^^^^^^
[INFO] [stdout]     = note: the item is gated behind the `macros` feature
[INFO] [stdout] 
[INFO] [stdout] 
[INFO] [stdout] error[E0433]: failed to resolve: use of undeclared crate or module `std`
[INFO] [stdout]    --> src/stats.rs:292:9
[INFO] [stdout]     |
[INFO] [stdout] 292 |     use std::f64::consts::PI;
[INFO] [stdout]     |         ^^^ use of undeclared crate or module `std`
[INFO] [stdout] 
[INFO] [stdout] 
[INFO] [stdout] error[E0433]: failed to resolve: use of undeclared crate or module `std`
[INFO] [stdout]    --> src/stats.rs:293:9
[INFO] [stdout]     |
[INFO] [stdout] 293 |     use std::vec::Vec;
[INFO] [stdout]     |         ^^^ use of undeclared crate or module `std`
[INFO] [stdout] 
[INFO] [stdout] 
[INFO] [stdout] error[E0432]: unresolved import `nalgebra::matrix`
[INFO] [stdout]    --> src/signal/filter/sosfilt_zi.rs:44:9
[INFO] [stdout]     |
[INFO] [stdout] 44  |     use nalgebra::matrix;
[INFO] [stdout]     |         ^^^^^^^^^^------
[INFO] [stdout]     |         |         |
[INFO] [stdout]     |         |         help: a similar name exists in the module: `Matrix`
[INFO] [stdout]     |         no `matrix` in the root
[INFO] [stdout]     |
[INFO] [stdout] note: found an item that was configured out
[INFO] [stdout]    --> /opt/rustwide/cargo-home/registry/src/index.crates.io-6f17d22bba15001f/nalgebra-0.32.3/src/lib.rs:158:45
[INFO] [stdout]     |
[INFO] [stdout] 158 | pub use nalgebra_macros::{dmatrix, dvector, matrix, point, vector};
[INFO] [stdout]     |                                             ^^^^^^
[INFO] [stdout]     = note: the item is gated behind the `macros` feature
[INFO] [stdout] 
[INFO] [stdout] 
[INFO] [stdout] error: cannot find macro `vec` in this scope
[INFO] [stdout]    --> src/signal/filter/design/butter.rs:167:13
[INFO] [stdout]     |
[INFO] [stdout] 167 |             vec![10., 50.],
[INFO] [stdout]     |             ^^^
[INFO] [stdout]     |
[INFO] [stdout] help: consider importing this macro
[INFO] [stdout]     |
[INFO] [stdout] 49  +     use alloc::vec;
[INFO] [stdout]     |
[INFO] [stdout] 
[INFO] [stdout] 
[INFO] [stdout] error: cannot find macro `vec` in this scope
[INFO] [stdout]    --> src/signal/filter/design/iirfilter.rs:494:13
[INFO] [stdout]     |
[INFO] [stdout] 494 |             vec![
[INFO] [stdout]     |             ^^^
[INFO] [stdout]     |
[INFO] [stdout] help: consider importing this macro
[INFO] [stdout]     |
[INFO] [stdout] 244 +     use alloc::vec;
[INFO] [stdout]     |
[INFO] [stdout] 
[INFO] [stdout] 
[INFO] [stdout] error: cannot find macro `vec` in this scope
[INFO] [stdout]    --> src/signal/filter/design/iirfilter.rs:500:13
[INFO] [stdout]     |
[INFO] [stdout] 500 |             vec![
[INFO] [stdout]     |             ^^^
[INFO] [stdout]     |
[INFO] [stdout] help: consider importing this macro
[INFO] [stdout]     |
[INFO] [stdout] 244 +     use alloc::vec;
[INFO] [stdout]     |
[INFO] [stdout] 
[INFO] [stdout] 
[INFO] [stdout] error: cannot find macro `vec` in this scope
[INFO] [stdout]    --> src/signal/filter/design/iirfilter.rs:510:13
[INFO] [stdout]     |
[INFO] [stdout] 510 |             vec![90.],
[INFO] [stdout]     |             ^^^
[INFO] [stdout]     |
[INFO] [stdout] help: consider importing this macro
[INFO] [stdout]     |
[INFO] [stdout] 244 +     use alloc::vec;
[INFO] [stdout]     |
[INFO] [stdout] 
[INFO] [stdout] 
[INFO] [stdout] error: cannot determine resolution for the macro `matrix`
[INFO] [stdout]   --> src/signal/filter/sosfilt_zi.rs:90:27
[INFO] [stdout]    |
[INFO] [stdout] 90 |         let expected_zi = matrix!(
[INFO] [stdout]    |                           ^^^^^^
[INFO] [stdout]    |
[INFO] [stdout]    = note: import resolution is stuck, try simplifying macro imports
[INFO] [stdout] 
[INFO] [stdout] 
[INFO] [stdout] error: cannot determine resolution for the macro `matrix`
[INFO] [stdout]    --> src/signal/filter/ext.rs:268:26
[INFO] [stdout]     |
[INFO] [stdout] 268 |         let scipy_rows = matrix!(
[INFO] [stdout]     |                          ^^^^^^
[INFO] [stdout]     |
[INFO] [stdout]     = note: import resolution is stuck, try simplifying macro imports
[INFO] [stdout] 
[INFO] [stdout] 
[INFO] [stdout] error: cannot determine resolution for the macro `matrix`
[INFO] [stdout]    --> src/signal/filter/ext.rs:261:17
[INFO] [stdout]     |
[INFO] [stdout] 261 |         let a = matrix!(
[INFO] [stdout]     |                 ^^^^^^
[INFO] [stdout]     |
[INFO] [stdout]     = note: import resolution is stuck, try simplifying macro imports
[INFO] [stdout] 
[INFO] [stdout] 
[INFO] [stdout] error: cannot determine resolution for the macro `matrix`
[INFO] [stdout]    --> src/signal/filter/ext.rs:254:26
[INFO] [stdout]     |
[INFO] [stdout] 254 |         let scipy_cols = matrix!(
[INFO] [stdout]     |                          ^^^^^^
[INFO] [stdout]     |
[INFO] [stdout]     = note: import resolution is stuck, try simplifying macro imports
[INFO] [stdout] 
[INFO] [stdout] 
[INFO] [stdout] error: cannot determine resolution for the macro `matrix`
[INFO] [stdout]    --> src/signal/filter/ext.rs:244:26
[INFO] [stdout]     |
[INFO] [stdout] 244 |         let scipy_rows = matrix!(
[INFO] [stdout]     |                          ^^^^^^
[INFO] [stdout]     |
[INFO] [stdout]     = note: import resolution is stuck, try simplifying macro imports
[INFO] [stdout] 
[INFO] [stdout] 
[INFO] [stdout] error: cannot determine resolution for the macro `matrix`
[INFO] [stdout]    --> src/signal/filter/ext.rs:238:17
[INFO] [stdout]     |
[INFO] [stdout] 238 |         let a = matrix!(
[INFO] [stdout]     |                 ^^^^^^
[INFO] [stdout]     |
[INFO] [stdout]     = note: import resolution is stuck, try simplifying macro imports
[INFO] [stdout] 
[INFO] [stdout] 
[INFO] [stdout] error: cannot find macro `vec` in this scope
[INFO] [stdout]    --> src/signal/filter/design/lp2lp_zpk.rs:110:34
[INFO] [stdout]     |
[INFO] [stdout] 110 |         let expected_p: Vec<_> = vec![
[INFO] [stdout]     |                                  ^^^
[INFO] [stdout]     |
[INFO] [stdout] help: consider importing this macro
[INFO] [stdout]     |
[INFO] [stdout] 78  +     use alloc::vec;
[INFO] [stdout]     |
[INFO] [stdout] 
[INFO] [stdout] 
[INFO] [stdout] error: cannot find macro `vec` in this scope
[INFO] [stdout]    --> src/signal/filter/design/lp2lp_zpk.rs:109:34
[INFO] [stdout]     |
[INFO] [stdout] 109 |         let expected_z: Vec<_> = vec![Complex::new(-0.16892363, -0.16892363); 4];
[INFO] [stdout]     |                                  ^^^
[INFO] [stdout]     |
[INFO] [stdout] help: consider importing this macro
[INFO] [stdout]     |
[INFO] [stdout] 78  +     use alloc::vec;
[INFO] [stdout]     |
[INFO] [stdout] 
[INFO] [stdout] 
[INFO] [stdout] error: cannot find macro `vec` in this scope
[INFO] [stdout]   --> src/signal/filter/design/lp2lp_zpk.rs:96:13
[INFO] [stdout]    |
[INFO] [stdout] 96 |             vec![
[INFO] [stdout]    |             ^^^
[INFO] [stdout]    |
[INFO] [stdout] help: consider importing this macro
[INFO] [stdout]    |
[INFO] [stdout] 78 +     use alloc::vec;
[INFO] [stdout]    |
[INFO] [stdout] 
[INFO] [stdout] 
[INFO] [stdout] error: cannot find macro `vec` in this scope
[INFO] [stdout]   --> src/signal/filter/design/lp2lp_zpk.rs:90:13
[INFO] [stdout]    |
[INFO] [stdout] 90 |             vec![
[INFO] [stdout]    |             ^^^
[INFO] [stdout]    |
[INFO] [stdout] help: consider importing this macro
[INFO] [stdout]    |
[INFO] [stdout] 78 +     use alloc::vec;
[INFO] [stdout]    |
[INFO] [stdout] 
[INFO] [stdout] 
[INFO] [stdout] error: cannot find macro `vec` in this scope
[INFO] [stdout]    --> src/signal/filter/design/lp2hp_zpk.rs:206:34
[INFO] [stdout]     |
[INFO] [stdout] 206 |         let expected_p: Vec<_> = vec![
[INFO] [stdout]     |                                  ^^^
[INFO] [stdout]     |
[INFO] [stdout] help: consider importing this macro
[INFO] [stdout]     |
[INFO] [stdout] 123 +     use alloc::vec;
[INFO] [stdout]     |
[INFO] [stdout] 
[INFO] [stdout] 
[INFO] [stdout] error: cannot find macro `vec` in this scope
[INFO] [stdout]    --> src/signal/filter/design/lp2hp_zpk.rs:205:34
[INFO] [stdout]     |
[INFO] [stdout] 205 |         let expected_z: Vec<_> = vec![Complex::new(0.1216, 0.1216); 4];
[INFO] [stdout]     |                                  ^^^
[INFO] [stdout]     |
[INFO] [stdout] help: consider importing this macro
[INFO] [stdout]     |
[INFO] [stdout] 123 +     use alloc::vec;
[INFO] [stdout]     |
[INFO] [stdout] 
[INFO] [stdout] 
[INFO] [stdout] error: cannot find macro `vec` in this scope
[INFO] [stdout]    --> src/signal/filter/design/lp2hp_zpk.rs:192:13
[INFO] [stdout]     |
[INFO] [stdout] 192 |             vec![
[INFO] [stdout]     |             ^^^
[INFO] [stdout]     |
[INFO] [stdout] help: consider importing this macro
[INFO] [stdout]     |
[INFO] [stdout] 123 +     use alloc::vec;
[INFO] [stdout]     |
[INFO] [stdout] 
[INFO] [stdout] 
[INFO] [stdout] error: cannot find macro `vec` in this scope
[INFO] [stdout]    --> src/signal/filter/design/lp2hp_zpk.rs:186:13
[INFO] [stdout]     |
[INFO] [stdout] 186 |             vec![
[INFO] [stdout]     |             ^^^
[INFO] [stdout]     |
[INFO] [stdout] help: consider importing this macro
[INFO] [stdout]     |
[INFO] [stdout] 123 +     use alloc::vec;
[INFO] [stdout]     |
[INFO] [stdout] 
[INFO] [stdout] 
[INFO] [stdout] error: cannot find macro `vec` in this scope
[INFO] [stdout]    --> src/signal/filter/design/lp2hp_zpk.rs:155:34
[INFO] [stdout]     |
[INFO] [stdout] 155 |         let expected_p: Vec<_> = vec![
[INFO] [stdout]     |                                  ^^^
[INFO] [stdout]     |
[INFO] [stdout] help: consider importing this macro
[INFO] [stdout]     |
[INFO] [stdout] 123 +     use alloc::vec;
[INFO] [stdout]     |
[INFO] [stdout] 
[INFO] [stdout] 
[INFO] [stdout] error: cannot find macro `vec` in this scope
[INFO] [stdout]    --> src/signal/filter/design/lp2hp_zpk.rs:154:34
[INFO] [stdout]     |
[INFO] [stdout] 154 |         let expected_z: Vec<_> = vec![Complex::new(0.16892363, 0.16892363); 4];
[INFO] [stdout]     |                                  ^^^
[INFO] [stdout]     |
[INFO] [stdout] help: consider importing this macro
[INFO] [stdout]     |
[INFO] [stdout] 123 +     use alloc::vec;
[INFO] [stdout]     |
[INFO] [stdout] 
[INFO] [stdout] 
[INFO] [stdout] error: cannot find macro `vec` in this scope
[INFO] [stdout]    --> src/signal/filter/design/lp2hp_zpk.rs:141:13
[INFO] [stdout]     |
[INFO] [stdout] 141 |             vec![
[INFO] [stdout]     |             ^^^
[INFO] [stdout]     |
[INFO] [stdout] help: consider importing this macro
[INFO] [stdout]     |
[INFO] [stdout] 123 +     use alloc::vec;
[INFO] [stdout]     |
[INFO] [stdout] 
[INFO] [stdout] 
[INFO] [stdout] error: cannot find macro `vec` in this scope
[INFO] [stdout]    --> src/signal/filter/design/lp2hp_zpk.rs:135:13
[INFO] [stdout]     |
[INFO] [stdout] 135 |             vec![
[INFO] [stdout]     |             ^^^
[INFO] [stdout]     |
[INFO] [stdout] help: consider importing this macro
[INFO] [stdout]     |
[INFO] [stdout] 123 +     use alloc::vec;
[INFO] [stdout]     |
[INFO] [stdout] 
[INFO] [stdout] 
[INFO] [stdout] error: cannot find macro `vec` in this scope
[INFO] [stdout]    --> src/signal/filter/design/lp2bs_zpk.rs:233:34
[INFO] [stdout]     |
[INFO] [stdout] 233 |         let expected_p: Vec<_> = vec![
[INFO] [stdout]     |                                  ^^^
[INFO] [stdout]     |
[INFO] [stdout] help: consider importing this macro
[INFO] [stdout]     |
[INFO] [stdout] 139 +     use alloc::vec;
[INFO] [stdout]     |
[INFO] [stdout] 
[INFO] [stdout] 
[INFO] [stdout] error: cannot find macro `vec` in this scope
[INFO] [stdout]    --> src/signal/filter/design/lp2bs_zpk.rs:223:34
[INFO] [stdout]     |
[INFO] [stdout] 223 |         let expected_z: Vec<_> = vec![
[INFO] [stdout]     |                                  ^^^
[INFO] [stdout]     |
[INFO] [stdout] help: consider importing this macro
[INFO] [stdout]     |
[INFO] [stdout] 139 +     use alloc::vec;
[INFO] [stdout]     |
[INFO] [stdout] 
[INFO] [stdout] 
[INFO] [stdout] error: cannot find macro `vec` in this scope
[INFO] [stdout]    --> src/signal/filter/design/lp2bs_zpk.rs:212:13
[INFO] [stdout]     |
[INFO] [stdout] 212 |             vec![
[INFO] [stdout]     |             ^^^
[INFO] [stdout]     |
[INFO] [stdout] help: consider importing this macro
[INFO] [stdout]     |
[INFO] [stdout] 139 +     use alloc::vec;
[INFO] [stdout]     |
[INFO] [stdout] 
[INFO] [stdout] 
[INFO] [stdout] error: cannot find macro `vec` in this scope
[INFO] [stdout]    --> src/signal/filter/design/lp2bs_zpk.rs:206:13
[INFO] [stdout]     |
[INFO] [stdout] 206 |             vec![
[INFO] [stdout]     |             ^^^
[INFO] [stdout]     |
[INFO] [stdout] help: consider importing this macro
[INFO] [stdout]     |
[INFO] [stdout] 139 +     use alloc::vec;
[INFO] [stdout]     |
[INFO] [stdout] 
[INFO] [stdout] 
[INFO] [stdout] error: cannot find macro `vec` in this scope
[INFO] [stdout]    --> src/signal/filter/design/lp2bs_zpk.rs:174:34
[INFO] [stdout]     |
[INFO] [stdout] 174 |         let expected_p: Vec<_> = vec![
[INFO] [stdout]     |                                  ^^^
[INFO] [stdout]     |
[INFO] [stdout] help: consider importing this macro
[INFO] [stdout]     |
[INFO] [stdout] 139 +     use alloc::vec;
[INFO] [stdout]     |
[INFO] [stdout] 
[INFO] [stdout] 
[INFO] [stdout] error: cannot find macro `vec` in this scope
[INFO] [stdout]    --> src/signal/filter/design/lp2bs_zpk.rs:164:34
[INFO] [stdout]     |
[INFO] [stdout] 164 |         let expected_z: Vec<_> = vec![
[INFO] [stdout]     |                                  ^^^
[INFO] [stdout]     |
[INFO] [stdout] help: consider importing this macro
[INFO] [stdout]     |
[INFO] [stdout] 139 +     use alloc::vec;
[INFO] [stdout]     |
[INFO] [stdout] 
[INFO] [stdout] 
[INFO] [stdout] error: cannot find macro `vec` in this scope
[INFO] [stdout]    --> src/signal/filter/design/lp2bs_zpk.rs:153:13
[INFO] [stdout]     |
[INFO] [stdout] 153 |             vec![
[INFO] [stdout]     |             ^^^
[INFO] [stdout]     |
[INFO] [stdout] help: consider importing this macro
[INFO] [stdout]     |
[INFO] [stdout] 139 +     use alloc::vec;
[INFO] [stdout]     |
[INFO] [stdout] 
[INFO] [stdout] 
[INFO] [stdout] error: cannot find macro `vec` in this scope
[INFO] [stdout]    --> src/signal/filter/design/lp2bs_zpk.rs:147:13
[INFO] [stdout]     |
[INFO] [stdout] 147 |             vec![
[INFO] [stdout]     |             ^^^
[INFO] [stdout]     |
[INFO] [stdout] help: consider importing this macro
[INFO] [stdout]     |
[INFO] [stdout] 139 +     use alloc::vec;
[INFO] [stdout]     |
[INFO] [stdout] 
[INFO] [stdout] 
[INFO] [stdout] error: cannot find macro `vec` in this scope
[INFO] [stdout]    --> src/signal/filter/design/lp2bp_zpk.rs:143:34
[INFO] [stdout]     |
[INFO] [stdout] 143 |         let expected_p: Vec<_> = vec![
[INFO] [stdout]     |                                  ^^^
[INFO] [stdout]     |
[INFO] [stdout] help: consider importing this macro
[INFO] [stdout]     |
[INFO] [stdout] 121 +     use alloc::vec;
[INFO] [stdout]     |
[INFO] [stdout] 
[INFO] [stdout] 
[INFO] [stdout] error: cannot find macro `vec` in this scope
[INFO] [stdout]    --> src/signal/filter/design/lp2bp_zpk.rs:142:34
[INFO] [stdout]     |
[INFO] [stdout] 142 |         let expected_z: Vec<_> = vec![Complex::new(0., 0.); 4];
[INFO] [stdout]     |                                  ^^^
[INFO] [stdout]     |
[INFO] [stdout] help: consider importing this macro
[INFO] [stdout]     |
[INFO] [stdout] 121 +     use alloc::vec;
[INFO] [stdout]     |
[INFO] [stdout] 
[INFO] [stdout] 
[INFO] [stdout] error: cannot find macro `vec` in this scope
[INFO] [stdout]    --> src/signal/filter/design/lp2bp_zpk.rs:131:13
[INFO] [stdout]     |
[INFO] [stdout] 131 |             vec![
[INFO] [stdout]     |             ^^^
[INFO] [stdout]     |
[INFO] [stdout] help: consider importing this macro
[INFO] [stdout]     |
[INFO] [stdout] 121 +     use alloc::vec;
[INFO] [stdout]     |
[INFO] [stdout] 
[INFO] [stdout] 
[INFO] [stdout] error: cannot find macro `vec` in this scope
[INFO] [stdout]    --> src/signal/filter/design/iirfilter.rs:457:13
[INFO] [stdout]     |
[INFO] [stdout] 457 |             vec![90.],
[INFO] [stdout]     |             ^^^
[INFO] [stdout]     |
[INFO] [stdout] help: consider importing this macro
[INFO] [stdout]     |
[INFO] [stdout] 244 +     use alloc::vec;
[INFO] [stdout]     |
[INFO] [stdout] 
[INFO] [stdout] 
[INFO] [stdout] error: cannot find macro `vec` in this scope
[INFO] [stdout]    --> src/signal/filter/design/iirfilter.rs:447:13
[INFO] [stdout]     |
[INFO] [stdout] 447 |             vec![
[INFO] [stdout]     |             ^^^
[INFO] [stdout]     |
[INFO] [stdout] help: consider importing this macro
[INFO] [stdout]     |
[INFO] [stdout] 244 +     use alloc::vec;
[INFO] [stdout]     |
[INFO] [stdout] 
[INFO] [stdout] 
[INFO] [stdout] error: cannot find macro `vec` in this scope
[INFO] [stdout]    --> src/signal/filter/design/iirfilter.rs:441:13
[INFO] [stdout]     |
[INFO] [stdout] 441 |             vec![
[INFO] [stdout]     |             ^^^
[INFO] [stdout]     |
[INFO] [stdout] help: consider importing this macro
[INFO] [stdout]     |
[INFO] [stdout] 244 +     use alloc::vec;
[INFO] [stdout]     |
[INFO] [stdout] 
[INFO] [stdout] 
[INFO] [stdout] error: cannot find macro `vec` in this scope
[INFO] [stdout]    --> src/signal/filter/design/iirfilter.rs:381:13
[INFO] [stdout]     |
[INFO] [stdout] 381 |             vec![10., 50.],
[INFO] [stdout]     |             ^^^
[INFO] [stdout]     |
[INFO] [stdout] help: consider importing this macro
[INFO] [stdout]     |
[INFO] [stdout] 244 +     use alloc::vec;
[INFO] [stdout]     |
[INFO] [stdout] 
[INFO] [stdout] 
[INFO] [stdout] error: cannot find macro `vec` in this scope
[INFO] [stdout]    --> src/signal/filter/design/iirfilter.rs:327:13
[INFO] [stdout]     |
[INFO] [stdout] 327 |             vec![10., 50.],
[INFO] [stdout]     |             ^^^
[INFO] [stdout]     |
[INFO] [stdout] help: consider importing this macro
[INFO] [stdout]     |
[INFO] [stdout] 244 +     use alloc::vec;
[INFO] [stdout]     |
[INFO] [stdout] 
[INFO] [stdout] 
[INFO] [stdout] error: cannot find macro `vec` in this scope
[INFO] [stdout]    --> src/signal/filter/design/iirfilter.rs:292:13
[INFO] [stdout]     |
[INFO] [stdout] 292 |             vec![10., 50.],
[INFO] [stdout]     |             ^^^
[INFO] [stdout]     |
[INFO] [stdout] help: consider importing this macro
[INFO] [stdout]     |
[INFO] [stdout] 244 +     use alloc::vec;
[INFO] [stdout]     |
[INFO] [stdout] 
[INFO] [stdout] 
[INFO] [stdout] error: cannot find macro `vec` in this scope
[INFO] [stdout]    --> src/signal/filter/design/iirfilter.rs:278:13
[INFO] [stdout]     |
[INFO] [stdout] 278 |             vec![
[INFO] [stdout]     |             ^^^
[INFO] [stdout]     |
[INFO] [stdout] help: consider importing this macro
[INFO] [stdout]     |
[INFO] [stdout] 244 +     use alloc::vec;
[INFO] [stdout]     |
[INFO] [stdout] 
[INFO] [stdout] 
[INFO] [stdout] error: cannot find macro `vec` in this scope
[INFO] [stdout]    --> src/signal/filter/design/iirfilter.rs:268:13
[INFO] [stdout]     |
[INFO] [stdout] 268 |             vec![
[INFO] [stdout]     |             ^^^
[INFO] [stdout]     |
[INFO] [stdout] help: consider importing this macro
[INFO] [stdout]     |
[INFO] [stdout] 244 +     use alloc::vec;
[INFO] [stdout]     |
[INFO] [stdout] 
[INFO] [stdout] 
[INFO] [stdout] error: cannot find macro `vec` in this scope
[INFO] [stdout]    --> src/signal/filter/design/cplx.rs:242:35
[INFO] [stdout]     |
[INFO] [stdout] 242 |         let expected_zc: Vec<_> = vec![
[INFO] [stdout]     |                                   ^^^
[INFO] [stdout]     |
[INFO] [stdout] help: consider importing this macro
[INFO] [stdout]     |
[INFO] [stdout] 193 +     use alloc::vec;
[INFO] [stdout]     |
[INFO] [stdout] 
[INFO] [stdout] 
[INFO] [stdout] error: cannot find macro `vec` in this scope
[INFO] [stdout]    --> src/signal/filter/design/cplx.rs:231:25
[INFO] [stdout]     |
[INFO] [stdout] 231 |         let z: Vec<_> = vec![
[INFO] [stdout]     |                         ^^^
[INFO] [stdout]     |
[INFO] [stdout] help: consider importing this macro
[INFO] [stdout]     |
[INFO] [stdout] 193 +     use alloc::vec;
[INFO] [stdout]     |
[INFO] [stdout] 
[INFO] [stdout] 
[INFO] [stdout] error: cannot find macro `vec` in this scope
[INFO] [stdout]    --> src/signal/filter/design/cplx.rs:212:35
[INFO] [stdout]     |
[INFO] [stdout] 212 |         let expected_zr: Vec<_> = vec![
[INFO] [stdout]     |                                   ^^^
[INFO] [stdout]     |
[INFO] [stdout] help: consider importing this macro
[INFO] [stdout]     |
[INFO] [stdout] 193 +     use alloc::vec;
[INFO] [stdout]     |
[INFO] [stdout] 
[INFO] [stdout] 
[INFO] [stdout] error: cannot find macro `vec` in this scope
[INFO] [stdout]    --> src/signal/filter/design/cplx.rs:200:25
[INFO] [stdout]     |
[INFO] [stdout] 200 |         let z: Vec<_> = vec![
[INFO] [stdout]     |                         ^^^
[INFO] [stdout]     |
[INFO] [stdout] help: consider importing this macro
[INFO] [stdout]     |
[INFO] [stdout] 193 +     use alloc::vec;
[INFO] [stdout]     |
[INFO] [stdout] 
[INFO] [stdout] 
[INFO] [stdout] error: cannot find macro `vec` in this scope
[INFO] [stdout]    --> src/signal/filter/design/butter.rs:116:13
[INFO] [stdout]     |
[INFO] [stdout] 116 |             vec![10., 50.],
[INFO] [stdout]     |             ^^^
[INFO] [stdout]     |
[INFO] [stdout] help: consider importing this macro
[INFO] [stdout]     |
[INFO] [stdout] 49  +     use alloc::vec;
[INFO] [stdout]     |
[INFO] [stdout] 
[INFO] [stdout] 
[INFO] [stdout] error: cannot find macro `vec` in this scope
[INFO] [stdout]   --> src/signal/filter/design/butter.rs:84:13
[INFO] [stdout]    |
[INFO] [stdout] 84 |             vec![10., 50.],
[INFO] [stdout]    |             ^^^
[INFO] [stdout]    |
[INFO] [stdout] help: consider importing this macro
[INFO] [stdout]    |
[INFO] [stdout] 49 +     use alloc::vec;
[INFO] [stdout]    |
[INFO] [stdout] 
[INFO] [stdout] 
[INFO] [stdout] error: cannot find macro `vec` in this scope
[INFO] [stdout]   --> src/signal/filter/design/butter.rs:70:13
[INFO] [stdout]    |
[INFO] [stdout] 70 |             vec![
[INFO] [stdout]    |             ^^^
[INFO] [stdout]    |
[INFO] [stdout] help: consider importing this macro
[INFO] [stdout]    |
[INFO] [stdout] 49 +     use alloc::vec;
[INFO] [stdout]    |
[INFO] [stdout] 
[INFO] [stdout] 
[INFO] [stdout] error: cannot find macro `vec` in this scope
[INFO] [stdout]   --> src/signal/filter/design/butter.rs:60:13
[INFO] [stdout]    |
[INFO] [stdout] 60 |             vec![
[INFO] [stdout]    |             ^^^
[INFO] [stdout]    |
[INFO] [stdout] help: consider importing this macro
[INFO] [stdout]    |
[INFO] [stdout] 49 +     use alloc::vec;
[INFO] [stdout]    |
[INFO] [stdout] 
[INFO] [stdout] 
[INFO] [stdout] error: cannot find macro `vec` in this scope
[INFO] [stdout]    --> src/signal/filter/design/bilinear_zpk.rs:151:13
[INFO] [stdout]     |
[INFO] [stdout] 151 |             vec![
[INFO] [stdout]     |             ^^^
[INFO] [stdout]     |
[INFO] [stdout] help: consider importing this macro
[INFO] [stdout]     |
[INFO] [stdout] 115 +     use alloc::vec;
[INFO] [stdout]     |
[INFO] [stdout] 
[INFO] [stdout] 
[INFO] [stdout] error: cannot find macro `vec` in this scope
[INFO] [stdout]    --> src/signal/filter/design/bilinear_zpk.rs:141:13
[INFO] [stdout]     |
[INFO] [stdout] 141 |             vec![
[INFO] [stdout]     |             ^^^
[INFO] [stdout]     |
[INFO] [stdout] help: consider importing this macro
[INFO] [stdout]     |
[INFO] [stdout] 115 +     use alloc::vec;
[INFO] [stdout]     |
[INFO] [stdout] 
[INFO] [stdout] 
[INFO] [stdout] error: cannot find macro `vec` in this scope
[INFO] [stdout]    --> src/signal/filter/design/bilinear_zpk.rs:127:13
[INFO] [stdout]     |
[INFO] [stdout] 127 |             vec![
[INFO] [stdout]     |             ^^^
[INFO] [stdout]     |
[INFO] [stdout] help: consider importing this macro
[INFO] [stdout]     |
[INFO] [stdout] 115 +     use alloc::vec;
[INFO] [stdout]     |
[INFO] [stdout] 
[INFO] [stdout] 
[INFO] [stdout] error: cannot find macro `vec` in this scope
[INFO] [stdout]    --> src/signal/filter/design/bilinear_zpk.rs:126:13
[INFO] [stdout]     |
[INFO] [stdout] 126 |             vec![Complex::zero(); 4],
[INFO] [stdout]     |             ^^^
[INFO] [stdout]     |
[INFO] [stdout] help: consider importing this macro
[INFO] [stdout]     |
[INFO] [stdout] 115 +     use alloc::vec;
[INFO] [stdout]     |
[INFO] [stdout] 
[INFO] [stdout] 
[INFO] [stdout] error: cannot find macro `matrix` in this scope
[INFO] [stdout]   --> src/linalg/companion.rs:49:24
[INFO] [stdout]    |
[INFO] [stdout] 49 |         let expected = matrix!(
[INFO] [stdout]    |                        ^^^^^^
[INFO] [stdout] 
[INFO] [stdout] 
[INFO] [stdout] error: cannot find macro `println` in this scope
[INFO] [stdout]    --> src/stats.rs:326:9
[INFO] [stdout]     |
[INFO] [stdout] 326 |         println!("correlations = {:?}", correlations);
[INFO] [stdout]     |         ^^^^^^^
[INFO] [stdout] 
[INFO] [stdout] 
[INFO] [stdout] error: cannot find macro `println` in this scope
[INFO] [stdout]    --> src/stats.rs:305:9
[INFO] [stdout]     |
[INFO] [stdout] 305 |         println!("y = {:?}", median::<_, f64>(y.iter()));
[INFO] [stdout]     |         ^^^^^^^
[INFO] [stdout] 
[INFO] [stdout] 
[INFO] [stdout] error: cannot find macro `println` in this scope
[INFO] [stdout]    --> src/stats.rs:304:9
[INFO] [stdout]     |
[INFO] [stdout] 304 |         println!("y = {:?}", y);
[INFO] [stdout]     |         ^^^^^^^
[INFO] [stdout] 
[INFO] [stdout] 
[INFO] [stdout] error: cannot find macro `println` in this scope
[INFO] [stdout]    --> src/stats.rs:301:9
[INFO] [stdout]     |
[INFO] [stdout] 301 |         println!("y = {:?}", median::<_, f64>(y.iter()));
[INFO] [stdout]     |         ^^^^^^^
[INFO] [stdout] 
[INFO] [stdout] 
[INFO] [stdout] error: cannot find macro `println` in this scope
[INFO] [stdout]    --> src/stats.rs:300:9
[INFO] [stdout]     |
[INFO] [stdout] 300 |         println!("y = {:?}", y);
[INFO] [stdout]     |         ^^^^^^^
[INFO] [stdout] 
[INFO] [stdout] 
[INFO] [stdout] error: cannot find macro `println` in this scope
[INFO] [stdout]    --> src/signal/filter/sosfiltfilt.rs:162:9
[INFO] [stdout]     |
[INFO] [stdout] 162 |         println!("{:?}", &sin_wave[..10]);
[INFO] [stdout]     |         ^^^^^^^
[INFO] [stdout] 
[INFO] [stdout] 
[INFO] [stdout] error: cannot find macro `println` in this scope
[INFO] [stdout]    --> src/signal/filter/sosfiltfilt.rs:161:9
[INFO] [stdout]     |
[INFO] [stdout] 161 |         println!("{:?}", &bp_wave[..10]);
[INFO] [stdout]     |         ^^^^^^^
[INFO] [stdout] 
[INFO] [stdout] 
[INFO] [stdout] error: cannot find macro `println` in this scope
[INFO] [stdout]    --> src/signal/filter/sosfiltfilt.rs:159:9
[INFO] [stdout]     |
[INFO] [stdout] 159 |         println!("{:?}", bp_wave);
[INFO] [stdout]     |         ^^^^^^^
[INFO] [stdout] 
[INFO] [stdout] 
[INFO] [stdout] error: cannot find macro `println` in this scope
[INFO] [stdout]    --> src/signal/filter/sosfiltfilt.rs:113:9
[INFO] [stdout]     |
[INFO] [stdout] 113 |         println!("{:?}", &sin_wave[..10]);
[INFO] [stdout]     |         ^^^^^^^
[INFO] [stdout] 
[INFO] [stdout] 
[INFO] [stdout] error: cannot find macro `println` in this scope
[INFO] [stdout]    --> src/signal/filter/sosfiltfilt.rs:112:9
[INFO] [stdout]     |
[INFO] [stdout] 112 |         println!("{:?}", &bp_wave[..10]);
[INFO] [stdout]     |         ^^^^^^^
[INFO] [stdout] 
[INFO] [stdout] 
[INFO] [stdout] error: cannot find macro `println` in this scope
[INFO] [stdout]    --> src/signal/filter/sosfiltfilt.rs:109:9
[INFO] [stdout]     |
[INFO] [stdout] 109 |         println!("{:?}", bp_wave);
[INFO] [stdout]     |         ^^^^^^^
[INFO] [stdout] 
[INFO] [stdout] 
[INFO] [stdout] error: cannot find macro `println` in this scope
[INFO] [stdout]    --> src/signal/filter/savgol_filter.rs:126:9
[INFO] [stdout]     |
[INFO] [stdout] 126 |         println!("v = {:?}", v);
[INFO] [stdout]     |         ^^^^^^^
[INFO] [stdout] 
[INFO] [stdout] 
[INFO] [stdout] error: cannot find macro `println` in this scope
[INFO] [stdout]    --> src/signal/filter/savgol_filter.rs:123:9
[INFO] [stdout]     |
[INFO] [stdout] 123 |         println!("v = {:?}", v);
[INFO] [stdout]     |         ^^^^^^^
[INFO] [stdout] 
[INFO] [stdout] 
[INFO] [stdout] error: cannot find macro `println` in this scope
[INFO] [stdout]    --> src/signal/filter/sosfilt.rs:411:9
[INFO] [stdout]     |
[INFO] [stdout] 411 |         println!("{:?}", &sin_wave);
[INFO] [stdout]     |         ^^^^^^^
[INFO] [stdout] 
[INFO] [stdout] 
[INFO] [stdout] error: cannot find macro `println` in this scope
[INFO] [stdout]    --> src/signal/filter/sosfilt.rs:368:9
[INFO] [stdout]     |
[INFO] [stdout] 368 |         println!("{:?}", &sin_wave[..10]);
[INFO] [stdout]     |         ^^^^^^^
[INFO] [stdout] 
[INFO] [stdout] 
[INFO] [stdout] error: cannot find macro `println` in this scope
[INFO] [stdout]    --> src/signal/filter/sosfilt.rs:367:9
[INFO] [stdout]     |
[INFO] [stdout] 367 |         println!("{:?}", &bp_wave[..10]);
[INFO] [stdout]     |         ^^^^^^^
[INFO] [stdout] 
[INFO] [stdout] 
[INFO] [stdout] error: cannot find macro `println` in this scope
[INFO] [stdout]    --> src/signal/filter/sosfilt.rs:348:9
[INFO] [stdout]     |
[INFO] [stdout] 348 |         println!("{:?}", &sin_wave);
[INFO] [stdout]     |         ^^^^^^^
[INFO] [stdout] 
[INFO] [stdout] 
[INFO] [stdout] error: cannot find macro `println` in this scope
[INFO] [stdout]    --> src/signal/filter/design/sos.rs:115:9
[INFO] [stdout]     |
[INFO] [stdout] 115 |         println!("{:?}", sos);
[INFO] [stdout]     |         ^^^^^^^
[INFO] [stdout] 
[INFO] [stdout] 
[INFO] [stdout] error: aborting due to 76 previous errors
[INFO] [stdout] 
[INFO] [stdout] 
[INFO] [stdout] Some errors have detailed explanations: E0432, E0433.
[INFO] [stdout] 
[INFO] [stdout] For more information about an error, try `rustc --explain E0432`.
[INFO] [stdout] 
[INFO] [stderr] error: could not compile `sci-rs` (lib test) due to 77 previous errors
[INFO] running `Command { std: "docker" "inspect" "21e02d78a04cd2c13f8d9c56b694ac0372b4e626d2d4f08279c1e722466278d0", kill_on_drop: false }`
[INFO] running `Command { std: "docker" "rm" "-f" "21e02d78a04cd2c13f8d9c56b694ac0372b4e626d2d4f08279c1e722466278d0", kill_on_drop: false }`
[INFO] [stdout] 21e02d78a04cd2c13f8d9c56b694ac0372b4e626d2d4f08279c1e722466278d0
