[INFO] fetching crate schnorr-signatures 0.5.1...
[INFO] testing schnorr-signatures-0.5.1 against 1.75.0 for beta-1.76-1
[INFO] extracting crate schnorr-signatures 0.5.1 into /workspace/builds/worker-1-tc1/source
[INFO] validating manifest of crates.io crate schnorr-signatures 0.5.1 on toolchain 1.75.0
[INFO] running `Command { std: CARGO_HOME="/workspace/cargo-home" RUSTUP_HOME="/workspace/rustup-home" "/workspace/cargo-home/bin/cargo" "+1.75.0" "metadata" "--manifest-path" "Cargo.toml" "--no-deps", kill_on_drop: false }`
[INFO] started tweaking crates.io crate schnorr-signatures 0.5.1
[INFO] finished tweaking crates.io crate schnorr-signatures 0.5.1
[INFO] tweaked toml for crates.io crate schnorr-signatures 0.5.1 written to /workspace/builds/worker-1-tc1/source/Cargo.toml
[INFO] running `Command { std: CARGO_HOME="/workspace/cargo-home" RUSTUP_HOME="/workspace/rustup-home" "/workspace/cargo-home/bin/cargo" "+1.75.0" "generate-lockfile" "--manifest-path" "Cargo.toml", kill_on_drop: false }`
[INFO] [stderr]     Updating crates.io index
[INFO] running `Command { std: CARGO_HOME="/workspace/cargo-home" RUSTUP_HOME="/workspace/rustup-home" "/workspace/cargo-home/bin/cargo" "+1.75.0" "fetch" "--manifest-path" "Cargo.toml", kill_on_drop: false }`
[INFO] [stderr]  Downloading crates ...
[INFO] [stderr]   Downloaded multiexp v0.4.0
[INFO] [stderr]   Downloaded std-shims v0.1.1
[INFO] [stderr]   Downloaded ciphersuite v0.4.1
[INFO] running `Command { std: "docker" "create" "-v" "/var/lib/crater-agent-workspace/builds/worker-1-tc1/target:/opt/rustwide/target:rw,Z" "-v" "/var/lib/crater-agent-workspace/builds/worker-1-tc1/source:/opt/rustwide/workdir:ro,Z" "-v" "/var/lib/crater-agent-workspace/cargo-home:/opt/rustwide/cargo-home:ro,Z" "-v" "/var/lib/crater-agent-workspace/rustup-home:/opt/rustwide/rustup-home:ro,Z" "-e" "SOURCE_DIR=/opt/rustwide/workdir" "-e" "CARGO_TARGET_DIR=/opt/rustwide/target" "-e" "CARGO_HOME=/opt/rustwide/cargo-home" "-e" "RUSTUP_HOME=/opt/rustwide/rustup-home" "-w" "/opt/rustwide/workdir" "-m" "1610612736" "--user" "0:0" "--network" "none" "ghcr.io/rust-lang/crates-build-env/linux@sha256:2788e3201cd34a07e3172128adcd8b3090168a8e3bcc40d7c032b9dda1df7d1c" "/opt/rustwide/cargo-home/bin/cargo" "+1.75.0" "metadata" "--no-deps" "--format-version=1", kill_on_drop: false }`
[INFO] [stdout] 782b2a5b77902ee96fb01dffad2c2a57a0b4a1ae993e8fc9e25f82e47416c7de
[INFO] running `Command { std: "docker" "start" "-a" "782b2a5b77902ee96fb01dffad2c2a57a0b4a1ae993e8fc9e25f82e47416c7de", kill_on_drop: false }`
[INFO] running `Command { std: "docker" "inspect" "782b2a5b77902ee96fb01dffad2c2a57a0b4a1ae993e8fc9e25f82e47416c7de", kill_on_drop: false }`
[INFO] running `Command { std: "docker" "rm" "-f" "782b2a5b77902ee96fb01dffad2c2a57a0b4a1ae993e8fc9e25f82e47416c7de", kill_on_drop: false }`
[INFO] [stdout] 782b2a5b77902ee96fb01dffad2c2a57a0b4a1ae993e8fc9e25f82e47416c7de
[INFO] running `Command { std: "docker" "create" "-v" "/var/lib/crater-agent-workspace/builds/worker-1-tc1/target:/opt/rustwide/target:rw,Z" "-v" "/var/lib/crater-agent-workspace/builds/worker-1-tc1/source:/opt/rustwide/workdir:ro,Z" "-v" "/var/lib/crater-agent-workspace/cargo-home:/opt/rustwide/cargo-home:ro,Z" "-v" "/var/lib/crater-agent-workspace/rustup-home:/opt/rustwide/rustup-home:ro,Z" "-e" "SOURCE_DIR=/opt/rustwide/workdir" "-e" "CARGO_TARGET_DIR=/opt/rustwide/target" "-e" "CARGO_INCREMENTAL=0" "-e" "RUST_BACKTRACE=full" "-e" "RUSTFLAGS=--cap-lints=warn" "-e" "RUSTDOCFLAGS=--cap-lints=warn" "-e" "CARGO_HOME=/opt/rustwide/cargo-home" "-e" "RUSTUP_HOME=/opt/rustwide/rustup-home" "-w" "/opt/rustwide/workdir" "-m" "1610612736" "--user" "0:0" "--network" "none" "ghcr.io/rust-lang/crates-build-env/linux@sha256:2788e3201cd34a07e3172128adcd8b3090168a8e3bcc40d7c032b9dda1df7d1c" "/opt/rustwide/cargo-home/bin/cargo" "+1.75.0" "build" "--frozen" "--message-format=json", kill_on_drop: false }`
[INFO] [stdout] ce6c31a0e2ca777d0acc94901c413eeedbbbb7b2e418746b2e7766904882cf33
[INFO] running `Command { std: "docker" "start" "-a" "ce6c31a0e2ca777d0acc94901c413eeedbbbb7b2e418746b2e7766904882cf33", kill_on_drop: false }`
[INFO] [stderr]    Compiling generic-array v0.14.7
[INFO] [stderr]    Compiling radium v0.7.0
[INFO] [stderr]    Compiling ahash v0.8.7
[INFO] [stderr]    Compiling tap v1.0.1
[INFO] [stderr]    Compiling zerocopy v0.7.32
[INFO] [stderr]    Compiling syn v2.0.48
[INFO] [stderr]    Compiling rustversion v1.0.14
[INFO] [stderr]    Compiling subtle v2.5.0
[INFO] [stderr]    Compiling wyz v0.5.1
[INFO] [stderr]    Compiling funty v2.0.0
[INFO] [stderr]    Compiling once_cell v1.19.0
[INFO] [stderr]    Compiling allocator-api2 v0.2.16
[INFO] [stderr]    Compiling rand_core v0.6.4
[INFO] [stderr]    Compiling hashbrown v0.14.3
[INFO] [stderr]    Compiling bitvec v1.0.1
[INFO] [stderr]    Compiling crypto-common v0.1.6
[INFO] [stderr]    Compiling block-buffer v0.10.4
[INFO] [stderr]    Compiling digest v0.10.7
[INFO] [stderr]    Compiling std-shims v0.1.1
[INFO] [stderr]    Compiling ff v0.13.0
[INFO] [stderr]    Compiling group v0.13.0
[INFO] [stderr]    Compiling zeroize_derive v1.4.2
[INFO] [stderr]    Compiling zeroize v1.7.0
[INFO] [stderr]    Compiling flexible-transcript v0.3.2
[INFO] [stderr]    Compiling multiexp v0.4.0
[INFO] [stderr]    Compiling ciphersuite v0.4.1
[INFO] [stderr]    Compiling schnorr-signatures v0.5.1 (/opt/rustwide/workdir)
[INFO] [stderr]     Finished dev [unoptimized + debuginfo] target(s) in 9.72s
[INFO] running `Command { std: "docker" "inspect" "ce6c31a0e2ca777d0acc94901c413eeedbbbb7b2e418746b2e7766904882cf33", kill_on_drop: false }`
[INFO] running `Command { std: "docker" "rm" "-f" "ce6c31a0e2ca777d0acc94901c413eeedbbbb7b2e418746b2e7766904882cf33", kill_on_drop: false }`
[INFO] [stdout] ce6c31a0e2ca777d0acc94901c413eeedbbbb7b2e418746b2e7766904882cf33
[INFO] running `Command { std: "docker" "create" "-v" "/var/lib/crater-agent-workspace/builds/worker-1-tc1/target:/opt/rustwide/target:rw,Z" "-v" "/var/lib/crater-agent-workspace/builds/worker-1-tc1/source:/opt/rustwide/workdir:ro,Z" "-v" "/var/lib/crater-agent-workspace/cargo-home:/opt/rustwide/cargo-home:ro,Z" "-v" "/var/lib/crater-agent-workspace/rustup-home:/opt/rustwide/rustup-home:ro,Z" "-e" "SOURCE_DIR=/opt/rustwide/workdir" "-e" "CARGO_TARGET_DIR=/opt/rustwide/target" "-e" "CARGO_INCREMENTAL=0" "-e" "RUST_BACKTRACE=full" "-e" "RUSTFLAGS=--cap-lints=warn" "-e" "RUSTDOCFLAGS=--cap-lints=warn" "-e" "CARGO_HOME=/opt/rustwide/cargo-home" "-e" "RUSTUP_HOME=/opt/rustwide/rustup-home" "-w" "/opt/rustwide/workdir" "-m" "1610612736" "--user" "0:0" "--network" "none" "ghcr.io/rust-lang/crates-build-env/linux@sha256:2788e3201cd34a07e3172128adcd8b3090168a8e3bcc40d7c032b9dda1df7d1c" "/opt/rustwide/cargo-home/bin/cargo" "+1.75.0" "test" "--frozen" "--no-run" "--message-format=json", kill_on_drop: false }`
[INFO] [stdout] 84e9c9417619f32c46100627381bd84f541cc97fea16f14b7255da7d608cf4fd
[INFO] running `Command { std: "docker" "start" "-a" "84e9c9417619f32c46100627381bd84f541cc97fea16f14b7255da7d608cf4fd", kill_on_drop: false }`
[INFO] [stderr]    Compiling crypto-common v0.1.6
[INFO] [stderr]    Compiling cpufeatures v0.2.12
[INFO] [stderr]    Compiling ff v0.13.0
[INFO] [stderr]    Compiling hex v0.4.3
[INFO] [stderr]    Compiling digest v0.10.7
[INFO] [stderr]    Compiling group v0.13.0
[INFO] [stderr]    Compiling multiexp v0.4.0
[INFO] [stderr]    Compiling flexible-transcript v0.3.2
[INFO] [stderr]    Compiling sha2 v0.10.8
[INFO] [stderr]    Compiling ciphersuite v0.4.1
[INFO] [stderr]    Compiling schnorr-signatures v0.5.1 (/opt/rustwide/workdir)
[INFO] [stdout] error[E0432]: unresolved import `ciphersuite::Ed25519`
[INFO] [stdout]   --> src/tests/mod.rs:8:16
[INFO] [stdout]    |
[INFO] [stdout] 8  |   Ciphersuite, Ed25519,
[INFO] [stdout]    |                ^^^^^^^ no `Ed25519` in the root
[INFO] [stdout]    |
[INFO] [stdout] note: found an item that was configured out
[INFO] [stdout]   --> /opt/rustwide/cargo-home/registry/src/index.crates.io-6f17d22bba15001f/ciphersuite-0.4.1/src/lib.rs:31:16
[INFO] [stdout]    |
[INFO] [stdout] 31 | pub use dalek::Ed25519;
[INFO] [stdout]    |                ^^^^^^^
[INFO] [stdout]    = note: the item is gated behind the `ed25519` feature
[INFO] [stdout] 
[INFO] [stdout] 
[INFO] [stdout] error[E0432]: unresolved import `ciphersuite::Ed25519`
[INFO] [stdout]   --> src/tests/rfc8032.rs:9:54
[INFO] [stdout]    |
[INFO] [stdout] 9  | use ciphersuite::{group::GroupEncoding, Ciphersuite, Ed25519};
[INFO] [stdout]    |                                                      ^^^^^^^ no `Ed25519` in the root
[INFO] [stdout]    |
[INFO] [stdout]    = help: consider importing this unresolved item through its public re-export instead:
[INFO] [stdout]            crate::tests::Ed25519
[INFO] [stdout] note: found an item that was configured out
[INFO] [stdout]   --> /opt/rustwide/cargo-home/registry/src/index.crates.io-6f17d22bba15001f/ciphersuite-0.4.1/src/lib.rs:31:16
[INFO] [stdout]    |
[INFO] [stdout] 31 | pub use dalek::Ed25519;
[INFO] [stdout]    |                ^^^^^^^
[INFO] [stdout]    = note: the item is gated behind the `ed25519` feature
[INFO] [stdout] 
[INFO] [stdout] 
[INFO] [stdout] error[E0432]: unresolved import `dalek_ff_group`
[INFO] [stdout]  --> src/tests/rfc8032.rs:8:5
[INFO] [stdout]   |
[INFO] [stdout] 8 | use dalek_ff_group::Scalar;
[INFO] [stdout]   |     ^^^^^^^^^^^^^^ use of undeclared crate or module `dalek_ff_group`
[INFO] [stdout] 
[INFO] [stdout] 
[INFO] [stdout] warning: unused import: `Ciphersuite`
[INFO] [stdout]  --> src/tests/rfc8032.rs:9:41
[INFO] [stdout]   |
[INFO] [stdout] 9 | use ciphersuite::{group::GroupEncoding, Ciphersuite, Ed25519};
[INFO] [stdout]   |                                         ^^^^^^^^^^^
[INFO] [stdout]   |
[INFO] [stdout]   = note: `#[warn(unused_imports)]` on by default
[INFO] [stdout] 
[INFO] [stdout] 
[INFO] [stdout] warning: unused import: `group::GroupEncoding`
[INFO] [stdout]  --> src/tests/rfc8032.rs:9:19
[INFO] [stdout]   |
[INFO] [stdout] 9 | use ciphersuite::{group::GroupEncoding, Ciphersuite, Ed25519};
[INFO] [stdout]   |                   ^^^^^^^^^^^^^^^^^^^^
[INFO] [stdout] 
[INFO] [stdout] 
[INFO] [stdout] error: aborting due to 3 previous errors; 2 warnings emitted
[INFO] [stdout] 
[INFO] [stdout] 
[INFO] [stdout] For more information about this error, try `rustc --explain E0432`.
[INFO] [stdout] 
[INFO] [stderr] error: could not compile `schnorr-signatures` (lib test) due to 4 previous errors; 2 warnings emitted
[INFO] running `Command { std: "docker" "inspect" "84e9c9417619f32c46100627381bd84f541cc97fea16f14b7255da7d608cf4fd", kill_on_drop: false }`
[INFO] running `Command { std: "docker" "rm" "-f" "84e9c9417619f32c46100627381bd84f541cc97fea16f14b7255da7d608cf4fd", kill_on_drop: false }`
[INFO] [stdout] 84e9c9417619f32c46100627381bd84f541cc97fea16f14b7255da7d608cf4fd
