[INFO] fetching crate schematic 0.12.9...
[INFO] testing schematic-0.12.9 against 1.75.0 for beta-1.76-1
[INFO] extracting crate schematic 0.12.9 into /workspace/builds/worker-3-tc1/source
[INFO] validating manifest of crates.io crate schematic 0.12.9 on toolchain 1.75.0
[INFO] running `Command { std: CARGO_HOME="/workspace/cargo-home" RUSTUP_HOME="/workspace/rustup-home" "/workspace/cargo-home/bin/cargo" "+1.75.0" "metadata" "--manifest-path" "Cargo.toml" "--no-deps", kill_on_drop: false }`
[INFO] started tweaking crates.io crate schematic 0.12.9
[INFO] finished tweaking crates.io crate schematic 0.12.9
[INFO] tweaked toml for crates.io crate schematic 0.12.9 written to /workspace/builds/worker-3-tc1/source/Cargo.toml
[INFO] running `Command { std: CARGO_HOME="/workspace/cargo-home" RUSTUP_HOME="/workspace/rustup-home" "/workspace/cargo-home/bin/cargo" "+1.75.0" "generate-lockfile" "--manifest-path" "Cargo.toml", kill_on_drop: false }`
[INFO] [stderr]     Updating crates.io index
[INFO] running `Command { std: CARGO_HOME="/workspace/cargo-home" RUSTUP_HOME="/workspace/rustup-home" "/workspace/cargo-home/bin/cargo" "+1.75.0" "fetch" "--manifest-path" "Cargo.toml", kill_on_drop: false }`
[INFO] [stderr]  Downloading crates ...
[INFO] [stderr]   Downloaded warpgate v0.5.15
[INFO] [stderr]   Downloaded wasi-cap-std-sync v11.0.2
[INFO] [stderr]   Downloaded system-interface v0.25.9
[INFO] [stderr]   Downloaded cranelift-control v0.98.2
[INFO] [stderr]   Downloaded cap-time-ext v1.0.15
[INFO] [stderr]   Downloaded cap-fs-ext v1.0.15
[INFO] [stderr]   Downloaded warpgate_api v0.1.6
[INFO] [stderr]   Downloaded starbase_styles v0.1.16
[INFO] [stderr]   Downloaded wiggle-macro v11.0.2
[INFO] [stderr]   Downloaded winx v0.35.1
[INFO] [stderr]   Downloaded starbase_utils v0.3.11
[INFO] [stderr]   Downloaded wasmtime-component-util v11.0.2
[INFO] [stderr]   Downloaded wasmtime-winch v11.0.2
[INFO] [stderr]   Downloaded version_spec v0.1.7
[INFO] [stderr]   Downloaded io-extras v0.17.4
[INFO] [stderr]   Downloaded wasmtime-types v11.0.2
[INFO] [stderr]   Downloaded wasmprinter v0.2.75
[INFO] [stderr]   Downloaded fxprof-processed-profile v0.6.0
[INFO] [stderr]   Downloaded cranelift-frontend v0.98.2
[INFO] [stderr]   Downloaded wasmparser v0.118.1
[INFO] [stderr]   Downloaded cranelift-codegen v0.98.2
[INFO] [stderr]   Downloaded once_map v0.4.13
[INFO] [stderr]   Downloaded cbindgen v0.24.5
[INFO] [stderr]   Downloaded tardar v0.1.0
[INFO] [stderr]   Downloaded schematic_macros v0.12.8
[INFO] [stderr]   Downloaded cranelift-wasm v0.98.2
[INFO] [stderr]   Downloaded wasmtime v11.0.2
[INFO] [stderr]   Downloaded wasmtime-cranelift v11.0.2
[INFO] [stderr]   Downloaded wasmtime-runtime v11.0.2
[INFO] [stderr]   Downloaded wasmparser v0.107.0
[INFO] [stderr]   Downloaded wasmtime-environ v11.0.2
[INFO] [stderr]   Downloaded witx v0.9.1
[INFO] [stderr]   Downloaded wax v0.6.0
[INFO] [stderr]   Downloaded ittapi-sys v0.3.5
[INFO] [stderr]   Downloaded cap-primitives v1.0.15
[INFO] [stderr]   Downloaded cranelift-codegen-meta v0.98.2
[INFO] [stderr]   Downloaded garde v0.16.3
[INFO] [stderr]   Downloaded cap-std v1.0.15
[INFO] [stderr]   Downloaded wasi-common v11.0.2
[INFO] [stderr]   Downloaded wit-parser v0.8.0
[INFO] [stderr]   Downloaded winch-codegen v0.9.2
[INFO] [stderr]   Downloaded wast v35.0.2
[INFO] [stderr]   Downloaded fd-lock v4.0.2
[INFO] [stderr]   Downloaded wasmtime-fiber v11.0.2
[INFO] [stderr]   Downloaded schematic_types v0.4.10
[INFO] [stderr]   Downloaded cap-rand v1.0.15
[INFO] [stderr]   Downloaded file-per-thread-logger v0.2.0
[INFO] [stderr]   Downloaded wasmtime-cache v11.0.2
[INFO] [stderr]   Downloaded cranelift-native v0.98.2
[INFO] [stderr]   Downloaded cranelift-bforest v0.98.2
[INFO] [stderr]   Downloaded wiggle v11.0.2
[INFO] [stderr]   Downloaded garde_derive v0.16.3
[INFO] [stderr]   Downloaded fs-set-times v0.19.2
[INFO] [stderr]   Downloaded wasmtime-wit-bindgen v11.0.2
[INFO] [stderr]   Downloaded wasmtime-component-macro v11.0.2
[INFO] [stderr]   Downloaded wasm-encoder v0.29.0
[INFO] [stderr]   Downloaded wiggle-generate v11.0.2
[INFO] [stderr]   Downloaded extism-manifest v0.5.0
[INFO] [stderr]   Downloaded extism v0.5.5
[INFO] [stderr]   Downloaded pori v0.0.0
[INFO] [stderr]   Downloaded starbase_archive v0.2.5
[INFO] [stderr]   Downloaded ittapi v0.3.5
[INFO] [stderr]   Downloaded wasmtime-jit-icache-coherence v11.0.2
[INFO] [stderr]   Downloaded extism-runtime v0.5.5
[INFO] [stderr]   Downloaded assert_fs v1.1.0
[INFO] [stderr]   Downloaded starbase_sandbox v0.1.12
[INFO] [stderr]   Downloaded wasmtime-jit v11.0.2
[INFO] [stderr]   Downloaded wasmtime-jit-debug v11.0.2
[INFO] [stderr]   Downloaded cranelift-codegen-shared v0.98.2
[INFO] [stderr]   Downloaded wasmtime-wasi v11.0.2
[INFO] [stderr]   Downloaded wasmtime-cranelift-shared v11.0.2
[INFO] [stderr]   Downloaded cranelift-isle v0.98.2
[INFO] [stderr]   Downloaded wasmtime-asm-macros v11.0.2
[INFO] [stderr]   Downloaded cranelift-entity v0.98.2
[INFO] [stderr]   Downloaded sptr v0.3.2
[INFO] running `Command { std: "docker" "create" "-v" "/var/lib/crater-agent-workspace/builds/worker-3-tc1/target:/opt/rustwide/target:rw,Z" "-v" "/var/lib/crater-agent-workspace/builds/worker-3-tc1/source:/opt/rustwide/workdir:ro,Z" "-v" "/var/lib/crater-agent-workspace/cargo-home:/opt/rustwide/cargo-home:ro,Z" "-v" "/var/lib/crater-agent-workspace/rustup-home:/opt/rustwide/rustup-home:ro,Z" "-e" "SOURCE_DIR=/opt/rustwide/workdir" "-e" "CARGO_TARGET_DIR=/opt/rustwide/target" "-e" "CARGO_HOME=/opt/rustwide/cargo-home" "-e" "RUSTUP_HOME=/opt/rustwide/rustup-home" "-w" "/opt/rustwide/workdir" "-m" "1610612736" "--user" "0:0" "--network" "none" "ghcr.io/rust-lang/crates-build-env/linux@sha256:2788e3201cd34a07e3172128adcd8b3090168a8e3bcc40d7c032b9dda1df7d1c" "/opt/rustwide/cargo-home/bin/cargo" "+1.75.0" "metadata" "--no-deps" "--format-version=1", kill_on_drop: false }`
[INFO] [stdout] e87ab36511c72f90af18843b87c5e06ad55ce92e25cc13f4dc18a963b3b6b840
[INFO] running `Command { std: "docker" "start" "-a" "e87ab36511c72f90af18843b87c5e06ad55ce92e25cc13f4dc18a963b3b6b840", kill_on_drop: false }`
[INFO] running `Command { std: "docker" "inspect" "e87ab36511c72f90af18843b87c5e06ad55ce92e25cc13f4dc18a963b3b6b840", kill_on_drop: false }`
[INFO] running `Command { std: "docker" "rm" "-f" "e87ab36511c72f90af18843b87c5e06ad55ce92e25cc13f4dc18a963b3b6b840", kill_on_drop: false }`
[INFO] [stdout] e87ab36511c72f90af18843b87c5e06ad55ce92e25cc13f4dc18a963b3b6b840
[INFO] running `Command { std: "docker" "create" "-v" "/var/lib/crater-agent-workspace/builds/worker-3-tc1/target:/opt/rustwide/target:rw,Z" "-v" "/var/lib/crater-agent-workspace/builds/worker-3-tc1/source:/opt/rustwide/workdir:ro,Z" "-v" "/var/lib/crater-agent-workspace/cargo-home:/opt/rustwide/cargo-home:ro,Z" "-v" "/var/lib/crater-agent-workspace/rustup-home:/opt/rustwide/rustup-home:ro,Z" "-e" "SOURCE_DIR=/opt/rustwide/workdir" "-e" "CARGO_TARGET_DIR=/opt/rustwide/target" "-e" "CARGO_INCREMENTAL=0" "-e" "RUST_BACKTRACE=full" "-e" "RUSTFLAGS=--cap-lints=warn" "-e" "RUSTDOCFLAGS=--cap-lints=warn" "-e" "CARGO_HOME=/opt/rustwide/cargo-home" "-e" "RUSTUP_HOME=/opt/rustwide/rustup-home" "-w" "/opt/rustwide/workdir" "-m" "1610612736" "--user" "0:0" "--network" "none" "ghcr.io/rust-lang/crates-build-env/linux@sha256:2788e3201cd34a07e3172128adcd8b3090168a8e3bcc40d7c032b9dda1df7d1c" "/opt/rustwide/cargo-home/bin/cargo" "+1.75.0" "build" "--frozen" "--message-format=json", kill_on_drop: false }`
[INFO] [stdout] e825d30e45830bacae8da0dd3421352feaa0a331343433047c46645215e987ce
[INFO] running `Command { std: "docker" "start" "-a" "e825d30e45830bacae8da0dd3421352feaa0a331343433047c46645215e987ce", kill_on_drop: false }`
[INFO] [stderr]    Compiling proc-macro2 v1.0.75
[INFO] [stderr]    Compiling unicode-ident v1.0.12
[INFO] [stderr]    Compiling libc v0.2.151
[INFO] [stderr]    Compiling itoa v1.0.10
[INFO] [stderr]    Compiling pin-project-lite v0.2.13
[INFO] [stderr]    Compiling once_cell v1.19.0
[INFO] [stderr]    Compiling bytes v1.5.0
[INFO] [stderr]    Compiling slab v0.4.9
[INFO] [stderr]    Compiling futures-core v0.3.30
[INFO] [stderr]    Compiling serde v1.0.194
[INFO] [stderr]    Compiling rustix v0.38.28
[INFO] [stderr]    Compiling tracing-core v0.1.32
[INFO] [stderr]    Compiling rustversion v1.0.14
[INFO] [stderr]    Compiling memchr v2.7.1
[INFO] [stderr]    Compiling futures-sink v0.3.30
[INFO] [stderr]    Compiling futures-io v0.3.30
[INFO] [stderr]    Compiling http v0.2.11
[INFO] [stderr]    Compiling futures-task v0.3.30
[INFO] [stderr]    Compiling bitflags v2.4.1
[INFO] [stderr]    Compiling httparse v1.8.0
[INFO] [stderr]    Compiling ident_case v1.0.1
[INFO] [stderr]    Compiling ryu v1.0.16
[INFO] [stderr]    Compiling pin-utils v0.1.0
[INFO] [stderr]    Compiling quote v1.0.35
[INFO] [stderr]    Compiling strsim v0.10.0
[INFO] [stderr]    Compiling hashbrown v0.14.3
[INFO] [stderr]    Compiling linux-raw-sys v0.4.12
[INFO] [stderr]    Compiling syn v2.0.48
[INFO] [stderr]    Compiling equivalent v1.0.1
[INFO] [stderr]    Compiling percent-encoding v2.3.1
[INFO] [stderr]    Compiling mio v0.8.10
[INFO] [stderr]    Compiling num_cpus v1.16.0
[INFO] [stderr]    Compiling socket2 v0.5.5
[INFO] [stderr]    Compiling form_urlencoded v1.2.1
[INFO] [stderr]    Compiling futures-util v0.3.30
[INFO] [stderr]    Compiling indexmap v2.1.0
[INFO] [stderr]    Compiling tokio v1.35.1
[INFO] [stderr]    Compiling unicode-normalization v0.1.22
[INFO] [stderr]    Compiling try-lock v0.2.5
[INFO] [stderr]    Compiling option-ext v0.2.0
[INFO] [stderr]    Compiling regex-syntax v0.8.2
[INFO] [stderr]    Compiling thiserror v1.0.56
[INFO] [stderr]    Compiling unicode-bidi v0.3.14
[INFO] [stderr]    Compiling castaway v0.2.2
[INFO] [stderr]    Compiling dirs-sys v0.4.1
[INFO] [stderr]    Compiling want v0.3.1
[INFO] [stderr]    Compiling idna v0.5.0
[INFO] [stderr]    Compiling is-terminal v0.4.10
[INFO] [stderr]    Compiling http-body v0.4.6
[INFO] [stderr]    Compiling futures-channel v0.3.30
[INFO] [stderr]    Compiling is_ci v1.1.1
[INFO] [stderr]    Compiling httpdate v1.0.3
[INFO] [stderr]    Compiling static_assertions v1.1.0
[INFO] [stderr]    Compiling unicode-segmentation v1.10.1
[INFO] [stderr]    Compiling tower-service v0.3.2
[INFO] [stderr]    Compiling compact_str v0.7.1
[INFO] [stderr]    Compiling supports-color v2.1.0
[INFO] [stderr]    Compiling convert_case v0.6.0
[INFO] [stderr]    Compiling url v2.5.0
[INFO] [stderr]    Compiling dirs v5.0.1
[INFO] [stderr]    Compiling encoding_rs v0.8.33
[INFO] [stderr]    Compiling regex-automata v0.4.3
[INFO] [stderr]    Compiling ipnet v2.9.0
[INFO] [stderr]    Compiling base64 v0.21.5
[INFO] [stderr]    Compiling smallvec v1.11.2
[INFO] [stderr]    Compiling log v0.4.20
[INFO] [stderr]    Compiling unicode-width v0.1.11
[INFO] [stderr]    Compiling starbase_styles v0.1.16
[INFO] [stderr]    Compiling schematic_types v0.4.10
[INFO] [stderr]    Compiling darling_core v0.20.3
[INFO] [stderr]    Compiling regex v1.10.2
[INFO] [stderr]    Compiling garde v0.16.3
[INFO] [stderr]    Compiling tracing-attributes v0.1.27
[INFO] [stderr]    Compiling serde_derive v1.0.194
[INFO] [stderr]    Compiling thiserror-impl v1.0.56
[INFO] [stderr]    Compiling miette-derive v5.10.0
[INFO] [stderr]    Compiling darling_macro v0.20.3
[INFO] [stderr]    Compiling tracing v0.1.40
[INFO] [stderr]    Compiling tokio-util v0.7.10
[INFO] [stderr]    Compiling darling v0.20.3
[INFO] [stderr]    Compiling miette v5.10.0
[INFO] [stderr]    Compiling schematic_macros v0.12.8
[INFO] [stderr]    Compiling h2 v0.3.22
[INFO] [stderr]    Compiling hyper v0.14.28
[INFO] [stderr]    Compiling serde_urlencoded v0.7.1
[INFO] [stderr]    Compiling serde_path_to_error v0.1.15
[INFO] [stderr]    Compiling reqwest v0.11.23
[INFO] [stderr]    Compiling schematic v0.12.9 (/opt/rustwide/workdir)
[INFO] [stdout] warning: unreachable expression
[INFO] [stdout]    --> src/config/format.rs:161:9
[INFO] [stdout]     |
[INFO] [stdout] 78  |           let data: D = match self {
[INFO] [stdout]     |  _______________________-
[INFO] [stdout] 79  | |             Format::None => {
[INFO] [stdout] 80  | |                 unreachable!();
[INFO] [stdout] 81  | |             }
[INFO] [stdout] ...   |
[INFO] [stdout] 158 | |             }
[INFO] [stdout] 159 | |         };
[INFO] [stdout]     | |_________- any code following this `match` expression is unreachable, as all arms diverge
[INFO] [stdout] 160 |
[INFO] [stdout] 161 |           Ok(data)
[INFO] [stdout]     |           ^^^^^^^^ unreachable expression
[INFO] [stdout]     |
[INFO] [stdout]     = note: `#[warn(unreachable_code)]` on by default
[INFO] [stdout] 
[INFO] [stdout] 
[INFO] [stdout] warning: variable does not need to be mutable
[INFO] [stdout]   --> src/config/format.rs:36:13
[INFO] [stdout]    |
[INFO] [stdout] 36 |         let mut available: Vec<&str> = vec![];
[INFO] [stdout]    |             ----^^^^^^^^^
[INFO] [stdout]    |             |
[INFO] [stdout]    |             help: remove this `mut`
[INFO] [stdout]    |
[INFO] [stdout]    = note: `#[warn(unused_mut)]` on by default
[INFO] [stdout] 
[INFO] [stdout] 
[INFO] [stdout] warning: unused variable: `data`
[INFO] [stdout]   --> src/config/format.rs:78:13
[INFO] [stdout]    |
[INFO] [stdout] 78 |         let data: D = match self {
[INFO] [stdout]    |             ^^^^ help: if this is intentional, prefix it with an underscore: `_data`
[INFO] [stdout]    |
[INFO] [stdout]    = note: `#[warn(unused_variables)]` on by default
[INFO] [stdout] 
[INFO] [stdout] 
[INFO] [stdout] warning: unused variable: `content`
[INFO] [stdout]   --> src/config/format.rs:74:28
[INFO] [stdout]    |
[INFO] [stdout] 74 |     pub fn parse<D>(&self, content: String, _location: &str) -> Result<D, ParserError>
[INFO] [stdout]    |                            ^^^^^^^ help: if this is intentional, prefix it with an underscore: `_content`
[INFO] [stdout] 
[INFO] [stdout] 
[INFO] [stdout] warning: function `create_span` is never used
[INFO] [stdout]  --> src/config/format.rs:6:4
[INFO] [stdout]   |
[INFO] [stdout] 6 | fn create_span(content: &str, line: usize, column: usize) -> SourceSpan {
[INFO] [stdout]   |    ^^^^^^^^^^^
[INFO] [stdout]   |
[INFO] [stdout]   = note: `#[warn(dead_code)]` on by default
[INFO] [stdout] 
[INFO] [stdout] 
[INFO] [stdout] warning: 5 warnings emitted
[INFO] [stdout] 
[INFO] [stdout] 
[INFO] [stderr]     Finished dev [unoptimized + debuginfo] target(s) in 1m 03s
[INFO] running `Command { std: "docker" "inspect" "e825d30e45830bacae8da0dd3421352feaa0a331343433047c46645215e987ce", kill_on_drop: false }`
[INFO] running `Command { std: "docker" "rm" "-f" "e825d30e45830bacae8da0dd3421352feaa0a331343433047c46645215e987ce", kill_on_drop: false }`
[INFO] [stdout] e825d30e45830bacae8da0dd3421352feaa0a331343433047c46645215e987ce
[INFO] running `Command { std: "docker" "create" "-v" "/var/lib/crater-agent-workspace/builds/worker-3-tc1/target:/opt/rustwide/target:rw,Z" "-v" "/var/lib/crater-agent-workspace/builds/worker-3-tc1/source:/opt/rustwide/workdir:ro,Z" "-v" "/var/lib/crater-agent-workspace/cargo-home:/opt/rustwide/cargo-home:ro,Z" "-v" "/var/lib/crater-agent-workspace/rustup-home:/opt/rustwide/rustup-home:ro,Z" "-e" "SOURCE_DIR=/opt/rustwide/workdir" "-e" "CARGO_TARGET_DIR=/opt/rustwide/target" "-e" "CARGO_INCREMENTAL=0" "-e" "RUST_BACKTRACE=full" "-e" "RUSTFLAGS=--cap-lints=warn" "-e" "RUSTDOCFLAGS=--cap-lints=warn" "-e" "CARGO_HOME=/opt/rustwide/cargo-home" "-e" "RUSTUP_HOME=/opt/rustwide/rustup-home" "-w" "/opt/rustwide/workdir" "-m" "1610612736" "--user" "0:0" "--network" "none" "ghcr.io/rust-lang/crates-build-env/linux@sha256:2788e3201cd34a07e3172128adcd8b3090168a8e3bcc40d7c032b9dda1df7d1c" "/opt/rustwide/cargo-home/bin/cargo" "+1.75.0" "test" "--frozen" "--no-run" "--message-format=json", kill_on_drop: false }`
[INFO] [stdout] 48d69a2322bcee82f08d2d7b0e9ee3d84e2ef3c19c851a1afea67d8ab2b3d5e3
[INFO] running `Command { std: "docker" "start" "-a" "48d69a2322bcee82f08d2d7b0e9ee3d84e2ef3c19c851a1afea67d8ab2b3d5e3", kill_on_drop: false }`
[INFO] [stderr]    Compiling libc v0.2.151
[INFO] [stderr]    Compiling ahash v0.8.7
[INFO] [stderr]    Compiling zerocopy v0.7.32
[INFO] [stderr]    Compiling rustix v0.38.28
[INFO] [stderr]    Compiling linux-raw-sys v0.4.12
[INFO] [stderr]    Compiling log v0.4.20
[INFO] [stderr]    Compiling aho-corasick v1.1.2
[INFO] [stderr]    Compiling indexmap v1.9.3
[INFO] [stderr]    Compiling regex-syntax v0.8.2
[INFO] [stderr]    Compiling anyhow v1.0.79
[INFO] [stderr]    Compiling pkg-config v0.3.28
[INFO] [stderr]    Compiling jobserver v0.1.27
[INFO] [stderr]    Compiling smallvec v1.11.2
[INFO] [stderr]    Compiling cc v1.0.83
[INFO] [stderr]    Compiling io-lifetimes v1.0.11
[INFO] [stderr]    Compiling semver v1.0.21
[INFO] [stderr]    Compiling leb128 v0.2.5
[INFO] [stderr]    Compiling rustix v0.37.27
[INFO] [stderr]    Compiling either v1.9.0
[INFO] [stderr]    Compiling stable_deref_trait v1.2.0
[INFO] [stderr]    Compiling serde_json v1.0.111
[INFO] [stderr]    Compiling cranelift-entity v0.98.2
[INFO] [stderr]    Compiling getrandom v0.2.11
[INFO] [stderr]    Compiling fallible-iterator v0.2.0
[INFO] [stderr]    Compiling target-lexicon v0.12.13
[INFO] [stderr]    Compiling hashbrown v0.14.3
[INFO] [stderr]    Compiling hashbrown v0.13.2
[INFO] [stderr]    Compiling regex-automata v0.4.3
[INFO] [stderr]    Compiling zstd-sys v2.0.9+zstd.1.5.5
[INFO] [stderr]    Compiling indexmap v2.1.0
[INFO] [stderr]    Compiling gimli v0.27.3
[INFO] [stderr]    Compiling syn v1.0.109
[INFO] [stderr]    Compiling crossbeam-utils v0.8.18
[INFO] [stderr]    Compiling cranelift-isle v0.98.2
[INFO] [stderr]    Compiling is-terminal v0.4.10
[INFO] [stderr]    Compiling cranelift-codegen-shared v0.98.2
[INFO] [stderr]    Compiling unicode-xid v0.2.4
[INFO] [stderr]    Compiling cranelift-codegen-meta v0.98.2
[INFO] [stderr]    Compiling tracing v0.1.40
[INFO] [stderr]    Compiling typenum v1.17.0
[INFO] [stderr]    Compiling rustc-hash v1.1.0
[INFO] [stderr]    Compiling crossbeam-epoch v0.9.17
[INFO] [stderr]    Compiling regex v1.10.2
[INFO] [stderr]    Compiling wasmparser v0.107.0
[INFO] [stderr]    Compiling num-traits v0.2.17
[INFO] [stderr]    Compiling generic-array v0.14.7
[INFO] [stderr]    Compiling termcolor v1.4.0
[INFO] [stderr]    Compiling arbitrary v1.3.2
[INFO] [stderr]    Compiling slice-group-by v0.3.1
[INFO] [stderr]    Compiling regalloc2 v0.9.3
[INFO] [stderr]    Compiling cranelift-control v0.98.2
[INFO] [stderr]    Compiling crossbeam-deque v0.8.4
[INFO] [stderr]    Compiling wasmparser v0.118.1
[INFO] [stderr]    Compiling object v0.30.4
[INFO] [stderr]    Compiling cranelift-codegen v0.98.2
[INFO] [stderr]    Compiling ring v0.17.7
[INFO] [stderr]    Compiling cranelift-bforest v0.98.2
[INFO] [stderr]    Compiling unicase v2.7.0
[INFO] [stderr]    Compiling wasmtime-component-util v11.0.2
[INFO] [stderr]    Compiling bumpalo v3.14.0
[INFO] [stderr]    Compiling wasmtime-fiber v11.0.2
[INFO] [stderr]    Compiling wasmtime-types v11.0.2
[INFO] [stderr]    Compiling rand_core v0.6.4
[INFO] [stderr]    Compiling wasm-encoder v0.29.0
[INFO] [stderr]    Compiling io-extras v0.17.4
[INFO] [stderr]    Compiling pulldown-cmark v0.8.0
[INFO] [stderr]    Compiling rand_chacha v0.3.1
[INFO] [stderr]    Compiling ittapi-sys v0.3.5
[INFO] [stderr]    Compiling toml v0.5.11
[INFO] [stderr]    Compiling memoffset v0.8.0
[INFO] [stderr]    Compiling paste v1.0.14
[INFO] [stderr]    Compiling spin v0.9.8
[INFO] [stderr]    Compiling zstd-safe v5.0.2+zstd.1.5.2
[INFO] [stderr]    Compiling untrusted v0.9.0
[INFO] [stderr]    Compiling humantime v2.1.0
[INFO] [stderr]    Compiling byteorder v1.5.0
[INFO] [stderr]    Compiling ambient-authority v0.0.2
[INFO] [stderr]    Compiling cap-primitives v1.0.15
[INFO] [stderr]    Compiling rand v0.8.5
[INFO] [stderr]    Compiling wasmprinter v0.2.75
[INFO] [stderr]    Compiling crypto-common v0.1.6
[INFO] [stderr]    Compiling block-buffer v0.10.4
[INFO] [stderr]    Compiling url v2.5.0
[INFO] [stderr]    Compiling fs-set-times v0.19.2
[INFO] [stderr]    Compiling wasmtime-runtime v11.0.2
[INFO] [stderr]    Compiling dirs-sys v0.3.7
[INFO] [stderr]    Compiling wasmtime-asm-macros v11.0.2
[INFO] [stderr]    Compiling wasmtime-environ v11.0.2
[INFO] [stderr]    Compiling maybe-owned v0.3.4
[INFO] [stderr]    Compiling id-arena v2.2.1
[INFO] [stderr]    Compiling cpp_demangle v0.3.5
[INFO] [stderr]    Compiling rayon-core v1.12.0
[INFO] [stderr]    Compiling wit-parser v0.8.0
[INFO] [stderr]    Compiling dirs v4.0.0
[INFO] [stderr]    Compiling digest v0.10.7
[INFO] [stderr]    Compiling env_logger v0.10.1
[INFO] [stderr]    Compiling wasmtime-jit-debug v11.0.2
[INFO] [stderr]    Compiling futures-channel v0.3.30
[INFO] [stderr]    Compiling memfd v0.6.4
[INFO] [stderr]    Compiling psm v0.1.21
[INFO] [stderr]    Compiling uuid v1.6.1
[INFO] [stderr]    Compiling dirs-sys-next v0.1.2
[INFO] [stderr]    Compiling itertools v0.10.5
[INFO] [stderr]    Compiling wasm-encoder v0.38.1
[INFO] [stderr]    Compiling wast v35.0.2
[INFO] [stderr]    Compiling toml_datetime v0.6.5
[INFO] [stderr]    Compiling bincode v1.3.3
[INFO] [stderr]    Compiling serde_spanned v0.6.5
[INFO] [stderr]    Compiling lock_api v0.4.11
[INFO] [stderr]    Compiling parking_lot_core v0.9.9
[INFO] [stderr]    Compiling rustls v0.21.10
[INFO] [stderr]    Compiling sptr v0.3.2
[INFO] [stderr]    Compiling cpufeatures v0.2.12
[INFO] [stderr]    Compiling winnow v0.5.32
[INFO] [stderr]    Compiling fastrand v2.0.1
[INFO] [stderr]    Compiling wasmtime-cache v11.0.2
[INFO] [stderr]    Compiling async-trait v0.1.77
[INFO] [stderr]    Compiling cap-std v1.0.15
[INFO] [stderr]    Compiling sha2 v0.10.8
[INFO] [stderr]    Compiling futures-util v0.3.30
[INFO] [stderr]    Compiling witx v0.9.1
[INFO] [stderr]    Compiling wast v69.0.1
[INFO] [stderr]    Compiling directories-next v2.0.0
[INFO] [stderr]    Compiling debugid v0.8.0
[INFO] [stderr]    Compiling wasmtime-wit-bindgen v11.0.2
[INFO] [stderr]    Compiling file-per-thread-logger v0.2.0
[INFO] [stderr]    Compiling shellexpand v2.1.2
[INFO] [stderr]    Compiling fxhash v0.2.1
[INFO] [stderr]    Compiling addr2line v0.19.0
[INFO] [stderr]    Compiling socket2 v0.5.5
[INFO] [stderr]    Compiling num_cpus v1.16.0
[INFO] [stderr]    Compiling mio v0.8.10
[INFO] [stderr]    Compiling wasmtime-jit-icache-coherence v11.0.2
[INFO] [stderr]    Compiling scopeguard v1.2.0
[INFO] [stderr]    Compiling tokio v1.35.1
[INFO] [stderr]    Compiling walkdir v2.4.0
[INFO] [stderr]    Compiling fxprof-processed-profile v0.6.0
[INFO] [stderr]    Compiling rayon v1.8.0
[INFO] [stderr]    Compiling wiggle-generate v11.0.2
[INFO] [stderr]    Compiling wasmtime-component-macro v11.0.2
[INFO] [stderr]    Compiling wat v1.0.82
[INFO] [stderr]    Compiling itertools v0.11.0
[INFO] [stderr]    Compiling linked-hash-map v0.5.6
[INFO] [stderr]    Compiling io-lifetimes v2.0.3
[INFO] [stderr]    Compiling wasi-common v11.0.2
[INFO] [stderr]    Compiling os_str_bytes v6.6.1
[INFO] [stderr]    Compiling yaml-rust v0.4.5
[INFO] [stderr]    Compiling clap_lex v0.2.4
[INFO] [stderr]    Compiling dirs-sys v0.4.1
[INFO] [stderr]    Compiling wiggle-macro v11.0.2
[INFO] [stderr]    Compiling atty v0.2.14
[INFO] [stderr]    Compiling textwrap v0.16.0
[INFO] [stderr]    Compiling cbindgen v0.24.5
[INFO] [stderr]    Compiling cap-fs-ext v1.0.15
[INFO] [stderr]    Compiling system-interface v0.25.9
[INFO] [stderr]    Compiling supports-color v2.1.0
[INFO] [stderr]    Compiling clap v3.2.25
[INFO] [stderr]    Compiling cranelift-frontend v0.98.2
[INFO] [stderr]    Compiling cranelift-native v0.98.2
[INFO] [stderr]    Compiling wasmtime-cranelift-shared v11.0.2
[INFO] [stderr]    Compiling nom v7.1.3
[INFO] [stderr]    Compiling cranelift-wasm v0.98.2
[INFO] [stderr]    Compiling tempfile v3.9.0
[INFO] [stderr]    Compiling dirs v5.0.1
[INFO] [stderr]    Compiling flate2 v1.0.28
[INFO] [stderr]    Compiling tokio-util v0.7.10
[INFO] [stderr]    Compiling parking_lot v0.12.1
[INFO] [stderr]    Compiling wasmtime-cranelift v11.0.2
[INFO] [stderr]    Compiling cap-rand v1.0.15
[INFO] [stderr]    Compiling bstr v1.9.0
[INFO] [stderr]    Compiling const_format_proc_macros v0.2.32
[INFO] [stderr]    Compiling vec1 v1.10.1
[INFO] [stderr]    Compiling destructure_traitobject v0.2.0
[INFO] [stderr]    Compiling tardar v0.1.0
[INFO] [stderr]    Compiling unsafe-any-ors v1.0.0
[INFO] [stderr]    Compiling starbase_styles v0.1.16
[INFO] [stderr]    Compiling pori v0.0.0
[INFO] [stderr]    Compiling h2 v0.3.22
[INFO] [stderr]    Compiling toml_edit v0.21.0
[INFO] [stderr]    Compiling const_format v0.2.32
[INFO] [stderr]    Compiling cap-time-ext v1.0.15
[INFO] [stderr]    Compiling ordered-float v2.10.1
[INFO] [stderr]    Compiling lzma-sys v0.1.20
[INFO] [stderr]    Compiling iana-time-zone v0.1.59
[INFO] [stderr]    Compiling doc-comment v0.3.3
[INFO] [stderr]    Compiling wasmtime-wasi v11.0.2
[INFO] [stderr]    Compiling predicates-core v1.0.6
[INFO] [stderr]    Compiling zstd-safe v7.0.0
[INFO] [stderr]    Compiling chrono v0.4.31
[INFO] [stderr]    Compiling serde-value v0.7.0
[INFO] [stderr]    Compiling wax v0.6.0
[INFO] [stderr]    Compiling typemap-ors v1.0.0
[INFO] [stderr]    Compiling globset v0.4.14
[INFO] [stderr]    Compiling toml v0.8.8
[INFO] [stderr]    Compiling hyper v0.14.28
[INFO] [stderr]    Compiling serde_yaml v0.8.26
[INFO] [stderr]    Compiling toml_edit v0.19.15
[INFO] [stderr]    Compiling extism-runtime v0.5.5
[INFO] [stderr]    Compiling derivative v2.2.0
[INFO] [stderr]    Compiling float-cmp v0.9.0
[INFO] [stderr]    Compiling rustls-pemfile v1.0.4
[INFO] [stderr]    Compiling thread-id v4.2.1
[INFO] [stderr]    Compiling relative-path v1.9.2
[INFO] [stderr]    Compiling json_comments v0.2.2
[INFO] [stderr]    Compiling termtree v0.4.1
[INFO] [stderr]    Compiling anstyle v1.0.4
[INFO] [stderr]    Compiling difflib v0.4.0
[INFO] [stderr]    Compiling webpki-roots v0.25.3
[INFO] [stderr]    Compiling arc-swap v1.6.0
[INFO] [stderr]    Compiling log-mdc v0.1.0
[INFO] [stderr]    Compiling openssl-probe v0.1.5
[INFO] [stderr]    Compiling normalize-line-endings v0.3.0
[INFO] [stderr]    Compiling predicates v3.0.4
[INFO] [stderr]    Compiling rustls-native-certs v0.6.3
[INFO] [stderr]    Compiling starbase_utils v0.3.11
[INFO] [stderr]    Compiling predicates-tree v1.0.9
[INFO] [stderr]    Compiling log4rs v1.2.0
[INFO] [stderr]    Compiling toml v0.7.8
[INFO] [stderr]    Compiling ignore v0.4.21
[INFO] [stderr]    Compiling extism-manifest v0.5.0
[INFO] [stderr]    Compiling xattr v1.2.0
[INFO] [stderr]    Compiling filetime v0.2.23
[INFO] [stderr]    Compiling glob v0.3.1
[INFO] [stderr]    Compiling tar v0.4.40
[INFO] [stderr]    Compiling globwalk v0.8.1
[INFO] [stderr]    Compiling xz2 v0.1.7
[INFO] [stderr]    Compiling console v0.15.7
[INFO] [stderr]    Compiling zip v0.6.6
[INFO] [stderr]    Compiling futures-executor v0.3.30
[INFO] [stderr]    Compiling wait-timeout v0.2.0
[INFO] [stderr]    Compiling yansi v0.5.1
[INFO] [stderr]    Compiling rust_decimal v1.33.1
[INFO] [stderr]    Compiling similar v2.4.0
[INFO] [stderr]    Compiling diff v0.1.13
[INFO] [stderr]    Compiling assert_cmd v2.0.12
[INFO] [stderr]    Compiling assert_fs v1.1.0
[INFO] [stderr]    Compiling pretty_assertions v1.4.0
[INFO] [stderr]    Compiling futures v0.3.30
[INFO] [stderr]    Compiling garde v0.16.3
[INFO] [stderr]    Compiling once_map v0.4.13
[INFO] [stderr]    Compiling dashmap v5.5.3
[INFO] [stderr]    Compiling warpgate_api v0.1.6
[INFO] [stderr]    Compiling insta v1.34.0
[INFO] [stderr]    Compiling serial_test_derive v2.0.0
[INFO] [stderr]    Compiling arrayvec v0.7.4
[INFO] [stderr]    Compiling human-sort v0.2.2
[INFO] [stderr]    Compiling clean-path v0.2.1
[INFO] [stderr]    Compiling version_spec v0.1.7
[INFO] [stderr]    Compiling starbase_sandbox v0.1.12
[INFO] [stderr]    Compiling serial_test v2.0.0
[INFO] [stderr]    Compiling ittapi v0.3.5
[INFO] [stderr]    Compiling wasmtime-jit v11.0.2
[INFO] [stderr]    Compiling sct v0.7.1
[INFO] [stderr]    Compiling rustls-webpki v0.101.7
[INFO] [stderr]    Compiling zstd v0.11.2+zstd.1.5.2
[INFO] [stderr]    Compiling zstd v0.13.0
[INFO] [stderr]    Compiling starbase_archive v0.2.5
[INFO] [stderr]    Compiling wasmtime v11.0.2
[INFO] [stderr]    Compiling tokio-rustls v0.24.1
[INFO] [stderr]    Compiling hyper-rustls v0.24.2
[INFO] [stderr]    Compiling ureq v2.9.1
[INFO] [stderr]    Compiling reqwest v0.11.23
[INFO] [stderr]    Compiling schematic v0.12.9 (/opt/rustwide/workdir)
[INFO] [stdout] warning: unreachable expression
[INFO] [stdout]    --> src/config/format.rs:161:9
[INFO] [stdout]     |
[INFO] [stdout] 78  |           let data: D = match self {
[INFO] [stdout]     |  _______________________-
[INFO] [stdout] 79  | |             Format::None => {
[INFO] [stdout] 80  | |                 unreachable!();
[INFO] [stdout] 81  | |             }
[INFO] [stdout] ...   |
[INFO] [stdout] 158 | |             }
[INFO] [stdout] 159 | |         };
[INFO] [stdout]     | |_________- any code following this `match` expression is unreachable, as all arms diverge
[INFO] [stdout] 160 |
[INFO] [stdout] 161 |           Ok(data)
[INFO] [stdout]     |           ^^^^^^^^ unreachable expression
[INFO] [stdout]     |
[INFO] [stdout]     = note: `#[warn(unreachable_code)]` on by default
[INFO] [stdout] 
[INFO] [stdout] 
[INFO] [stdout] warning: variable does not need to be mutable
[INFO] [stdout]   --> src/config/format.rs:36:13
[INFO] [stdout]    |
[INFO] [stdout] 36 |         let mut available: Vec<&str> = vec![];
[INFO] [stdout]    |             ----^^^^^^^^^
[INFO] [stdout]    |             |
[INFO] [stdout]    |             help: remove this `mut`
[INFO] [stdout]    |
[INFO] [stdout]    = note: `#[warn(unused_mut)]` on by default
[INFO] [stdout] 
[INFO] [stdout] 
[INFO] [stdout] warning: unused variable: `data`
[INFO] [stdout]   --> src/config/format.rs:78:13
[INFO] [stdout]    |
[INFO] [stdout] 78 |         let data: D = match self {
[INFO] [stdout]    |             ^^^^ help: if this is intentional, prefix it with an underscore: `_data`
[INFO] [stdout]    |
[INFO] [stdout]    = note: `#[warn(unused_variables)]` on by default
[INFO] [stdout] 
[INFO] [stdout] 
[INFO] [stdout] warning: unused variable: `content`
[INFO] [stdout]   --> src/config/format.rs:74:28
[INFO] [stdout]    |
[INFO] [stdout] 74 |     pub fn parse<D>(&self, content: String, _location: &str) -> Result<D, ParserError>
[INFO] [stdout]    |                            ^^^^^^^ help: if this is intentional, prefix it with an underscore: `_content`
[INFO] [stdout] 
[INFO] [stdout] 
[INFO] [stdout] warning: function `create_span` is never used
[INFO] [stdout]  --> src/config/format.rs:6:4
[INFO] [stdout]   |
[INFO] [stdout] 6 | fn create_span(content: &str, line: usize, column: usize) -> SourceSpan {
[INFO] [stdout]   |    ^^^^^^^^^^^
[INFO] [stdout]   |
[INFO] [stdout]   = note: `#[warn(dead_code)]` on by default
[INFO] [stdout] 
[INFO] [stdout] 
[INFO] [stdout] warning: 5 warnings emitted
[INFO] [stdout] 
[INFO] [stdout] 
[INFO] [stderr]    Compiling wiggle v11.0.2
[INFO] [stderr]    Compiling wasi-cap-std-sync v11.0.2
[INFO] [stderr]    Compiling extism v0.5.5
[INFO] [stderr]    Compiling warpgate v0.5.15
[INFO] [stdout] warning: unused import: `std::env`
[INFO] [stdout]  --> tests/variants_test.rs:4:5
[INFO] [stdout]   |
[INFO] [stdout] 4 | use std::env;
[INFO] [stdout]   |     ^^^^^^^^
[INFO] [stdout]   |
[INFO] [stdout]   = note: `#[warn(unused_imports)]` on by default
[INFO] [stdout] 
[INFO] [stdout] 
[INFO] [stdout] error[E0599]: no variant or associated item named `Yaml` found for enum `schematic::Format` in the current scope
[INFO] [stdout]   --> tests/defaults_test.rs:77:55
[INFO] [stdout]    |
[INFO] [stdout] 77 |         .code("required: 789\noptional: 456", Format::Yaml)
[INFO] [stdout]    |                                                       ^^^^ variant or associated item not found in `Format`
[INFO] [stdout]    |
[INFO] [stdout] note: if you're trying to build a new `schematic::Format`, consider using `schematic::Format::detect` which returns `Result<schematic::Format, ConfigError>`
[INFO] [stdout]   --> /opt/rustwide/workdir/src/config/format.rs:35:5
[INFO] [stdout]    |
[INFO] [stdout] 35 |     pub fn detect(value: &str) -> Result<Format, ConfigError> {
[INFO] [stdout]    |     ^^^^^^^^^^^^^^^^^^^^^^^^^^^^^^^^^^^^^^^^^^^^^^^^^^^^^^^^^
[INFO] [stdout] 
[INFO] [stdout] 
[INFO] [stdout] error[E0432]: unresolved import `schematic::schema`
[INFO] [stdout]  --> tests/generator_test.rs:3:16
[INFO] [stdout]   |
[INFO] [stdout] 3 | use schematic::schema::SchemaGenerator;
[INFO] [stdout]   |                ^^^^^^ could not find `schema` in `schematic`
[INFO] [stdout] 
[INFO] [stdout] 
[INFO] [stdout] error[E0599]: no variant or associated item named `Yaml` found for enum `schematic::Format` in the current scope
[INFO] [stdout]   --> tests/file_sources_test.rs:23:29
[INFO] [stdout]    |
[INFO] [stdout] 23 |             format: Format::Yaml,
[INFO] [stdout]    |                             ^^^^ variant or associated item not found in `Format`
[INFO] [stdout]    |
[INFO] [stdout] note: if you're trying to build a new `schematic::Format`, consider using `schematic::Format::detect` which returns `Result<schematic::Format, ConfigError>`
[INFO] [stdout]   --> /opt/rustwide/workdir/src/config/format.rs:35:5
[INFO] [stdout]    |
[INFO] [stdout] 35 |     pub fn detect(value: &str) -> Result<Format, ConfigError> {
[INFO] [stdout]    |     ^^^^^^^^^^^^^^^^^^^^^^^^^^^^^^^^^^^^^^^^^^^^^^^^^^^^^^^^^
[INFO] [stdout] 
[INFO] [stdout] 
[INFO] [stdout] error[E0599]: no variant or associated item named `Yaml` found for enum `schematic::Format` in the current scope
[INFO] [stdout]   --> tests/file_sources_test.rs:34:29
[INFO] [stdout]    |
[INFO] [stdout] 34 |             format: Format::Yaml,
[INFO] [stdout]    |                             ^^^^ variant or associated item not found in `Format`
[INFO] [stdout]    |
[INFO] [stdout] note: if you're trying to build a new `schematic::Format`, consider using `schematic::Format::detect` which returns `Result<schematic::Format, ConfigError>`
[INFO] [stdout]   --> /opt/rustwide/workdir/src/config/format.rs:35:5
[INFO] [stdout]    |
[INFO] [stdout] 35 |     pub fn detect(value: &str) -> Result<Format, ConfigError> {
[INFO] [stdout]    |     ^^^^^^^^^^^^^^^^^^^^^^^^^^^^^^^^^^^^^^^^^^^^^^^^^^^^^^^^^
[INFO] [stdout] 
[INFO] [stdout] 
[INFO] [stdout] error[E0599]: no variant or associated item named `Json` found for enum `schematic::Format` in the current scope
[INFO] [stdout]   --> tests/variants_test.rs:92:25
[INFO] [stdout]    |
[INFO] [stdout] 92 |                 Format::Json,
[INFO] [stdout]    |                         ^^^^ variant or associated item not found in `Format`
[INFO] [stdout]    |
[INFO] [stdout] note: if you're trying to build a new `schematic::Format`, consider using `schematic::Format::detect` which returns `Result<schematic::Format, schematic::ConfigError>`
[INFO] [stdout]   --> /opt/rustwide/workdir/src/config/format.rs:35:5
[INFO] [stdout]    |
[INFO] [stdout] 35 |     pub fn detect(value: &str) -> Result<Format, ConfigError> {
[INFO] [stdout]    |     ^^^^^^^^^^^^^^^^^^^^^^^^^^^^^^^^^^^^^^^^^^^^^^^^^^^^^^^^^
[INFO] [stdout] 
[INFO] [stdout] 
[INFO] [stdout] error[E0599]: no variant or associated item named `Yaml` found for enum `schematic::Format` in the current scope
[INFO] [stdout]   --> tests/code_sources_test.rs:33:26
[INFO] [stdout]    |
[INFO] [stdout] 33 |         .code(a, Format::Yaml)
[INFO] [stdout]    |                          ^^^^ variant or associated item not found in `Format`
[INFO] [stdout]    |
[INFO] [stdout] note: if you're trying to build a new `schematic::Format`, consider using `schematic::Format::detect` which returns `Result<schematic::Format, ConfigError>`
[INFO] [stdout]   --> /opt/rustwide/workdir/src/config/format.rs:35:5
[INFO] [stdout]    |
[INFO] [stdout] 35 |     pub fn detect(value: &str) -> Result<Format, ConfigError> {
[INFO] [stdout]    |     ^^^^^^^^^^^^^^^^^^^^^^^^^^^^^^^^^^^^^^^^^^^^^^^^^^^^^^^^^
[INFO] [stdout] 
[INFO] [stdout] 
[INFO] [stdout] error[E0599]: no variant or associated item named `Yaml` found for enum `schematic::Format` in the current scope
[INFO] [stdout]   --> tests/code_sources_test.rs:55:26
[INFO] [stdout]    |
[INFO] [stdout] 55 |         .code(a, Format::Yaml)
[INFO] [stdout]    |                          ^^^^ variant or associated item not found in `Format`
[INFO] [stdout]    |
[INFO] [stdout] note: if you're trying to build a new `schematic::Format`, consider using `schematic::Format::detect` which returns `Result<schematic::Format, ConfigError>`
[INFO] [stdout]   --> /opt/rustwide/workdir/src/config/format.rs:35:5
[INFO] [stdout]    |
[INFO] [stdout] 35 |     pub fn detect(value: &str) -> Result<Format, ConfigError> {
[INFO] [stdout]    |     ^^^^^^^^^^^^^^^^^^^^^^^^^^^^^^^^^^^^^^^^^^^^^^^^^^^^^^^^^
[INFO] [stdout] 
[INFO] [stdout] 
[INFO] [stdout] error[E0599]: no variant or associated item named `Yaml` found for enum `schematic::Format` in the current scope
[INFO] [stdout]    --> tests/env_test.rs:104:38
[INFO] [stdout]     |
[INFO] [stdout] 104 |         .code("string: bar", Format::Yaml)
[INFO] [stdout]     |                                      ^^^^ variant or associated item not found in `Format`
[INFO] [stdout]     |
[INFO] [stdout] note: if you're trying to build a new `schematic::Format`, consider using `schematic::Format::detect` which returns `Result<schematic::Format, ConfigError>`
[INFO] [stdout]    --> /opt/rustwide/workdir/src/config/format.rs:35:5
[INFO] [stdout]     |
[INFO] [stdout] 35  |     pub fn detect(value: &str) -> Result<Format, ConfigError> {
[INFO] [stdout]     |     ^^^^^^^^^^^^^^^^^^^^^^^^^^^^^^^^^^^^^^^^^^^^^^^^^^^^^^^^^
[INFO] [stdout] 
[INFO] [stdout] 
[INFO] [stdout] error[E0599]: no variant or associated item named `Yaml` found for enum `schematic::Format` in the current scope
[INFO] [stdout]    --> tests/env_test.rs:119:38
[INFO] [stdout]     |
[INFO] [stdout] 119 |         .code("string: bar", Format::Yaml)
[INFO] [stdout]     |                                      ^^^^ variant or associated item not found in `Format`
[INFO] [stdout]     |
[INFO] [stdout] note: if you're trying to build a new `schematic::Format`, consider using `schematic::Format::detect` which returns `Result<schematic::Format, ConfigError>`
[INFO] [stdout]    --> /opt/rustwide/workdir/src/config/format.rs:35:5
[INFO] [stdout]     |
[INFO] [stdout] 35  |     pub fn detect(value: &str) -> Result<Format, ConfigError> {
[INFO] [stdout]     |     ^^^^^^^^^^^^^^^^^^^^^^^^^^^^^^^^^^^^^^^^^^^^^^^^^^^^^^^^^
[INFO] [stdout] 
[INFO] [stdout] 
[INFO] [stdout] error[E0599]: no variant or associated item named `Json` found for enum `schematic::Format` in the current scope
[INFO] [stdout]    --> tests/variants_test.rs:115:25
[INFO] [stdout]     |
[INFO] [stdout] 115 |                 Format::Json,
[INFO] [stdout]     |                         ^^^^ variant or associated item not found in `Format`
[INFO] [stdout]     |
[INFO] [stdout] note: if you're trying to build a new `schematic::Format`, consider using `schematic::Format::detect` which returns `Result<schematic::Format, schematic::ConfigError>`
[INFO] [stdout]    --> /opt/rustwide/workdir/src/config/format.rs:35:5
[INFO] [stdout]     |
[INFO] [stdout] 35  |     pub fn detect(value: &str) -> Result<Format, ConfigError> {
[INFO] [stdout]     |     ^^^^^^^^^^^^^^^^^^^^^^^^^^^^^^^^^^^^^^^^^^^^^^^^^^^^^^^^^
[INFO] [stdout] 
[INFO] [stdout] 
[INFO] [stdout] error[E0599]: no variant or associated item named `Yaml` found for enum `schematic::Format` in the current scope
[INFO] [stdout]   --> tests/file_sources_test.rs:45:29
[INFO] [stdout]    |
[INFO] [stdout] 45 |             format: Format::Yaml,
[INFO] [stdout]    |                             ^^^^ variant or associated item not found in `Format`
[INFO] [stdout]    |
[INFO] [stdout] note: if you're trying to build a new `schematic::Format`, consider using `schematic::Format::detect` which returns `Result<schematic::Format, ConfigError>`
[INFO] [stdout]   --> /opt/rustwide/workdir/src/config/format.rs:35:5
[INFO] [stdout]    |
[INFO] [stdout] 35 |     pub fn detect(value: &str) -> Result<Format, ConfigError> {
[INFO] [stdout]    |     ^^^^^^^^^^^^^^^^^^^^^^^^^^^^^^^^^^^^^^^^^^^^^^^^^^^^^^^^^
[INFO] [stdout] 
[INFO] [stdout] 
[INFO] [stdout] error[E0599]: no variant or associated item named `Yaml` found for enum `schematic::Format` in the current scope
[INFO] [stdout]   --> tests/code_sources_test.rs:57:26
[INFO] [stdout]    |
[INFO] [stdout] 57 |         .code(b, Format::Yaml)
[INFO] [stdout]    |                          ^^^^ variant or associated item not found in `Format`
[INFO] [stdout]    |
[INFO] [stdout] note: if you're trying to build a new `schematic::Format`, consider using `schematic::Format::detect` which returns `Result<schematic::Format, ConfigError>`
[INFO] [stdout]   --> /opt/rustwide/workdir/src/config/format.rs:35:5
[INFO] [stdout]    |
[INFO] [stdout] 35 |     pub fn detect(value: &str) -> Result<Format, ConfigError> {
[INFO] [stdout]    |     ^^^^^^^^^^^^^^^^^^^^^^^^^^^^^^^^^^^^^^^^^^^^^^^^^^^^^^^^^
[INFO] [stdout] 
[INFO] [stdout] 
[INFO] [stdout] error[E0599]: no variant or associated item named `Yaml` found for enum `schematic::Format` in the current scope
[INFO] [stdout]   --> tests/file_sources_test.rs:56:29
[INFO] [stdout]    |
[INFO] [stdout] 56 |             format: Format::Yaml,
[INFO] [stdout]    |                             ^^^^ variant or associated item not found in `Format`
[INFO] [stdout]    |
[INFO] [stdout] note: if you're trying to build a new `schematic::Format`, consider using `schematic::Format::detect` which returns `Result<schematic::Format, ConfigError>`
[INFO] [stdout]   --> /opt/rustwide/workdir/src/config/format.rs:35:5
[INFO] [stdout]    |
[INFO] [stdout] 35 |     pub fn detect(value: &str) -> Result<Format, ConfigError> {
[INFO] [stdout]    |     ^^^^^^^^^^^^^^^^^^^^^^^^^^^^^^^^^^^^^^^^^^^^^^^^^^^^^^^^^
[INFO] [stdout] 
[INFO] [stdout] 
[INFO] [stdout] error[E0599]: no variant or associated item named `Json` found for enum `schematic::Format` in the current scope
[INFO] [stdout]    --> tests/variants_test.rs:141:25
[INFO] [stdout]     |
[INFO] [stdout] 141 |                 Format::Json,
[INFO] [stdout]     |                         ^^^^ variant or associated item not found in `Format`
[INFO] [stdout]     |
[INFO] [stdout] note: if you're trying to build a new `schematic::Format`, consider using `schematic::Format::detect` which returns `Result<schematic::Format, schematic::ConfigError>`
[INFO] [stdout]    --> /opt/rustwide/workdir/src/config/format.rs:35:5
[INFO] [stdout]     |
[INFO] [stdout] 35  |     pub fn detect(value: &str) -> Result<Format, ConfigError> {
[INFO] [stdout]     |     ^^^^^^^^^^^^^^^^^^^^^^^^^^^^^^^^^^^^^^^^^^^^^^^^^^^^^^^^^
[INFO] [stdout] 
[INFO] [stdout] 
[INFO] [stdout] error[E0599]: no variant or associated item named `Yaml` found for enum `schematic::Format` in the current scope
[INFO] [stdout]   --> tests/code_sources_test.rs:89:26
[INFO] [stdout]    |
[INFO] [stdout] 89 |         .code(a, Format::Yaml)
[INFO] [stdout]    |                          ^^^^ variant or associated item not found in `Format`
[INFO] [stdout]    |
[INFO] [stdout] note: if you're trying to build a new `schematic::Format`, consider using `schematic::Format::detect` which returns `Result<schematic::Format, ConfigError>`
[INFO] [stdout]   --> /opt/rustwide/workdir/src/config/format.rs:35:5
[INFO] [stdout]    |
[INFO] [stdout] 35 |     pub fn detect(value: &str) -> Result<Format, ConfigError> {
[INFO] [stdout]    |     ^^^^^^^^^^^^^^^^^^^^^^^^^^^^^^^^^^^^^^^^^^^^^^^^^^^^^^^^^
[INFO] [stdout] 
[INFO] [stdout] 
[INFO] [stdout] error[E0599]: no variant or associated item named `Yaml` found for enum `schematic::Format` in the current scope
[INFO] [stdout]   --> tests/code_sources_test.rs:91:26
[INFO] [stdout]    |
[INFO] [stdout] 91 |         .code(b, Format::Yaml)
[INFO] [stdout]    |                          ^^^^ variant or associated item not found in `Format`
[INFO] [stdout]    |
[INFO] [stdout] note: if you're trying to build a new `schematic::Format`, consider using `schematic::Format::detect` which returns `Result<schematic::Format, ConfigError>`
[INFO] [stdout]   --> /opt/rustwide/workdir/src/config/format.rs:35:5
[INFO] [stdout]    |
[INFO] [stdout] 35 |     pub fn detect(value: &str) -> Result<Format, ConfigError> {
[INFO] [stdout]    |     ^^^^^^^^^^^^^^^^^^^^^^^^^^^^^^^^^^^^^^^^^^^^^^^^^^^^^^^^^
[INFO] [stdout] 
[INFO] [stdout] 
[INFO] [stdout] error[E0599]: no variant or associated item named `Yaml` found for enum `schematic::Format` in the current scope
[INFO] [stdout]   --> tests/code_sources_test.rs:93:26
[INFO] [stdout]    |
[INFO] [stdout] 93 |         .code(c, Format::Yaml)
[INFO] [stdout]    |                          ^^^^ variant or associated item not found in `Format`
[INFO] [stdout]    |
[INFO] [stdout] note: if you're trying to build a new `schematic::Format`, consider using `schematic::Format::detect` which returns `Result<schematic::Format, ConfigError>`
[INFO] [stdout]   --> /opt/rustwide/workdir/src/config/format.rs:35:5
[INFO] [stdout]    |
[INFO] [stdout] 35 |     pub fn detect(value: &str) -> Result<Format, ConfigError> {
[INFO] [stdout]    |     ^^^^^^^^^^^^^^^^^^^^^^^^^^^^^^^^^^^^^^^^^^^^^^^^^^^^^^^^^
[INFO] [stdout] 
[INFO] [stdout] 
[INFO] [stdout] error[E0599]: no variant or associated item named `Yaml` found for enum `schematic::Format` in the current scope
[INFO] [stdout]   --> tests/code_sources_test.rs:95:26
[INFO] [stdout]    |
[INFO] [stdout] 95 |         .code(d, Format::Yaml)
[INFO] [stdout]    |                          ^^^^ variant or associated item not found in `Format`
[INFO] [stdout]    |
[INFO] [stdout] note: if you're trying to build a new `schematic::Format`, consider using `schematic::Format::detect` which returns `Result<schematic::Format, ConfigError>`
[INFO] [stdout]   --> /opt/rustwide/workdir/src/config/format.rs:35:5
[INFO] [stdout]    |
[INFO] [stdout] 35 |     pub fn detect(value: &str) -> Result<Format, ConfigError> {
[INFO] [stdout]    |     ^^^^^^^^^^^^^^^^^^^^^^^^^^^^^^^^^^^^^^^^^^^^^^^^^^^^^^^^^
[INFO] [stdout] 
[INFO] [stdout] 
[INFO] [stdout] error[E0599]: no variant or associated item named `Yaml` found for enum `schematic::Format` in the current scope
[INFO] [stdout]   --> tests/code_sources_test.rs:97:26
[INFO] [stdout]    |
[INFO] [stdout] 97 |         .code(e, Format::Yaml)
[INFO] [stdout]    |                          ^^^^ variant or associated item not found in `Format`
[INFO] [stdout]    |
[INFO] [stdout] note: if you're trying to build a new `schematic::Format`, consider using `schematic::Format::detect` which returns `Result<schematic::Format, ConfigError>`
[INFO] [stdout]   --> /opt/rustwide/workdir/src/config/format.rs:35:5
[INFO] [stdout]    |
[INFO] [stdout] 35 |     pub fn detect(value: &str) -> Result<Format, ConfigError> {
[INFO] [stdout]    |     ^^^^^^^^^^^^^^^^^^^^^^^^^^^^^^^^^^^^^^^^^^^^^^^^^^^^^^^^^
[INFO] [stdout] 
[INFO] [stdout] 
[INFO] [stdout] error[E0599]: no variant or associated item named `Yaml` found for enum `schematic::Format` in the current scope
[INFO] [stdout]   --> tests/file_sources_test.rs:66:25
[INFO] [stdout]    |
[INFO] [stdout] 66 |         format: Format::Yaml,
[INFO] [stdout]    |                         ^^^^ variant or associated item not found in `Format`
[INFO] [stdout]    |
[INFO] [stdout] note: if you're trying to build a new `schematic::Format`, consider using `schematic::Format::detect` which returns `Result<schematic::Format, ConfigError>`
[INFO] [stdout]   --> /opt/rustwide/workdir/src/config/format.rs:35:5
[INFO] [stdout]    |
[INFO] [stdout] 35 |     pub fn detect(value: &str) -> Result<Format, ConfigError> {
[INFO] [stdout]    |     ^^^^^^^^^^^^^^^^^^^^^^^^^^^^^^^^^^^^^^^^^^^^^^^^^^^^^^^^^
[INFO] [stdout] 
[INFO] [stdout] 
[INFO] [stdout] error[E0599]: no variant or associated item named `Json` found for enum `schematic::Format` in the current scope
[INFO] [stdout]    --> tests/variants_test.rs:169:25
[INFO] [stdout]     |
[INFO] [stdout] 169 |                 Format::Json,
[INFO] [stdout]     |                         ^^^^ variant or associated item not found in `Format`
[INFO] [stdout]     |
[INFO] [stdout] note: if you're trying to build a new `schematic::Format`, consider using `schematic::Format::detect` which returns `Result<schematic::Format, schematic::ConfigError>`
[INFO] [stdout]    --> /opt/rustwide/workdir/src/config/format.rs:35:5
[INFO] [stdout]     |
[INFO] [stdout] 35  |     pub fn detect(value: &str) -> Result<Format, ConfigError> {
[INFO] [stdout]     |     ^^^^^^^^^^^^^^^^^^^^^^^^^^^^^^^^^^^^^^^^^^^^^^^^^^^^^^^^^
[INFO] [stdout] 
[INFO] [stdout] 
[INFO] [stdout] error: cannot find derive macro `Schematic` in this scope
[INFO] [stdout]   --> tests/schematic_enum_test.rs:22:10
[INFO] [stdout]    |
[INFO] [stdout] 22 | #[derive(Schematic)]
[INFO] [stdout]    |          ^^^^^^^^^
[INFO] [stdout]    |
[INFO] [stdout] note: `Schematic` is imported here, but it is only a trait, without a derive macro
[INFO] [stdout]   --> tests/schematic_enum_test.rs:3:5
[INFO] [stdout]    |
[INFO] [stdout] 3  | use schematic::Schematic;
[INFO] [stdout]    |     ^^^^^^^^^^^^^^^^^^^^
[INFO] [stdout] 
[INFO] [stdout] 
[INFO] [stdout] error[E0599]: no variant or associated item named `Yaml` found for enum `schematic::Format` in the current scope
[INFO] [stdout]   --> tests/file_sources_test.rs:76:29
[INFO] [stdout]    |
[INFO] [stdout] 76 |             format: Format::Yaml,
[INFO] [stdout]    |                             ^^^^ variant or associated item not found in `Format`
[INFO] [stdout]    |
[INFO] [stdout] note: if you're trying to build a new `schematic::Format`, consider using `schematic::Format::detect` which returns `Result<schematic::Format, ConfigError>`
[INFO] [stdout]   --> /opt/rustwide/workdir/src/config/format.rs:35:5
[INFO] [stdout]    |
[INFO] [stdout] 35 |     pub fn detect(value: &str) -> Result<Format, ConfigError> {
[INFO] [stdout]    |     ^^^^^^^^^^^^^^^^^^^^^^^^^^^^^^^^^^^^^^^^^^^^^^^^^^^^^^^^^
[INFO] [stdout] 
[INFO] [stdout] 
[INFO] [stdout] error: cannot find attribute `schematic` in this scope
[INFO] [stdout]   --> tests/schematic_enum_test.rs:23:3
[INFO] [stdout]    |
[INFO] [stdout] 23 | #[schematic(rename_all = "snake_case")]
[INFO] [stdout]    |   ^^^^^^^^^
[INFO] [stdout]    |
[INFO] [stdout]    = note: `schematic` is in scope, but it is a crate, not an attribute
[INFO] [stdout] 
[INFO] [stdout] 
[INFO] [stdout] error[E0599]: no variant or associated item named `Yaml` found for enum `schematic::Format` in the current scope
[INFO] [stdout]   --> tests/file_sources_test.rs:87:29
[INFO] [stdout]    |
[INFO] [stdout] 87 |             format: Format::Yaml,
[INFO] [stdout]    |                             ^^^^ variant or associated item not found in `Format`
[INFO] [stdout]    |
[INFO] [stdout] note: if you're trying to build a new `schematic::Format`, consider using `schematic::Format::detect` which returns `Result<schematic::Format, ConfigError>`
[INFO] [stdout]   --> /opt/rustwide/workdir/src/config/format.rs:35:5
[INFO] [stdout]    |
[INFO] [stdout] 35 |     pub fn detect(value: &str) -> Result<Format, ConfigError> {
[INFO] [stdout]    |     ^^^^^^^^^^^^^^^^^^^^^^^^^^^^^^^^^^^^^^^^^^^^^^^^^^^^^^^^^
[INFO] [stdout] 
[INFO] [stdout] 
[INFO] [stdout] error[E0599]: no variant or associated item named `Json` found for enum `schematic::Format` in the current scope
[INFO] [stdout]    --> tests/variants_test.rs:177:25
[INFO] [stdout]     |
[INFO] [stdout] 177 |                 Format::Json,
[INFO] [stdout]     |                         ^^^^ variant or associated item not found in `Format`
[INFO] [stdout]     |
[INFO] [stdout] note: if you're trying to build a new `schematic::Format`, consider using `schematic::Format::detect` which returns `Result<schematic::Format, schematic::ConfigError>`
[INFO] [stdout]    --> /opt/rustwide/workdir/src/config/format.rs:35:5
[INFO] [stdout]     |
[INFO] [stdout] 35  |     pub fn detect(value: &str) -> Result<Format, ConfigError> {
[INFO] [stdout]     |     ^^^^^^^^^^^^^^^^^^^^^^^^^^^^^^^^^^^^^^^^^^^^^^^^^^^^^^^^^
[INFO] [stdout] 
[INFO] [stdout] 
[INFO] [stdout] error: cannot find attribute `schema` in this scope
[INFO] [stdout]   --> tests/schematic_enum_test.rs:33:7
[INFO] [stdout]    |
[INFO] [stdout] 33 |     #[schema(exclude)]
[INFO] [stdout]    |       ^^^^^^
[INFO] [stdout] 
[INFO] [stdout] 
[INFO] [stdout] error[E0599]: no variant or associated item named `Yaml` found for enum `schematic::Format` in the current scope
[INFO] [stdout]   --> tests/file_sources_test.rs:98:29
[INFO] [stdout]    |
[INFO] [stdout] 98 |             format: Format::Yaml,
[INFO] [stdout]    |                             ^^^^ variant or associated item not found in `Format`
[INFO] [stdout]    |
[INFO] [stdout] note: if you're trying to build a new `schematic::Format`, consider using `schematic::Format::detect` which returns `Result<schematic::Format, ConfigError>`
[INFO] [stdout]   --> /opt/rustwide/workdir/src/config/format.rs:35:5
[INFO] [stdout]    |
[INFO] [stdout] 35 |     pub fn detect(value: &str) -> Result<Format, ConfigError> {
[INFO] [stdout]    |     ^^^^^^^^^^^^^^^^^^^^^^^^^^^^^^^^^^^^^^^^^^^^^^^^^^^^^^^^^
[INFO] [stdout] 
[INFO] [stdout] 
[INFO] [stdout] error[E0599]: no variant or associated item named `Json` found for enum `schematic::Format` in the current scope
[INFO] [stdout]    --> tests/variants_test.rs:200:25
[INFO] [stdout]     |
[INFO] [stdout] 200 |                 Format::Json,
[INFO] [stdout]     |                         ^^^^ variant or associated item not found in `Format`
[INFO] [stdout]     |
[INFO] [stdout] note: if you're trying to build a new `schematic::Format`, consider using `schematic::Format::detect` which returns `Result<schematic::Format, schematic::ConfigError>`
[INFO] [stdout]    --> /opt/rustwide/workdir/src/config/format.rs:35:5
[INFO] [stdout]     |
[INFO] [stdout] 35  |     pub fn detect(value: &str) -> Result<Format, ConfigError> {
[INFO] [stdout]     |     ^^^^^^^^^^^^^^^^^^^^^^^^^^^^^^^^^^^^^^^^^^^^^^^^^^^^^^^^^
[INFO] [stdout] 
[INFO] [stdout] 
[INFO] [stdout] error: cannot find derive macro `Schematic` in this scope
[INFO] [stdout]  --> tests/schematic_enum_test.rs:7:19
[INFO] [stdout]   |
[INFO] [stdout] 7 | #[derive(Default, Schematic)]
[INFO] [stdout]   |                   ^^^^^^^^^
[INFO] [stdout]   |
[INFO] [stdout] note: `Schematic` is imported here, but it is only a trait, without a derive macro
[INFO] [stdout]  --> tests/schematic_enum_test.rs:3:5
[INFO] [stdout]   |
[INFO] [stdout] 3 | use schematic::Schematic;
[INFO] [stdout]   |     ^^^^^^^^^^^^^^^^^^^^
[INFO] [stdout] 
[INFO] [stdout] 
[INFO] [stdout] error: cannot find attribute `schema` in this scope
[INFO] [stdout]   --> tests/schematic_enum_test.rs:13:7
[INFO] [stdout]    |
[INFO] [stdout] 13 |     #[schema(exclude)]
[INFO] [stdout]    |       ^^^^^^
[INFO] [stdout] 
[INFO] [stdout] 
[INFO] [stdout] error[E0599]: no variant or associated item named `Yaml` found for enum `schematic::Format` in the current scope
[INFO] [stdout]    --> tests/file_sources_test.rs:109:29
[INFO] [stdout]     |
[INFO] [stdout] 109 |             format: Format::Yaml,
[INFO] [stdout]     |                             ^^^^ variant or associated item not found in `Format`
[INFO] [stdout]     |
[INFO] [stdout] note: if you're trying to build a new `schematic::Format`, consider using `schematic::Format::detect` which returns `Result<schematic::Format, ConfigError>`
[INFO] [stdout]    --> /opt/rustwide/workdir/src/config/format.rs:35:5
[INFO] [stdout]     |
[INFO] [stdout] 35  |     pub fn detect(value: &str) -> Result<Format, ConfigError> {
[INFO] [stdout]     |     ^^^^^^^^^^^^^^^^^^^^^^^^^^^^^^^^^^^^^^^^^^^^^^^^^^^^^^^^^
[INFO] [stdout] 
[INFO] [stdout] 
[INFO] [stdout] error[E0599]: no variant or associated item named `Json` found for enum `schematic::Format` in the current scope
[INFO] [stdout]    --> tests/variants_test.rs:210:25
[INFO] [stdout]     |
[INFO] [stdout] 210 |                 Format::Json,
[INFO] [stdout]     |                         ^^^^ variant or associated item not found in `Format`
[INFO] [stdout]     |
[INFO] [stdout] note: if you're trying to build a new `schematic::Format`, consider using `schematic::Format::detect` which returns `Result<schematic::Format, schematic::ConfigError>`
[INFO] [stdout]    --> /opt/rustwide/workdir/src/config/format.rs:35:5
[INFO] [stdout]     |
[INFO] [stdout] 35  |     pub fn detect(value: &str) -> Result<Format, ConfigError> {
[INFO] [stdout]     |     ^^^^^^^^^^^^^^^^^^^^^^^^^^^^^^^^^^^^^^^^^^^^^^^^^^^^^^^^^
[INFO] [stdout] 
[INFO] [stdout] 
[INFO] [stdout] error[E0599]: no variant or associated item named `Json` found for enum `schematic::Format` in the current scope
[INFO] [stdout]    --> tests/variants_test.rs:239:25
[INFO] [stdout]     |
[INFO] [stdout] 239 |                 Format::Json,
[INFO] [stdout]     |                         ^^^^ variant or associated item not found in `Format`
[INFO] [stdout]     |
[INFO] [stdout] note: if you're trying to build a new `schematic::Format`, consider using `schematic::Format::detect` which returns `Result<schematic::Format, schematic::ConfigError>`
[INFO] [stdout]    --> /opt/rustwide/workdir/src/config/format.rs:35:5
[INFO] [stdout]     |
[INFO] [stdout] 35  |     pub fn detect(value: &str) -> Result<Format, ConfigError> {
[INFO] [stdout]     |     ^^^^^^^^^^^^^^^^^^^^^^^^^^^^^^^^^^^^^^^^^^^^^^^^^^^^^^^^^
[INFO] [stdout] 
[INFO] [stdout] 
[INFO] [stdout] error[E0599]: no variant or associated item named `Yaml` found for enum `schematic::Format` in the current scope
[INFO] [stdout]    --> tests/env_test.rs:149:29
[INFO] [stdout]     |
[INFO] [stdout] 149 |         .code("{}", Format::Yaml)
[INFO] [stdout]     |                             ^^^^ variant or associated item not found in `Format`
[INFO] [stdout]     |
[INFO] [stdout] note: if you're trying to build a new `schematic::Format`, consider using `schematic::Format::detect` which returns `Result<schematic::Format, ConfigError>`
[INFO] [stdout]    --> /opt/rustwide/workdir/src/config/format.rs:35:5
[INFO] [stdout]     |
[INFO] [stdout] 35  |     pub fn detect(value: &str) -> Result<Format, ConfigError> {
[INFO] [stdout]     |     ^^^^^^^^^^^^^^^^^^^^^^^^^^^^^^^^^^^^^^^^^^^^^^^^^^^^^^^^^
[INFO] [stdout] 
[INFO] [stdout] 
[INFO] [stdout] error: aborting due to previous error
[INFO] [stdout] 
[INFO] [stdout] 
[INFO] [stdout] error: aborting due to 8 previous errors
[INFO] [stdout] 
[INFO] [stdout] 
[INFO] [stdout] For more information about this error, try `rustc --explain E0599`.
[INFO] [stdout] 
[INFO] [stdout] For more information about this error, try `rustc --explain E0599`.
[INFO] [stdout] 
[INFO] [stdout] error[E0599]: no variant or associated item named `Yaml` found for enum `schematic::Format` in the current scope
[INFO] [stdout]    --> tests/file_sources_test.rs:245:21
[INFO] [stdout]     |
[INFO] [stdout] 245 |             Format::Yaml,
[INFO] [stdout]     |                     ^^^^ variant or associated item not found in `Format`
[INFO] [stdout]     |
[INFO] [stdout] note: if you're trying to build a new `schematic::Format`, consider using `schematic::Format::detect` which returns `Result<schematic::Format, ConfigError>`
[INFO] [stdout]    --> /opt/rustwide/workdir/src/config/format.rs:35:5
[INFO] [stdout]     |
[INFO] [stdout] 35  |     pub fn detect(value: &str) -> Result<Format, ConfigError> {
[INFO] [stdout]     |     ^^^^^^^^^^^^^^^^^^^^^^^^^^^^^^^^^^^^^^^^^^^^^^^^^^^^^^^^^
[INFO] [stdout] 
[INFO] [stdout] 
[INFO] [stdout] error[E0599]: no variant or associated item named `Json` found for enum `schematic::Format` in the current scope
[INFO] [stdout]    --> tests/file_sources_test.rs:253:21
[INFO] [stdout]     |
[INFO] [stdout] 253 |             Format::Json,
[INFO] [stdout]     |                     ^^^^ variant or associated item not found in `Format`
[INFO] [stdout]     |
[INFO] [stdout] note: if you're trying to build a new `schematic::Format`, consider using `schematic::Format::detect` which returns `Result<schematic::Format, ConfigError>`
[INFO] [stdout]    --> /opt/rustwide/workdir/src/config/format.rs:35:5
[INFO] [stdout]     |
[INFO] [stdout] 35  |     pub fn detect(value: &str) -> Result<Format, ConfigError> {
[INFO] [stdout]     |     ^^^^^^^^^^^^^^^^^^^^^^^^^^^^^^^^^^^^^^^^^^^^^^^^^^^^^^^^^
[INFO] [stdout] 
[INFO] [stdout] 
[INFO] [stdout] error[E0599]: no variant or associated item named `Toml` found for enum `schematic::Format` in the current scope
[INFO] [stdout]    --> tests/file_sources_test.rs:261:21
[INFO] [stdout]     |
[INFO] [stdout] 261 |             Format::Toml,
[INFO] [stdout]     |                     ^^^^ variant or associated item not found in `Format`
[INFO] [stdout]     |
[INFO] [stdout] note: if you're trying to build a new `schematic::Format`, consider using `schematic::Format::detect` which returns `Result<schematic::Format, ConfigError>`
[INFO] [stdout]    --> /opt/rustwide/workdir/src/config/format.rs:35:5
[INFO] [stdout]     |
[INFO] [stdout] 35  |     pub fn detect(value: &str) -> Result<Format, ConfigError> {
[INFO] [stdout]     |     ^^^^^^^^^^^^^^^^^^^^^^^^^^^^^^^^^^^^^^^^^^^^^^^^^^^^^^^^^
[INFO] [stdout] 
[INFO] [stdout] 
[INFO] [stdout] error[E0599]: no variant or associated item named `Json` found for enum `schematic::Format` in the current scope
[INFO] [stdout]    --> tests/variants_test.rs:267:25
[INFO] [stdout]     |
[INFO] [stdout] 267 |                 Format::Json,
[INFO] [stdout]     |                         ^^^^ variant or associated item not found in `Format`
[INFO] [stdout]     |
[INFO] [stdout] note: if you're trying to build a new `schematic::Format`, consider using `schematic::Format::detect` which returns `Result<schematic::Format, schematic::ConfigError>`
[INFO] [stdout]    --> /opt/rustwide/workdir/src/config/format.rs:35:5
[INFO] [stdout]     |
[INFO] [stdout] 35  |     pub fn detect(value: &str) -> Result<Format, ConfigError> {
[INFO] [stdout]     |     ^^^^^^^^^^^^^^^^^^^^^^^^^^^^^^^^^^^^^^^^^^^^^^^^^^^^^^^^^
[INFO] [stdout] 
[INFO] [stdout] 
[INFO] [stdout] error[E0599]: no variant or associated item named `Yaml` found for enum `schematic::Format` in the current scope
[INFO] [stdout]    --> tests/env_test.rs:165:52
[INFO] [stdout]     |
[INFO] [stdout] 165 |         .code("optNested:\n  string: bar", Format::Yaml)
[INFO] [stdout]     |                                                    ^^^^ variant or associated item not found in `Format`
[INFO] [stdout]     |
[INFO] [stdout] note: if you're trying to build a new `schematic::Format`, consider using `schematic::Format::detect` which returns `Result<schematic::Format, ConfigError>`
[INFO] [stdout]    --> /opt/rustwide/workdir/src/config/format.rs:35:5
[INFO] [stdout]     |
[INFO] [stdout] 35  |     pub fn detect(value: &str) -> Result<Format, ConfigError> {
[INFO] [stdout]     |     ^^^^^^^^^^^^^^^^^^^^^^^^^^^^^^^^^^^^^^^^^^^^^^^^^^^^^^^^^
[INFO] [stdout] 
[INFO] [stdout] 
[INFO] [stdout] error[E0599]: no variant or associated item named `Json` found for enum `schematic::Format` in the current scope
[INFO] [stdout]    --> tests/variants_test.rs:287:25
[INFO] [stdout]     |
[INFO] [stdout] 287 |                 Format::Json,
[INFO] [stdout]     |                         ^^^^ variant or associated item not found in `Format`
[INFO] [stdout]     |
[INFO] [stdout] note: if you're trying to build a new `schematic::Format`, consider using `schematic::Format::detect` which returns `Result<schematic::Format, schematic::ConfigError>`
[INFO] [stdout]    --> /opt/rustwide/workdir/src/config/format.rs:35:5
[INFO] [stdout]     |
[INFO] [stdout] 35  |     pub fn detect(value: &str) -> Result<Format, ConfigError> {
[INFO] [stdout]     |     ^^^^^^^^^^^^^^^^^^^^^^^^^^^^^^^^^^^^^^^^^^^^^^^^^^^^^^^^^
[INFO] [stdout] 
[INFO] [stdout] 
[INFO] [stdout] error[E0599]: no variant or associated item named `Json` found for enum `schematic::Format` in the current scope
[INFO] [stdout]    --> tests/variants_test.rs:310:25
[INFO] [stdout]     |
[INFO] [stdout] 310 |                 Format::Json,
[INFO] [stdout]     |                         ^^^^ variant or associated item not found in `Format`
[INFO] [stdout]     |
[INFO] [stdout] note: if you're trying to build a new `schematic::Format`, consider using `schematic::Format::detect` which returns `Result<schematic::Format, schematic::ConfigError>`
[INFO] [stdout]    --> /opt/rustwide/workdir/src/config/format.rs:35:5
[INFO] [stdout]     |
[INFO] [stdout] 35  |     pub fn detect(value: &str) -> Result<Format, ConfigError> {
[INFO] [stdout]     |     ^^^^^^^^^^^^^^^^^^^^^^^^^^^^^^^^^^^^^^^^^^^^^^^^^^^^^^^^^
[INFO] [stdout] 
[INFO] [stdout] 
[INFO] [stderr] error: could not compile `schematic` (test "code_sources_test") due to 9 previous errors
[INFO] [stderr] warning: build failed, waiting for other jobs to finish...
[INFO] [stderr] error: could not compile `schematic` (test "defaults_test") due to 2 previous errors
[INFO] [stdout] error: aborting due to 11 previous errors; 1 warning emitted
[INFO] [stdout] 
[INFO] [stdout] 
[INFO] [stdout] error: aborting due to 12 previous errors
[INFO] [stdout] 
[INFO] [stdout] 
[INFO] [stdout] For more information about this error, try `rustc --explain E0599`.
[INFO] [stdout] 
[INFO] [stdout] For more information about this error, try `rustc --explain E0599`.
[INFO] [stdout] 
[INFO] [stdout] error: aborting due to 4 previous errors
[INFO] [stdout] 
[INFO] [stdout] 
[INFO] [stdout] For more information about this error, try `rustc --explain E0599`.
[INFO] [stdout] 
[INFO] [stderr] error: could not compile `schematic` (test "variants_test") due to 12 previous errors; 1 warning emitted
[INFO] [stderr] error: could not compile `schematic` (test "file_sources_test") due to 13 previous errors
[INFO] [stdout] error: aborting due to 5 previous errors
[INFO] [stdout] 
[INFO] [stdout] 
[INFO] [stderr] error: could not compile `schematic` (test "env_test") due to 5 previous errors
[INFO] [stderr] error: could not compile `schematic` (test "schematic_enum_test") due to 6 previous errors
[INFO] [stdout] warning: unused imports: `assert_snapshot`, `create_empty_sandbox`
[INFO] [stdout]  --> tests/generator_test.rs:5:24
[INFO] [stdout]   |
[INFO] [stdout] 5 | use starbase_sandbox::{assert_snapshot, create_empty_sandbox};
[INFO] [stdout]   |                        ^^^^^^^^^^^^^^^  ^^^^^^^^^^^^^^^^^^^^
[INFO] [stdout]   |
[INFO] [stdout]   = note: `#[warn(unused_imports)]` on by default
[INFO] [stdout] 
[INFO] [stdout] 
[INFO] [stdout] warning: unused import: `HashSet`
[INFO] [stdout]  --> tests/generator_test.rs:6:33
[INFO] [stdout]   |
[INFO] [stdout] 6 | use std::collections::{HashMap, HashSet};
[INFO] [stdout]   |                                 ^^^^^^^
[INFO] [stdout] 
[INFO] [stdout] 
[INFO] [stdout] warning: unused import: `std::fs`
[INFO] [stdout]  --> tests/generator_test.rs:7:5
[INFO] [stdout]   |
[INFO] [stdout] 7 | use std::fs;
[INFO] [stdout]   |     ^^^^^^^
[INFO] [stdout] 
[INFO] [stdout] 
[INFO] [stdout] error[E0277]: the trait bound `NaiveDate: Deserialize<'_>` is not satisfied
[INFO] [stdout]     --> tests/generator_test.rs:28:17
[INFO] [stdout]      |
[INFO] [stdout] 28   | #[derive(Clone, Config)]
[INFO] [stdout]      |                 ^^^^^^ the trait `Deserialize<'_>` is not implemented for `NaiveDate`
[INFO] [stdout]      |
[INFO] [stdout]      = help: the following other types implement trait `Deserialize<'de>`:
[INFO] [stdout]                bool
[INFO] [stdout]                char
[INFO] [stdout]                isize
[INFO] [stdout]                i8
[INFO] [stdout]                i16
[INFO] [stdout]                i32
[INFO] [stdout]                i64
[INFO] [stdout]                i128
[INFO] [stdout]              and 337 others
[INFO] [stdout]      = note: required for `std::option::Option<NaiveDate>` to implement `Deserialize<'_>`
[INFO] [stdout] note: required by a bound in `next_element`
[INFO] [stdout]     --> /opt/rustwide/cargo-home/registry/src/index.crates.io-6f17d22bba15001f/serde-1.0.194/src/de/mod.rs:1726:12
[INFO] [stdout]      |
[INFO] [stdout] 1724 |     fn next_element<T>(&mut self) -> Result<Option<T>, Self::Error>
[INFO] [stdout]      |        ------------ required by a bound in this associated function
[INFO] [stdout] 1725 |     where
[INFO] [stdout] 1726 |         T: Deserialize<'de>,
[INFO] [stdout]      |            ^^^^^^^^^^^^^^^^ required by this bound in `SeqAccess::next_element`
[INFO] [stdout]      = note: this error originates in the derive macro `Config` (in Nightly builds, run with -Z macro-backtrace for more info)
[INFO] [stdout] 
[INFO] [stdout] 
[INFO] [stdout] error[E0277]: the trait bound `NaiveDateTime: Deserialize<'_>` is not satisfied
[INFO] [stdout]     --> tests/generator_test.rs:28:17
[INFO] [stdout]      |
[INFO] [stdout] 28   | #[derive(Clone, Config)]
[INFO] [stdout]      |                 ^^^^^^ the trait `Deserialize<'_>` is not implemented for `NaiveDateTime`
[INFO] [stdout]      |
[INFO] [stdout]      = help: the following other types implement trait `Deserialize<'de>`:
[INFO] [stdout]                bool
[INFO] [stdout]                char
[INFO] [stdout]                isize
[INFO] [stdout]                i8
[INFO] [stdout]                i16
[INFO] [stdout]                i32
[INFO] [stdout]                i64
[INFO] [stdout]                i128
[INFO] [stdout]              and 337 others
[INFO] [stdout]      = note: required for `std::option::Option<NaiveDateTime>` to implement `Deserialize<'_>`
[INFO] [stdout] note: required by a bound in `next_element`
[INFO] [stdout]     --> /opt/rustwide/cargo-home/registry/src/index.crates.io-6f17d22bba15001f/serde-1.0.194/src/de/mod.rs:1726:12
[INFO] [stdout]      |
[INFO] [stdout] 1724 |     fn next_element<T>(&mut self) -> Result<Option<T>, Self::Error>
[INFO] [stdout]      |        ------------ required by a bound in this associated function
[INFO] [stdout] 1725 |     where
[INFO] [stdout] 1726 |         T: Deserialize<'de>,
[INFO] [stdout]      |            ^^^^^^^^^^^^^^^^ required by this bound in `SeqAccess::next_element`
[INFO] [stdout]      = note: this error originates in the derive macro `Config` (in Nightly builds, run with -Z macro-backtrace for more info)
[INFO] [stdout] 
[INFO] [stdout] 
[INFO] [stdout] error[E0277]: the trait bound `NaiveTime: Deserialize<'_>` is not satisfied
[INFO] [stdout]     --> tests/generator_test.rs:28:17
[INFO] [stdout]      |
[INFO] [stdout] 28   | #[derive(Clone, Config)]
[INFO] [stdout]      |                 ^^^^^^ the trait `Deserialize<'_>` is not implemented for `NaiveTime`
[INFO] [stdout]      |
[INFO] [stdout]      = help: the following other types implement trait `Deserialize<'de>`:
[INFO] [stdout]                bool
[INFO] [stdout]                char
[INFO] [stdout]                isize
[INFO] [stdout]                i8
[INFO] [stdout]                i16
[INFO] [stdout]                i32
[INFO] [stdout]                i64
[INFO] [stdout]                i128
[INFO] [stdout]              and 337 others
[INFO] [stdout]      = note: required for `std::option::Option<NaiveTime>` to implement `Deserialize<'_>`
[INFO] [stdout] note: required by a bound in `next_element`
[INFO] [stdout]     --> /opt/rustwide/cargo-home/registry/src/index.crates.io-6f17d22bba15001f/serde-1.0.194/src/de/mod.rs:1726:12
[INFO] [stdout]      |
[INFO] [stdout] 1724 |     fn next_element<T>(&mut self) -> Result<Option<T>, Self::Error>
[INFO] [stdout]      |        ------------ required by a bound in this associated function
[INFO] [stdout] 1725 |     where
[INFO] [stdout] 1726 |         T: Deserialize<'de>,
[INFO] [stdout]      |            ^^^^^^^^^^^^^^^^ required by this bound in `SeqAccess::next_element`
[INFO] [stdout]      = note: this error originates in the derive macro `Config` (in Nightly builds, run with -Z macro-backtrace for more info)
[INFO] [stdout] 
[INFO] [stdout] 
[INFO] [stdout] error[E0277]: the trait bound `NaiveDate: Deserialize<'_>` is not satisfied
[INFO] [stdout]     --> tests/generator_test.rs:28:17
[INFO] [stdout]      |
[INFO] [stdout] 28   | #[derive(Clone, Config)]
[INFO] [stdout]      |                 ^^^^^^ the trait `Deserialize<'_>` is not implemented for `NaiveDate`
[INFO] [stdout]      |
[INFO] [stdout]      = help: the following other types implement trait `Deserialize<'de>`:
[INFO] [stdout]                bool
[INFO] [stdout]                char
[INFO] [stdout]                isize
[INFO] [stdout]                i8
[INFO] [stdout]                i16
[INFO] [stdout]                i32
[INFO] [stdout]                i64
[INFO] [stdout]                i128
[INFO] [stdout]              and 337 others
[INFO] [stdout]      = note: required for `std::option::Option<NaiveDate>` to implement `Deserialize<'_>`
[INFO] [stdout] note: required by a bound in `next_value`
[INFO] [stdout]     --> /opt/rustwide/cargo-home/registry/src/index.crates.io-6f17d22bba15001f/serde-1.0.194/src/de/mod.rs:1865:12
[INFO] [stdout]      |
[INFO] [stdout] 1863 |     fn next_value<V>(&mut self) -> Result<V, Self::Error>
[INFO] [stdout]      |        ---------- required by a bound in this associated function
[INFO] [stdout] 1864 |     where
[INFO] [stdout] 1865 |         V: Deserialize<'de>,
[INFO] [stdout]      |            ^^^^^^^^^^^^^^^^ required by this bound in `MapAccess::next_value`
[INFO] [stdout]      = note: this error originates in the derive macro `Config` (in Nightly builds, run with -Z macro-backtrace for more info)
[INFO] [stdout] 
[INFO] [stdout] 
[INFO] [stdout] error[E0277]: the trait bound `NaiveDateTime: Deserialize<'_>` is not satisfied
[INFO] [stdout]     --> tests/generator_test.rs:28:17
[INFO] [stdout]      |
[INFO] [stdout] 28   | #[derive(Clone, Config)]
[INFO] [stdout]      |                 ^^^^^^ the trait `Deserialize<'_>` is not implemented for `NaiveDateTime`
[INFO] [stdout]      |
[INFO] [stdout]      = help: the following other types implement trait `Deserialize<'de>`:
[INFO] [stdout]                bool
[INFO] [stdout]                char
[INFO] [stdout]                isize
[INFO] [stdout]                i8
[INFO] [stdout]                i16
[INFO] [stdout]                i32
[INFO] [stdout]                i64
[INFO] [stdout]                i128
[INFO] [stdout]              and 337 others
[INFO] [stdout]      = note: required for `std::option::Option<NaiveDateTime>` to implement `Deserialize<'_>`
[INFO] [stdout] note: required by a bound in `next_value`
[INFO] [stdout]     --> /opt/rustwide/cargo-home/registry/src/index.crates.io-6f17d22bba15001f/serde-1.0.194/src/de/mod.rs:1865:12
[INFO] [stdout]      |
[INFO] [stdout] 1863 |     fn next_value<V>(&mut self) -> Result<V, Self::Error>
[INFO] [stdout]      |        ---------- required by a bound in this associated function
[INFO] [stdout] 1864 |     where
[INFO] [stdout] 1865 |         V: Deserialize<'de>,
[INFO] [stdout]      |            ^^^^^^^^^^^^^^^^ required by this bound in `MapAccess::next_value`
[INFO] [stdout]      = note: this error originates in the derive macro `Config` (in Nightly builds, run with -Z macro-backtrace for more info)
[INFO] [stdout] 
[INFO] [stdout] 
[INFO] [stdout] error[E0277]: the trait bound `NaiveTime: Deserialize<'_>` is not satisfied
[INFO] [stdout]     --> tests/generator_test.rs:28:17
[INFO] [stdout]      |
[INFO] [stdout] 28   | #[derive(Clone, Config)]
[INFO] [stdout]      |                 ^^^^^^ the trait `Deserialize<'_>` is not implemented for `NaiveTime`
[INFO] [stdout]      |
[INFO] [stdout]      = help: the following other types implement trait `Deserialize<'de>`:
[INFO] [stdout]                bool
[INFO] [stdout]                char
[INFO] [stdout]                isize
[INFO] [stdout]                i8
[INFO] [stdout]                i16
[INFO] [stdout]                i32
[INFO] [stdout]                i64
[INFO] [stdout]                i128
[INFO] [stdout]              and 337 others
[INFO] [stdout]      = note: required for `std::option::Option<NaiveTime>` to implement `Deserialize<'_>`
[INFO] [stdout] note: required by a bound in `next_value`
[INFO] [stdout]     --> /opt/rustwide/cargo-home/registry/src/index.crates.io-6f17d22bba15001f/serde-1.0.194/src/de/mod.rs:1865:12
[INFO] [stdout]      |
[INFO] [stdout] 1863 |     fn next_value<V>(&mut self) -> Result<V, Self::Error>
[INFO] [stdout]      |        ---------- required by a bound in this associated function
[INFO] [stdout] 1864 |     where
[INFO] [stdout] 1865 |         V: Deserialize<'de>,
[INFO] [stdout]      |            ^^^^^^^^^^^^^^^^ required by this bound in `MapAccess::next_value`
[INFO] [stdout]      = note: this error originates in the derive macro `Config` (in Nightly builds, run with -Z macro-backtrace for more info)
[INFO] [stdout] 
[INFO] [stdout] 
[INFO] [stdout] error[E0599]: no variant or associated item named `Yaml` found for enum `schematic::Format` in the current scope
[INFO] [stdout]   --> tests/extends_test.rs:61:33
[INFO] [stdout]    |
[INFO] [stdout] 61 |                 format: Format::Yaml,
[INFO] [stdout]    |                                 ^^^^ variant or associated item not found in `Format`
[INFO] [stdout]    |
[INFO] [stdout] note: if you're trying to build a new `schematic::Format`, consider using `schematic::Format::detect` which returns `Result<schematic::Format, ConfigError>`
[INFO] [stdout]   --> /opt/rustwide/workdir/src/config/format.rs:35:5
[INFO] [stdout]    |
[INFO] [stdout] 35 |     pub fn detect(value: &str) -> Result<Format, ConfigError> {
[INFO] [stdout]    |     ^^^^^^^^^^^^^^^^^^^^^^^^^^^^^^^^^^^^^^^^^^^^^^^^^^^^^^^^^
[INFO] [stdout] 
[INFO] [stdout] 
[INFO] [stdout] error[E0599]: no variant or associated item named `Yaml` found for enum `schematic::Format` in the current scope
[INFO] [stdout]   --> tests/extends_test.rs:66:33
[INFO] [stdout]    |
[INFO] [stdout] 66 |                 format: Format::Yaml,
[INFO] [stdout]    |                                 ^^^^ variant or associated item not found in `Format`
[INFO] [stdout]    |
[INFO] [stdout] note: if you're trying to build a new `schematic::Format`, consider using `schematic::Format::detect` which returns `Result<schematic::Format, ConfigError>`
[INFO] [stdout]   --> /opt/rustwide/workdir/src/config/format.rs:35:5
[INFO] [stdout]    |
[INFO] [stdout] 35 |     pub fn detect(value: &str) -> Result<Format, ConfigError> {
[INFO] [stdout]    |     ^^^^^^^^^^^^^^^^^^^^^^^^^^^^^^^^^^^^^^^^^^^^^^^^^^^^^^^^^
[INFO] [stdout] 
[INFO] [stdout] 
[INFO] [stdout] error[E0599]: no variant or associated item named `Yaml` found for enum `schematic::Format` in the current scope
[INFO] [stdout]   --> tests/extends_test.rs:71:33
[INFO] [stdout]    |
[INFO] [stdout] 71 |                 format: Format::Yaml,
[INFO] [stdout]    |                                 ^^^^ variant or associated item not found in `Format`
[INFO] [stdout]    |
[INFO] [stdout] note: if you're trying to build a new `schematic::Format`, consider using `schematic::Format::detect` which returns `Result<schematic::Format, ConfigError>`
[INFO] [stdout]   --> /opt/rustwide/workdir/src/config/format.rs:35:5
[INFO] [stdout]    |
[INFO] [stdout] 35 |     pub fn detect(value: &str) -> Result<Format, ConfigError> {
[INFO] [stdout]    |     ^^^^^^^^^^^^^^^^^^^^^^^^^^^^^^^^^^^^^^^^^^^^^^^^^^^^^^^^^
[INFO] [stdout] 
[INFO] [stdout] 
[INFO] [stdout] error[E0599]: no variant or associated item named `Yaml` found for enum `schematic::Format` in the current scope
[INFO] [stdout]    --> tests/extends_test.rs:102:33
[INFO] [stdout]     |
[INFO] [stdout] 102 |                 format: Format::Yaml,
[INFO] [stdout]     |                                 ^^^^ variant or associated item not found in `Format`
[INFO] [stdout]     |
[INFO] [stdout] note: if you're trying to build a new `schematic::Format`, consider using `schematic::Format::detect` which returns `Result<schematic::Format, ConfigError>`
[INFO] [stdout]    --> /opt/rustwide/workdir/src/config/format.rs:35:5
[INFO] [stdout]     |
[INFO] [stdout] 35  |     pub fn detect(value: &str) -> Result<Format, ConfigError> {
[INFO] [stdout]     |     ^^^^^^^^^^^^^^^^^^^^^^^^^^^^^^^^^^^^^^^^^^^^^^^^^^^^^^^^^
[INFO] [stdout] 
[INFO] [stdout] 
[INFO] [stdout] error[E0599]: no variant or associated item named `Yaml` found for enum `schematic::Format` in the current scope
[INFO] [stdout]    --> tests/extends_test.rs:107:33
[INFO] [stdout]     |
[INFO] [stdout] 107 |                 format: Format::Yaml,
[INFO] [stdout]     |                                 ^^^^ variant or associated item not found in `Format`
[INFO] [stdout]     |
[INFO] [stdout] note: if you're trying to build a new `schematic::Format`, consider using `schematic::Format::detect` which returns `Result<schematic::Format, ConfigError>`
[INFO] [stdout]    --> /opt/rustwide/workdir/src/config/format.rs:35:5
[INFO] [stdout]     |
[INFO] [stdout] 35  |     pub fn detect(value: &str) -> Result<Format, ConfigError> {
[INFO] [stdout]     |     ^^^^^^^^^^^^^^^^^^^^^^^^^^^^^^^^^^^^^^^^^^^^^^^^^^^^^^^^^
[INFO] [stdout] 
[INFO] [stdout] 
[INFO] [stdout] error[E0599]: no variant or associated item named `Yaml` found for enum `schematic::Format` in the current scope
[INFO] [stdout]    --> tests/extends_test.rs:112:33
[INFO] [stdout]     |
[INFO] [stdout] 112 |                 format: Format::Yaml,
[INFO] [stdout]     |                                 ^^^^ variant or associated item not found in `Format`
[INFO] [stdout]     |
[INFO] [stdout] note: if you're trying to build a new `schematic::Format`, consider using `schematic::Format::detect` which returns `Result<schematic::Format, ConfigError>`
[INFO] [stdout]    --> /opt/rustwide/workdir/src/config/format.rs:35:5
[INFO] [stdout]     |
[INFO] [stdout] 35  |     pub fn detect(value: &str) -> Result<Format, ConfigError> {
[INFO] [stdout]     |     ^^^^^^^^^^^^^^^^^^^^^^^^^^^^^^^^^^^^^^^^^^^^^^^^^^^^^^^^^
[INFO] [stdout] 
[INFO] [stdout] 
[INFO] [stdout] error[E0599]: no variant or associated item named `Yaml` found for enum `schematic::Format` in the current scope
[INFO] [stdout]    --> tests/extends_test.rs:117:33
[INFO] [stdout]     |
[INFO] [stdout] 117 |                 format: Format::Yaml,
[INFO] [stdout]     |                                 ^^^^ variant or associated item not found in `Format`
[INFO] [stdout]     |
[INFO] [stdout] note: if you're trying to build a new `schematic::Format`, consider using `schematic::Format::detect` which returns `Result<schematic::Format, ConfigError>`
[INFO] [stdout]    --> /opt/rustwide/workdir/src/config/format.rs:35:5
[INFO] [stdout]     |
[INFO] [stdout] 35  |     pub fn detect(value: &str) -> Result<Format, ConfigError> {
[INFO] [stdout]     |     ^^^^^^^^^^^^^^^^^^^^^^^^^^^^^^^^^^^^^^^^^^^^^^^^^^^^^^^^^
[INFO] [stdout] 
[INFO] [stdout] 
[INFO] [stdout] error[E0599]: no variant or associated item named `Yaml` found for enum `schematic::Format` in the current scope
[INFO] [stdout]    --> tests/extends_test.rs:148:33
[INFO] [stdout]     |
[INFO] [stdout] 148 |                 format: Format::Yaml,
[INFO] [stdout]     |                                 ^^^^ variant or associated item not found in `Format`
[INFO] [stdout]     |
[INFO] [stdout] note: if you're trying to build a new `schematic::Format`, consider using `schematic::Format::detect` which returns `Result<schematic::Format, ConfigError>`
[INFO] [stdout]    --> /opt/rustwide/workdir/src/config/format.rs:35:5
[INFO] [stdout]     |
[INFO] [stdout] 35  |     pub fn detect(value: &str) -> Result<Format, ConfigError> {
[INFO] [stdout]     |     ^^^^^^^^^^^^^^^^^^^^^^^^^^^^^^^^^^^^^^^^^^^^^^^^^^^^^^^^^
[INFO] [stdout] 
[INFO] [stdout] 
[INFO] [stdout] error[E0599]: no variant or associated item named `Yaml` found for enum `schematic::Format` in the current scope
[INFO] [stdout]    --> tests/extends_test.rs:153:33
[INFO] [stdout]     |
[INFO] [stdout] 153 |                 format: Format::Yaml,
[INFO] [stdout]     |                                 ^^^^ variant or associated item not found in `Format`
[INFO] [stdout]     |
[INFO] [stdout] note: if you're trying to build a new `schematic::Format`, consider using `schematic::Format::detect` which returns `Result<schematic::Format, ConfigError>`
[INFO] [stdout]    --> /opt/rustwide/workdir/src/config/format.rs:35:5
[INFO] [stdout]     |
[INFO] [stdout] 35  |     pub fn detect(value: &str) -> Result<Format, ConfigError> {
[INFO] [stdout]     |     ^^^^^^^^^^^^^^^^^^^^^^^^^^^^^^^^^^^^^^^^^^^^^^^^^^^^^^^^^
[INFO] [stdout] 
[INFO] [stdout] 
[INFO] [stdout] error[E0599]: no variant or associated item named `Yaml` found for enum `schematic::Format` in the current scope
[INFO] [stdout]    --> tests/extends_test.rs:158:33
[INFO] [stdout]     |
[INFO] [stdout] 158 |                 format: Format::Yaml,
[INFO] [stdout]     |                                 ^^^^ variant or associated item not found in `Format`
[INFO] [stdout]     |
[INFO] [stdout] note: if you're trying to build a new `schematic::Format`, consider using `schematic::Format::detect` which returns `Result<schematic::Format, ConfigError>`
[INFO] [stdout]    --> /opt/rustwide/workdir/src/config/format.rs:35:5
[INFO] [stdout]     |
[INFO] [stdout] 35  |     pub fn detect(value: &str) -> Result<Format, ConfigError> {
[INFO] [stdout]     |     ^^^^^^^^^^^^^^^^^^^^^^^^^^^^^^^^^^^^^^^^^^^^^^^^^^^^^^^^^
[INFO] [stdout] 
[INFO] [stdout] 
[INFO] [stdout] error[E0599]: no variant or associated item named `Yaml` found for enum `schematic::Format` in the current scope
[INFO] [stdout]    --> tests/extends_test.rs:163:33
[INFO] [stdout]     |
[INFO] [stdout] 163 |                 format: Format::Yaml,
[INFO] [stdout]     |                                 ^^^^ variant or associated item not found in `Format`
[INFO] [stdout]     |
[INFO] [stdout] note: if you're trying to build a new `schematic::Format`, consider using `schematic::Format::detect` which returns `Result<schematic::Format, ConfigError>`
[INFO] [stdout]    --> /opt/rustwide/workdir/src/config/format.rs:35:5
[INFO] [stdout]     |
[INFO] [stdout] 35  |     pub fn detect(value: &str) -> Result<Format, ConfigError> {
[INFO] [stdout]     |     ^^^^^^^^^^^^^^^^^^^^^^^^^^^^^^^^^^^^^^^^^^^^^^^^^^^^^^^^^
[INFO] [stdout] 
[INFO] [stdout] 
[INFO] [stdout] error[E0599]: no variant or associated item named `Yaml` found for enum `schematic::Format` in the current scope
[INFO] [stdout]    --> tests/extends_test.rs:168:33
[INFO] [stdout]     |
[INFO] [stdout] 168 |                 format: Format::Yaml,
[INFO] [stdout]     |                                 ^^^^ variant or associated item not found in `Format`
[INFO] [stdout]     |
[INFO] [stdout] note: if you're trying to build a new `schematic::Format`, consider using `schematic::Format::detect` which returns `Result<schematic::Format, ConfigError>`
[INFO] [stdout]    --> /opt/rustwide/workdir/src/config/format.rs:35:5
[INFO] [stdout]     |
[INFO] [stdout] 35  |     pub fn detect(value: &str) -> Result<Format, ConfigError> {
[INFO] [stdout]     |     ^^^^^^^^^^^^^^^^^^^^^^^^^^^^^^^^^^^^^^^^^^^^^^^^^^^^^^^^^
[INFO] [stdout] 
[INFO] [stdout] 
[INFO] [stdout] error[E0599]: no variant or associated item named `Yaml` found for enum `schematic::Format` in the current scope
[INFO] [stdout]    --> tests/extends_test.rs:173:33
[INFO] [stdout]     |
[INFO] [stdout] 173 |                 format: Format::Yaml,
[INFO] [stdout]     |                                 ^^^^ variant or associated item not found in `Format`
[INFO] [stdout]     |
[INFO] [stdout] note: if you're trying to build a new `schematic::Format`, consider using `schematic::Format::detect` which returns `Result<schematic::Format, ConfigError>`
[INFO] [stdout]    --> /opt/rustwide/workdir/src/config/format.rs:35:5
[INFO] [stdout]     |
[INFO] [stdout] 35  |     pub fn detect(value: &str) -> Result<Format, ConfigError> {
[INFO] [stdout]     |     ^^^^^^^^^^^^^^^^^^^^^^^^^^^^^^^^^^^^^^^^^^^^^^^^^^^^^^^^^
[INFO] [stdout] 
[INFO] [stdout] 
[INFO] [stdout] error[E0277]: the trait bound `NaiveDate: Serialize` is not satisfied
[INFO] [stdout]     --> tests/generator_test.rs:28:17
[INFO] [stdout]      |
[INFO] [stdout] 28   | #[derive(Clone, Config)]
[INFO] [stdout]      |                 ^^^^^^ the trait `Serialize` is not implemented for `NaiveDate`
[INFO] [stdout]      |
[INFO] [stdout]      = help: the following other types implement trait `Serialize`:
[INFO] [stdout]                bool
[INFO] [stdout]                char
[INFO] [stdout]                isize
[INFO] [stdout]                i8
[INFO] [stdout]                i16
[INFO] [stdout]                i32
[INFO] [stdout]                i64
[INFO] [stdout]                i128
[INFO] [stdout]              and 344 others
[INFO] [stdout]      = note: required for `std::option::Option<NaiveDate>` to implement `Serialize`
[INFO] [stdout] note: required by a bound in `_::_serde::ser::SerializeStruct::serialize_field`
[INFO] [stdout]     --> /opt/rustwide/cargo-home/registry/src/index.crates.io-6f17d22bba15001f/serde-1.0.194/src/ser/mod.rs:1865:12
[INFO] [stdout]      |
[INFO] [stdout] 1859 |     fn serialize_field<T: ?Sized>(
[INFO] [stdout]      |        --------------- required by a bound in this associated function
[INFO] [stdout] ...
[INFO] [stdout] 1865 |         T: Serialize;
[INFO] [stdout]      |            ^^^^^^^^^ required by this bound in `SerializeStruct::serialize_field`
[INFO] [stdout]      = note: this error originates in the derive macro `Config` (in Nightly builds, run with -Z macro-backtrace for more info)
[INFO] [stdout] 
[INFO] [stdout] 
[INFO] [stdout] error[E0599]: no variant or associated item named `Yaml` found for enum `schematic::Format` in the current scope
[INFO] [stdout]    --> tests/extends_test.rs:204:33
[INFO] [stdout]     |
[INFO] [stdout] 204 |                 format: Format::Yaml,
[INFO] [stdout]     |                                 ^^^^ variant or associated item not found in `Format`
[INFO] [stdout]     |
[INFO] [stdout] note: if you're trying to build a new `schematic::Format`, consider using `schematic::Format::detect` which returns `Result<schematic::Format, ConfigError>`
[INFO] [stdout]    --> /opt/rustwide/workdir/src/config/format.rs:35:5
[INFO] [stdout]     |
[INFO] [stdout] 35  |     pub fn detect(value: &str) -> Result<Format, ConfigError> {
[INFO] [stdout]     |     ^^^^^^^^^^^^^^^^^^^^^^^^^^^^^^^^^^^^^^^^^^^^^^^^^^^^^^^^^
[INFO] [stdout] 
[INFO] [stdout] 
[INFO] [stdout] error[E0277]: the trait bound `NaiveDateTime: Serialize` is not satisfied
[INFO] [stdout]     --> tests/generator_test.rs:28:17
[INFO] [stdout]      |
[INFO] [stdout] 28   | #[derive(Clone, Config)]
[INFO] [stdout]      |                 ^^^^^^ the trait `Serialize` is not implemented for `NaiveDateTime`
[INFO] [stdout]      |
[INFO] [stdout]      = help: the following other types implement trait `Serialize`:
[INFO] [stdout]                bool
[INFO] [stdout]                char
[INFO] [stdout]                isize
[INFO] [stdout]                i8
[INFO] [stdout]                i16
[INFO] [stdout]                i32
[INFO] [stdout]                i64
[INFO] [stdout]                i128
[INFO] [stdout]              and 344 others
[INFO] [stdout]      = note: required for `std::option::Option<NaiveDateTime>` to implement `Serialize`
[INFO] [stdout] note: required by a bound in `_::_serde::ser::SerializeStruct::serialize_field`
[INFO] [stdout]     --> /opt/rustwide/cargo-home/registry/src/index.crates.io-6f17d22bba15001f/serde-1.0.194/src/ser/mod.rs:1865:12
[INFO] [stdout]      |
[INFO] [stdout] 1859 |     fn serialize_field<T: ?Sized>(
[INFO] [stdout]      |        --------------- required by a bound in this associated function
[INFO] [stdout] ...
[INFO] [stdout] 1865 |         T: Serialize;
[INFO] [stdout]      |            ^^^^^^^^^ required by this bound in `SerializeStruct::serialize_field`
[INFO] [stdout]      = note: this error originates in the derive macro `Config` (in Nightly builds, run with -Z macro-backtrace for more info)
[INFO] [stdout] 
[INFO] [stdout] 
[INFO] [stdout] error[E0277]: the trait bound `NaiveTime: Serialize` is not satisfied
[INFO] [stdout]     --> tests/generator_test.rs:28:17
[INFO] [stdout]      |
[INFO] [stdout] 28   | #[derive(Clone, Config)]
[INFO] [stdout]      |                 ^^^^^^ the trait `Serialize` is not implemented for `NaiveTime`
[INFO] [stdout]      |
[INFO] [stdout]      = help: the following other types implement trait `Serialize`:
[INFO] [stdout]                bool
[INFO] [stdout]                char
[INFO] [stdout]                isize
[INFO] [stdout]                i8
[INFO] [stdout]                i16
[INFO] [stdout]                i32
[INFO] [stdout]                i64
[INFO] [stdout]                i128
[INFO] [stdout]              and 344 others
[INFO] [stdout]      = note: required for `std::option::Option<NaiveTime>` to implement `Serialize`
[INFO] [stdout] note: required by a bound in `_::_serde::ser::SerializeStruct::serialize_field`
[INFO] [stdout]     --> /opt/rustwide/cargo-home/registry/src/index.crates.io-6f17d22bba15001f/serde-1.0.194/src/ser/mod.rs:1865:12
[INFO] [stdout]      |
[INFO] [stdout] 1859 |     fn serialize_field<T: ?Sized>(
[INFO] [stdout]      |        --------------- required by a bound in this associated function
[INFO] [stdout] ...
[INFO] [stdout] 1865 |         T: Serialize;
[INFO] [stdout]      |            ^^^^^^^^^ required by this bound in `SerializeStruct::serialize_field`
[INFO] [stdout]      = note: this error originates in the derive macro `Config` (in Nightly builds, run with -Z macro-backtrace for more info)
[INFO] [stdout] 
[INFO] [stdout] 
[INFO] [stdout] error: aborting due to 14 previous errors
[INFO] [stdout] 
[INFO] [stdout] 
[INFO] [stdout] For more information about this error, try `rustc --explain E0599`.
[INFO] [stdout] 
[INFO] [stderr] error: could not compile `schematic` (test "extends_test") due to 15 previous errors
[INFO] [stdout] error[E0433]: failed to resolve: use of undeclared crate or module `serde_json`
[INFO] [stdout]   --> tests/generator_test.rs:55:17
[INFO] [stdout]    |
[INFO] [stdout] 55 |     json_value: serde_json::Value,
[INFO] [stdout]    |                 ^^^^^^^^^^ use of undeclared crate or module `serde_json`
[INFO] [stdout] 
[INFO] [stdout] 
[INFO] [stdout] error[E0433]: failed to resolve: use of undeclared crate or module `toml`
[INFO] [stdout]   --> tests/generator_test.rs:56:24
[INFO] [stdout]    |
[INFO] [stdout] 56 |     toml_value: Option<toml::Value>,
[INFO] [stdout]    |                        ^^^^ use of undeclared crate or module `toml`
[INFO] [stdout] 
[INFO] [stdout] 
[INFO] [stdout] error[E0433]: failed to resolve: use of undeclared crate or module `serde_yaml`
[INFO] [stdout]   --> tests/generator_test.rs:57:17
[INFO] [stdout]    |
[INFO] [stdout] 57 |     yaml_value: serde_yaml::Value,
[INFO] [stdout]    |                 ^^^^^^^^^^ use of undeclared crate or module `serde_yaml`
[INFO] [stdout] 
[INFO] [stdout] 
[INFO] [stdout] error: aborting due to 13 previous errors; 3 warnings emitted
[INFO] [stdout] 
[INFO] [stdout] 
[INFO] [stdout] Some errors have detailed explanations: E0277, E0432, E0433.
[INFO] [stdout] 
[INFO] [stdout] For more information about an error, try `rustc --explain E0277`.
[INFO] [stdout] 
[INFO] [stderr] error: could not compile `schematic` (test "generator_test") due to 14 previous errors; 3 warnings emitted
[INFO] running `Command { std: "docker" "inspect" "48d69a2322bcee82f08d2d7b0e9ee3d84e2ef3c19c851a1afea67d8ab2b3d5e3", kill_on_drop: false }`
[INFO] running `Command { std: "docker" "rm" "-f" "48d69a2322bcee82f08d2d7b0e9ee3d84e2ef3c19c851a1afea67d8ab2b3d5e3", kill_on_drop: false }`
[INFO] [stdout] 48d69a2322bcee82f08d2d7b0e9ee3d84e2ef3c19c851a1afea67d8ab2b3d5e3
[INFO] testing schematic-0.12.9 against beta-2023-12-22 for beta-1.76-1
[INFO] extracting crate schematic 0.12.9 into /workspace/builds/worker-3-tc2/source
[INFO] validating manifest of crates.io crate schematic 0.12.9 on toolchain beta-2023-12-22
[INFO] running `Command { std: CARGO_HOME="/workspace/cargo-home" RUSTUP_HOME="/workspace/rustup-home" "/workspace/cargo-home/bin/cargo" "+beta-2023-12-22" "metadata" "--manifest-path" "Cargo.toml" "--no-deps", kill_on_drop: false }`
[INFO] started tweaking crates.io crate schematic 0.12.9
[INFO] finished tweaking crates.io crate schematic 0.12.9
[INFO] tweaked toml for crates.io crate schematic 0.12.9 written to /workspace/builds/worker-3-tc2/source/Cargo.toml
[INFO] running `Command { std: CARGO_HOME="/workspace/cargo-home" RUSTUP_HOME="/workspace/rustup-home" "/workspace/cargo-home/bin/cargo" "+beta-2023-12-22" "generate-lockfile" "--manifest-path" "Cargo.toml", kill_on_drop: false }`
[INFO] [stderr]     Updating crates.io index
[INFO] running `Command { std: CARGO_HOME="/workspace/cargo-home" RUSTUP_HOME="/workspace/rustup-home" "/workspace/cargo-home/bin/cargo" "+beta-2023-12-22" "fetch" "--manifest-path" "Cargo.toml", kill_on_drop: false }`
[INFO] running `Command { std: "docker" "create" "-v" "/var/lib/crater-agent-workspace/builds/worker-3-tc2/target:/opt/rustwide/target:rw,Z" "-v" "/var/lib/crater-agent-workspace/builds/worker-3-tc2/source:/opt/rustwide/workdir:ro,Z" "-v" "/var/lib/crater-agent-workspace/cargo-home:/opt/rustwide/cargo-home:ro,Z" "-v" "/var/lib/crater-agent-workspace/rustup-home:/opt/rustwide/rustup-home:ro,Z" "-e" "SOURCE_DIR=/opt/rustwide/workdir" "-e" "CARGO_TARGET_DIR=/opt/rustwide/target" "-e" "CARGO_HOME=/opt/rustwide/cargo-home" "-e" "RUSTUP_HOME=/opt/rustwide/rustup-home" "-w" "/opt/rustwide/workdir" "-m" "1610612736" "--user" "0:0" "--network" "none" "ghcr.io/rust-lang/crates-build-env/linux@sha256:2788e3201cd34a07e3172128adcd8b3090168a8e3bcc40d7c032b9dda1df7d1c" "/opt/rustwide/cargo-home/bin/cargo" "+beta-2023-12-22" "metadata" "--no-deps" "--format-version=1", kill_on_drop: false }`
[INFO] [stdout] 5c912511d3534522f3254805aafec24dabe2cc831b9e4191edb93d4905b7c5e7
[INFO] running `Command { std: "docker" "start" "-a" "5c912511d3534522f3254805aafec24dabe2cc831b9e4191edb93d4905b7c5e7", kill_on_drop: false }`
[INFO] running `Command { std: "docker" "inspect" "5c912511d3534522f3254805aafec24dabe2cc831b9e4191edb93d4905b7c5e7", kill_on_drop: false }`
[INFO] running `Command { std: "docker" "rm" "-f" "5c912511d3534522f3254805aafec24dabe2cc831b9e4191edb93d4905b7c5e7", kill_on_drop: false }`
[INFO] [stdout] 5c912511d3534522f3254805aafec24dabe2cc831b9e4191edb93d4905b7c5e7
[INFO] running `Command { std: "docker" "create" "-v" "/var/lib/crater-agent-workspace/builds/worker-3-tc2/target:/opt/rustwide/target:rw,Z" "-v" "/var/lib/crater-agent-workspace/builds/worker-3-tc2/source:/opt/rustwide/workdir:ro,Z" "-v" "/var/lib/crater-agent-workspace/cargo-home:/opt/rustwide/cargo-home:ro,Z" "-v" "/var/lib/crater-agent-workspace/rustup-home:/opt/rustwide/rustup-home:ro,Z" "-e" "SOURCE_DIR=/opt/rustwide/workdir" "-e" "CARGO_TARGET_DIR=/opt/rustwide/target" "-e" "CARGO_INCREMENTAL=0" "-e" "RUST_BACKTRACE=full" "-e" "RUSTFLAGS=--cap-lints=warn" "-e" "RUSTDOCFLAGS=--cap-lints=warn" "-e" "CARGO_HOME=/opt/rustwide/cargo-home" "-e" "RUSTUP_HOME=/opt/rustwide/rustup-home" "-w" "/opt/rustwide/workdir" "-m" "1610612736" "--user" "0:0" "--network" "none" "ghcr.io/rust-lang/crates-build-env/linux@sha256:2788e3201cd34a07e3172128adcd8b3090168a8e3bcc40d7c032b9dda1df7d1c" "/opt/rustwide/cargo-home/bin/cargo" "+beta-2023-12-22" "build" "--frozen" "--message-format=json", kill_on_drop: false }`
[INFO] [stdout] fbc8943f4d5b3c555e86a9dff03087de7973fe6f8c8a97952dbde65d9c8915ad
[INFO] running `Command { std: "docker" "start" "-a" "fbc8943f4d5b3c555e86a9dff03087de7973fe6f8c8a97952dbde65d9c8915ad", kill_on_drop: false }`
[INFO] [stderr]    Compiling proc-macro2 v1.0.75
[INFO] [stderr]    Compiling unicode-ident v1.0.12
[INFO] [stderr]    Compiling libc v0.2.151
[INFO] [stderr]    Compiling itoa v1.0.10
[INFO] [stderr]    Compiling pin-project-lite v0.2.13
[INFO] [stderr]    Compiling once_cell v1.19.0
[INFO] [stderr]    Compiling bytes v1.5.0
[INFO] [stderr]    Compiling slab v0.4.9
[INFO] [stderr]    Compiling futures-core v0.3.30
[INFO] [stderr]    Compiling tracing-core v0.1.32
[INFO] [stderr]    Compiling serde v1.0.194
[INFO] [stderr]    Compiling rustix v0.38.28
[INFO] [stderr]    Compiling rustversion v1.0.14
[INFO] [stderr]    Compiling memchr v2.7.1
[INFO] [stderr]    Compiling httparse v1.8.0
[INFO] [stderr]    Compiling http v0.2.11
[INFO] [stderr]    Compiling equivalent v1.0.1
[INFO] [stderr]    Compiling pin-utils v0.1.0
[INFO] [stderr]    Compiling futures-task v0.3.30
[INFO] [stderr]    Compiling futures-sink v0.3.30
[INFO] [stderr]    Compiling bitflags v2.4.1
[INFO] [stderr]    Compiling futures-io v0.3.30
[INFO] [stderr]    Compiling ident_case v1.0.1
[INFO] [stderr]    Compiling quote v1.0.35
[INFO] [stderr]    Compiling hashbrown v0.14.3
[INFO] [stderr]    Compiling socket2 v0.5.5
[INFO] [stderr]    Compiling syn v2.0.48
[INFO] [stderr]    Compiling mio v0.8.10
[INFO] [stderr]    Compiling num_cpus v1.16.0
[INFO] [stderr]    Compiling ryu v1.0.16
[INFO] [stderr]    Compiling strsim v0.10.0
[INFO] [stderr]    Compiling linux-raw-sys v0.4.12
[INFO] [stderr]    Compiling percent-encoding v2.3.1
[INFO] [stderr]    Compiling tokio v1.35.1
[INFO] [stderr]    Compiling form_urlencoded v1.2.1
[INFO] [stderr]    Compiling indexmap v2.1.0
[INFO] [stderr]    Compiling futures-util v0.3.30
[INFO] [stderr]    Compiling unicode-normalization v0.1.22
[INFO] [stderr]    Compiling regex-syntax v0.8.2
[INFO] [stderr]    Compiling unicode-bidi v0.3.14
[INFO] [stderr]    Compiling thiserror v1.0.56
[INFO] [stderr]    Compiling try-lock v0.2.5
[INFO] [stderr]    Compiling option-ext v0.2.0
[INFO] [stderr]    Compiling dirs-sys v0.4.1
[INFO] [stderr]    Compiling want v0.3.1
[INFO] [stderr]    Compiling is-terminal v0.4.10
[INFO] [stderr]    Compiling regex-automata v0.4.3
[INFO] [stderr]    Compiling castaway v0.2.2
[INFO] [stderr]    Compiling idna v0.5.0
[INFO] [stderr]    Compiling http-body v0.4.6
[INFO] [stderr]    Compiling futures-channel v0.3.30
[INFO] [stderr]    Compiling httpdate v1.0.3
[INFO] [stderr]    Compiling static_assertions v1.1.0
[INFO] [stderr]    Compiling unicode-segmentation v1.10.1
[INFO] [stderr]    Compiling is_ci v1.1.1
[INFO] [stderr]    Compiling tower-service v0.3.2
[INFO] [stderr]    Compiling supports-color v2.1.0
[INFO] [stderr]    Compiling compact_str v0.7.1
[INFO] [stderr]    Compiling convert_case v0.6.0
[INFO] [stderr]    Compiling url v2.5.0
[INFO] [stderr]    Compiling dirs v5.0.1
[INFO] [stderr]    Compiling encoding_rs v0.8.33
[INFO] [stderr]    Compiling unicode-width v0.1.11
[INFO] [stderr]    Compiling regex v1.10.2
[INFO] [stderr]    Compiling base64 v0.21.5
[INFO] [stderr]    Compiling log v0.4.20
[INFO] [stderr]    Compiling darling_core v0.20.3
[INFO] [stderr]    Compiling smallvec v1.11.2
[INFO] [stderr]    Compiling ipnet v2.9.0
[INFO] [stderr]    Compiling starbase_styles v0.1.16
[INFO] [stderr]    Compiling garde v0.16.3
[INFO] [stderr]    Compiling schematic_types v0.4.10
[INFO] [stderr]    Compiling tracing-attributes v0.1.27
[INFO] [stderr]    Compiling serde_derive v1.0.194
[INFO] [stderr]    Compiling thiserror-impl v1.0.56
[INFO] [stderr]    Compiling miette-derive v5.10.0
[INFO] [stderr]    Compiling darling_macro v0.20.3
[INFO] [stderr]    Compiling darling v0.20.3
[INFO] [stderr]    Compiling schematic_macros v0.12.8
[INFO] [stderr]    Compiling tracing v0.1.40
[INFO] [stderr]    Compiling miette v5.10.0
[INFO] [stderr]    Compiling tokio-util v0.7.10
[INFO] [stderr]    Compiling h2 v0.3.22
[INFO] [stderr]    Compiling hyper v0.14.28
[INFO] [stderr]    Compiling serde_urlencoded v0.7.1
[INFO] [stderr]    Compiling serde_path_to_error v0.1.15
[INFO] [stderr]    Compiling reqwest v0.11.23
[INFO] [stderr]    Compiling schematic v0.12.9 (/opt/rustwide/workdir)
[INFO] [stdout] warning: unreachable expression
[INFO] [stdout]    --> src/config/format.rs:161:9
[INFO] [stdout]     |
[INFO] [stdout] 78  |           let data: D = match self {
[INFO] [stdout]     |  _______________________-
[INFO] [stdout] 79  | |             Format::None => {
[INFO] [stdout] 80  | |                 unreachable!();
[INFO] [stdout] 81  | |             }
[INFO] [stdout] ...   |
[INFO] [stdout] 158 | |             }
[INFO] [stdout] 159 | |         };
[INFO] [stdout]     | |_________- any code following this `match` expression is unreachable, as all arms diverge
[INFO] [stdout] 160 |
[INFO] [stdout] 161 |           Ok(data)
[INFO] [stdout]     |           ^^^^^^^^ unreachable expression
[INFO] [stdout]     |
[INFO] [stdout]     = note: `#[warn(unreachable_code)]` on by default
[INFO] [stdout] 
[INFO] [stdout] 
[INFO] [stdout] warning: variable does not need to be mutable
[INFO] [stdout]   --> src/config/format.rs:36:13
[INFO] [stdout]    |
[INFO] [stdout] 36 |         let mut available: Vec<&str> = vec![];
[INFO] [stdout]    |             ----^^^^^^^^^
[INFO] [stdout]    |             |
[INFO] [stdout]    |             help: remove this `mut`
[INFO] [stdout]    |
[INFO] [stdout]    = note: `#[warn(unused_mut)]` on by default
[INFO] [stdout] 
[INFO] [stdout] 
[INFO] [stdout] warning: unused variable: `data`
[INFO] [stdout]   --> src/config/format.rs:78:13
[INFO] [stdout]    |
[INFO] [stdout] 78 |         let data: D = match self {
[INFO] [stdout]    |             ^^^^ help: if this is intentional, prefix it with an underscore: `_data`
[INFO] [stdout]    |
[INFO] [stdout]    = note: `#[warn(unused_variables)]` on by default
[INFO] [stdout] 
[INFO] [stdout] 
[INFO] [stdout] warning: unused variable: `content`
[INFO] [stdout]   --> src/config/format.rs:74:28
[INFO] [stdout]    |
[INFO] [stdout] 74 |     pub fn parse<D>(&self, content: String, _location: &str) -> Result<D, ParserError>
[INFO] [stdout]    |                            ^^^^^^^ help: if this is intentional, prefix it with an underscore: `_content`
[INFO] [stdout] 
[INFO] [stdout] 
[INFO] [stdout] warning: function `create_span` is never used
[INFO] [stdout]  --> src/config/format.rs:6:4
[INFO] [stdout]   |
[INFO] [stdout] 6 | fn create_span(content: &str, line: usize, column: usize) -> SourceSpan {
[INFO] [stdout]   |    ^^^^^^^^^^^
[INFO] [stdout]   |
[INFO] [stdout]   = note: `#[warn(dead_code)]` on by default
[INFO] [stdout] 
[INFO] [stdout] 
[INFO] [stdout] warning: 5 warnings emitted
[INFO] [stdout] 
[INFO] [stdout] 
[INFO] [stderr]     Finished dev [unoptimized + debuginfo] target(s) in 58.86s
[INFO] running `Command { std: "docker" "inspect" "fbc8943f4d5b3c555e86a9dff03087de7973fe6f8c8a97952dbde65d9c8915ad", kill_on_drop: false }`
[INFO] running `Command { std: "docker" "rm" "-f" "fbc8943f4d5b3c555e86a9dff03087de7973fe6f8c8a97952dbde65d9c8915ad", kill_on_drop: false }`
[INFO] [stdout] fbc8943f4d5b3c555e86a9dff03087de7973fe6f8c8a97952dbde65d9c8915ad
[INFO] running `Command { std: "docker" "create" "-v" "/var/lib/crater-agent-workspace/builds/worker-3-tc2/target:/opt/rustwide/target:rw,Z" "-v" "/var/lib/crater-agent-workspace/builds/worker-3-tc2/source:/opt/rustwide/workdir:ro,Z" "-v" "/var/lib/crater-agent-workspace/cargo-home:/opt/rustwide/cargo-home:ro,Z" "-v" "/var/lib/crater-agent-workspace/rustup-home:/opt/rustwide/rustup-home:ro,Z" "-e" "SOURCE_DIR=/opt/rustwide/workdir" "-e" "CARGO_TARGET_DIR=/opt/rustwide/target" "-e" "CARGO_INCREMENTAL=0" "-e" "RUST_BACKTRACE=full" "-e" "RUSTFLAGS=--cap-lints=warn" "-e" "RUSTDOCFLAGS=--cap-lints=warn" "-e" "CARGO_HOME=/opt/rustwide/cargo-home" "-e" "RUSTUP_HOME=/opt/rustwide/rustup-home" "-w" "/opt/rustwide/workdir" "-m" "1610612736" "--user" "0:0" "--network" "none" "ghcr.io/rust-lang/crates-build-env/linux@sha256:2788e3201cd34a07e3172128adcd8b3090168a8e3bcc40d7c032b9dda1df7d1c" "/opt/rustwide/cargo-home/bin/cargo" "+beta-2023-12-22" "test" "--frozen" "--no-run" "--message-format=json", kill_on_drop: false }`
[INFO] [stdout] a4e7d7d3c7dd76fbf75131ee25622c1539ad52e79aa9c5635a2a5d1a650acd7c
[INFO] running `Command { std: "docker" "start" "-a" "a4e7d7d3c7dd76fbf75131ee25622c1539ad52e79aa9c5635a2a5d1a650acd7c", kill_on_drop: false }`
[INFO] [stderr]    Compiling libc v0.2.151
[INFO] [stderr]    Compiling ahash v0.8.7
[INFO] [stderr]    Compiling zerocopy v0.7.32
[INFO] [stderr]    Compiling rustix v0.38.28
[INFO] [stderr]    Compiling linux-raw-sys v0.4.12
[INFO] [stderr]    Compiling log v0.4.20
[INFO] [stderr]    Compiling aho-corasick v1.1.2
[INFO] [stderr]    Compiling indexmap v1.9.3
[INFO] [stderr]    Compiling regex-syntax v0.8.2
[INFO] [stderr]    Compiling anyhow v1.0.79
[INFO] [stderr]    Compiling io-lifetimes v1.0.11
[INFO] [stderr]    Compiling smallvec v1.11.2
[INFO] [stderr]    Compiling pkg-config v0.3.28
[INFO] [stderr]    Compiling jobserver v0.1.27
[INFO] [stderr]    Compiling leb128 v0.2.5
[INFO] [stderr]    Compiling semver v1.0.21
[INFO] [stderr]    Compiling cc v1.0.83
[INFO] [stderr]    Compiling either v1.9.0
[INFO] [stderr]    Compiling rustix v0.37.27
[INFO] [stderr]    Compiling serde_json v1.0.111
[INFO] [stderr]    Compiling stable_deref_trait v1.2.0
[INFO] [stderr]    Compiling cranelift-entity v0.98.2
[INFO] [stderr]    Compiling getrandom v0.2.11
[INFO] [stderr]    Compiling target-lexicon v0.12.13
[INFO] [stderr]    Compiling fallible-iterator v0.2.0
[INFO] [stderr]    Compiling hashbrown v0.14.3
[INFO] [stderr]    Compiling regex-automata v0.4.3
[INFO] [stderr]    Compiling hashbrown v0.13.2
[INFO] [stderr]    Compiling zstd-sys v2.0.9+zstd.1.5.5
[INFO] [stderr]    Compiling gimli v0.27.3
[INFO] [stderr]    Compiling indexmap v2.1.0
[INFO] [stderr]    Compiling crossbeam-utils v0.8.18
[INFO] [stderr]    Compiling cranelift-isle v0.98.2
[INFO] [stderr]    Compiling syn v1.0.109
[INFO] [stderr]    Compiling cranelift-codegen-shared v0.98.2
[INFO] [stderr]    Compiling is-terminal v0.4.10
[INFO] [stderr]    Compiling unicode-xid v0.2.4
[INFO] [stderr]    Compiling cranelift-codegen-meta v0.98.2
[INFO] [stderr]    Compiling tracing v0.1.40
[INFO] [stderr]    Compiling typenum v1.17.0
[INFO] [stderr]    Compiling rustc-hash v1.1.0
[INFO] [stderr]    Compiling crossbeam-epoch v0.9.17
[INFO] [stderr]    Compiling regex v1.10.2
[INFO] [stderr]    Compiling wasmparser v0.107.0
[INFO] [stderr]    Compiling generic-array v0.14.7
[INFO] [stderr]    Compiling num-traits v0.2.17
[INFO] [stderr]    Compiling arbitrary v1.3.2
[INFO] [stderr]    Compiling slice-group-by v0.3.1
[INFO] [stderr]    Compiling termcolor v1.4.0
[INFO] [stderr]    Compiling regalloc2 v0.9.3
[INFO] [stderr]    Compiling cranelift-control v0.98.2
[INFO] [stderr]    Compiling crossbeam-deque v0.8.4
[INFO] [stderr]    Compiling wasmparser v0.118.1
[INFO] [stderr]    Compiling object v0.30.4
[INFO] [stderr]    Compiling cranelift-codegen v0.98.2
[INFO] [stderr]    Compiling ring v0.17.7
[INFO] [stderr]    Compiling cranelift-bforest v0.98.2
[INFO] [stderr]    Compiling unicase v2.7.0
[INFO] [stderr]    Compiling bumpalo v3.14.0
[INFO] [stderr]    Compiling wasmtime-component-util v11.0.2
[INFO] [stderr]    Compiling wasmtime-fiber v11.0.2
[INFO] [stderr]    Compiling wasmtime-types v11.0.2
[INFO] [stderr]    Compiling rand_core v0.6.4
[INFO] [stderr]    Compiling wasm-encoder v0.29.0
[INFO] [stderr]    Compiling io-extras v0.17.4
[INFO] [stderr]    Compiling pulldown-cmark v0.8.0
[INFO] [stderr]    Compiling rand_chacha v0.3.1
[INFO] [stderr]    Compiling ittapi-sys v0.3.5
[INFO] [stderr]    Compiling toml v0.5.11
[INFO] [stderr]    Compiling memoffset v0.8.0
[INFO] [stderr]    Compiling zstd-safe v5.0.2+zstd.1.5.2
[INFO] [stderr]    Compiling humantime v2.1.0
[INFO] [stderr]    Compiling ambient-authority v0.0.2
[INFO] [stderr]    Compiling untrusted v0.9.0
[INFO] [stderr]    Compiling byteorder v1.5.0
[INFO] [stderr]    Compiling spin v0.9.8
[INFO] [stderr]    Compiling cap-primitives v1.0.15
[INFO] [stderr]    Compiling paste v1.0.14
[INFO] [stderr]    Compiling rand v0.8.5
[INFO] [stderr]    Compiling wasmprinter v0.2.75
[INFO] [stderr]    Compiling wasmtime-environ v11.0.2
[INFO] [stderr]    Compiling block-buffer v0.10.4
[INFO] [stderr]    Compiling crypto-common v0.1.6
[INFO] [stderr]    Compiling url v2.5.0
[INFO] [stderr]    Compiling fs-set-times v0.19.2
[INFO] [stderr]    Compiling wasmtime-runtime v11.0.2
[INFO] [stderr]    Compiling dirs-sys v0.3.7
[INFO] [stderr]    Compiling wasmtime-asm-macros v11.0.2
[INFO] [stderr]    Compiling rayon-core v1.12.0
[INFO] [stderr]    Compiling cpp_demangle v0.3.5
[INFO] [stderr]    Compiling maybe-owned v0.3.4
[INFO] [stderr]    Compiling id-arena v2.2.1
[INFO] [stderr]    Compiling wit-parser v0.8.0
[INFO] [stderr]    Compiling dirs v4.0.0
[INFO] [stderr]    Compiling digest v0.10.7
[INFO] [stderr]    Compiling wasmtime-jit-debug v11.0.2
[INFO] [stderr]    Compiling futures-channel v0.3.30
[INFO] [stderr]    Compiling env_logger v0.10.1
[INFO] [stderr]    Compiling memfd v0.6.4
[INFO] [stderr]    Compiling psm v0.1.21
[INFO] [stderr]    Compiling uuid v1.6.1
[INFO] [stderr]    Compiling dirs-sys-next v0.1.2
[INFO] [stderr]    Compiling itertools v0.10.5
[INFO] [stderr]    Compiling wasm-encoder v0.38.1
[INFO] [stderr]    Compiling wast v35.0.2
[INFO] [stderr]    Compiling bincode v1.3.3
[INFO] [stderr]    Compiling toml_datetime v0.6.5
[INFO] [stderr]    Compiling serde_spanned v0.6.5
[INFO] [stderr]    Compiling lock_api v0.4.11
[INFO] [stderr]    Compiling sptr v0.3.2
[INFO] [stderr]    Compiling async-trait v0.1.77
[INFO] [stderr]    Compiling cap-std v1.0.15
[INFO] [stderr]    Compiling parking_lot_core v0.9.9
[INFO] [stderr]    Compiling fastrand v2.0.1
[INFO] [stderr]    Compiling cpufeatures v0.2.12
[INFO] [stderr]    Compiling winnow v0.5.32
[INFO] [stderr]    Compiling wasmtime-cache v11.0.2
[INFO] [stderr]    Compiling rustls v0.21.10
[INFO] [stderr]    Compiling sha2 v0.10.8
[INFO] [stderr]    Compiling futures-util v0.3.30
[INFO] [stderr]    Compiling witx v0.9.1
[INFO] [stderr]    Compiling wast v69.0.1
[INFO] [stderr]    Compiling directories-next v2.0.0
[INFO] [stderr]    Compiling debugid v0.8.0
[INFO] [stderr]    Compiling file-per-thread-logger v0.2.0
[INFO] [stderr]    Compiling wasmtime-wit-bindgen v11.0.2
[INFO] [stderr]    Compiling shellexpand v2.1.2
[INFO] [stderr]    Compiling fxhash v0.2.1
[INFO] [stderr]    Compiling addr2line v0.19.0
[INFO] [stderr]    Compiling mio v0.8.10
[INFO] [stderr]    Compiling num_cpus v1.16.0
[INFO] [stderr]    Compiling socket2 v0.5.5
[INFO] [stderr]    Compiling wasmtime-jit-icache-coherence v11.0.2
[INFO] [stderr]    Compiling scopeguard v1.2.0
[INFO] [stderr]    Compiling walkdir v2.4.0
[INFO] [stderr]    Compiling tokio v1.35.1
[INFO] [stderr]    Compiling wasmtime-component-macro v11.0.2
[INFO] [stderr]    Compiling fxprof-processed-profile v0.6.0
[INFO] [stderr]    Compiling rayon v1.8.0
[INFO] [stderr]    Compiling wiggle-generate v11.0.2
[INFO] [stderr]    Compiling wat v1.0.82
[INFO] [stderr]    Compiling itertools v0.11.0
[INFO] [stderr]    Compiling wasi-common v11.0.2
[INFO] [stderr]    Compiling linked-hash-map v0.5.6
[INFO] [stderr]    Compiling os_str_bytes v6.6.1
[INFO] [stderr]    Compiling io-lifetimes v2.0.3
[INFO] [stderr]    Compiling wiggle-macro v11.0.2
[INFO] [stderr]    Compiling clap_lex v0.2.4
[INFO] [stderr]    Compiling yaml-rust v0.4.5
[INFO] [stderr]    Compiling dirs-sys v0.4.1
[INFO] [stderr]    Compiling atty v0.2.14
[INFO] [stderr]    Compiling system-interface v0.25.9
[INFO] [stderr]    Compiling cbindgen v0.24.5
[INFO] [stderr]    Compiling cap-fs-ext v1.0.15
[INFO] [stderr]    Compiling textwrap v0.16.0
[INFO] [stderr]    Compiling supports-color v2.1.0
[INFO] [stderr]    Compiling nom v7.1.3
[INFO] [stderr]    Compiling clap v3.2.25
[INFO] [stderr]    Compiling cranelift-frontend v0.98.2
[INFO] [stderr]    Compiling cranelift-native v0.98.2
[INFO] [stderr]    Compiling wasmtime-cranelift-shared v11.0.2
[INFO] [stderr]    Compiling cranelift-wasm v0.98.2
[INFO] [stderr]    Compiling tempfile v3.9.0
[INFO] [stderr]    Compiling wasmtime-cranelift v11.0.2
[INFO] [stderr]    Compiling dirs v5.0.1
[INFO] [stderr]    Compiling tokio-util v0.7.10
[INFO] [stderr]    Compiling flate2 v1.0.28
[INFO] [stderr]    Compiling parking_lot v0.12.1
[INFO] [stderr]    Compiling cap-rand v1.0.15
[INFO] [stderr]    Compiling bstr v1.9.0
[INFO] [stderr]    Compiling const_format_proc_macros v0.2.32
[INFO] [stderr]    Compiling destructure_traitobject v0.2.0
[INFO] [stderr]    Compiling vec1 v1.10.1
[INFO] [stderr]    Compiling starbase_styles v0.1.16
[INFO] [stderr]    Compiling tardar v0.1.0
[INFO] [stderr]    Compiling unsafe-any-ors v1.0.0
[INFO] [stderr]    Compiling h2 v0.3.22
[INFO] [stderr]    Compiling const_format v0.2.32
[INFO] [stderr]    Compiling pori v0.0.0
[INFO] [stderr]    Compiling toml_edit v0.21.0
[INFO] [stderr]    Compiling cap-time-ext v1.0.15
[INFO] [stderr]    Compiling ordered-float v2.10.1
[INFO] [stderr]    Compiling lzma-sys v0.1.20
[INFO] [stderr]    Compiling iana-time-zone v0.1.59
[INFO] [stderr]    Compiling doc-comment v0.3.3
[INFO] [stderr]    Compiling wasmtime-wasi v11.0.2
[INFO] [stderr]    Compiling zstd-safe v7.0.0
[INFO] [stderr]    Compiling predicates-core v1.0.6
[INFO] [stderr]    Compiling chrono v0.4.31
[INFO] [stderr]    Compiling serde-value v0.7.0
[INFO] [stderr]    Compiling wax v0.6.0
[INFO] [stderr]    Compiling globset v0.4.14
[INFO] [stderr]    Compiling hyper v0.14.28
[INFO] [stderr]    Compiling toml v0.8.8
[INFO] [stderr]    Compiling typemap-ors v1.0.0
[INFO] [stderr]    Compiling extism-runtime v0.5.5
[INFO] [stderr]    Compiling serde_yaml v0.8.26
[INFO] [stderr]    Compiling toml_edit v0.19.15
[INFO] [stderr]    Compiling derivative v2.2.0
[INFO] [stderr]    Compiling float-cmp v0.9.0
[INFO] [stderr]    Compiling rustls-pemfile v1.0.4
[INFO] [stderr]    Compiling thread-id v4.2.1
[INFO] [stderr]    Compiling relative-path v1.9.2
[INFO] [stderr]    Compiling webpki-roots v0.25.3
[INFO] [stderr]    Compiling log-mdc v0.1.0
[INFO] [stderr]    Compiling anstyle v1.0.4
[INFO] [stderr]    Compiling json_comments v0.2.2
[INFO] [stderr]    Compiling openssl-probe v0.1.5
[INFO] [stderr]    Compiling arc-swap v1.6.0
[INFO] [stderr]    Compiling termtree v0.4.1
[INFO] [stderr]    Compiling normalize-line-endings v0.3.0
[INFO] [stderr]    Compiling difflib v0.4.0
[INFO] [stderr]    Compiling predicates-tree v1.0.9
[INFO] [stderr]    Compiling rustls-native-certs v0.6.3
[INFO] [stderr]    Compiling predicates v3.0.4
[INFO] [stderr]    Compiling starbase_utils v0.3.11
[INFO] [stderr]    Compiling toml v0.7.8
[INFO] [stderr]    Compiling ignore v0.4.21
[INFO] [stderr]    Compiling log4rs v1.2.0
[INFO] [stderr]    Compiling extism-manifest v0.5.0
[INFO] [stderr]    Compiling xattr v1.2.0
[INFO] [stderr]    Compiling filetime v0.2.23
[INFO] [stderr]    Compiling glob v0.3.1
[INFO] [stderr]    Compiling tar v0.4.40
[INFO] [stderr]    Compiling globwalk v0.8.1
[INFO] [stderr]    Compiling xz2 v0.1.7
[INFO] [stderr]    Compiling console v0.15.7
[INFO] [stderr]    Compiling zip v0.6.6
[INFO] [stderr]    Compiling futures-executor v0.3.30
[INFO] [stderr]    Compiling wait-timeout v0.2.0
[INFO] [stderr]    Compiling yansi v0.5.1
[INFO] [stderr]    Compiling rust_decimal v1.33.1
[INFO] [stderr]    Compiling similar v2.4.0
[INFO] [stderr]    Compiling diff v0.1.13
[INFO] [stderr]    Compiling assert_cmd v2.0.12
[INFO] [stderr]    Compiling pretty_assertions v1.4.0
[INFO] [stderr]    Compiling assert_fs v1.1.0
[INFO] [stderr]    Compiling futures v0.3.30
[INFO] [stderr]    Compiling insta v1.34.0
[INFO] [stderr]    Compiling garde v0.16.3
[INFO] [stderr]    Compiling once_map v0.4.13
[INFO] [stderr]    Compiling dashmap v5.5.3
[INFO] [stderr]    Compiling warpgate_api v0.1.6
[INFO] [stderr]    Compiling serial_test_derive v2.0.0
[INFO] [stderr]    Compiling clean-path v0.2.1
[INFO] [stderr]    Compiling human-sort v0.2.2
[INFO] [stderr]    Compiling arrayvec v0.7.4
[INFO] [stderr]    Compiling version_spec v0.1.7
[INFO] [stderr]    Compiling starbase_sandbox v0.1.12
[INFO] [stderr]    Compiling serial_test v2.0.0
[INFO] [stderr]    Compiling ittapi v0.3.5
[INFO] [stderr]    Compiling wasmtime-jit v11.0.2
[INFO] [stderr]    Compiling rustls-webpki v0.101.7
[INFO] [stderr]    Compiling sct v0.7.1
[INFO] [stderr]    Compiling zstd v0.13.0
[INFO] [stderr]    Compiling tokio-rustls v0.24.1
[INFO] [stderr]    Compiling ureq v2.9.1
[INFO] [stderr]    Compiling zstd v0.11.2+zstd.1.5.2
[INFO] [stderr]    Compiling hyper-rustls v0.24.2
[INFO] [stderr]    Compiling starbase_archive v0.2.5
[INFO] [stderr]    Compiling reqwest v0.11.23
[INFO] [stderr]    Compiling wasmtime v11.0.2
[INFO] [stderr]    Compiling schematic v0.12.9 (/opt/rustwide/workdir)
[INFO] [stdout] warning: unreachable expression
[INFO] [stdout]    --> src/config/format.rs:161:9
[INFO] [stdout]     |
[INFO] [stdout] 78  |           let data: D = match self {
[INFO] [stdout]     |  _______________________-
[INFO] [stdout] 79  | |             Format::None => {
[INFO] [stdout] 80  | |                 unreachable!();
[INFO] [stdout] 81  | |             }
[INFO] [stdout] ...   |
[INFO] [stdout] 158 | |             }
[INFO] [stdout] 159 | |         };
[INFO] [stdout]     | |_________- any code following this `match` expression is unreachable, as all arms diverge
[INFO] [stdout] 160 |
[INFO] [stdout] 161 |           Ok(data)
[INFO] [stdout]     |           ^^^^^^^^ unreachable expression
[INFO] [stdout]     |
[INFO] [stdout]     = note: `#[warn(unreachable_code)]` on by default
[INFO] [stdout] 
[INFO] [stdout] 
[INFO] [stdout] warning: variable does not need to be mutable
[INFO] [stdout]   --> src/config/format.rs:36:13
[INFO] [stdout]    |
[INFO] [stdout] 36 |         let mut available: Vec<&str> = vec![];
[INFO] [stdout]    |             ----^^^^^^^^^
[INFO] [stdout]    |             |
[INFO] [stdout]    |             help: remove this `mut`
[INFO] [stdout]    |
[INFO] [stdout]    = note: `#[warn(unused_mut)]` on by default
[INFO] [stdout] 
[INFO] [stdout] 
[INFO] [stdout] warning: unused variable: `data`
[INFO] [stdout]   --> src/config/format.rs:78:13
[INFO] [stdout]    |
[INFO] [stdout] 78 |         let data: D = match self {
[INFO] [stdout]    |             ^^^^ help: if this is intentional, prefix it with an underscore: `_data`
[INFO] [stdout]    |
[INFO] [stdout]    = note: `#[warn(unused_variables)]` on by default
[INFO] [stdout] 
[INFO] [stdout] 
[INFO] [stdout] warning: unused variable: `content`
[INFO] [stdout]   --> src/config/format.rs:74:28
[INFO] [stdout]    |
[INFO] [stdout] 74 |     pub fn parse<D>(&self, content: String, _location: &str) -> Result<D, ParserError>
[INFO] [stdout]    |                            ^^^^^^^ help: if this is intentional, prefix it with an underscore: `_content`
[INFO] [stdout] 
[INFO] [stdout] 
[INFO] [stdout] warning: function `create_span` is never used
[INFO] [stdout]  --> src/config/format.rs:6:4
[INFO] [stdout]   |
[INFO] [stdout] 6 | fn create_span(content: &str, line: usize, column: usize) -> SourceSpan {
[INFO] [stdout]   |    ^^^^^^^^^^^
[INFO] [stdout]   |
[INFO] [stdout]   = note: `#[warn(dead_code)]` on by default
[INFO] [stdout] 
[INFO] [stdout] 
[INFO] [stdout] warning: 5 warnings emitted
[INFO] [stdout] 
[INFO] [stdout] 
[INFO] [stderr]    Compiling wiggle v11.0.2
[INFO] [stderr]    Compiling wasi-cap-std-sync v11.0.2
[INFO] [stderr]    Compiling extism v0.5.5
[INFO] [stderr]    Compiling warpgate v0.5.15
[INFO] [stdout] error[E0432]: unresolved import `schematic::schema`
[INFO] [stdout]  --> tests/generator_test.rs:3:16
[INFO] [stdout]   |
[INFO] [stdout] 3 | use schematic::schema::SchemaGenerator;
[INFO] [stdout]   |                ^^^^^^ could not find `schema` in `schematic`
[INFO] [stdout] 
[INFO] [stdout] 
[INFO] [stdout] error[E0433]: failed to resolve: use of undeclared crate or module `schema`
[INFO] [stdout]    --> tests/macro_enum_test.rs:137:25
[INFO] [stdout]     |
[INFO] [stdout] 137 |     let mut generator = schema::SchemaGenerator::default();
[INFO] [stdout]     |                         ^^^^^^ use of undeclared crate or module `schema`
[INFO] [stdout] 
[INFO] [stdout] 
[INFO] [stdout] error[E0599]: no variant or associated item named `Yaml` found for enum `schematic::Format` in the current scope
[INFO] [stdout]    --> tests/env_test.rs:104:38
[INFO] [stdout]     |
[INFO] [stdout] 104 |         .code("string: bar", Format::Yaml)
[INFO] [stdout]     |                                      ^^^^ variant or associated item not found in `Format`
[INFO] [stdout]     |
[INFO] [stdout] note: if you're trying to build a new `schematic::Format`, consider using `schematic::Format::detect` which returns `Result<schematic::Format, ConfigError>`
[INFO] [stdout]    --> /opt/rustwide/workdir/src/config/format.rs:35:5
[INFO] [stdout]     |
[INFO] [stdout] 35  |     pub fn detect(value: &str) -> Result<Format, ConfigError> {
[INFO] [stdout]     |     ^^^^^^^^^^^^^^^^^^^^^^^^^^^^^^^^^^^^^^^^^^^^^^^^^^^^^^^^^
[INFO] [stdout] 
[INFO] [stdout] 
[INFO] [stdout] error[E0599]: no variant or associated item named `Json` found for enum `schematic::Format` in the current scope
[INFO] [stdout]    --> tests/settings_test.rs:108:67
[INFO] [stdout]     |
[INFO] [stdout] 108 |             .code(r#"{ "nestedOpt": { "req": "xyz" } }"#, Format::Json)
[INFO] [stdout]     |                                                                   ^^^^ variant or associated item not found in `Format`
[INFO] [stdout]     |
[INFO] [stdout] note: if you're trying to build a new `schematic::Format`, consider using `schematic::Format::detect` which returns `Result<schematic::Format, schematic::ConfigError>`
[INFO] [stdout]    --> /opt/rustwide/workdir/src/config/format.rs:35:5
[INFO] [stdout]     |
[INFO] [stdout] 35  |     pub fn detect(value: &str) -> Result<Format, ConfigError> {
[INFO] [stdout]     |     ^^^^^^^^^^^^^^^^^^^^^^^^^^^^^^^^^^^^^^^^^^^^^^^^^^^^^^^^^
[INFO] [stdout] 
[INFO] [stdout] 
[INFO] [stdout] error[E0599]: no variant or associated item named `Yaml` found for enum `schematic::Format` in the current scope
[INFO] [stdout]   --> tests/extends_test.rs:61:33
[INFO] [stdout]    |
[INFO] [stdout] 61 |                 format: Format::Yaml,
[INFO] [stdout]    |                                 ^^^^ variant or associated item not found in `Format`
[INFO] [stdout]    |
[INFO] [stdout] note: if you're trying to build a new `schematic::Format`, consider using `schematic::Format::detect` which returns `Result<schematic::Format, ConfigError>`
[INFO] [stdout]   --> /opt/rustwide/workdir/src/config/format.rs:35:5
[INFO] [stdout]    |
[INFO] [stdout] 35 |     pub fn detect(value: &str) -> Result<Format, ConfigError> {
[INFO] [stdout]    |     ^^^^^^^^^^^^^^^^^^^^^^^^^^^^^^^^^^^^^^^^^^^^^^^^^^^^^^^^^
[INFO] [stdout] 
[INFO] [stdout] 
[INFO] [stdout] error[E0599]: no variant or associated item named `Yaml` found for enum `schematic::Format` in the current scope
[INFO] [stdout]    --> tests/merge_test.rs:107:38
[INFO] [stdout]     |
[INFO] [stdout] 107 |         .code("string: def", Format::Yaml)
[INFO] [stdout]     |                                      ^^^^ variant or associated item not found in `Format`
[INFO] [stdout]     |
[INFO] [stdout] note: if you're trying to build a new `schematic::Format`, consider using `schematic::Format::detect` which returns `Result<schematic::Format, schematic::ConfigError>`
[INFO] [stdout]    --> /opt/rustwide/workdir/src/config/format.rs:35:5
[INFO] [stdout]     |
[INFO] [stdout] 35  |     pub fn detect(value: &str) -> Result<Format, ConfigError> {
[INFO] [stdout]     |     ^^^^^^^^^^^^^^^^^^^^^^^^^^^^^^^^^^^^^^^^^^^^^^^^^^^^^^^^^
[INFO] [stdout] 
[INFO] [stdout] 
[INFO] [stdout] error[E0599]: no variant or associated item named `Yaml` found for enum `schematic::Format` in the current scope
[INFO] [stdout]   --> tests/defaults_test.rs:77:55
[INFO] [stdout]    |
[INFO] [stdout] 77 |         .code("required: 789\noptional: 456", Format::Yaml)
[INFO] [stdout]    |                                                       ^^^^ variant or associated item not found in `Format`
[INFO] [stdout]    |
[INFO] [stdout] note: if you're trying to build a new `schematic::Format`, consider using `schematic::Format::detect` which returns `Result<schematic::Format, ConfigError>`
[INFO] [stdout]   --> /opt/rustwide/workdir/src/config/format.rs:35:5
[INFO] [stdout]    |
[INFO] [stdout] 35 |     pub fn detect(value: &str) -> Result<Format, ConfigError> {
[INFO] [stdout]    |     ^^^^^^^^^^^^^^^^^^^^^^^^^^^^^^^^^^^^^^^^^^^^^^^^^^^^^^^^^
[INFO] [stdout] 
[INFO] [stdout] 
[INFO] [stdout] error[E0599]: no variant or associated item named `Yaml` found for enum `schematic::Format` in the current scope
[INFO] [stdout]    --> tests/merge_test.rs:109:38
[INFO] [stdout]     |
[INFO] [stdout] 109 |         .code("vector: [4]", Format::Yaml)
[INFO] [stdout]     |                                      ^^^^ variant or associated item not found in `Format`
[INFO] [stdout]     |
[INFO] [stdout] note: if you're trying to build a new `schematic::Format`, consider using `schematic::Format::detect` which returns `Result<schematic::Format, schematic::ConfigError>`
[INFO] [stdout]    --> /opt/rustwide/workdir/src/config/format.rs:35:5
[INFO] [stdout]     |
[INFO] [stdout] 35  |     pub fn detect(value: &str) -> Result<Format, ConfigError> {
[INFO] [stdout]     |     ^^^^^^^^^^^^^^^^^^^^^^^^^^^^^^^^^^^^^^^^^^^^^^^^^^^^^^^^^
[INFO] [stdout] 
[INFO] [stdout] 
[INFO] [stdout] error[E0599]: no variant or associated item named `Yaml` found for enum `schematic::Format` in the current scope
[INFO] [stdout]    --> tests/env_test.rs:119:38
[INFO] [stdout]     |
[INFO] [stdout] 119 |         .code("string: bar", Format::Yaml)
[INFO] [stdout]     |                                      ^^^^ variant or associated item not found in `Format`
[INFO] [stdout]     |
[INFO] [stdout] note: if you're trying to build a new `schematic::Format`, consider using `schematic::Format::detect` which returns `Result<schematic::Format, ConfigError>`
[INFO] [stdout]    --> /opt/rustwide/workdir/src/config/format.rs:35:5
[INFO] [stdout]     |
[INFO] [stdout] 35  |     pub fn detect(value: &str) -> Result<Format, ConfigError> {
[INFO] [stdout]     |     ^^^^^^^^^^^^^^^^^^^^^^^^^^^^^^^^^^^^^^^^^^^^^^^^^^^^^^^^^
[INFO] [stdout] 
[INFO] [stdout] 
[INFO] [stdout] error[E0599]: no variant or associated item named `Yaml` found for enum `schematic::Format` in the current scope
[INFO] [stdout]   --> tests/extends_test.rs:66:33
[INFO] [stdout]    |
[INFO] [stdout] 66 |                 format: Format::Yaml,
[INFO] [stdout]    |                                 ^^^^ variant or associated item not found in `Format`
[INFO] [stdout]    |
[INFO] [stdout] note: if you're trying to build a new `schematic::Format`, consider using `schematic::Format::detect` which returns `Result<schematic::Format, ConfigError>`
[INFO] [stdout]   --> /opt/rustwide/workdir/src/config/format.rs:35:5
[INFO] [stdout]    |
[INFO] [stdout] 35 |     pub fn detect(value: &str) -> Result<Format, ConfigError> {
[INFO] [stdout]    |     ^^^^^^^^^^^^^^^^^^^^^^^^^^^^^^^^^^^^^^^^^^^^^^^^^^^^^^^^^
[INFO] [stdout] 
[INFO] [stdout] 
[INFO] [stdout] error[E0599]: no variant or associated item named `Yaml` found for enum `schematic::Format` in the current scope
[INFO] [stdout]    --> tests/merge_test.rs:116:21
[INFO] [stdout]     |
[INFO] [stdout] 116 |             Format::Yaml,
[INFO] [stdout]     |                     ^^^^ variant or associated item not found in `Format`
[INFO] [stdout]     |
[INFO] [stdout] note: if you're trying to build a new `schematic::Format`, consider using `schematic::Format::detect` which returns `Result<schematic::Format, schematic::ConfigError>`
[INFO] [stdout]    --> /opt/rustwide/workdir/src/config/format.rs:35:5
[INFO] [stdout]     |
[INFO] [stdout] 35  |     pub fn detect(value: &str) -> Result<Format, ConfigError> {
[INFO] [stdout]     |     ^^^^^^^^^^^^^^^^^^^^^^^^^^^^^^^^^^^^^^^^^^^^^^^^^^^^^^^^^
[INFO] [stdout] 
[INFO] [stdout] 
[INFO] [stdout] error[E0599]: no variant or associated item named `Yaml` found for enum `schematic::Format` in the current scope
[INFO] [stdout]   --> tests/extends_test.rs:71:33
[INFO] [stdout]    |
[INFO] [stdout] 71 |                 format: Format::Yaml,
[INFO] [stdout]    |                                 ^^^^ variant or associated item not found in `Format`
[INFO] [stdout]    |
[INFO] [stdout] note: if you're trying to build a new `schematic::Format`, consider using `schematic::Format::detect` which returns `Result<schematic::Format, ConfigError>`
[INFO] [stdout]   --> /opt/rustwide/workdir/src/config/format.rs:35:5
[INFO] [stdout]    |
[INFO] [stdout] 35 |     pub fn detect(value: &str) -> Result<Format, ConfigError> {
[INFO] [stdout]    |     ^^^^^^^^^^^^^^^^^^^^^^^^^^^^^^^^^^^^^^^^^^^^^^^^^^^^^^^^^
[INFO] [stdout] 
[INFO] [stdout] 
[INFO] [stdout] error[E0599]: no variant or associated item named `Json` found for enum `schematic::Format` in the current scope
[INFO] [stdout]    --> tests/settings_test.rs:129:67
[INFO] [stdout]     |
[INFO] [stdout] 129 |             .code(r#"{ "nestedOpt": { "req": "xyz" } }"#, Format::Json)
[INFO] [stdout]     |                                                                   ^^^^ variant or associated item not found in `Format`
[INFO] [stdout]     |
[INFO] [stdout] note: if you're trying to build a new `schematic::Format`, consider using `schematic::Format::detect` which returns `Result<schematic::Format, schematic::ConfigError>`
[INFO] [stdout]    --> /opt/rustwide/workdir/src/config/format.rs:35:5
[INFO] [stdout]     |
[INFO] [stdout] 35  |     pub fn detect(value: &str) -> Result<Format, ConfigError> {
[INFO] [stdout]     |     ^^^^^^^^^^^^^^^^^^^^^^^^^^^^^^^^^^^^^^^^^^^^^^^^^^^^^^^^^
[INFO] [stdout] 
[INFO] [stdout] 
[INFO] [stdout] error[E0599]: no variant or associated item named `Yaml` found for enum `schematic::Format` in the current scope
[INFO] [stdout]    --> tests/merge_test.rs:123:21
[INFO] [stdout]     |
[INFO] [stdout] 123 |             Format::Yaml,
[INFO] [stdout]     |                     ^^^^ variant or associated item not found in `Format`
[INFO] [stdout]     |
[INFO] [stdout] note: if you're trying to build a new `schematic::Format`, consider using `schematic::Format::detect` which returns `Result<schematic::Format, schematic::ConfigError>`
[INFO] [stdout]    --> /opt/rustwide/workdir/src/config/format.rs:35:5
[INFO] [stdout]     |
[INFO] [stdout] 35  |     pub fn detect(value: &str) -> Result<Format, ConfigError> {
[INFO] [stdout]     |     ^^^^^^^^^^^^^^^^^^^^^^^^^^^^^^^^^^^^^^^^^^^^^^^^^^^^^^^^^
[INFO] [stdout] 
[INFO] [stdout] 
[INFO] [stdout] error[E0599]: no variant or associated item named `Yaml` found for enum `schematic::Format` in the current scope
[INFO] [stdout]    --> tests/merge_test.rs:143:21
[INFO] [stdout]     |
[INFO] [stdout] 143 |             Format::Yaml,
[INFO] [stdout]     |                     ^^^^ variant or associated item not found in `Format`
[INFO] [stdout]     |
[INFO] [stdout] note: if you're trying to build a new `schematic::Format`, consider using `schematic::Format::detect` which returns `Result<schematic::Format, schematic::ConfigError>`
[INFO] [stdout]    --> /opt/rustwide/workdir/src/config/format.rs:35:5
[INFO] [stdout]     |
[INFO] [stdout] 35  |     pub fn detect(value: &str) -> Result<Format, ConfigError> {
[INFO] [stdout]     |     ^^^^^^^^^^^^^^^^^^^^^^^^^^^^^^^^^^^^^^^^^^^^^^^^^^^^^^^^^
[INFO] [stdout] 
[INFO] [stdout] 
[INFO] [stdout] error[E0599]: no variant or associated item named `Json` found for enum `schematic::Format` in the current scope
[INFO] [stdout]    --> tests/settings_test.rs:145:67
[INFO] [stdout]     |
[INFO] [stdout] 145 |             .code(r#"{ "nestedOpt": { "req": "xyz" } }"#, Format::Json)
[INFO] [stdout]     |                                                                   ^^^^ variant or associated item not found in `Format`
[INFO] [stdout]     |
[INFO] [stdout] note: if you're trying to build a new `schematic::Format`, consider using `schematic::Format::detect` which returns `Result<schematic::Format, schematic::ConfigError>`
[INFO] [stdout]    --> /opt/rustwide/workdir/src/config/format.rs:35:5
[INFO] [stdout]     |
[INFO] [stdout] 35  |     pub fn detect(value: &str) -> Result<Format, ConfigError> {
[INFO] [stdout]     |     ^^^^^^^^^^^^^^^^^^^^^^^^^^^^^^^^^^^^^^^^^^^^^^^^^^^^^^^^^
[INFO] [stdout] 
[INFO] [stdout] 
[INFO] [stdout] error[E0599]: no variant or associated item named `Yaml` found for enum `schematic::Format` in the current scope
[INFO] [stdout]    --> tests/extends_test.rs:102:33
[INFO] [stdout]     |
[INFO] [stdout] 102 |                 format: Format::Yaml,
[INFO] [stdout]     |                                 ^^^^ variant or associated item not found in `Format`
[INFO] [stdout]     |
[INFO] [stdout] note: if you're trying to build a new `schematic::Format`, consider using `schematic::Format::detect` which returns `Result<schematic::Format, ConfigError>`
[INFO] [stdout]    --> /opt/rustwide/workdir/src/config/format.rs:35:5
[INFO] [stdout]     |
[INFO] [stdout] 35  |     pub fn detect(value: &str) -> Result<Format, ConfigError> {
[INFO] [stdout]     |     ^^^^^^^^^^^^^^^^^^^^^^^^^^^^^^^^^^^^^^^^^^^^^^^^^^^^^^^^^
[INFO] [stdout] 
[INFO] [stdout] 
[INFO] [stdout] error[E0599]: no variant or associated item named `Yaml` found for enum `schematic::Format` in the current scope
[INFO] [stdout]    --> tests/extends_test.rs:107:33
[INFO] [stdout]     |
[INFO] [stdout] 107 |                 format: Format::Yaml,
[INFO] [stdout]     |                                 ^^^^ variant or associated item not found in `Format`
[INFO] [stdout]     |
[INFO] [stdout] note: if you're trying to build a new `schematic::Format`, consider using `schematic::Format::detect` which returns `Result<schematic::Format, ConfigError>`
[INFO] [stdout]    --> /opt/rustwide/workdir/src/config/format.rs:35:5
[INFO] [stdout]     |
[INFO] [stdout] 35  |     pub fn detect(value: &str) -> Result<Format, ConfigError> {
[INFO] [stdout]     |     ^^^^^^^^^^^^^^^^^^^^^^^^^^^^^^^^^^^^^^^^^^^^^^^^^^^^^^^^^
[INFO] [stdout] 
[INFO] [stdout] 
[INFO] [stdout] error[E0599]: no variant or associated item named `Yaml` found for enum `schematic::Format` in the current scope
[INFO] [stdout]    --> tests/extends_test.rs:112:33
[INFO] [stdout]     |
[INFO] [stdout] 112 |                 format: Format::Yaml,
[INFO] [stdout]     |                                 ^^^^ variant or associated item not found in `Format`
[INFO] [stdout]     |
[INFO] [stdout] note: if you're trying to build a new `schematic::Format`, consider using `schematic::Format::detect` which returns `Result<schematic::Format, ConfigError>`
[INFO] [stdout]    --> /opt/rustwide/workdir/src/config/format.rs:35:5
[INFO] [stdout]     |
[INFO] [stdout] 35  |     pub fn detect(value: &str) -> Result<Format, ConfigError> {
[INFO] [stdout]     |     ^^^^^^^^^^^^^^^^^^^^^^^^^^^^^^^^^^^^^^^^^^^^^^^^^^^^^^^^^
[INFO] [stdout] 
[INFO] [stdout] 
[INFO] [stdout] error[E0599]: no variant or associated item named `Yaml` found for enum `schematic::Format` in the current scope
[INFO] [stdout]    --> tests/extends_test.rs:117:33
[INFO] [stdout]     |
[INFO] [stdout] 117 |                 format: Format::Yaml,
[INFO] [stdout]     |                                 ^^^^ variant or associated item not found in `Format`
[INFO] [stdout]     |
[INFO] [stdout] note: if you're trying to build a new `schematic::Format`, consider using `schematic::Format::detect` which returns `Result<schematic::Format, ConfigError>`
[INFO] [stdout]    --> /opt/rustwide/workdir/src/config/format.rs:35:5
[INFO] [stdout]     |
[INFO] [stdout] 35  |     pub fn detect(value: &str) -> Result<Format, ConfigError> {
[INFO] [stdout]     |     ^^^^^^^^^^^^^^^^^^^^^^^^^^^^^^^^^^^^^^^^^^^^^^^^^^^^^^^^^
[INFO] [stdout] 
[INFO] [stdout] 
[INFO] [stdout] warning: unused imports: `assert_snapshot`, `create_empty_sandbox`
[INFO] [stdout]  --> tests/generator_test.rs:5:24
[INFO] [stdout]   |
[INFO] [stdout] 5 | use starbase_sandbox::{assert_snapshot, create_empty_sandbox};
[INFO] [stdout]   |                        ^^^^^^^^^^^^^^^  ^^^^^^^^^^^^^^^^^^^^
[INFO] [stdout]   |
[INFO] [stdout]   = note: `#[warn(unused_imports)]` on by default
[INFO] [stdout] 
[INFO] [stdout] 
[INFO] [stdout] warning: unused import: `HashSet`
[INFO] [stdout]  --> tests/generator_test.rs:6:33
[INFO] [stdout]   |
[INFO] [stdout] 6 | use std::collections::{HashMap, HashSet};
[INFO] [stdout]   |                                 ^^^^^^^
[INFO] [stdout] 
[INFO] [stdout] 
[INFO] [stdout] warning: unused import: `std::fs`
[INFO] [stdout]  --> tests/generator_test.rs:7:5
[INFO] [stdout]   |
[INFO] [stdout] 7 | use std::fs;
[INFO] [stdout]   |     ^^^^^^^
[INFO] [stdout] 
[INFO] [stdout] 
[INFO] [stdout] error[E0599]: no variant or associated item named `Yaml` found for enum `schematic::Format` in the current scope
[INFO] [stdout]    --> tests/extends_test.rs:148:33
[INFO] [stdout]     |
[INFO] [stdout] 148 |                 format: Format::Yaml,
[INFO] [stdout]     |                                 ^^^^ variant or associated item not found in `Format`
[INFO] [stdout]     |
[INFO] [stdout] note: if you're trying to build a new `schematic::Format`, consider using `schematic::Format::detect` which returns `Result<schematic::Format, ConfigError>`
[INFO] [stdout]    --> /opt/rustwide/workdir/src/config/format.rs:35:5
[INFO] [stdout]     |
[INFO] [stdout] 35  |     pub fn detect(value: &str) -> Result<Format, ConfigError> {
[INFO] [stdout]     |     ^^^^^^^^^^^^^^^^^^^^^^^^^^^^^^^^^^^^^^^^^^^^^^^^^^^^^^^^^
[INFO] [stdout] 
[INFO] [stdout] 
[INFO] [stdout] error[E0599]: no variant or associated item named `Yaml` found for enum `schematic::Format` in the current scope
[INFO] [stdout]    --> tests/extends_test.rs:153:33
[INFO] [stdout]     |
[INFO] [stdout] 153 |                 format: Format::Yaml,
[INFO] [stdout]     |                                 ^^^^ variant or associated item not found in `Format`
[INFO] [stdout]     |
[INFO] [stdout] note: if you're trying to build a new `schematic::Format`, consider using `schematic::Format::detect` which returns `Result<schematic::Format, ConfigError>`
[INFO] [stdout]    --> /opt/rustwide/workdir/src/config/format.rs:35:5
[INFO] [stdout]     |
[INFO] [stdout] 35  |     pub fn detect(value: &str) -> Result<Format, ConfigError> {
[INFO] [stdout]     |     ^^^^^^^^^^^^^^^^^^^^^^^^^^^^^^^^^^^^^^^^^^^^^^^^^^^^^^^^^
[INFO] [stdout] 
[INFO] [stdout] 
[INFO] [stdout] error[E0599]: no variant or associated item named `Yaml` found for enum `schematic::Format` in the current scope
[INFO] [stdout]    --> tests/extends_test.rs:158:33
[INFO] [stdout]     |
[INFO] [stdout] 158 |                 format: Format::Yaml,
[INFO] [stdout]     |                                 ^^^^ variant or associated item not found in `Format`
[INFO] [stdout]     |
[INFO] [stdout] note: if you're trying to build a new `schematic::Format`, consider using `schematic::Format::detect` which returns `Result<schematic::Format, ConfigError>`
[INFO] [stdout]    --> /opt/rustwide/workdir/src/config/format.rs:35:5
[INFO] [stdout]     |
[INFO] [stdout] 35  |     pub fn detect(value: &str) -> Result<Format, ConfigError> {
[INFO] [stdout]     |     ^^^^^^^^^^^^^^^^^^^^^^^^^^^^^^^^^^^^^^^^^^^^^^^^^^^^^^^^^
[INFO] [stdout] 
[INFO] [stdout] 
[INFO] [stdout] error[E0599]: no variant or associated item named `Yaml` found for enum `schematic::Format` in the current scope
[INFO] [stdout]    --> tests/extends_test.rs:163:33
[INFO] [stdout]     |
[INFO] [stdout] 163 |                 format: Format::Yaml,
[INFO] [stdout]     |                                 ^^^^ variant or associated item not found in `Format`
[INFO] [stdout]     |
[INFO] [stdout] note: if you're trying to build a new `schematic::Format`, consider using `schematic::Format::detect` which returns `Result<schematic::Format, ConfigError>`
[INFO] [stdout]    --> /opt/rustwide/workdir/src/config/format.rs:35:5
[INFO] [stdout]     |
[INFO] [stdout] 35  |     pub fn detect(value: &str) -> Result<Format, ConfigError> {
[INFO] [stdout]     |     ^^^^^^^^^^^^^^^^^^^^^^^^^^^^^^^^^^^^^^^^^^^^^^^^^^^^^^^^^
[INFO] [stdout] 
[INFO] [stdout] 
[INFO] [stdout] error[E0599]: no variant or associated item named `Yaml` found for enum `schematic::Format` in the current scope
[INFO] [stdout]    --> tests/extends_test.rs:168:33
[INFO] [stdout]     |
[INFO] [stdout] 168 |                 format: Format::Yaml,
[INFO] [stdout]     |                                 ^^^^ variant or associated item not found in `Format`
[INFO] [stdout]     |
[INFO] [stdout] note: if you're trying to build a new `schematic::Format`, consider using `schematic::Format::detect` which returns `Result<schematic::Format, ConfigError>`
[INFO] [stdout]    --> /opt/rustwide/workdir/src/config/format.rs:35:5
[INFO] [stdout]     |
[INFO] [stdout] 35  |     pub fn detect(value: &str) -> Result<Format, ConfigError> {
[INFO] [stdout]     |     ^^^^^^^^^^^^^^^^^^^^^^^^^^^^^^^^^^^^^^^^^^^^^^^^^^^^^^^^^
[INFO] [stdout] 
[INFO] [stdout] 
[INFO] [stdout] error[E0599]: no variant or associated item named `Yaml` found for enum `schematic::Format` in the current scope
[INFO] [stdout]    --> tests/extends_test.rs:173:33
[INFO] [stdout]     |
[INFO] [stdout] 173 |                 format: Format::Yaml,
[INFO] [stdout]     |                                 ^^^^ variant or associated item not found in `Format`
[INFO] [stdout]     |
[INFO] [stdout] note: if you're trying to build a new `schematic::Format`, consider using `schematic::Format::detect` which returns `Result<schematic::Format, ConfigError>`
[INFO] [stdout]    --> /opt/rustwide/workdir/src/config/format.rs:35:5
[INFO] [stdout]     |
[INFO] [stdout] 35  |     pub fn detect(value: &str) -> Result<Format, ConfigError> {
[INFO] [stdout]     |     ^^^^^^^^^^^^^^^^^^^^^^^^^^^^^^^^^^^^^^^^^^^^^^^^^^^^^^^^^
[INFO] [stdout] 
[INFO] [stdout] 
[INFO] [stdout] error[E0599]: no variant or associated item named `Yaml` found for enum `schematic::Format` in the current scope
[INFO] [stdout]    --> tests/extends_test.rs:204:33
[INFO] [stdout]     |
[INFO] [stdout] 204 |                 format: Format::Yaml,
[INFO] [stdout]     |                                 ^^^^ variant or associated item not found in `Format`
[INFO] [stdout]     |
[INFO] [stdout] note: if you're trying to build a new `schematic::Format`, consider using `schematic::Format::detect` which returns `Result<schematic::Format, ConfigError>`
[INFO] [stdout]    --> /opt/rustwide/workdir/src/config/format.rs:35:5
[INFO] [stdout]     |
[INFO] [stdout] 35  |     pub fn detect(value: &str) -> Result<Format, ConfigError> {
[INFO] [stdout]     |     ^^^^^^^^^^^^^^^^^^^^^^^^^^^^^^^^^^^^^^^^^^^^^^^^^^^^^^^^^
[INFO] [stdout] 
[INFO] [stdout] 
[INFO] [stdout] error[E0599]: no variant or associated item named `Json` found for enum `schematic::Format` in the current scope
[INFO] [stdout]    --> tests/settings_test.rs:190:25
[INFO] [stdout]     |
[INFO] [stdout] 190 |                 Format::Json,
[INFO] [stdout]     |                         ^^^^ variant or associated item not found in `Format`
[INFO] [stdout]     |
[INFO] [stdout] note: if you're trying to build a new `schematic::Format`, consider using `schematic::Format::detect` which returns `Result<schematic::Format, schematic::ConfigError>`
[INFO] [stdout]    --> /opt/rustwide/workdir/src/config/format.rs:35:5
[INFO] [stdout]     |
[INFO] [stdout] 35  |     pub fn detect(value: &str) -> Result<Format, ConfigError> {
[INFO] [stdout]     |     ^^^^^^^^^^^^^^^^^^^^^^^^^^^^^^^^^^^^^^^^^^^^^^^^^^^^^^^^^
[INFO] [stdout] 
[INFO] [stdout] 
[INFO] [stdout] error[E0599]: no variant or associated item named `Json` found for enum `schematic::Format` in the current scope
[INFO] [stdout]    --> tests/settings_test.rs:228:25
[INFO] [stdout]     |
[INFO] [stdout] 228 |                 Format::Json,
[INFO] [stdout]     |                         ^^^^ variant or associated item not found in `Format`
[INFO] [stdout]     |
[INFO] [stdout] note: if you're trying to build a new `schematic::Format`, consider using `schematic::Format::detect` which returns `Result<schematic::Format, schematic::ConfigError>`
[INFO] [stdout]    --> /opt/rustwide/workdir/src/config/format.rs:35:5
[INFO] [stdout]     |
[INFO] [stdout] 35  |     pub fn detect(value: &str) -> Result<Format, ConfigError> {
[INFO] [stdout]     |     ^^^^^^^^^^^^^^^^^^^^^^^^^^^^^^^^^^^^^^^^^^^^^^^^^^^^^^^^^
[INFO] [stdout] 
[INFO] [stdout] 
[INFO] [stdout] error: aborting due to 5 previous errors
[INFO] [stdout] 
[INFO] [stdout] 
[INFO] [stdout] For more information about this error, try `rustc --explain E0599`.
[INFO] [stdout] 
[INFO] [stdout] error: aborting due to 14 previous errors
[INFO] [stdout] 
[INFO] [stdout] 
[INFO] [stdout] For more information about this error, try `rustc --explain E0599`.
[INFO] [stdout] 
[INFO] [stdout] error[E0599]: no variant or associated item named `Yaml` found for enum `schematic::Format` in the current scope
[INFO] [stdout]    --> tests/env_test.rs:149:29
[INFO] [stdout]     |
[INFO] [stdout] 149 |         .code("{}", Format::Yaml)
[INFO] [stdout]     |                             ^^^^ variant or associated item not found in `Format`
[INFO] [stdout]     |
[INFO] [stdout] note: if you're trying to build a new `schematic::Format`, consider using `schematic::Format::detect` which returns `Result<schematic::Format, ConfigError>`
[INFO] [stdout]    --> /opt/rustwide/workdir/src/config/format.rs:35:5
[INFO] [stdout]     |
[INFO] [stdout] 35  |     pub fn detect(value: &str) -> Result<Format, ConfigError> {
[INFO] [stdout]     |     ^^^^^^^^^^^^^^^^^^^^^^^^^^^^^^^^^^^^^^^^^^^^^^^^^^^^^^^^^
[INFO] [stdout] 
[INFO] [stdout] 
[INFO] [stderr] error: could not compile `schematic` (test "extends_test") due to 15 previous errors
[INFO] [stdout] error[E0599]: no variant or associated item named `Yaml` found for enum `schematic::Format` in the current scope
[INFO] [stdout]    --> tests/env_test.rs:165:52
[INFO] [stdout]     |
[INFO] [stdout] 165 |         .code("optNested:\n  string: bar", Format::Yaml)
[INFO] [stdout]     |                                                    ^^^^ variant or associated item not found in `Format`
[INFO] [stdout]     |
[INFO] [stdout] note: if you're trying to build a new `schematic::Format`, consider using `schematic::Format::detect` which returns `Result<schematic::Format, ConfigError>`
[INFO] [stdout]    --> /opt/rustwide/workdir/src/config/format.rs:35:5
[INFO] [stdout]     |
[INFO] [stdout] 35  |     pub fn detect(value: &str) -> Result<Format, ConfigError> {
[INFO] [stdout]     |     ^^^^^^^^^^^^^^^^^^^^^^^^^^^^^^^^^^^^^^^^^^^^^^^^^^^^^^^^^
[INFO] [stdout] 
[INFO] [stdout] 
[INFO] [stderr] warning: build failed, waiting for other jobs to finish...
[INFO] [stdout] error[E0599]: no variant or associated item named `Json` found for enum `schematic::Format` in the current scope
[INFO] [stdout]    --> tests/settings_test.rs:251:25
[INFO] [stdout]     |
[INFO] [stdout] 251 |                 Format::Json,
[INFO] [stdout]     |                         ^^^^ variant or associated item not found in `Format`
[INFO] [stdout]     |
[INFO] [stdout] note: if you're trying to build a new `schematic::Format`, consider using `schematic::Format::detect` which returns `Result<schematic::Format, schematic::ConfigError>`
[INFO] [stdout]    --> /opt/rustwide/workdir/src/config/format.rs:35:5
[INFO] [stdout]     |
[INFO] [stdout] 35  |     pub fn detect(value: &str) -> Result<Format, ConfigError> {
[INFO] [stdout]     |     ^^^^^^^^^^^^^^^^^^^^^^^^^^^^^^^^^^^^^^^^^^^^^^^^^^^^^^^^^
[INFO] [stdout] 
[INFO] [stdout] 
[INFO] [stderr] error: could not compile `schematic` (test "merge_test") due to 6 previous errors
[INFO] [stdout] error: aborting due to 4 previous errors
[INFO] [stdout] 
[INFO] [stdout] 
[INFO] [stdout] For more information about this error, try `rustc --explain E0599`.
[INFO] [stdout] 
[INFO] [stderr] error: could not compile `schematic` (test "env_test") due to 5 previous errors
[INFO] [stdout] error[E0599]: no variant or associated item named `Json` found for enum `schematic::Format` in the current scope
[INFO] [stdout]    --> tests/settings_test.rs:300:25
[INFO] [stdout]     |
[INFO] [stdout] 300 |                 Format::Json,
[INFO] [stdout]     |                         ^^^^ variant or associated item not found in `Format`
[INFO] [stdout]     |
[INFO] [stdout] note: if you're trying to build a new `schematic::Format`, consider using `schematic::Format::detect` which returns `Result<schematic::Format, schematic::ConfigError>`
[INFO] [stdout]    --> /opt/rustwide/workdir/src/config/format.rs:35:5
[INFO] [stdout]     |
[INFO] [stdout] 35  |     pub fn detect(value: &str) -> Result<Format, ConfigError> {
[INFO] [stdout]     |     ^^^^^^^^^^^^^^^^^^^^^^^^^^^^^^^^^^^^^^^^^^^^^^^^^^^^^^^^^
[INFO] [stdout] 
[INFO] [stdout] 
[INFO] [stdout] error[E0599]: no variant or associated item named `Json` found for enum `schematic::Format` in the current scope
[INFO] [stdout]    --> tests/settings_test.rs:344:25
[INFO] [stdout]     |
[INFO] [stdout] 344 |                 Format::Json,
[INFO] [stdout]     |                         ^^^^ variant or associated item not found in `Format`
[INFO] [stdout]     |
[INFO] [stdout] note: if you're trying to build a new `schematic::Format`, consider using `schematic::Format::detect` which returns `Result<schematic::Format, schematic::ConfigError>`
[INFO] [stdout]    --> /opt/rustwide/workdir/src/config/format.rs:35:5
[INFO] [stdout]     |
[INFO] [stdout] 35  |     pub fn detect(value: &str) -> Result<Format, ConfigError> {
[INFO] [stdout]     |     ^^^^^^^^^^^^^^^^^^^^^^^^^^^^^^^^^^^^^^^^^^^^^^^^^^^^^^^^^
[INFO] [stdout] 
[INFO] [stdout] 
[INFO] [stdout] error[E0599]: no variant or associated item named `Json` found for enum `schematic::Format` in the current scope
[INFO] [stdout]    --> tests/settings_test.rs:373:25
[INFO] [stdout]     |
[INFO] [stdout] 373 |                 Format::Json,
[INFO] [stdout]     |                         ^^^^ variant or associated item not found in `Format`
[INFO] [stdout]     |
[INFO] [stdout] note: if you're trying to build a new `schematic::Format`, consider using `schematic::Format::detect` which returns `Result<schematic::Format, schematic::ConfigError>`
[INFO] [stdout]    --> /opt/rustwide/workdir/src/config/format.rs:35:5
[INFO] [stdout]     |
[INFO] [stdout] 35  |     pub fn detect(value: &str) -> Result<Format, ConfigError> {
[INFO] [stdout]     |     ^^^^^^^^^^^^^^^^^^^^^^^^^^^^^^^^^^^^^^^^^^^^^^^^^^^^^^^^^
[INFO] [stdout] 
[INFO] [stdout] 
[INFO] [stdout] error: aborting due to 9 previous errors
[INFO] [stdout] 
[INFO] [stdout] 
[INFO] [stdout] For more information about this error, try `rustc --explain E0599`.
[INFO] [stdout] 
[INFO] [stdout] error: aborting due to 1 previous error
[INFO] [stdout] 
[INFO] [stdout] 
[INFO] [stdout] For more information about this error, try `rustc --explain E0599`.
[INFO] [stdout] 
[INFO] [stderr] error: could not compile `schematic` (test "settings_test") due to 10 previous errors
[INFO] [stderr] error: could not compile `schematic` (test "defaults_test") due to 2 previous errors
[INFO] [stdout] error[E0433]: failed to resolve: use of undeclared crate or module `schema`
[INFO] [stdout]    --> tests/macro_enum_test.rs:136:20
[INFO] [stdout]     |
[INFO] [stdout] 136 | fn create_gen() -> schema::SchemaGenerator {
[INFO] [stdout]     |                    ^^^^^^ use of undeclared crate or module `schema`
[INFO] [stdout] 
[INFO] [stdout] 
[INFO] [stdout] error: aborting due to 2 previous errors
[INFO] [stdout] 
[INFO] [stdout] 
[INFO] [stdout] For more information about this error, try `rustc --explain E0433`.
[INFO] [stdout] 
[INFO] [stderr] error: could not compile `schematic` (test "macro_enum_test") due to 3 previous errors
[INFO] [stdout] error[E0277]: the trait bound `NaiveDate: Deserialize<'_>` is not satisfied
[INFO] [stdout]     --> tests/generator_test.rs:28:17
[INFO] [stdout]      |
[INFO] [stdout] 28   | #[derive(Clone, Config)]
[INFO] [stdout]      |                 ^^^^^^ the trait `Deserialize<'_>` is not implemented for `NaiveDate`
[INFO] [stdout]      |
[INFO] [stdout]      = help: the following other types implement trait `Deserialize<'de>`:
[INFO] [stdout]                bool
[INFO] [stdout]                char
[INFO] [stdout]                isize
[INFO] [stdout]                i8
[INFO] [stdout]                i16
[INFO] [stdout]                i32
[INFO] [stdout]                i64
[INFO] [stdout]                i128
[INFO] [stdout]              and 337 others
[INFO] [stdout]      = note: required for `std::option::Option<NaiveDate>` to implement `Deserialize<'_>`
[INFO] [stdout] note: required by a bound in `next_element`
[INFO] [stdout]     --> /opt/rustwide/cargo-home/registry/src/index.crates.io-6f17d22bba15001f/serde-1.0.194/src/de/mod.rs:1726:12
[INFO] [stdout]      |
[INFO] [stdout] 1724 |     fn next_element<T>(&mut self) -> Result<Option<T>, Self::Error>
[INFO] [stdout]      |        ------------ required by a bound in this associated function
[INFO] [stdout] 1725 |     where
[INFO] [stdout] 1726 |         T: Deserialize<'de>,
[INFO] [stdout]      |            ^^^^^^^^^^^^^^^^ required by this bound in `SeqAccess::next_element`
[INFO] [stdout]      = note: this error originates in the derive macro `Config` (in Nightly builds, run with -Z macro-backtrace for more info)
[INFO] [stdout] 
[INFO] [stdout] 
[INFO] [stdout] error[E0277]: the trait bound `NaiveDateTime: Deserialize<'_>` is not satisfied
[INFO] [stdout]     --> tests/generator_test.rs:28:17
[INFO] [stdout]      |
[INFO] [stdout] 28   | #[derive(Clone, Config)]
[INFO] [stdout]      |                 ^^^^^^ the trait `Deserialize<'_>` is not implemented for `NaiveDateTime`
[INFO] [stdout]      |
[INFO] [stdout]      = help: the following other types implement trait `Deserialize<'de>`:
[INFO] [stdout]                bool
[INFO] [stdout]                char
[INFO] [stdout]                isize
[INFO] [stdout]                i8
[INFO] [stdout]                i16
[INFO] [stdout]                i32
[INFO] [stdout]                i64
[INFO] [stdout]                i128
[INFO] [stdout]              and 337 others
[INFO] [stdout]      = note: required for `std::option::Option<NaiveDateTime>` to implement `Deserialize<'_>`
[INFO] [stdout] note: required by a bound in `next_element`
[INFO] [stdout]     --> /opt/rustwide/cargo-home/registry/src/index.crates.io-6f17d22bba15001f/serde-1.0.194/src/de/mod.rs:1726:12
[INFO] [stdout]      |
[INFO] [stdout] 1724 |     fn next_element<T>(&mut self) -> Result<Option<T>, Self::Error>
[INFO] [stdout]      |        ------------ required by a bound in this associated function
[INFO] [stdout] 1725 |     where
[INFO] [stdout] 1726 |         T: Deserialize<'de>,
[INFO] [stdout]      |            ^^^^^^^^^^^^^^^^ required by this bound in `SeqAccess::next_element`
[INFO] [stdout]      = note: this error originates in the derive macro `Config` (in Nightly builds, run with -Z macro-backtrace for more info)
[INFO] [stdout] 
[INFO] [stdout] 
[INFO] [stdout] error[E0277]: the trait bound `NaiveTime: Deserialize<'_>` is not satisfied
[INFO] [stdout]     --> tests/generator_test.rs:28:17
[INFO] [stdout]      |
[INFO] [stdout] 28   | #[derive(Clone, Config)]
[INFO] [stdout]      |                 ^^^^^^ the trait `Deserialize<'_>` is not implemented for `NaiveTime`
[INFO] [stdout]      |
[INFO] [stdout]      = help: the following other types implement trait `Deserialize<'de>`:
[INFO] [stdout]                bool
[INFO] [stdout]                char
[INFO] [stdout]                isize
[INFO] [stdout]                i8
[INFO] [stdout]                i16
[INFO] [stdout]                i32
[INFO] [stdout]                i64
[INFO] [stdout]                i128
[INFO] [stdout]              and 337 others
[INFO] [stdout]      = note: required for `std::option::Option<NaiveTime>` to implement `Deserialize<'_>`
[INFO] [stdout] note: required by a bound in `next_element`
[INFO] [stdout]     --> /opt/rustwide/cargo-home/registry/src/index.crates.io-6f17d22bba15001f/serde-1.0.194/src/de/mod.rs:1726:12
[INFO] [stdout]      |
[INFO] [stdout] 1724 |     fn next_element<T>(&mut self) -> Result<Option<T>, Self::Error>
[INFO] [stdout]      |        ------------ required by a bound in this associated function
[INFO] [stdout] 1725 |     where
[INFO] [stdout] 1726 |         T: Deserialize<'de>,
[INFO] [stdout]      |            ^^^^^^^^^^^^^^^^ required by this bound in `SeqAccess::next_element`
[INFO] [stdout]      = note: this error originates in the derive macro `Config` (in Nightly builds, run with -Z macro-backtrace for more info)
[INFO] [stdout] 
[INFO] [stdout] 
[INFO] [stdout] error[E0277]: the trait bound `NaiveDate: Deserialize<'_>` is not satisfied
[INFO] [stdout]     --> tests/generator_test.rs:28:17
[INFO] [stdout]      |
[INFO] [stdout] 28   | #[derive(Clone, Config)]
[INFO] [stdout]      |                 ^^^^^^ the trait `Deserialize<'_>` is not implemented for `NaiveDate`
[INFO] [stdout]      |
[INFO] [stdout]      = help: the following other types implement trait `Deserialize<'de>`:
[INFO] [stdout]                bool
[INFO] [stdout]                char
[INFO] [stdout]                isize
[INFO] [stdout]                i8
[INFO] [stdout]                i16
[INFO] [stdout]                i32
[INFO] [stdout]                i64
[INFO] [stdout]                i128
[INFO] [stdout]              and 337 others
[INFO] [stdout]      = note: required for `std::option::Option<NaiveDate>` to implement `Deserialize<'_>`
[INFO] [stdout] note: required by a bound in `next_value`
[INFO] [stdout]     --> /opt/rustwide/cargo-home/registry/src/index.crates.io-6f17d22bba15001f/serde-1.0.194/src/de/mod.rs:1865:12
[INFO] [stdout]      |
[INFO] [stdout] 1863 |     fn next_value<V>(&mut self) -> Result<V, Self::Error>
[INFO] [stdout]      |        ---------- required by a bound in this associated function
[INFO] [stdout] 1864 |     where
[INFO] [stdout] 1865 |         V: Deserialize<'de>,
[INFO] [stdout]      |            ^^^^^^^^^^^^^^^^ required by this bound in `MapAccess::next_value`
[INFO] [stdout]      = note: this error originates in the derive macro `Config` (in Nightly builds, run with -Z macro-backtrace for more info)
[INFO] [stdout] 
[INFO] [stdout] 
[INFO] [stdout] error[E0277]: the trait bound `NaiveDateTime: Deserialize<'_>` is not satisfied
[INFO] [stdout]     --> tests/generator_test.rs:28:17
[INFO] [stdout]      |
[INFO] [stdout] 28   | #[derive(Clone, Config)]
[INFO] [stdout]      |                 ^^^^^^ the trait `Deserialize<'_>` is not implemented for `NaiveDateTime`
[INFO] [stdout]      |
[INFO] [stdout]      = help: the following other types implement trait `Deserialize<'de>`:
[INFO] [stdout]                bool
[INFO] [stdout]                char
[INFO] [stdout]                isize
[INFO] [stdout]                i8
[INFO] [stdout]                i16
[INFO] [stdout]                i32
[INFO] [stdout]                i64
[INFO] [stdout]                i128
[INFO] [stdout]              and 337 others
[INFO] [stdout]      = note: required for `std::option::Option<NaiveDateTime>` to implement `Deserialize<'_>`
[INFO] [stdout] note: required by a bound in `next_value`
[INFO] [stdout]     --> /opt/rustwide/cargo-home/registry/src/index.crates.io-6f17d22bba15001f/serde-1.0.194/src/de/mod.rs:1865:12
[INFO] [stdout]      |
[INFO] [stdout] 1863 |     fn next_value<V>(&mut self) -> Result<V, Self::Error>
[INFO] [stdout]      |        ---------- required by a bound in this associated function
[INFO] [stdout] 1864 |     where
[INFO] [stdout] 1865 |         V: Deserialize<'de>,
[INFO] [stdout]      |            ^^^^^^^^^^^^^^^^ required by this bound in `MapAccess::next_value`
[INFO] [stdout]      = note: this error originates in the derive macro `Config` (in Nightly builds, run with -Z macro-backtrace for more info)
[INFO] [stdout] 
[INFO] [stdout] 
[INFO] [stdout] error[E0277]: the trait bound `NaiveTime: Deserialize<'_>` is not satisfied
[INFO] [stdout]     --> tests/generator_test.rs:28:17
[INFO] [stdout]      |
[INFO] [stdout] 28   | #[derive(Clone, Config)]
[INFO] [stdout]      |                 ^^^^^^ the trait `Deserialize<'_>` is not implemented for `NaiveTime`
[INFO] [stdout]      |
[INFO] [stdout]      = help: the following other types implement trait `Deserialize<'de>`:
[INFO] [stdout]                bool
[INFO] [stdout]                char
[INFO] [stdout]                isize
[INFO] [stdout]                i8
[INFO] [stdout]                i16
[INFO] [stdout]                i32
[INFO] [stdout]                i64
[INFO] [stdout]                i128
[INFO] [stdout]              and 337 others
[INFO] [stdout]      = note: required for `std::option::Option<NaiveTime>` to implement `Deserialize<'_>`
[INFO] [stdout] note: required by a bound in `next_value`
[INFO] [stdout]     --> /opt/rustwide/cargo-home/registry/src/index.crates.io-6f17d22bba15001f/serde-1.0.194/src/de/mod.rs:1865:12
[INFO] [stdout]      |
[INFO] [stdout] 1863 |     fn next_value<V>(&mut self) -> Result<V, Self::Error>
[INFO] [stdout]      |        ---------- required by a bound in this associated function
[INFO] [stdout] 1864 |     where
[INFO] [stdout] 1865 |         V: Deserialize<'de>,
[INFO] [stdout]      |            ^^^^^^^^^^^^^^^^ required by this bound in `MapAccess::next_value`
[INFO] [stdout]      = note: this error originates in the derive macro `Config` (in Nightly builds, run with -Z macro-backtrace for more info)
[INFO] [stdout] 
[INFO] [stdout] 
[INFO] [stdout] error[E0277]: the trait bound `NaiveDate: Serialize` is not satisfied
[INFO] [stdout]     --> tests/generator_test.rs:28:17
[INFO] [stdout]      |
[INFO] [stdout] 28   | #[derive(Clone, Config)]
[INFO] [stdout]      |                 ^^^^^^ the trait `Serialize` is not implemented for `NaiveDate`
[INFO] [stdout]      |
[INFO] [stdout]      = help: the following other types implement trait `Serialize`:
[INFO] [stdout]                bool
[INFO] [stdout]                char
[INFO] [stdout]                isize
[INFO] [stdout]                i8
[INFO] [stdout]                i16
[INFO] [stdout]                i32
[INFO] [stdout]                i64
[INFO] [stdout]                i128
[INFO] [stdout]              and 344 others
[INFO] [stdout]      = note: required for `std::option::Option<NaiveDate>` to implement `Serialize`
[INFO] [stdout] note: required by a bound in `_::_serde::ser::SerializeStruct::serialize_field`
[INFO] [stdout]     --> /opt/rustwide/cargo-home/registry/src/index.crates.io-6f17d22bba15001f/serde-1.0.194/src/ser/mod.rs:1865:12
[INFO] [stdout]      |
[INFO] [stdout] 1859 |     fn serialize_field<T: ?Sized>(
[INFO] [stdout]      |        --------------- required by a bound in this associated function
[INFO] [stdout] ...
[INFO] [stdout] 1865 |         T: Serialize;
[INFO] [stdout]      |            ^^^^^^^^^ required by this bound in `SerializeStruct::serialize_field`
[INFO] [stdout]      = note: this error originates in the derive macro `Config` (in Nightly builds, run with -Z macro-backtrace for more info)
[INFO] [stdout] 
[INFO] [stdout] 
[INFO] [stdout] error[E0277]: the trait bound `NaiveDateTime: Serialize` is not satisfied
[INFO] [stdout]     --> tests/generator_test.rs:28:17
[INFO] [stdout]      |
[INFO] [stdout] 28   | #[derive(Clone, Config)]
[INFO] [stdout]      |                 ^^^^^^ the trait `Serialize` is not implemented for `NaiveDateTime`
[INFO] [stdout]      |
[INFO] [stdout]      = help: the following other types implement trait `Serialize`:
[INFO] [stdout]                bool
[INFO] [stdout]                char
[INFO] [stdout]                isize
[INFO] [stdout]                i8
[INFO] [stdout]                i16
[INFO] [stdout]                i32
[INFO] [stdout]                i64
[INFO] [stdout]                i128
[INFO] [stdout]              and 344 others
[INFO] [stdout]      = note: required for `std::option::Option<NaiveDateTime>` to implement `Serialize`
[INFO] [stdout] note: required by a bound in `_::_serde::ser::SerializeStruct::serialize_field`
[INFO] [stdout]     --> /opt/rustwide/cargo-home/registry/src/index.crates.io-6f17d22bba15001f/serde-1.0.194/src/ser/mod.rs:1865:12
[INFO] [stdout]      |
[INFO] [stdout] 1859 |     fn serialize_field<T: ?Sized>(
[INFO] [stdout]      |        --------------- required by a bound in this associated function
[INFO] [stdout] ...
[INFO] [stdout] 1865 |         T: Serialize;
[INFO] [stdout]      |            ^^^^^^^^^ required by this bound in `SerializeStruct::serialize_field`
[INFO] [stdout]      = note: this error originates in the derive macro `Config` (in Nightly builds, run with -Z macro-backtrace for more info)
[INFO] [stdout] 
[INFO] [stdout] 
[INFO] [stdout] error[E0277]: the trait bound `NaiveTime: Serialize` is not satisfied
[INFO] [stdout]     --> tests/generator_test.rs:28:17
[INFO] [stdout]      |
[INFO] [stdout] 28   | #[derive(Clone, Config)]
[INFO] [stdout]      |                 ^^^^^^ the trait `Serialize` is not implemented for `NaiveTime`
[INFO] [stdout]      |
[INFO] [stdout]      = help: the following other types implement trait `Serialize`:
[INFO] [stdout]                bool
[INFO] [stdout]                char
[INFO] [stdout]                isize
[INFO] [stdout]                i8
[INFO] [stdout]                i16
[INFO] [stdout]                i32
[INFO] [stdout]                i64
[INFO] [stdout]                i128
[INFO] [stdout]              and 344 others
[INFO] [stdout]      = note: required for `std::option::Option<NaiveTime>` to implement `Serialize`
[INFO] [stdout] note: required by a bound in `_::_serde::ser::SerializeStruct::serialize_field`
[INFO] [stdout]     --> /opt/rustwide/cargo-home/registry/src/index.crates.io-6f17d22bba15001f/serde-1.0.194/src/ser/mod.rs:1865:12
[INFO] [stdout]      |
[INFO] [stdout] 1859 |     fn serialize_field<T: ?Sized>(
[INFO] [stdout]      |        --------------- required by a bound in this associated function
[INFO] [stdout] ...
[INFO] [stdout] 1865 |         T: Serialize;
[INFO] [stdout]      |            ^^^^^^^^^ required by this bound in `SerializeStruct::serialize_field`
[INFO] [stdout]      = note: this error originates in the derive macro `Config` (in Nightly builds, run with -Z macro-backtrace for more info)
[INFO] [stdout] 
[INFO] [stdout] 
[INFO] [stdout] error[E0433]: failed to resolve: use of undeclared crate or module `serde_json`
[INFO] [stdout]   --> tests/generator_test.rs:55:17
[INFO] [stdout]    |
[INFO] [stdout] 55 |     json_value: serde_json::Value,
[INFO] [stdout]    |                 ^^^^^^^^^^ use of undeclared crate or module `serde_json`
[INFO] [stdout] 
[INFO] [stdout] 
[INFO] [stdout] error[E0433]: failed to resolve: use of undeclared crate or module `toml`
[INFO] [stdout]   --> tests/generator_test.rs:56:24
[INFO] [stdout]    |
[INFO] [stdout] 56 |     toml_value: Option<toml::Value>,
[INFO] [stdout]    |                        ^^^^ use of undeclared crate or module `toml`
[INFO] [stdout] 
[INFO] [stdout] 
[INFO] [stdout] error[E0433]: failed to resolve: use of undeclared crate or module `serde_yaml`
[INFO] [stdout]   --> tests/generator_test.rs:57:17
[INFO] [stdout]    |
[INFO] [stdout] 57 |     yaml_value: serde_yaml::Value,
[INFO] [stdout]    |                 ^^^^^^^^^^ use of undeclared crate or module `serde_yaml`
[INFO] [stdout] 
[INFO] [stdout] 
[INFO] [stdout] error: aborting due to 13 previous errors; 3 warnings emitted
[INFO] [stdout] 
[INFO] [stdout] 
[INFO] [stdout] Some errors have detailed explanations: E0277, E0432, E0433.
[INFO] [stdout] 
[INFO] [stdout] For more information about an error, try `rustc --explain E0277`.
[INFO] [stdout] 
[INFO] [stderr] error: could not compile `schematic` (test "generator_test") due to 14 previous errors; 3 warnings emitted
[INFO] running `Command { std: "docker" "inspect" "a4e7d7d3c7dd76fbf75131ee25622c1539ad52e79aa9c5635a2a5d1a650acd7c", kill_on_drop: false }`
[INFO] running `Command { std: "docker" "rm" "-f" "a4e7d7d3c7dd76fbf75131ee25622c1539ad52e79aa9c5635a2a5d1a650acd7c", kill_on_drop: false }`
[INFO] [stdout] a4e7d7d3c7dd76fbf75131ee25622c1539ad52e79aa9c5635a2a5d1a650acd7c
