[INFO] fetching crate sc-transaction-graph 3.0.0...
[INFO] testing sc-transaction-graph-3.0.0 against 1.75.0 for beta-1.76-1
[INFO] extracting crate sc-transaction-graph 3.0.0 into /workspace/builds/worker-1-tc1/source
[INFO] validating manifest of crates.io crate sc-transaction-graph 3.0.0 on toolchain 1.75.0
[INFO] running `Command { std: CARGO_HOME="/workspace/cargo-home" RUSTUP_HOME="/workspace/rustup-home" "/workspace/cargo-home/bin/cargo" "+1.75.0" "metadata" "--manifest-path" "Cargo.toml" "--no-deps", kill_on_drop: false }`
[INFO] started tweaking crates.io crate sc-transaction-graph 3.0.0
[INFO] finished tweaking crates.io crate sc-transaction-graph 3.0.0
[INFO] tweaked toml for crates.io crate sc-transaction-graph 3.0.0 written to /workspace/builds/worker-1-tc1/source/Cargo.toml
[INFO] running `Command { std: CARGO_HOME="/workspace/cargo-home" RUSTUP_HOME="/workspace/rustup-home" "/workspace/cargo-home/bin/cargo" "+1.75.0" "generate-lockfile" "--manifest-path" "Cargo.toml", kill_on_drop: false }`
[INFO] [stderr]     Updating crates.io index
[INFO] running `Command { std: CARGO_HOME="/workspace/cargo-home" RUSTUP_HOME="/workspace/rustup-home" "/workspace/cargo-home/bin/cargo" "+1.75.0" "fetch" "--manifest-path" "Cargo.toml", kill_on_drop: false }`
[INFO] [stderr]     Blocking waiting for file lock on package cache
[INFO] [stderr]     Blocking waiting for file lock on package cache
[INFO] [stderr]  Downloading crates ...
[INFO] [stderr]   Downloaded sp-panic-handler v3.0.0
[INFO] [stderr]   Downloaded sp-tracing v3.0.0
[INFO] [stderr]   Downloaded sp-wasm-interface v3.0.0
[INFO] [stderr]   Downloaded sp-debug-derive v3.0.0
[INFO] [stderr]   Downloaded memory-db v0.26.0
[INFO] [stderr]   Downloaded sp-runtime-interface-proc-macro v3.0.0
[INFO] [stderr]   Downloaded parity-util-mem v0.9.0
[INFO] [stderr]   Downloaded sp-utils v3.0.0
[INFO] [stderr]   Downloaded sp-core v3.0.0
[INFO] [stderr]   Downloaded sp-version v3.0.0
[INFO] [stderr]   Downloaded sp-keystore v0.9.0
[INFO] [stderr]   Downloaded sp-externalities v0.9.0
[INFO] [stderr]   Downloaded sp-trie v3.0.0
[INFO] [stderr]   Downloaded sp-io v3.0.0
[INFO] [stderr]   Downloaded sp-storage v3.0.0
[INFO] [stderr]   Downloaded prometheus v0.11.0
[INFO] [stderr]   Downloaded sp-state-machine v0.9.0
[INFO] [stderr]   Downloaded libp2p-core v0.27.1
[INFO] [stderr]   Downloaded libp2p-swarm v0.27.2
[INFO] [stderr]   Downloaded sp-std v3.0.0
[INFO] [stderr]   Downloaded sp-runtime-interface v3.0.0
[INFO] [stderr]   Downloaded sp-runtime v3.0.0
[INFO] [stderr]   Downloaded sp-transaction-pool v3.0.0
[INFO] [stderr]   Downloaded libp2p-core-derive v0.21.0
[INFO] [stderr]   Downloaded multistream-select v0.10.4
[INFO] [stderr]   Downloaded libp2p v0.34.0
[INFO] [stderr]   Downloaded sp-api-proc-macro v3.0.0
[INFO] [stderr]   Downloaded sp-api v3.0.0
[INFO] [stderr]   Downloaded sp-inherents v3.0.0
[INFO] [stderr]   Downloaded substrate-prometheus-endpoint v0.9.0
[INFO] [stderr]   Downloaded sp-consensus v0.9.0
[INFO] [stderr]   Downloaded kvdb v0.9.0
[INFO] [stderr]   Downloaded sp-blockchain v3.0.0
[INFO] [stderr]   Downloaded sp-arithmetic v3.0.0
[INFO] [stderr]   Downloaded sp-database v3.0.0
[INFO] [stderr]   Downloaded sp-application-crypto v3.0.0
[INFO] running `Command { std: "docker" "create" "-v" "/var/lib/crater-agent-workspace/builds/worker-1-tc1/target:/opt/rustwide/target:rw,Z" "-v" "/var/lib/crater-agent-workspace/builds/worker-1-tc1/source:/opt/rustwide/workdir:ro,Z" "-v" "/var/lib/crater-agent-workspace/cargo-home:/opt/rustwide/cargo-home:ro,Z" "-v" "/var/lib/crater-agent-workspace/rustup-home:/opt/rustwide/rustup-home:ro,Z" "-e" "SOURCE_DIR=/opt/rustwide/workdir" "-e" "CARGO_TARGET_DIR=/opt/rustwide/target" "-e" "CARGO_HOME=/opt/rustwide/cargo-home" "-e" "RUSTUP_HOME=/opt/rustwide/rustup-home" "-w" "/opt/rustwide/workdir" "-m" "1610612736" "--user" "0:0" "--network" "none" "ghcr.io/rust-lang/crates-build-env/linux@sha256:2788e3201cd34a07e3172128adcd8b3090168a8e3bcc40d7c032b9dda1df7d1c" "/opt/rustwide/cargo-home/bin/cargo" "+1.75.0" "metadata" "--no-deps" "--format-version=1", kill_on_drop: false }`
[INFO] [stdout] ffb7b4fff5ed2591f797946431780a736113d4a4c5ac63c43ff9d9a181d03546
[INFO] running `Command { std: "docker" "start" "-a" "ffb7b4fff5ed2591f797946431780a736113d4a4c5ac63c43ff9d9a181d03546", kill_on_drop: false }`
[INFO] running `Command { std: "docker" "inspect" "ffb7b4fff5ed2591f797946431780a736113d4a4c5ac63c43ff9d9a181d03546", kill_on_drop: false }`
[INFO] running `Command { std: "docker" "rm" "-f" "ffb7b4fff5ed2591f797946431780a736113d4a4c5ac63c43ff9d9a181d03546", kill_on_drop: false }`
[INFO] [stdout] ffb7b4fff5ed2591f797946431780a736113d4a4c5ac63c43ff9d9a181d03546
[INFO] running `Command { std: "docker" "create" "-v" "/var/lib/crater-agent-workspace/builds/worker-1-tc1/target:/opt/rustwide/target:rw,Z" "-v" "/var/lib/crater-agent-workspace/builds/worker-1-tc1/source:/opt/rustwide/workdir:ro,Z" "-v" "/var/lib/crater-agent-workspace/cargo-home:/opt/rustwide/cargo-home:ro,Z" "-v" "/var/lib/crater-agent-workspace/rustup-home:/opt/rustwide/rustup-home:ro,Z" "-e" "SOURCE_DIR=/opt/rustwide/workdir" "-e" "CARGO_TARGET_DIR=/opt/rustwide/target" "-e" "CARGO_INCREMENTAL=0" "-e" "RUST_BACKTRACE=full" "-e" "RUSTFLAGS=--cap-lints=warn" "-e" "RUSTDOCFLAGS=--cap-lints=warn" "-e" "CARGO_HOME=/opt/rustwide/cargo-home" "-e" "RUSTUP_HOME=/opt/rustwide/rustup-home" "-w" "/opt/rustwide/workdir" "-m" "1610612736" "--user" "0:0" "--network" "none" "ghcr.io/rust-lang/crates-build-env/linux@sha256:2788e3201cd34a07e3172128adcd8b3090168a8e3bcc40d7c032b9dda1df7d1c" "/opt/rustwide/cargo-home/bin/cargo" "+1.75.0" "build" "--frozen" "--message-format=json", kill_on_drop: false }`
[INFO] [stdout] 42f26aa9ed0a92fe06d4419433aa0cf330f481d3c6bf2b7609ae7afc96737b7a
[INFO] running `Command { std: "docker" "start" "-a" "42f26aa9ed0a92fe06d4419433aa0cf330f481d3c6bf2b7609ae7afc96737b7a", kill_on_drop: false }`
[INFO] [stderr]    Compiling proc-macro2 v1.0.75
[INFO] [stderr]    Compiling unicode-ident v1.0.12
[INFO] [stderr]    Compiling cfg-if v1.0.0
[INFO] [stderr]    Compiling libc v0.2.151
[INFO] [stderr]    Compiling autocfg v1.1.0
[INFO] [stderr]    Compiling syn v1.0.109
[INFO] [stderr]    Compiling once_cell v1.19.0
[INFO] [stderr]    Compiling pin-project-lite v0.2.13
[INFO] [stderr]    Compiling version_check v0.9.4
[INFO] [stderr]    Compiling typenum v1.17.0
[INFO] [stderr]    Compiling memchr v2.7.1
[INFO] [stderr]    Compiling serde v1.0.194
[INFO] [stderr]    Compiling value-bag v1.4.3
[INFO] [stderr]    Compiling futures-core v0.3.30
[INFO] [stderr]    Compiling futures-io v0.3.30
[INFO] [stderr]    Compiling hashbrown v0.14.3
[INFO] [stderr]    Compiling equivalent v1.0.1
[INFO] [stderr]    Compiling slab v0.4.9
[INFO] [stderr]    Compiling log v0.4.20
[INFO] [stderr]    Compiling toml_datetime v0.6.5
[INFO] [stderr]    Compiling winnow v0.5.32
[INFO] [stderr]    Compiling byteorder v1.5.0
[INFO] [stderr]    Compiling quote v1.0.35
[INFO] [stderr]    Compiling syn v2.0.48
[INFO] [stderr]    Compiling indexmap v2.1.0
[INFO] [stderr]    Compiling generic-array v0.14.7
[INFO] [stderr]    Compiling ppv-lite86 v0.2.17
[INFO] [stderr]    Compiling smallvec v1.11.2
[INFO] [stderr]    Compiling tracing-core v0.1.32
[INFO] [stderr]    Compiling getrandom v0.1.16
[INFO] [stderr]    Compiling radium v0.6.2
[INFO] [stderr]    Compiling subtle v2.4.1
[INFO] [stderr]    Compiling getrandom v0.2.11
[INFO] [stderr]    Compiling futures-sink v0.3.30
[INFO] [stderr]    Compiling crunchy v0.2.2
[INFO] [stderr]    Compiling rand_core v0.5.1
[INFO] [stderr]    Compiling tracing v0.1.40
[INFO] [stderr]    Compiling lock_api v0.4.11
[INFO] [stderr]    Compiling tap v1.0.1
[INFO] [stderr]    Compiling parking_lot_core v0.8.6
[INFO] [stderr]    Compiling pin-utils v0.1.0
[INFO] [stderr]    Compiling wyz v0.2.0
[INFO] [stderr]    Compiling static_assertions v1.1.0
[INFO] [stderr]    Compiling funty v1.1.0
[INFO] [stderr]    Compiling futures-channel v0.3.30
[INFO] [stderr]    Compiling generic-array v0.12.4
[INFO] [stderr]    Compiling num-traits v0.2.17
[INFO] [stderr]    Compiling instant v0.1.12
[INFO] [stderr]    Compiling futures-task v0.3.30
[INFO] [stderr]    Compiling toml_edit v0.19.15
[INFO] [stderr]    Compiling arrayvec v0.7.4
[INFO] [stderr]    Compiling byte-slice-cast v1.2.2
[INFO] [stderr]    Compiling scopeguard v1.2.0
[INFO] [stderr]    Compiling bitvec v0.20.4
[INFO] [stderr]    Compiling digest v0.9.0
[INFO] [stderr]    Compiling unicode-xid v0.2.4
[INFO] [stderr]    Compiling lazy_static v1.4.0
[INFO] [stderr]    Compiling anyhow v1.0.79
[INFO] [stderr]    Compiling parking_lot v0.11.2
[INFO] [stderr]    Compiling digest v0.8.1
[INFO] [stderr]    Compiling rand_core v0.6.4
[INFO] [stderr]    Compiling aho-corasick v1.1.2
[INFO] [stderr]    Compiling regex-syntax v0.8.2
[INFO] [stderr]    Compiling rand_chacha v0.3.1
[INFO] [stderr]    Compiling rand_pcg v0.2.1
[INFO] [stderr]    Compiling rand_chacha v0.2.2
[INFO] [stderr]    Compiling proc-macro-crate v1.3.1
[INFO] [stderr]    Compiling num_cpus v1.16.0
[INFO] [stderr]    Compiling block-buffer v0.9.0
[INFO] [stderr]    Compiling itoa v1.0.10
[INFO] [stderr]    Compiling thiserror v1.0.56
[INFO] [stderr]    Compiling opaque-debug v0.3.0
[INFO] [stderr]    Compiling tinyvec_macros v0.1.1
[INFO] [stderr]    Compiling rustix v0.38.28
[INFO] [stderr]    Compiling byte-tools v0.3.1
[INFO] [stderr]    Compiling cpufeatures v0.2.12
[INFO] [stderr]    Compiling sha2 v0.9.9
[INFO] [stderr]    Compiling block-padding v0.1.5
[INFO] [stderr]    Compiling synstructure v0.12.6
[INFO] [stderr]    Compiling tinyvec v1.6.0
[INFO] [stderr]    Compiling regex-automata v0.4.3
[INFO] [stderr]    Compiling rand v0.7.3
[INFO] [stderr]    Compiling rand v0.8.5
[INFO] [stderr]    Compiling crossbeam-utils v0.8.18
[INFO] [stderr]    Compiling rustc-hex v2.1.0
[INFO] [stderr]    Compiling linux-raw-sys v0.4.12
[INFO] [stderr]    Compiling bitflags v2.4.1
[INFO] [stderr]    Compiling unicode-normalization v0.1.22
[INFO] [stderr]    Compiling block-buffer v0.7.3
[INFO] [stderr]    Compiling cc v1.0.83
[INFO] [stderr]    Compiling num-integer v0.1.45
[INFO] [stderr]    Compiling opaque-debug v0.2.3
[INFO] [stderr]    Compiling subtle v1.0.0
[INFO] [stderr]    Compiling hex v0.4.3
[INFO] [stderr]    Compiling arrayref v0.3.7
[INFO] [stderr]    Compiling fake-simd v0.1.2
[INFO] [stderr]    Compiling fastrand v2.0.1
[INFO] [stderr]    Compiling sha2 v0.8.2
[INFO] [stderr]    Compiling uint v0.9.5
[INFO] [stderr]    Compiling crypto-mac v0.7.0
[INFO] [stderr]    Compiling fixed-hash v0.7.0
[INFO] [stderr]    Compiling num-bigint v0.2.6
[INFO] [stderr]    Compiling parking v2.2.0
[INFO] [stderr]    Compiling serde_derive v1.0.194
[INFO] [stderr]    Compiling futures-macro v0.3.30
[INFO] [stderr]    Compiling zeroize_derive v1.4.2
[INFO] [stderr]    Compiling thiserror-impl v1.0.56
[INFO] [stderr]    Compiling impl-trait-for-tuples v0.2.2
[INFO] [stderr]    Compiling parity-scale-codec-derive v2.3.1
[INFO] [stderr]    Compiling zeroize v1.3.0
[INFO] [stderr]    Compiling regex v1.10.2
[INFO] [stderr]    Compiling futures-util v0.3.30
[INFO] [stderr]    Compiling sp-std v3.0.0
[INFO] [stderr]    Compiling either v1.9.0
[INFO] [stderr]    Compiling concurrent-queue v2.4.0
[INFO] [stderr]    Compiling hmac v0.7.1
[INFO] [stderr]    Compiling num-rational v0.2.4
[INFO] [stderr]    Compiling parity-util-mem v0.9.0
[INFO] [stderr]    Compiling ahash v0.4.8
[INFO] [stderr]    Compiling ref-cast v1.0.22
[INFO] [stderr]    Compiling regex-syntax v0.6.29
[INFO] [stderr]    Compiling signature v1.6.4
[INFO] [stderr]    Compiling serde_json v1.0.111
[INFO] [stderr]    Compiling ed25519 v1.5.3
[INFO] [stderr]    Compiling hashbrown v0.9.1
[INFO] [stderr]    Compiling hmac-drbg v0.2.0
[INFO] [stderr]    Compiling curve25519-dalek v3.2.1
[INFO] [stderr]    Compiling parity-util-mem-derive v0.1.0
[INFO] [stderr]    Compiling regex-automata v0.1.10
[INFO] [stderr]    Compiling sp-debug-derive v3.0.0
[INFO] [stderr]    Compiling futures-executor v0.3.30
[INFO] [stderr]    Compiling futures v0.3.30
[INFO] [stderr]    Compiling ref-cast-impl v1.0.22
[INFO] [stderr]    Compiling iana-time-zone v0.1.59
[INFO] [stderr]    Compiling parity-wasm v0.41.0
[INFO] [stderr]    Compiling bytes v1.5.0
[INFO] [stderr]    Compiling arrayvec v0.4.12
[INFO] [stderr]    Compiling ryu v1.0.16
[INFO] [stderr]    Compiling chrono v0.4.31
[INFO] [stderr]    Compiling matchers v0.0.1
[INFO] [stderr]    Compiling libsecp256k1 v0.3.5
[INFO] [stderr]    Compiling sharded-slab v0.1.7
[INFO] [stderr]    Compiling tracing-log v0.1.4
[INFO] [stderr]    Compiling crypto-mac v0.11.1
[INFO] [stderr]    Compiling crypto-mac v0.8.0
[INFO] [stderr]    Compiling wasmi-validation v0.3.0
[INFO] [stderr]    Compiling thread_local v1.1.7
[INFO] [stderr]    Compiling nodrop v0.1.14
[INFO] [stderr]    Compiling memory_units v0.3.0
[INFO] [stderr]    Compiling keccak v0.1.4
[INFO] [stderr]    Compiling ansi_term v0.12.1
[INFO] [stderr]    Compiling hash-db v0.15.2
[INFO] [stderr]    Compiling wasmi v0.6.2
[INFO] [stderr]    Compiling merlin v2.0.1
[INFO] [stderr]    Compiling Inflector v0.11.4
[INFO] [stderr]    Compiling curve25519-dalek v2.1.3
[INFO] [stderr]    Compiling ahash v0.7.7
[INFO] [stderr]    Compiling indexmap v1.9.3
[INFO] [stderr]    Compiling tiny-keccak v2.0.2
[INFO] [stderr]    Compiling parity-scale-codec v2.3.1
[INFO] [stderr]    Compiling impl-serde v0.3.2
[INFO] [stderr]    Compiling toml v0.5.11
[INFO] [stderr]    Compiling ed25519-dalek v1.0.1
[INFO] [stderr]    Compiling tracing-serde v0.1.3
[INFO] [stderr]    Compiling impl-codec v0.5.1
[INFO] [stderr]    Compiling primitive-types v0.9.1
[INFO] [stderr]    Compiling sp-storage v3.0.0
[INFO] [stderr]    Compiling fnv v1.0.7
[INFO] [stderr]    Compiling constant_time_eq v0.1.5
[INFO] [stderr]    Compiling environmental v1.1.4
[INFO] [stderr]    Compiling proc-macro-crate v0.1.5
[INFO] [stderr]    Compiling arrayvec v0.5.2
[INFO] [stderr]    Compiling sp-externalities v0.9.0
[INFO] [stderr]    Compiling schnorrkel v0.9.1
[INFO] [stderr]    Compiling blake2-rfc v0.2.18
[INFO] [stderr]    Compiling sp-wasm-interface v3.0.0
[INFO] [stderr]    Compiling sp-runtime-interface-proc-macro v3.0.0
[INFO] [stderr]    Compiling tracing-subscriber v0.2.25
[INFO] [stderr]    Compiling hmac v0.8.1
[INFO] [stderr]    Compiling pbkdf2 v0.4.0
[INFO] [stderr]    Compiling hmac v0.11.0
[INFO] [stderr]    Compiling pbkdf2 v0.8.0
[INFO] [stderr]    Compiling event-listener v4.0.2
[INFO] [stderr]    Compiling dyn-clonable-impl v0.9.0
[INFO] [stderr]    Compiling rustc-hash v1.1.0
[INFO] [stderr]    Compiling hashbrown v0.12.3
[INFO] [stderr]    Compiling dyn-clone v1.0.16
[INFO] [stderr]    Compiling tiny-bip39 v0.8.2
[INFO] [stderr]    Compiling event-listener-strategy v0.4.0
[INFO] [stderr]    Compiling substrate-bip39 v0.4.5
[INFO] [stderr]    Compiling dyn-clonable v0.9.0
[INFO] [stderr]    Compiling secrecy v0.7.0
[INFO] [stderr]    Compiling sp-tracing v3.0.0
[INFO] [stderr]    Compiling twox-hash v1.6.3
[INFO] [stderr]    Compiling hash256-std-hasher v0.15.2
[INFO] [stderr]    Compiling base58 v0.1.0
[INFO] [stderr]    Compiling hashbrown v0.11.2
[INFO] [stderr]    Compiling itertools v0.9.0
[INFO] [stderr]    Compiling backtrace v0.3.69
[INFO] [stderr]    Compiling pin-project-internal v1.1.3
[INFO] [stderr]    Compiling proc-macro-error-attr v1.0.4
[INFO] [stderr]    Compiling home v0.5.9
[INFO] [stderr]    Compiling gimli v0.28.1
[INFO] [stderr]    Compiling adler v1.0.2
[INFO] [stderr]    Compiling which v4.4.2
[INFO] [stderr]    Compiling miniz_oxide v0.7.1
[INFO] [stderr]    Compiling async-lock v3.2.0
[INFO] [stderr]    Compiling futures-lite v2.1.0
[INFO] [stderr]    Compiling object v0.32.2
[INFO] [stderr]    Compiling proc-macro-error v1.0.4
[INFO] [stderr]    Compiling prost-derive v0.7.0
[INFO] [stderr]    Compiling async-trait v0.1.77
[INFO] [stderr]    Compiling convert_case v0.4.0
[INFO] [stderr]    Compiling rustc-demangle v0.1.23
[INFO] [stderr]    Compiling derive_more v0.99.17
[INFO] [stderr]    Compiling pin-project v1.1.3
[INFO] [stderr]    Compiling prost-build v0.7.0
[INFO] [stderr]    Compiling trie-db v0.22.6
[INFO] [stderr]    Compiling sp-runtime-interface v3.0.0
[INFO] [stderr]    Compiling memory-db v0.26.0
[INFO] [stderr]    Compiling trie-root v0.16.0
[INFO] [stderr]    Compiling pin-project-internal v0.4.30
[INFO] [stderr]    Compiling fixedbitset v0.2.0
[INFO] [stderr]    Compiling sp-core v3.0.0
[INFO] [stderr]    Compiling addr2line v0.21.0
[INFO] [stderr]    Compiling io-lifetimes v1.0.11
[INFO] [stderr]    Compiling unicode-segmentation v1.10.1
[INFO] [stderr]    Compiling petgraph v0.5.1
[INFO] [stderr]    Compiling prost v0.7.0
[INFO] [stderr]    Compiling tempfile v3.9.0
[INFO] [stderr]    Compiling heck v0.3.3
[INFO] [stderr]    Compiling polling v3.3.1
[INFO] [stderr]    Compiling prost-types v0.7.0
[INFO] [stderr]    Compiling ring v0.16.20
[INFO] [stderr]    Compiling polling v2.8.0
[INFO] [stderr]    Compiling sp-trie v3.0.0
[INFO] [stderr]    Compiling unicode-bidi v0.3.14
[INFO] [stderr]    Compiling sp-panic-handler v3.0.0
[INFO] [stderr]    Compiling percent-encoding v2.3.1
[INFO] [stderr]    Compiling bytes v0.5.6
[INFO] [stderr]    Compiling multimap v0.8.3
[INFO] [stderr]    Compiling rustix v0.37.27
[INFO] [stderr]    Compiling event-listener v2.5.3
[INFO] [stderr]    Compiling idna v0.5.0
[INFO] [stderr]    Compiling form_urlencoded v1.2.1
[INFO] [stderr]    Compiling sp-state-machine v0.9.0
[INFO] [stderr]    Compiling async-io v2.2.2
[INFO] [stderr]    Compiling multihash-derive v0.7.2
[INFO] [stderr]    Compiling async-io v1.13.0
[INFO] [stderr]    Compiling sp-keystore v0.9.0
[INFO] [stderr]    Compiling pin-project-lite v0.1.12
[INFO] [stderr]    Compiling paste v1.0.14
[INFO] [stderr]    Compiling linux-raw-sys v0.3.8
[INFO] [stderr]    Compiling fastrand v1.9.0
[INFO] [stderr]    Compiling unsigned-varint v0.7.2
[INFO] [stderr]    Compiling async-task v4.7.0
[INFO] [stderr]    Compiling atomic-waker v1.1.2
[INFO] [stderr]    Compiling bitflags v1.3.2
[INFO] [stderr]    Compiling unsigned-varint v0.5.1
[INFO] [stderr]    Compiling waker-fn v1.1.1
[INFO] [stderr]    Compiling piper v0.2.1
[INFO] [stderr]    Compiling futures-lite v1.13.0
[INFO] [stderr]    Compiling sp-io v3.0.0
[INFO] [stderr]    Compiling multihash v0.13.2
[INFO] [stderr]    Compiling tokio v0.2.25
[INFO] [stderr]    Compiling libp2p-core v0.27.1
[INFO] [stderr]    Compiling url v2.5.0
[INFO] [stderr]    Compiling pin-project v0.4.30
[INFO] [stderr]    Compiling async-lock v2.8.0
[INFO] [stderr]    Compiling async-channel v2.1.1
[INFO] [stderr]    Compiling http v0.2.11
[INFO] [stderr]    Compiling asn1_der_derive v0.1.2
[INFO] [stderr]    Compiling integer-sqrt v0.1.5
[INFO] [stderr]    Compiling signal-hook-registry v1.4.1
[INFO] [stderr]    Compiling socket2 v0.4.10
[INFO] [stderr]    Compiling prometheus v0.11.0
[INFO] [stderr]    Compiling httparse v1.8.0
[INFO] [stderr]    Compiling data-encoding v2.5.0
[INFO] [stderr]    Compiling bs58 v0.4.0
[INFO] [stderr]    Compiling futures-timer v3.0.2
[INFO] [stderr]    Compiling spin v0.5.2
[INFO] [stderr]    Compiling untrusted v0.7.1
[INFO] [stderr]    Compiling parity-multiaddr v0.11.2
[INFO] [stderr]    Compiling tokio-util v0.3.1
[INFO] [stderr]    Compiling asn1_der v0.6.3
[INFO] [stderr]    Compiling sp-application-crypto v3.0.0
[INFO] [stderr]    Compiling async-signal v0.2.5
[INFO] [stderr]    Compiling sp-arithmetic v3.0.0
[INFO] [stderr]    Compiling blocking v1.5.1
[INFO] [stderr]    Compiling rw-stream-sink v0.2.1
[INFO] [stderr]    Compiling async-executor v1.8.0
[INFO] [stderr]    Compiling multistream-select v0.10.4
[INFO] [stderr]    Compiling tracing-futures v0.2.5
[INFO] [stderr]    Compiling event-listener v3.1.0
[INFO] [stderr]    Compiling try-lock v0.2.5
[INFO] [stderr]    Compiling void v1.0.2
[INFO] [stderr]    Compiling want v0.3.1
[INFO] [stderr]    Compiling async-process v1.8.1
[INFO] [stderr]    Compiling h2 v0.2.7
[INFO] [stderr]    Compiling sp-runtime v3.0.0
[INFO] [stderr]    Compiling async-global-executor v2.4.1
[INFO] [stderr]    Compiling http-body v0.3.1
[INFO] [stderr]    Compiling async-channel v1.9.0
[INFO] [stderr]    Compiling wasm-timer v0.2.5
[INFO] [stderr]    Compiling kv-log-macro v1.0.7
[INFO] [stderr]    Compiling httpdate v0.3.2
[INFO] [stderr]    Compiling tower-service v0.3.2
[INFO] [stderr]    Compiling itoa v0.4.8
[INFO] [stderr]    Compiling async-std v1.12.0
[INFO] [stderr]    Compiling sp-api-proc-macro v3.0.0
[INFO] [stderr]    Compiling libp2p-core-derive v0.21.0
[INFO] [stderr]    Compiling atomic v0.5.3
[INFO] [stderr]    Compiling sp-version v3.0.0
[INFO] [stderr]    Compiling libp2p-swarm v0.27.2
[INFO] [stderr]    Compiling sp-utils v3.0.0
[INFO] [stderr]    Compiling sp-inherents v3.0.0
[INFO] [stderr]    Compiling kvdb v0.9.0
[INFO] [stderr]    Compiling lru v0.6.6
[INFO] [stderr]    Compiling sp-database v3.0.0
[INFO] [stderr]    Compiling linked-hash-map v0.5.6
[INFO] [stderr]    Compiling retain_mut v0.1.9
[INFO] [stderr]    Compiling libp2p v0.34.0
[INFO] [stderr]    Compiling hyper v0.13.10
[INFO] [stderr]    Compiling sp-api v3.0.0
[INFO] [stderr]    Compiling substrate-prometheus-endpoint v0.9.0
[INFO] [stderr]    Compiling sp-consensus v0.9.0
[INFO] [stderr]    Compiling sp-blockchain v3.0.0
[INFO] [stderr]    Compiling sp-transaction-pool v3.0.0
[INFO] [stderr]    Compiling sc-transaction-graph v3.0.0 (/opt/rustwide/workdir)
[INFO] [stdout] warning: use of deprecated trait `retain_mut::RetainMut`: Rust 1.61 has included retain_mut directly
[INFO] [stdout]   --> src/validated_pool.rs:40:17
[INFO] [stdout]    |
[INFO] [stdout] 40 | use retain_mut::RetainMut;
[INFO] [stdout]    |                 ^^^^^^^^^
[INFO] [stdout]    |
[INFO] [stdout]    = note: `#[warn(deprecated)]` on by default
[INFO] [stdout] 
[INFO] [stdout] 
[INFO] [stdout] warning: unused import: `retain_mut::RetainMut`
[INFO] [stdout]   --> src/validated_pool.rs:40:5
[INFO] [stdout]    |
[INFO] [stdout] 40 | use retain_mut::RetainMut;
[INFO] [stdout]    |     ^^^^^^^^^^^^^^^^^^^^^
[INFO] [stdout]    |
[INFO] [stdout]    = note: `#[warn(unused_imports)]` on by default
[INFO] [stdout] 
[INFO] [stdout] 
[INFO] [stdout] warning: 2 warnings emitted
[INFO] [stdout] 
[INFO] [stdout] 
[INFO] [stderr]     Finished dev [unoptimized + debuginfo] target(s) in 3m 14s
[INFO] running `Command { std: "docker" "inspect" "42f26aa9ed0a92fe06d4419433aa0cf330f481d3c6bf2b7609ae7afc96737b7a", kill_on_drop: false }`
[INFO] running `Command { std: "docker" "rm" "-f" "42f26aa9ed0a92fe06d4419433aa0cf330f481d3c6bf2b7609ae7afc96737b7a", kill_on_drop: false }`
[INFO] [stdout] 42f26aa9ed0a92fe06d4419433aa0cf330f481d3c6bf2b7609ae7afc96737b7a
[INFO] running `Command { std: "docker" "create" "-v" "/var/lib/crater-agent-workspace/builds/worker-1-tc1/target:/opt/rustwide/target:rw,Z" "-v" "/var/lib/crater-agent-workspace/builds/worker-1-tc1/source:/opt/rustwide/workdir:ro,Z" "-v" "/var/lib/crater-agent-workspace/cargo-home:/opt/rustwide/cargo-home:ro,Z" "-v" "/var/lib/crater-agent-workspace/rustup-home:/opt/rustwide/rustup-home:ro,Z" "-e" "SOURCE_DIR=/opt/rustwide/workdir" "-e" "CARGO_TARGET_DIR=/opt/rustwide/target" "-e" "CARGO_INCREMENTAL=0" "-e" "RUST_BACKTRACE=full" "-e" "RUSTFLAGS=--cap-lints=warn" "-e" "RUSTDOCFLAGS=--cap-lints=warn" "-e" "CARGO_HOME=/opt/rustwide/cargo-home" "-e" "RUSTUP_HOME=/opt/rustwide/rustup-home" "-w" "/opt/rustwide/workdir" "-m" "1610612736" "--user" "0:0" "--network" "none" "ghcr.io/rust-lang/crates-build-env/linux@sha256:2788e3201cd34a07e3172128adcd8b3090168a8e3bcc40d7c032b9dda1df7d1c" "/opt/rustwide/cargo-home/bin/cargo" "+1.75.0" "test" "--frozen" "--no-run" "--message-format=json", kill_on_drop: false }`
[INFO] [stdout] 8761219edc1e2cb8eebcc21eb9e59822d5cc8378dd5bf1e5a3dab997a6f58185
[INFO] running `Command { std: "docker" "start" "-a" "8761219edc1e2cb8eebcc21eb9e59822d5cc8378dd5bf1e5a3dab997a6f58185", kill_on_drop: false }`
[INFO] [stderr]    Compiling sc-transaction-graph v3.0.0 (/opt/rustwide/workdir)
[INFO] [stdout] warning: use of deprecated trait `retain_mut::RetainMut`: Rust 1.61 has included retain_mut directly
[INFO] [stdout]   --> src/validated_pool.rs:40:17
[INFO] [stdout]    |
[INFO] [stdout] 40 | use retain_mut::RetainMut;
[INFO] [stdout]    |                 ^^^^^^^^^
[INFO] [stdout]    |
[INFO] [stdout]    = note: `#[warn(deprecated)]` on by default
[INFO] [stdout] 
[INFO] [stdout] 
[INFO] [stdout] warning: unused import: `retain_mut::RetainMut`
[INFO] [stdout]   --> src/validated_pool.rs:40:5
[INFO] [stdout]    |
[INFO] [stdout] 40 | use retain_mut::RetainMut;
[INFO] [stdout]    |     ^^^^^^^^^^^^^^^^^^^^^
[INFO] [stdout]    |
[INFO] [stdout]    = note: `#[warn(unused_imports)]` on by default
[INFO] [stdout] 
[INFO] [stdout] 
[INFO] [stdout] warning: 2 warnings emitted
[INFO] [stdout] 
[INFO] [stdout] 
[INFO] [stdout] error[E0432]: unresolved import `codec`
[INFO] [stdout]    --> src/pool.rs:468:6
[INFO] [stdout]     |
[INFO] [stdout] 468 |     use codec::Encode;
[INFO] [stdout]     |         ^^^^^ help: a similar path exists: `sp_runtime::codec`
[INFO] [stdout] 
[INFO] [stdout] 
[INFO] [stdout] error[E0432]: unresolved import `substrate_test_runtime`
[INFO] [stdout]    --> src/pool.rs:469:6
[INFO] [stdout]     |
[INFO] [stdout] 469 |     use substrate_test_runtime::{Block, Extrinsic, Transfer, H256, AccountId, Hashing};
[INFO] [stdout]     |         ^^^^^^^^^^^^^^^^^^^^^^ use of undeclared crate or module `substrate_test_runtime`
[INFO] [stdout] 
[INFO] [stdout] 
[INFO] [stdout] error[E0432]: unresolved import `assert_matches`
[INFO] [stdout]    --> src/pool.rs:470:6
[INFO] [stdout]     |
[INFO] [stdout] 470 |     use assert_matches::assert_matches;
[INFO] [stdout]     |         ^^^^^^^^^^^^^^ help: a similar path exists: `std::assert_matches`
[INFO] [stdout] 
[INFO] [stdout] 
[INFO] [stdout] error: cannot determine resolution for the macro `assert_matches`
[INFO] [stdout]    --> src/pool.rs:635:3
[INFO] [stdout]     |
[INFO] [stdout] 635 |         assert_matches!(res.unwrap_err(), error::Error::TemporarilyBanned);
[INFO] [stdout]     |         ^^^^^^^^^^^^^^
[INFO] [stdout]     |
[INFO] [stdout]     = note: import resolution is stuck, try simplifying macro imports
[INFO] [stdout] 
[INFO] [stdout] 
[INFO] [stdout] error: cannot determine resolution for the macro `assert_matches`
[INFO] [stdout]    --> src/pool.rs:655:3
[INFO] [stdout]     |
[INFO] [stdout] 655 |         assert_matches!(res.unwrap_err(), error::Error::Unactionable);
[INFO] [stdout]     |         ^^^^^^^^^^^^^^
[INFO] [stdout]     |
[INFO] [stdout]     = note: import resolution is stuck, try simplifying macro imports
[INFO] [stdout] 
[INFO] [stdout] 
[INFO] [stdout] error: cannot determine resolution for the macro `assert_matches`
[INFO] [stdout]    --> src/pool.rs:836:3
[INFO] [stdout]     |
[INFO] [stdout] 836 |         assert_matches!(err, error::Error::NoTagsProvided);
[INFO] [stdout]     |         ^^^^^^^^^^^^^^
[INFO] [stdout]     |
[INFO] [stdout]     = note: import resolution is stuck, try simplifying macro imports
[INFO] [stdout] 
[INFO] [stdout] 
[INFO] [stdout] warning: use of deprecated trait `retain_mut::RetainMut`: Rust 1.61 has included retain_mut directly
[INFO] [stdout]   --> src/validated_pool.rs:40:17
[INFO] [stdout]    |
[INFO] [stdout] 40 | use retain_mut::RetainMut;
[INFO] [stdout]    |                 ^^^^^^^^^
[INFO] [stdout]    |
[INFO] [stdout]    = note: `#[warn(deprecated)]` on by default
[INFO] [stdout] 
[INFO] [stdout] 
[INFO] [stdout] error: aborting due to 6 previous errors; 1 warning emitted
[INFO] [stdout] 
[INFO] [stdout] 
[INFO] [stdout] For more information about this error, try `rustc --explain E0432`.
[INFO] [stdout] 
[INFO] [stderr] error: could not compile `sc-transaction-graph` (lib test) due to 7 previous errors; 1 warning emitted
[INFO] running `Command { std: "docker" "inspect" "8761219edc1e2cb8eebcc21eb9e59822d5cc8378dd5bf1e5a3dab997a6f58185", kill_on_drop: false }`
[INFO] running `Command { std: "docker" "rm" "-f" "8761219edc1e2cb8eebcc21eb9e59822d5cc8378dd5bf1e5a3dab997a6f58185", kill_on_drop: false }`
[INFO] [stdout] 8761219edc1e2cb8eebcc21eb9e59822d5cc8378dd5bf1e5a3dab997a6f58185
[INFO] testing sc-transaction-graph-3.0.0 against beta-2023-12-22 for beta-1.76-1
[INFO] extracting crate sc-transaction-graph 3.0.0 into /workspace/builds/worker-1-tc2/source
[INFO] validating manifest of crates.io crate sc-transaction-graph 3.0.0 on toolchain beta-2023-12-22
[INFO] running `Command { std: CARGO_HOME="/workspace/cargo-home" RUSTUP_HOME="/workspace/rustup-home" "/workspace/cargo-home/bin/cargo" "+beta-2023-12-22" "metadata" "--manifest-path" "Cargo.toml" "--no-deps", kill_on_drop: false }`
[INFO] started tweaking crates.io crate sc-transaction-graph 3.0.0
[INFO] finished tweaking crates.io crate sc-transaction-graph 3.0.0
[INFO] tweaked toml for crates.io crate sc-transaction-graph 3.0.0 written to /workspace/builds/worker-1-tc2/source/Cargo.toml
[INFO] running `Command { std: CARGO_HOME="/workspace/cargo-home" RUSTUP_HOME="/workspace/rustup-home" "/workspace/cargo-home/bin/cargo" "+beta-2023-12-22" "generate-lockfile" "--manifest-path" "Cargo.toml", kill_on_drop: false }`
[INFO] [stderr]     Updating crates.io index
[INFO] running `Command { std: CARGO_HOME="/workspace/cargo-home" RUSTUP_HOME="/workspace/rustup-home" "/workspace/cargo-home/bin/cargo" "+beta-2023-12-22" "fetch" "--manifest-path" "Cargo.toml", kill_on_drop: false }`
[INFO] running `Command { std: "docker" "create" "-v" "/var/lib/crater-agent-workspace/builds/worker-1-tc2/target:/opt/rustwide/target:rw,Z" "-v" "/var/lib/crater-agent-workspace/builds/worker-1-tc2/source:/opt/rustwide/workdir:ro,Z" "-v" "/var/lib/crater-agent-workspace/cargo-home:/opt/rustwide/cargo-home:ro,Z" "-v" "/var/lib/crater-agent-workspace/rustup-home:/opt/rustwide/rustup-home:ro,Z" "-e" "SOURCE_DIR=/opt/rustwide/workdir" "-e" "CARGO_TARGET_DIR=/opt/rustwide/target" "-e" "CARGO_HOME=/opt/rustwide/cargo-home" "-e" "RUSTUP_HOME=/opt/rustwide/rustup-home" "-w" "/opt/rustwide/workdir" "-m" "1610612736" "--user" "0:0" "--network" "none" "ghcr.io/rust-lang/crates-build-env/linux@sha256:2788e3201cd34a07e3172128adcd8b3090168a8e3bcc40d7c032b9dda1df7d1c" "/opt/rustwide/cargo-home/bin/cargo" "+beta-2023-12-22" "metadata" "--no-deps" "--format-version=1", kill_on_drop: false }`
[INFO] [stdout] 23376a87a0e07d98f74e62cce88ae97054fd42e44422c8fb1e35561e4f8203a0
[INFO] running `Command { std: "docker" "start" "-a" "23376a87a0e07d98f74e62cce88ae97054fd42e44422c8fb1e35561e4f8203a0", kill_on_drop: false }`
[INFO] running `Command { std: "docker" "inspect" "23376a87a0e07d98f74e62cce88ae97054fd42e44422c8fb1e35561e4f8203a0", kill_on_drop: false }`
[INFO] running `Command { std: "docker" "rm" "-f" "23376a87a0e07d98f74e62cce88ae97054fd42e44422c8fb1e35561e4f8203a0", kill_on_drop: false }`
[INFO] [stdout] 23376a87a0e07d98f74e62cce88ae97054fd42e44422c8fb1e35561e4f8203a0
[INFO] running `Command { std: "docker" "create" "-v" "/var/lib/crater-agent-workspace/builds/worker-1-tc2/target:/opt/rustwide/target:rw,Z" "-v" "/var/lib/crater-agent-workspace/builds/worker-1-tc2/source:/opt/rustwide/workdir:ro,Z" "-v" "/var/lib/crater-agent-workspace/cargo-home:/opt/rustwide/cargo-home:ro,Z" "-v" "/var/lib/crater-agent-workspace/rustup-home:/opt/rustwide/rustup-home:ro,Z" "-e" "SOURCE_DIR=/opt/rustwide/workdir" "-e" "CARGO_TARGET_DIR=/opt/rustwide/target" "-e" "CARGO_INCREMENTAL=0" "-e" "RUST_BACKTRACE=full" "-e" "RUSTFLAGS=--cap-lints=warn" "-e" "RUSTDOCFLAGS=--cap-lints=warn" "-e" "CARGO_HOME=/opt/rustwide/cargo-home" "-e" "RUSTUP_HOME=/opt/rustwide/rustup-home" "-w" "/opt/rustwide/workdir" "-m" "1610612736" "--user" "0:0" "--network" "none" "ghcr.io/rust-lang/crates-build-env/linux@sha256:2788e3201cd34a07e3172128adcd8b3090168a8e3bcc40d7c032b9dda1df7d1c" "/opt/rustwide/cargo-home/bin/cargo" "+beta-2023-12-22" "build" "--frozen" "--message-format=json", kill_on_drop: false }`
[INFO] [stdout] e43b6d0b2ae3b2cc3a2178a424ec92c3c4374d5c5269f97decef67d54922feed
[INFO] running `Command { std: "docker" "start" "-a" "e43b6d0b2ae3b2cc3a2178a424ec92c3c4374d5c5269f97decef67d54922feed", kill_on_drop: false }`
[INFO] [stderr]    Compiling proc-macro2 v1.0.75
[INFO] [stderr]    Compiling unicode-ident v1.0.12
[INFO] [stderr]    Compiling cfg-if v1.0.0
[INFO] [stderr]    Compiling libc v0.2.151
[INFO] [stderr]    Compiling autocfg v1.1.0
[INFO] [stderr]    Compiling syn v1.0.109
[INFO] [stderr]    Compiling once_cell v1.19.0
[INFO] [stderr]    Compiling version_check v0.9.4
[INFO] [stderr]    Compiling pin-project-lite v0.2.13
[INFO] [stderr]    Compiling memchr v2.7.1
[INFO] [stderr]    Compiling typenum v1.17.0
[INFO] [stderr]    Compiling serde v1.0.194
[INFO] [stderr]    Compiling value-bag v1.4.3
[INFO] [stderr]    Compiling futures-core v0.3.30
[INFO] [stderr]    Compiling futures-io v0.3.30
[INFO] [stderr]    Compiling hashbrown v0.14.3
[INFO] [stderr]    Compiling equivalent v1.0.1
[INFO] [stderr]    Compiling slab v0.4.9
[INFO] [stderr]    Compiling toml_datetime v0.6.5
[INFO] [stderr]    Compiling log v0.4.20
[INFO] [stderr]    Compiling winnow v0.5.32
[INFO] [stderr]    Compiling byteorder v1.5.0
[INFO] [stderr]    Compiling quote v1.0.35
[INFO] [stderr]    Compiling indexmap v2.1.0
[INFO] [stderr]    Compiling generic-array v0.14.7
[INFO] [stderr]    Compiling syn v2.0.48
[INFO] [stderr]    Compiling ppv-lite86 v0.2.17
[INFO] [stderr]    Compiling smallvec v1.11.2
[INFO] [stderr]    Compiling tracing-core v0.1.32
[INFO] [stderr]    Compiling getrandom v0.1.16
[INFO] [stderr]    Compiling radium v0.6.2
[INFO] [stderr]    Compiling subtle v2.4.1
[INFO] [stderr]    Compiling crunchy v0.2.2
[INFO] [stderr]    Compiling getrandom v0.2.11
[INFO] [stderr]    Compiling futures-sink v0.3.30
[INFO] [stderr]    Compiling rand_core v0.5.1
[INFO] [stderr]    Compiling tracing v0.1.40
[INFO] [stderr]    Compiling lock_api v0.4.11
[INFO] [stderr]    Compiling funty v1.1.0
[INFO] [stderr]    Compiling wyz v0.2.0
[INFO] [stderr]    Compiling toml_edit v0.19.15
[INFO] [stderr]    Compiling pin-utils v0.1.0
[INFO] [stderr]    Compiling static_assertions v1.1.0
[INFO] [stderr]    Compiling parking_lot_core v0.8.6
[INFO] [stderr]    Compiling tap v1.0.1
[INFO] [stderr]    Compiling futures-channel v0.3.30
[INFO] [stderr]    Compiling generic-array v0.12.4
[INFO] [stderr]    Compiling num-traits v0.2.17
[INFO] [stderr]    Compiling instant v0.1.12
[INFO] [stderr]    Compiling bitvec v0.20.4
[INFO] [stderr]    Compiling arrayvec v0.7.4
[INFO] [stderr]    Compiling futures-task v0.3.30
[INFO] [stderr]    Compiling byte-slice-cast v1.2.2
[INFO] [stderr]    Compiling scopeguard v1.2.0
[INFO] [stderr]    Compiling digest v0.9.0
[INFO] [stderr]    Compiling lazy_static v1.4.0
[INFO] [stderr]    Compiling unicode-xid v0.2.4
[INFO] [stderr]    Compiling anyhow v1.0.79
[INFO] [stderr]    Compiling parking_lot v0.11.2
[INFO] [stderr]    Compiling digest v0.8.1
[INFO] [stderr]    Compiling rand_core v0.6.4
[INFO] [stderr]    Compiling aho-corasick v1.1.2
[INFO] [stderr]    Compiling regex-syntax v0.8.2
[INFO] [stderr]    Compiling rand_chacha v0.3.1
[INFO] [stderr]    Compiling proc-macro-crate v1.3.1
[INFO] [stderr]    Compiling rand_pcg v0.2.1
[INFO] [stderr]    Compiling rand_chacha v0.2.2
[INFO] [stderr]    Compiling num_cpus v1.16.0
[INFO] [stderr]    Compiling block-buffer v0.9.0
[INFO] [stderr]    Compiling opaque-debug v0.3.0
[INFO] [stderr]    Compiling rustix v0.38.28
[INFO] [stderr]    Compiling tinyvec_macros v0.1.1
[INFO] [stderr]    Compiling byte-tools v0.3.1
[INFO] [stderr]    Compiling thiserror v1.0.56
[INFO] [stderr]    Compiling cpufeatures v0.2.12
[INFO] [stderr]    Compiling itoa v1.0.10
[INFO] [stderr]    Compiling sha2 v0.9.9
[INFO] [stderr]    Compiling block-padding v0.1.5
[INFO] [stderr]    Compiling tinyvec v1.6.0
[INFO] [stderr]    Compiling rand v0.7.3
[INFO] [stderr]    Compiling synstructure v0.12.6
[INFO] [stderr]    Compiling regex-automata v0.4.3
[INFO] [stderr]    Compiling rand v0.8.5
[INFO] [stderr]    Compiling crossbeam-utils v0.8.18
[INFO] [stderr]    Compiling rustc-hex v2.1.0
[INFO] [stderr]    Compiling linux-raw-sys v0.4.12
[INFO] [stderr]    Compiling bitflags v2.4.1
[INFO] [stderr]    Compiling unicode-normalization v0.1.22
[INFO] [stderr]    Compiling block-buffer v0.7.3
[INFO] [stderr]    Compiling cc v1.0.83
[INFO] [stderr]    Compiling num-integer v0.1.45
[INFO] [stderr]    Compiling hex v0.4.3
[INFO] [stderr]    Compiling subtle v1.0.0
[INFO] [stderr]    Compiling opaque-debug v0.2.3
[INFO] [stderr]    Compiling fastrand v2.0.1
[INFO] [stderr]    Compiling arrayref v0.3.7
[INFO] [stderr]    Compiling fake-simd v0.1.2
[INFO] [stderr]    Compiling sha2 v0.8.2
[INFO] [stderr]    Compiling uint v0.9.5
[INFO] [stderr]    Compiling crypto-mac v0.7.0
[INFO] [stderr]    Compiling serde_derive v1.0.194
[INFO] [stderr]    Compiling futures-macro v0.3.30
[INFO] [stderr]    Compiling zeroize_derive v1.4.2
[INFO] [stderr]    Compiling thiserror-impl v1.0.56
[INFO] [stderr]    Compiling regex v1.10.2
[INFO] [stderr]    Compiling parity-scale-codec-derive v2.3.1
[INFO] [stderr]    Compiling impl-trait-for-tuples v0.2.2
[INFO] [stderr]    Compiling zeroize v1.3.0
[INFO] [stderr]    Compiling fixed-hash v0.7.0
[INFO] [stderr]    Compiling futures-util v0.3.30
[INFO] [stderr]    Compiling num-bigint v0.2.6
[INFO] [stderr]    Compiling sp-std v3.0.0
[INFO] [stderr]    Compiling either v1.9.0
[INFO] [stderr]    Compiling parking v2.2.0
[INFO] [stderr]    Compiling concurrent-queue v2.4.0
[INFO] [stderr]    Compiling hmac v0.7.1
[INFO] [stderr]    Compiling num-rational v0.2.4
[INFO] [stderr]    Compiling ref-cast v1.0.22
[INFO] [stderr]    Compiling ahash v0.4.8
[INFO] [stderr]    Compiling regex-syntax v0.6.29
[INFO] [stderr]    Compiling signature v1.6.4
[INFO] [stderr]    Compiling serde_json v1.0.111
[INFO] [stderr]    Compiling parity-util-mem v0.9.0
[INFO] [stderr]    Compiling ed25519 v1.5.3
[INFO] [stderr]    Compiling hashbrown v0.9.1
[INFO] [stderr]    Compiling hmac-drbg v0.2.0
[INFO] [stderr]    Compiling curve25519-dalek v3.2.1
[INFO] [stderr]    Compiling futures-executor v0.3.30
[INFO] [stderr]    Compiling parity-util-mem-derive v0.1.0
[INFO] [stderr]    Compiling futures v0.3.30
[INFO] [stderr]    Compiling sp-debug-derive v3.0.0
[INFO] [stderr]    Compiling ref-cast-impl v1.0.22
[INFO] [stderr]    Compiling bytes v1.5.0
[INFO] [stderr]    Compiling regex-automata v0.1.10
[INFO] [stderr]    Compiling arrayvec v0.4.12
[INFO] [stderr]    Compiling ryu v1.0.16
[INFO] [stderr]    Compiling parity-wasm v0.41.0
[INFO] [stderr]    Compiling iana-time-zone v0.1.59
[INFO] [stderr]    Compiling chrono v0.4.31
[INFO] [stderr]    Compiling matchers v0.0.1
[INFO] [stderr]    Compiling libsecp256k1 v0.3.5
[INFO] [stderr]    Compiling wasmi-validation v0.3.0
[INFO] [stderr]    Compiling sharded-slab v0.1.7
[INFO] [stderr]    Compiling crypto-mac v0.8.0
[INFO] [stderr]    Compiling crypto-mac v0.11.1
[INFO] [stderr]    Compiling tracing-log v0.1.4
[INFO] [stderr]    Compiling thread_local v1.1.7
[INFO] [stderr]    Compiling ansi_term v0.12.1
[INFO] [stderr]    Compiling keccak v0.1.4
[INFO] [stderr]    Compiling nodrop v0.1.14
[INFO] [stderr]    Compiling hash-db v0.15.2
[INFO] [stderr]    Compiling memory_units v0.3.0
[INFO] [stderr]    Compiling curve25519-dalek v2.1.3
[INFO] [stderr]    Compiling merlin v2.0.1
[INFO] [stderr]    Compiling wasmi v0.6.2
[INFO] [stderr]    Compiling Inflector v0.11.4
[INFO] [stderr]    Compiling indexmap v1.9.3
[INFO] [stderr]    Compiling ahash v0.7.7
[INFO] [stderr]    Compiling tiny-keccak v2.0.2
[INFO] [stderr]    Compiling constant_time_eq v0.1.5
[INFO] [stderr]    Compiling arrayvec v0.5.2
[INFO] [stderr]    Compiling parity-scale-codec v2.3.1
[INFO] [stderr]    Compiling impl-serde v0.3.2
[INFO] [stderr]    Compiling toml v0.5.11
[INFO] [stderr]    Compiling tracing-serde v0.1.3
[INFO] [stderr]    Compiling ed25519-dalek v1.0.1
[INFO] [stderr]    Compiling fnv v1.0.7
[INFO] [stderr]    Compiling environmental v1.1.4
[INFO] [stderr]    Compiling schnorrkel v0.9.1
[INFO] [stderr]    Compiling blake2-rfc v0.2.18
[INFO] [stderr]    Compiling impl-codec v0.5.1
[INFO] [stderr]    Compiling primitive-types v0.9.1
[INFO] [stderr]    Compiling sp-storage v3.0.0
[INFO] [stderr]    Compiling tracing-subscriber v0.2.25
[INFO] [stderr]    Compiling sp-externalities v0.9.0
[INFO] [stderr]    Compiling proc-macro-crate v0.1.5
[INFO] [stderr]    Compiling sp-wasm-interface v3.0.0
[INFO] [stderr]    Compiling sp-tracing v3.0.0
[INFO] [stderr]    Compiling sp-runtime-interface-proc-macro v3.0.0
[INFO] [stderr]    Compiling hmac v0.11.0
[INFO] [stderr]    Compiling pbkdf2 v0.8.0
[INFO] [stderr]    Compiling hmac v0.8.1
[INFO] [stderr]    Compiling pbkdf2 v0.4.0
[INFO] [stderr]    Compiling event-listener v4.0.2
[INFO] [stderr]    Compiling dyn-clonable-impl v0.9.0
[INFO] [stderr]    Compiling dyn-clone v1.0.16
[INFO] [stderr]    Compiling rustc-hash v1.1.0
[INFO] [stderr]    Compiling hashbrown v0.12.3
[INFO] [stderr]    Compiling tiny-bip39 v0.8.2
[INFO] [stderr]    Compiling event-listener-strategy v0.4.0
[INFO] [stderr]    Compiling substrate-bip39 v0.4.5
[INFO] [stderr]    Compiling dyn-clonable v0.9.0
[INFO] [stderr]    Compiling secrecy v0.7.0
[INFO] [stderr]    Compiling twox-hash v1.6.3
[INFO] [stderr]    Compiling hash256-std-hasher v0.15.2
[INFO] [stderr]    Compiling base58 v0.1.0
[INFO] [stderr]    Compiling hashbrown v0.11.2
[INFO] [stderr]    Compiling itertools v0.9.0
[INFO] [stderr]    Compiling backtrace v0.3.69
[INFO] [stderr]    Compiling pin-project-internal v1.1.3
[INFO] [stderr]    Compiling proc-macro-error-attr v1.0.4
[INFO] [stderr]    Compiling home v0.5.9
[INFO] [stderr]    Compiling gimli v0.28.1
[INFO] [stderr]    Compiling adler v1.0.2
[INFO] [stderr]    Compiling which v4.4.2
[INFO] [stderr]    Compiling miniz_oxide v0.7.1
[INFO] [stderr]    Compiling async-lock v3.2.0
[INFO] [stderr]    Compiling futures-lite v2.1.0
[INFO] [stderr]    Compiling object v0.32.2
[INFO] [stderr]    Compiling proc-macro-error v1.0.4
[INFO] [stderr]    Compiling prost-derive v0.7.0
[INFO] [stderr]    Compiling async-trait v0.1.77
[INFO] [stderr]    Compiling rustc-demangle v0.1.23
[INFO] [stderr]    Compiling convert_case v0.4.0
[INFO] [stderr]    Compiling prost-build v0.7.0
[INFO] [stderr]    Compiling derive_more v0.99.17
[INFO] [stderr]    Compiling trie-db v0.22.6
[INFO] [stderr]    Compiling pin-project v1.1.3
[INFO] [stderr]    Compiling memory-db v0.26.0
[INFO] [stderr]    Compiling trie-root v0.16.0
[INFO] [stderr]    Compiling io-lifetimes v1.0.11
[INFO] [stderr]    Compiling unicode-segmentation v1.10.1
[INFO] [stderr]    Compiling fixedbitset v0.2.0
[INFO] [stderr]    Compiling pin-project-internal v0.4.30
[INFO] [stderr]    Compiling petgraph v0.5.1
[INFO] [stderr]    Compiling addr2line v0.21.0
[INFO] [stderr]    Compiling heck v0.3.3
[INFO] [stderr]    Compiling prost v0.7.0
[INFO] [stderr]    Compiling sp-runtime-interface v3.0.0
[INFO] [stderr]    Compiling polling v3.3.1
[INFO] [stderr]    Compiling tempfile v3.9.0
[INFO] [stderr]    Compiling ring v0.16.20
[INFO] [stderr]    Compiling prost-types v0.7.0
[INFO] [stderr]    Compiling polling v2.8.0
[INFO] [stderr]    Compiling unicode-bidi v0.3.14
[INFO] [stderr]    Compiling sp-core v3.0.0
[INFO] [stderr]    Compiling percent-encoding v2.3.1
[INFO] [stderr]    Compiling rustix v0.37.27
[INFO] [stderr]    Compiling bytes v0.5.6
[INFO] [stderr]    Compiling multimap v0.8.3
[INFO] [stderr]    Compiling event-listener v2.5.3
[INFO] [stderr]    Compiling sp-panic-handler v3.0.0
[INFO] [stderr]    Compiling idna v0.5.0
[INFO] [stderr]    Compiling form_urlencoded v1.2.1
[INFO] [stderr]    Compiling async-io v2.2.2
[INFO] [stderr]    Compiling multihash-derive v0.7.2
[INFO] [stderr]    Compiling sp-trie v3.0.0
[INFO] [stderr]    Compiling sp-state-machine v0.9.0
[INFO] [stderr]    Compiling async-io v1.13.0
[INFO] [stderr]    Compiling sp-keystore v0.9.0
[INFO] [stderr]    Compiling fastrand v1.9.0
[INFO] [stderr]    Compiling atomic-waker v1.1.2
[INFO] [stderr]    Compiling bitflags v1.3.2
[INFO] [stderr]    Compiling async-task v4.7.0
[INFO] [stderr]    Compiling unsigned-varint v0.7.2
[INFO] [stderr]    Compiling linux-raw-sys v0.3.8
[INFO] [stderr]    Compiling pin-project-lite v0.1.12
[INFO] [stderr]    Compiling waker-fn v1.1.1
[INFO] [stderr]    Compiling paste v1.0.14
[INFO] [stderr]    Compiling unsigned-varint v0.5.1
[INFO] [stderr]    Compiling futures-lite v1.13.0
[INFO] [stderr]    Compiling multihash v0.13.2
[INFO] [stderr]    Compiling tokio v0.2.25
[INFO] [stderr]    Compiling piper v0.2.1
[INFO] [stderr]    Compiling libp2p-core v0.27.1
[INFO] [stderr]    Compiling url v2.5.0
[INFO] [stderr]    Compiling pin-project v0.4.30
[INFO] [stderr]    Compiling sp-io v3.0.0
[INFO] [stderr]    Compiling async-lock v2.8.0
[INFO] [stderr]    Compiling async-channel v2.1.1
[INFO] [stderr]    Compiling http v0.2.11
[INFO] [stderr]    Compiling asn1_der_derive v0.1.2
[INFO] [stderr]    Compiling integer-sqrt v0.1.5
[INFO] [stderr]    Compiling signal-hook-registry v1.4.1
[INFO] [stderr]    Compiling socket2 v0.4.10
[INFO] [stderr]    Compiling data-encoding v2.5.0
[INFO] [stderr]    Compiling bs58 v0.4.0
[INFO] [stderr]    Compiling spin v0.5.2
[INFO] [stderr]    Compiling httparse v1.8.0
[INFO] [stderr]    Compiling prometheus v0.11.0
[INFO] [stderr]    Compiling futures-timer v3.0.2
[INFO] [stderr]    Compiling untrusted v0.7.1
[INFO] [stderr]    Compiling parity-multiaddr v0.11.2
[INFO] [stderr]    Compiling sp-application-crypto v3.0.0
[INFO] [stderr]    Compiling asn1_der v0.6.3
[INFO] [stderr]    Compiling tokio-util v0.3.1
[INFO] [stderr]    Compiling async-signal v0.2.5
[INFO] [stderr]    Compiling sp-arithmetic v3.0.0
[INFO] [stderr]    Compiling blocking v1.5.1
[INFO] [stderr]    Compiling rw-stream-sink v0.2.1
[INFO] [stderr]    Compiling async-executor v1.8.0
[INFO] [stderr]    Compiling multistream-select v0.10.4
[INFO] [stderr]    Compiling tracing-futures v0.2.5
[INFO] [stderr]    Compiling event-listener v3.1.0
[INFO] [stderr]    Compiling void v1.0.2
[INFO] [stderr]    Compiling try-lock v0.2.5
[INFO] [stderr]    Compiling want v0.3.1
[INFO] [stderr]    Compiling async-process v1.8.1
[INFO] [stderr]    Compiling async-global-executor v2.4.1
[INFO] [stderr]    Compiling h2 v0.2.7
[INFO] [stderr]    Compiling sp-runtime v3.0.0
[INFO] [stderr]    Compiling http-body v0.3.1
[INFO] [stderr]    Compiling async-channel v1.9.0
[INFO] [stderr]    Compiling wasm-timer v0.2.5
[INFO] [stderr]    Compiling kv-log-macro v1.0.7
[INFO] [stderr]    Compiling tower-service v0.3.2
[INFO] [stderr]    Compiling httpdate v0.3.2
[INFO] [stderr]    Compiling itoa v0.4.8
[INFO] [stderr]    Compiling async-std v1.12.0
[INFO] [stderr]    Compiling libp2p-swarm v0.27.2
[INFO] [stderr]    Compiling sp-version v3.0.0
[INFO] [stderr]    Compiling sp-api-proc-macro v3.0.0
[INFO] [stderr]    Compiling libp2p-core-derive v0.21.0
[INFO] [stderr]    Compiling atomic v0.5.3
[INFO] [stderr]    Compiling sp-utils v3.0.0
[INFO] [stderr]    Compiling sp-inherents v3.0.0
[INFO] [stderr]    Compiling kvdb v0.9.0
[INFO] [stderr]    Compiling lru v0.6.6
[INFO] [stderr]    Compiling sp-database v3.0.0
[INFO] [stderr]    Compiling linked-hash-map v0.5.6
[INFO] [stderr]    Compiling retain_mut v0.1.9
[INFO] [stderr]    Compiling libp2p v0.34.0
[INFO] [stderr]    Compiling hyper v0.13.10
[INFO] [stderr]    Compiling sp-api v3.0.0
[INFO] [stderr]    Compiling substrate-prometheus-endpoint v0.9.0
[INFO] [stderr]    Compiling sp-consensus v0.9.0
[INFO] [stderr]    Compiling sp-blockchain v3.0.0
[INFO] [stderr]    Compiling sp-transaction-pool v3.0.0
[INFO] [stderr]    Compiling sc-transaction-graph v3.0.0 (/opt/rustwide/workdir)
[INFO] [stdout] warning: use of deprecated trait `retain_mut::RetainMut`: Rust 1.61 has included retain_mut directly
[INFO] [stdout]   --> src/validated_pool.rs:40:17
[INFO] [stdout]    |
[INFO] [stdout] 40 | use retain_mut::RetainMut;
[INFO] [stdout]    |                 ^^^^^^^^^
[INFO] [stdout]    |
[INFO] [stdout]    = note: `#[warn(deprecated)]` on by default
[INFO] [stdout] 
[INFO] [stdout] 
[INFO] [stdout] warning: unused import: `retain_mut::RetainMut`
[INFO] [stdout]   --> src/validated_pool.rs:40:5
[INFO] [stdout]    |
[INFO] [stdout] 40 | use retain_mut::RetainMut;
[INFO] [stdout]    |     ^^^^^^^^^^^^^^^^^^^^^
[INFO] [stdout]    |
[INFO] [stdout]    = note: `#[warn(unused_imports)]` on by default
[INFO] [stdout] 
[INFO] [stdout] 
[INFO] [stdout] warning: 2 warnings emitted
[INFO] [stdout] 
[INFO] [stdout] 
[INFO] [stderr]     Finished dev [unoptimized + debuginfo] target(s) in 3m 04s
[INFO] running `Command { std: "docker" "inspect" "e43b6d0b2ae3b2cc3a2178a424ec92c3c4374d5c5269f97decef67d54922feed", kill_on_drop: false }`
[INFO] running `Command { std: "docker" "rm" "-f" "e43b6d0b2ae3b2cc3a2178a424ec92c3c4374d5c5269f97decef67d54922feed", kill_on_drop: false }`
[INFO] [stdout] e43b6d0b2ae3b2cc3a2178a424ec92c3c4374d5c5269f97decef67d54922feed
[INFO] running `Command { std: "docker" "create" "-v" "/var/lib/crater-agent-workspace/builds/worker-1-tc2/target:/opt/rustwide/target:rw,Z" "-v" "/var/lib/crater-agent-workspace/builds/worker-1-tc2/source:/opt/rustwide/workdir:ro,Z" "-v" "/var/lib/crater-agent-workspace/cargo-home:/opt/rustwide/cargo-home:ro,Z" "-v" "/var/lib/crater-agent-workspace/rustup-home:/opt/rustwide/rustup-home:ro,Z" "-e" "SOURCE_DIR=/opt/rustwide/workdir" "-e" "CARGO_TARGET_DIR=/opt/rustwide/target" "-e" "CARGO_INCREMENTAL=0" "-e" "RUST_BACKTRACE=full" "-e" "RUSTFLAGS=--cap-lints=warn" "-e" "RUSTDOCFLAGS=--cap-lints=warn" "-e" "CARGO_HOME=/opt/rustwide/cargo-home" "-e" "RUSTUP_HOME=/opt/rustwide/rustup-home" "-w" "/opt/rustwide/workdir" "-m" "1610612736" "--user" "0:0" "--network" "none" "ghcr.io/rust-lang/crates-build-env/linux@sha256:2788e3201cd34a07e3172128adcd8b3090168a8e3bcc40d7c032b9dda1df7d1c" "/opt/rustwide/cargo-home/bin/cargo" "+beta-2023-12-22" "test" "--frozen" "--no-run" "--message-format=json", kill_on_drop: false }`
[INFO] [stdout] 1a243fc72b4e7e1185ffb794cb0eabb57e1bf47aa49bb11f3003d61aec60ba4f
[INFO] running `Command { std: "docker" "start" "-a" "1a243fc72b4e7e1185ffb794cb0eabb57e1bf47aa49bb11f3003d61aec60ba4f", kill_on_drop: false }`
[INFO] [stderr]    Compiling sc-transaction-graph v3.0.0 (/opt/rustwide/workdir)
[INFO] [stdout] warning: use of deprecated trait `retain_mut::RetainMut`: Rust 1.61 has included retain_mut directly
[INFO] [stdout]   --> src/validated_pool.rs:40:17
[INFO] [stdout]    |
[INFO] [stdout] 40 | use retain_mut::RetainMut;
[INFO] [stdout]    |                 ^^^^^^^^^
[INFO] [stdout]    |
[INFO] [stdout]    = note: `#[warn(deprecated)]` on by default
[INFO] [stdout] 
[INFO] [stdout] 
[INFO] [stdout] warning: unused import: `retain_mut::RetainMut`
[INFO] [stdout]   --> src/validated_pool.rs:40:5
[INFO] [stdout]    |
[INFO] [stdout] 40 | use retain_mut::RetainMut;
[INFO] [stdout]    |     ^^^^^^^^^^^^^^^^^^^^^
[INFO] [stdout]    |
[INFO] [stdout]    = note: `#[warn(unused_imports)]` on by default
[INFO] [stdout] 
[INFO] [stdout] 
[INFO] [stdout] warning: 2 warnings emitted
[INFO] [stdout] 
[INFO] [stdout] 
[INFO] [stdout] error[E0432]: unresolved import `codec`
[INFO] [stdout]    --> src/pool.rs:468:6
[INFO] [stdout]     |
[INFO] [stdout] 468 |     use codec::Encode;
[INFO] [stdout]     |         ^^^^^ help: a similar path exists: `sp_runtime::codec`
[INFO] [stdout] 
[INFO] [stdout] 
[INFO] [stdout] error[E0432]: unresolved import `substrate_test_runtime`
[INFO] [stdout]    --> src/pool.rs:469:6
[INFO] [stdout]     |
[INFO] [stdout] 469 |     use substrate_test_runtime::{Block, Extrinsic, Transfer, H256, AccountId, Hashing};
[INFO] [stdout]     |         ^^^^^^^^^^^^^^^^^^^^^^ use of undeclared crate or module `substrate_test_runtime`
[INFO] [stdout] 
[INFO] [stdout] 
[INFO] [stdout] error[E0432]: unresolved import `assert_matches`
[INFO] [stdout]    --> src/pool.rs:470:6
[INFO] [stdout]     |
[INFO] [stdout] 470 |     use assert_matches::assert_matches;
[INFO] [stdout]     |         ^^^^^^^^^^^^^^ help: a similar path exists: `std::assert_matches`
[INFO] [stdout] 
[INFO] [stdout] 
[INFO] [stdout] error: cannot determine resolution for the macro `assert_matches`
[INFO] [stdout]    --> src/pool.rs:635:3
[INFO] [stdout]     |
[INFO] [stdout] 635 |         assert_matches!(res.unwrap_err(), error::Error::TemporarilyBanned);
[INFO] [stdout]     |         ^^^^^^^^^^^^^^
[INFO] [stdout]     |
[INFO] [stdout]     = note: import resolution is stuck, try simplifying macro imports
[INFO] [stdout] 
[INFO] [stdout] 
[INFO] [stdout] error: cannot determine resolution for the macro `assert_matches`
[INFO] [stdout]    --> src/pool.rs:655:3
[INFO] [stdout]     |
[INFO] [stdout] 655 |         assert_matches!(res.unwrap_err(), error::Error::Unactionable);
[INFO] [stdout]     |         ^^^^^^^^^^^^^^
[INFO] [stdout]     |
[INFO] [stdout]     = note: import resolution is stuck, try simplifying macro imports
[INFO] [stdout] 
[INFO] [stdout] 
[INFO] [stdout] error: cannot determine resolution for the macro `assert_matches`
[INFO] [stdout]    --> src/pool.rs:836:3
[INFO] [stdout]     |
[INFO] [stdout] 836 |         assert_matches!(err, error::Error::NoTagsProvided);
[INFO] [stdout]     |         ^^^^^^^^^^^^^^
[INFO] [stdout]     |
[INFO] [stdout]     = note: import resolution is stuck, try simplifying macro imports
[INFO] [stdout] 
[INFO] [stdout] 
[INFO] [stdout] warning: use of deprecated trait `retain_mut::RetainMut`: Rust 1.61 has included retain_mut directly
[INFO] [stdout]   --> src/validated_pool.rs:40:17
[INFO] [stdout]    |
[INFO] [stdout] 40 | use retain_mut::RetainMut;
[INFO] [stdout]    |                 ^^^^^^^^^
[INFO] [stdout]    |
[INFO] [stdout]    = note: `#[warn(deprecated)]` on by default
[INFO] [stdout] 
[INFO] [stdout] 
[INFO] [stdout] error: aborting due to 6 previous errors; 1 warning emitted
[INFO] [stdout] 
[INFO] [stdout] 
[INFO] [stdout] For more information about this error, try `rustc --explain E0432`.
[INFO] [stdout] 
[INFO] [stderr] error: could not compile `sc-transaction-graph` (lib test) due to 7 previous errors; 1 warning emitted
[INFO] running `Command { std: "docker" "inspect" "1a243fc72b4e7e1185ffb794cb0eabb57e1bf47aa49bb11f3003d61aec60ba4f", kill_on_drop: false }`
[INFO] running `Command { std: "docker" "rm" "-f" "1a243fc72b4e7e1185ffb794cb0eabb57e1bf47aa49bb11f3003d61aec60ba4f", kill_on_drop: false }`
[INFO] [stdout] 1a243fc72b4e7e1185ffb794cb0eabb57e1bf47aa49bb11f3003d61aec60ba4f
