[INFO] fetching crate savory-html 0.5.1...
[INFO] testing savory-html-0.5.1 against 1.75.0 for beta-1.76-1
[INFO] extracting crate savory-html 0.5.1 into /workspace/builds/worker-5-tc1/source
[INFO] validating manifest of crates.io crate savory-html 0.5.1 on toolchain 1.75.0
[INFO] running `Command { std: CARGO_HOME="/workspace/cargo-home" RUSTUP_HOME="/workspace/rustup-home" "/workspace/cargo-home/bin/cargo" "+1.75.0" "metadata" "--manifest-path" "Cargo.toml" "--no-deps", kill_on_drop: false }`
[INFO] started tweaking crates.io crate savory-html 0.5.1
[INFO] finished tweaking crates.io crate savory-html 0.5.1
[INFO] tweaked toml for crates.io crate savory-html 0.5.1 written to /workspace/builds/worker-5-tc1/source/Cargo.toml
[INFO] running `Command { std: CARGO_HOME="/workspace/cargo-home" RUSTUP_HOME="/workspace/rustup-home" "/workspace/cargo-home/bin/cargo" "+1.75.0" "generate-lockfile" "--manifest-path" "Cargo.toml", kill_on_drop: false }`
[INFO] [stderr]     Updating crates.io index
[INFO] running `Command { std: CARGO_HOME="/workspace/cargo-home" RUSTUP_HOME="/workspace/rustup-home" "/workspace/cargo-home/bin/cargo" "+1.75.0" "fetch" "--manifest-path" "Cargo.toml", kill_on_drop: false }`
[INFO] [stderr]  Downloading crates ...
[INFO] [stderr]   Downloaded derive_rich v0.4.4
[INFO] [stderr]   Downloaded palette_derive v0.4.1
[INFO] [stderr]   Downloaded cookie v0.13.3
[INFO] [stderr]   Downloaded palette v0.4.1
[INFO] [stderr]   Downloaded seed v0.7.0
[INFO] [stderr]   Downloaded gloo-file v0.1.0
[INFO] [stderr]   Downloaded savory-core v0.5.1
[INFO] running `Command { std: "docker" "create" "-v" "/var/lib/crater-agent-workspace/builds/worker-5-tc1/target:/opt/rustwide/target:rw,Z" "-v" "/var/lib/crater-agent-workspace/builds/worker-5-tc1/source:/opt/rustwide/workdir:ro,Z" "-v" "/var/lib/crater-agent-workspace/cargo-home:/opt/rustwide/cargo-home:ro,Z" "-v" "/var/lib/crater-agent-workspace/rustup-home:/opt/rustwide/rustup-home:ro,Z" "-e" "SOURCE_DIR=/opt/rustwide/workdir" "-e" "CARGO_TARGET_DIR=/opt/rustwide/target" "-e" "CARGO_HOME=/opt/rustwide/cargo-home" "-e" "RUSTUP_HOME=/opt/rustwide/rustup-home" "-w" "/opt/rustwide/workdir" "-m" "1610612736" "--user" "0:0" "--network" "none" "ghcr.io/rust-lang/crates-build-env/linux@sha256:2788e3201cd34a07e3172128adcd8b3090168a8e3bcc40d7c032b9dda1df7d1c" "/opt/rustwide/cargo-home/bin/cargo" "+1.75.0" "metadata" "--no-deps" "--format-version=1", kill_on_drop: false }`
[INFO] [stdout] b5ef67291c50040b52d698598dbf63721e0d7004285485bb9d3061b15d2c954a
[INFO] running `Command { std: "docker" "start" "-a" "b5ef67291c50040b52d698598dbf63721e0d7004285485bb9d3061b15d2c954a", kill_on_drop: false }`
[INFO] running `Command { std: "docker" "inspect" "b5ef67291c50040b52d698598dbf63721e0d7004285485bb9d3061b15d2c954a", kill_on_drop: false }`
[INFO] running `Command { std: "docker" "rm" "-f" "b5ef67291c50040b52d698598dbf63721e0d7004285485bb9d3061b15d2c954a", kill_on_drop: false }`
[INFO] [stdout] b5ef67291c50040b52d698598dbf63721e0d7004285485bb9d3061b15d2c954a
[INFO] running `Command { std: "docker" "create" "-v" "/var/lib/crater-agent-workspace/builds/worker-5-tc1/target:/opt/rustwide/target:rw,Z" "-v" "/var/lib/crater-agent-workspace/builds/worker-5-tc1/source:/opt/rustwide/workdir:ro,Z" "-v" "/var/lib/crater-agent-workspace/cargo-home:/opt/rustwide/cargo-home:ro,Z" "-v" "/var/lib/crater-agent-workspace/rustup-home:/opt/rustwide/rustup-home:ro,Z" "-e" "SOURCE_DIR=/opt/rustwide/workdir" "-e" "CARGO_TARGET_DIR=/opt/rustwide/target" "-e" "CARGO_INCREMENTAL=0" "-e" "RUST_BACKTRACE=full" "-e" "RUSTFLAGS=--cap-lints=warn" "-e" "RUSTDOCFLAGS=--cap-lints=warn" "-e" "CARGO_HOME=/opt/rustwide/cargo-home" "-e" "RUSTUP_HOME=/opt/rustwide/rustup-home" "-w" "/opt/rustwide/workdir" "-m" "1610612736" "--user" "0:0" "--network" "none" "ghcr.io/rust-lang/crates-build-env/linux@sha256:2788e3201cd34a07e3172128adcd8b3090168a8e3bcc40d7c032b9dda1df7d1c" "/opt/rustwide/cargo-home/bin/cargo" "+1.75.0" "build" "--frozen" "--message-format=json", kill_on_drop: false }`
[INFO] [stdout] 239d79e0a62473062509e12cd5f975f7ce650ac355f46604f5c735ad99a03859
[INFO] running `Command { std: "docker" "start" "-a" "239d79e0a62473062509e12cd5f975f7ce650ac355f46604f5c735ad99a03859", kill_on_drop: false }`
[INFO] [stderr]    Compiling rand_core v0.4.2
[INFO] [stderr]    Compiling libc v0.2.151
[INFO] [stderr]    Compiling autocfg v0.1.8
[INFO] [stderr]    Compiling once_cell v1.19.0
[INFO] [stderr]    Compiling serde v1.0.194
[INFO] [stderr]    Compiling syn v2.0.48
[INFO] [stderr]    Compiling wasm-bindgen v0.2.89
[INFO] [stderr]    Compiling proc-macro-hack v0.5.20+deprecated
[INFO] [stderr]    Compiling syn v1.0.109
[INFO] [stderr]    Compiling rand_core v0.3.1
[INFO] [stderr]    Compiling rand_chacha v0.1.1
[INFO] [stderr]    Compiling rand_pcg v0.1.2
[INFO] [stderr]    Compiling standback v0.2.17
[INFO] [stderr]    Compiling getrandom v0.1.16
[INFO] [stderr]    Compiling futures-sink v0.3.30
[INFO] [stderr]    Compiling futures-core v0.3.30
[INFO] [stderr]    Compiling futures-channel v0.3.30
[INFO] [stderr]    Compiling rand v0.6.5
[INFO] [stderr]    Compiling slab v0.4.9
[INFO] [stderr]    Compiling siphasher v0.2.3
[INFO] [stderr]    Compiling rand_os v0.1.3
[INFO] [stderr]    Compiling phf_shared v0.7.24
[INFO] [stderr]    Compiling rand_hc v0.1.0
[INFO] [stderr]    Compiling rand_xorshift v0.1.1
[INFO] [stderr]    Compiling rand_isaac v0.1.1
[INFO] [stderr]    Compiling rand_jitter v0.1.4
[INFO] [stderr]    Compiling const_fn v0.4.9
[INFO] [stderr]    Compiling proc-macro2 v0.4.30
[INFO] [stderr]    Compiling rand_core v0.5.1
[INFO] [stderr]    Compiling time v0.2.27
[INFO] [stderr]    Compiling unicase v2.7.0
[INFO] [stderr]    Compiling unicode-xid v0.1.0
[INFO] [stderr]    Compiling futures-io v0.3.30
[INFO] [stderr]    Compiling futures-task v0.3.30
[INFO] [stderr]    Compiling pin-utils v0.1.0
[INFO] [stderr]    Compiling version_check v0.1.5
[INFO] [stderr]    Compiling indexmap v1.9.3
[INFO] [stderr]    Compiling num-traits v0.2.17
[INFO] [stderr]    Compiling dbg v1.0.4
[INFO] [stderr]    Compiling phf_generator v0.7.24
[INFO] [stderr]    Compiling unicode-width v0.1.11
[INFO] [stderr]    Compiling pulldown-cmark v0.7.2
[INFO] [stderr]    Compiling phf_codegen v0.7.24
[INFO] [stderr]    Compiling getopts v0.2.21
[INFO] [stderr]    Compiling rand_chacha v0.2.2
[INFO] [stderr]    Compiling quote v0.6.13
[INFO] [stderr]    Compiling rand_pcg v0.2.1
[INFO] [stderr]    Compiling getrandom v0.2.11
[INFO] [stderr]    Compiling seed v0.7.0
[INFO] [stderr]    Compiling hashbrown v0.12.3
[INFO] [stderr]    Compiling uuid v0.8.2
[INFO] [stderr]    Compiling rand v0.7.3
[INFO] [stderr]    Compiling syn v0.14.9
[INFO] [stderr]    Compiling palette v0.4.1
[INFO] [stderr]    Compiling wasm-bindgen-backend v0.2.89
[INFO] [stderr]    Compiling enclose v1.1.8
[INFO] [stderr]    Compiling regex-syntax v0.8.2
[INFO] [stderr]    Compiling paste-impl v0.1.18
[INFO] [stderr]    Compiling phf v0.7.24
[INFO] [stderr]    Compiling convert_case v0.4.0
[INFO] [stderr]    Compiling wasm-bindgen-macro-support v0.2.89
[INFO] [stderr]    Compiling approx v0.1.1
[INFO] [stderr]    Compiling chrono v0.4.31
[INFO] [stderr]    Compiling paste v0.1.18
[INFO] [stderr]    Compiling mime v0.3.17
[INFO] [stderr]    Compiling serde_derive v1.0.194
[INFO] [stderr]    Compiling futures-macro v0.3.30
[INFO] [stderr]    Compiling wasm-bindgen-macro v0.2.89
[INFO] [stderr]    Compiling regex-automata v0.4.3
[INFO] [stderr]    Compiling time-macros-impl v0.1.2
[INFO] [stderr]    Compiling palette_derive v0.4.1
[INFO] [stderr]    Compiling derive_rich v0.4.4
[INFO] [stderr]    Compiling futures-util v0.3.30
[INFO] [stderr]    Compiling derive_more v0.99.17
[INFO] [stderr]    Compiling time-macros v0.1.1
[INFO] [stderr]    Compiling cookie v0.13.3
[INFO] [stderr]    Compiling regex v1.10.2
[INFO] [stderr]    Compiling futures-executor v0.3.30
[INFO] [stderr]    Compiling futures v0.3.30
[INFO] [stderr]    Compiling serde_json v1.0.111
[INFO] [stderr]    Compiling js-sys v0.3.66
[INFO] [stderr]    Compiling console_error_panic_hook v0.1.7
[INFO] [stderr]    Compiling web-sys v0.3.66
[INFO] [stderr]    Compiling gloo-timers v0.2.6
[INFO] [stderr]    Compiling wasm-bindgen-futures v0.4.39
[INFO] [stderr]    Compiling gloo-events v0.1.2
[INFO] [stderr]    Compiling gloo-file v0.1.0
[INFO] [stdout] error[E0283]: type annotations needed for `Closure<T>`
[INFO] [stdout]    --> /opt/rustwide/cargo-home/registry/src/index.crates.io-6f17d22bba15001f/seed-0.7.0/src/browser/service/routing.rs:143:9
[INFO] [stdout]     |
[INFO] [stdout] 143 |     let closure = Closure::new(move |event: web_sys::Event| {
[INFO] [stdout]     |         ^^^^^^^   ------------ type must be known at this point
[INFO] [stdout]     |
[INFO] [stdout]     = note: cannot satisfy `_: WasmClosure`
[INFO] [stdout]     = help: the following types implement trait `WasmClosure`:
[INFO] [stdout]               (dyn Fn() -> R + 'static)
[INFO] [stdout]               (dyn for<'a> Fn(&'a A) -> R + 'static)
[INFO] [stdout]               (dyn Fn(A) -> R + 'static)
[INFO] [stdout]               (dyn Fn(A, B) -> R + 'static)
[INFO] [stdout]               (dyn Fn(A, B, C) -> R + 'static)
[INFO] [stdout]               (dyn Fn(A, B, C, D) -> R + 'static)
[INFO] [stdout]               (dyn Fn(A, B, C, D, E) -> R + 'static)
[INFO] [stdout]               (dyn Fn(A, B, C, D, E, F) -> R + 'static)
[INFO] [stdout]             and 12 others
[INFO] [stdout] note: required by a bound in `Closure::<T>::new`
[INFO] [stdout]    --> /opt/rustwide/cargo-home/registry/src/index.crates.io-6f17d22bba15001f/wasm-bindgen-0.2.89/src/closure.rs:253:17
[INFO] [stdout]     |
[INFO] [stdout] 253 |     T: ?Sized + WasmClosure,
[INFO] [stdout]     |                 ^^^^^^^^^^^ required by this bound in `Closure::<T>::new`
[INFO] [stdout] ...
[INFO] [stdout] 271 |     pub fn new<F>(t: F) -> Closure<T>
[INFO] [stdout]     |            --- required by a bound in this associated function
[INFO] [stdout] help: consider giving `closure` an explicit type, where the type for type parameter `T` is specified
[INFO] [stdout]     |
[INFO] [stdout] 143 |     let closure: Closure<T> = Closure::new(move |event: web_sys::Event| {
[INFO] [stdout]     |                ++++++++++++
[INFO] [stdout] 
[INFO] [stdout] 
[INFO] [stdout] error[E0283]: type annotations needed for `Closure<T>`
[INFO] [stdout]    --> /opt/rustwide/cargo-home/registry/src/index.crates.io-6f17d22bba15001f/seed-0.7.0/src/browser/service/routing.rs:143:9
[INFO] [stdout]     |
[INFO] [stdout] 143 |     let closure = Closure::new(move |event: web_sys::Event| {
[INFO] [stdout]     |         ^^^^^^^   ------------ type must be known at this point
[INFO] [stdout]     |
[INFO] [stdout]     = note: multiple `impl`s satisfying `{closure@/opt/rustwide/cargo-home/registry/src/index.crates.io-6f17d22bba15001f/seed-0.7.0/src/browser/service/routing.rs:143:32: 143:60}: IntoWasmClosure<_>` found in the `wasm_bindgen` crate:
[INFO] [stdout]             - impl<T, A, R> IntoWasmClosure<(dyn Fn(A) -> R + 'static)> for T
[INFO] [stdout]               where <T as FnOnce<(A,)>>::Output == R, T: 'static, T: Fn<(A,)>, A: FromWasmAbi, A: 'static, R: ReturnWasmAbi, R: 'static;
[INFO] [stdout]             - impl<T, A, R> IntoWasmClosure<(dyn FnMut(A) -> R + 'static)> for T
[INFO] [stdout]               where <T as FnOnce<(A,)>>::Output == R, T: 'static, T: FnMut<(A,)>, A: FromWasmAbi, A: 'static, R: ReturnWasmAbi, R: 'static;
[INFO] [stdout] note: required by a bound in `Closure::<T>::new`
[INFO] [stdout]    --> /opt/rustwide/cargo-home/registry/src/index.crates.io-6f17d22bba15001f/wasm-bindgen-0.2.89/src/closure.rs:273:12
[INFO] [stdout]     |
[INFO] [stdout] 271 |     pub fn new<F>(t: F) -> Closure<T>
[INFO] [stdout]     |            --- required by a bound in this associated function
[INFO] [stdout] 272 |     where
[INFO] [stdout] 273 |         F: IntoWasmClosure<T> + 'static,
[INFO] [stdout]     |            ^^^^^^^^^^^^^^^^^^ required by this bound in `Closure::<T>::new`
[INFO] [stdout] help: consider giving `closure` an explicit type, where the type for type parameter `T` is specified
[INFO] [stdout]     |
[INFO] [stdout] 143 |     let closure: Closure<T> = Closure::new(move |event: web_sys::Event| {
[INFO] [stdout]     |                ++++++++++++
[INFO] [stdout] 
[INFO] [stdout] 
[INFO] [stdout] error: aborting due to 2 previous errors
[INFO] [stdout] 
[INFO] [stdout] 
[INFO] [stdout] For more information about this error, try `rustc --explain E0283`.
[INFO] [stdout] 
[INFO] [stderr] error: could not compile `seed` (lib) due to 3 previous errors
[INFO] running `Command { std: "docker" "inspect" "239d79e0a62473062509e12cd5f975f7ce650ac355f46604f5c735ad99a03859", kill_on_drop: false }`
[INFO] running `Command { std: "docker" "rm" "-f" "239d79e0a62473062509e12cd5f975f7ce650ac355f46604f5c735ad99a03859", kill_on_drop: false }`
[INFO] [stdout] 239d79e0a62473062509e12cd5f975f7ce650ac355f46604f5c735ad99a03859
[INFO] testing savory-html-0.5.1 against beta-2023-12-22 for beta-1.76-1
[INFO] extracting crate savory-html 0.5.1 into /workspace/builds/worker-5-tc2/source
[INFO] validating manifest of crates.io crate savory-html 0.5.1 on toolchain beta-2023-12-22
[INFO] running `Command { std: CARGO_HOME="/workspace/cargo-home" RUSTUP_HOME="/workspace/rustup-home" "/workspace/cargo-home/bin/cargo" "+beta-2023-12-22" "metadata" "--manifest-path" "Cargo.toml" "--no-deps", kill_on_drop: false }`
[INFO] started tweaking crates.io crate savory-html 0.5.1
[INFO] finished tweaking crates.io crate savory-html 0.5.1
[INFO] tweaked toml for crates.io crate savory-html 0.5.1 written to /workspace/builds/worker-5-tc2/source/Cargo.toml
[INFO] running `Command { std: CARGO_HOME="/workspace/cargo-home" RUSTUP_HOME="/workspace/rustup-home" "/workspace/cargo-home/bin/cargo" "+beta-2023-12-22" "generate-lockfile" "--manifest-path" "Cargo.toml", kill_on_drop: false }`
[INFO] [stderr]     Updating crates.io index
[INFO] running `Command { std: CARGO_HOME="/workspace/cargo-home" RUSTUP_HOME="/workspace/rustup-home" "/workspace/cargo-home/bin/cargo" "+beta-2023-12-22" "fetch" "--manifest-path" "Cargo.toml", kill_on_drop: false }`
[INFO] running `Command { std: "docker" "create" "-v" "/var/lib/crater-agent-workspace/builds/worker-5-tc2/target:/opt/rustwide/target:rw,Z" "-v" "/var/lib/crater-agent-workspace/builds/worker-5-tc2/source:/opt/rustwide/workdir:ro,Z" "-v" "/var/lib/crater-agent-workspace/cargo-home:/opt/rustwide/cargo-home:ro,Z" "-v" "/var/lib/crater-agent-workspace/rustup-home:/opt/rustwide/rustup-home:ro,Z" "-e" "SOURCE_DIR=/opt/rustwide/workdir" "-e" "CARGO_TARGET_DIR=/opt/rustwide/target" "-e" "CARGO_HOME=/opt/rustwide/cargo-home" "-e" "RUSTUP_HOME=/opt/rustwide/rustup-home" "-w" "/opt/rustwide/workdir" "-m" "1610612736" "--user" "0:0" "--network" "none" "ghcr.io/rust-lang/crates-build-env/linux@sha256:2788e3201cd34a07e3172128adcd8b3090168a8e3bcc40d7c032b9dda1df7d1c" "/opt/rustwide/cargo-home/bin/cargo" "+beta-2023-12-22" "metadata" "--no-deps" "--format-version=1", kill_on_drop: false }`
[INFO] [stdout] 2290c91c96a29ff35274cfb0d95b862b820fc08a2c15f46019a18c2d0e617fb2
[INFO] running `Command { std: "docker" "start" "-a" "2290c91c96a29ff35274cfb0d95b862b820fc08a2c15f46019a18c2d0e617fb2", kill_on_drop: false }`
[INFO] running `Command { std: "docker" "inspect" "2290c91c96a29ff35274cfb0d95b862b820fc08a2c15f46019a18c2d0e617fb2", kill_on_drop: false }`
[INFO] running `Command { std: "docker" "rm" "-f" "2290c91c96a29ff35274cfb0d95b862b820fc08a2c15f46019a18c2d0e617fb2", kill_on_drop: false }`
[INFO] [stdout] 2290c91c96a29ff35274cfb0d95b862b820fc08a2c15f46019a18c2d0e617fb2
[INFO] running `Command { std: "docker" "create" "-v" "/var/lib/crater-agent-workspace/builds/worker-5-tc2/target:/opt/rustwide/target:rw,Z" "-v" "/var/lib/crater-agent-workspace/builds/worker-5-tc2/source:/opt/rustwide/workdir:ro,Z" "-v" "/var/lib/crater-agent-workspace/cargo-home:/opt/rustwide/cargo-home:ro,Z" "-v" "/var/lib/crater-agent-workspace/rustup-home:/opt/rustwide/rustup-home:ro,Z" "-e" "SOURCE_DIR=/opt/rustwide/workdir" "-e" "CARGO_TARGET_DIR=/opt/rustwide/target" "-e" "CARGO_INCREMENTAL=0" "-e" "RUST_BACKTRACE=full" "-e" "RUSTFLAGS=--cap-lints=warn" "-e" "RUSTDOCFLAGS=--cap-lints=warn" "-e" "CARGO_HOME=/opt/rustwide/cargo-home" "-e" "RUSTUP_HOME=/opt/rustwide/rustup-home" "-w" "/opt/rustwide/workdir" "-m" "1610612736" "--user" "0:0" "--network" "none" "ghcr.io/rust-lang/crates-build-env/linux@sha256:2788e3201cd34a07e3172128adcd8b3090168a8e3bcc40d7c032b9dda1df7d1c" "/opt/rustwide/cargo-home/bin/cargo" "+beta-2023-12-22" "build" "--frozen" "--message-format=json", kill_on_drop: false }`
[INFO] [stdout] 2859b14fa0c09c42fb75dc17eff330c0a727d894b31d46d4010f79c6c1185608
[INFO] running `Command { std: "docker" "start" "-a" "2859b14fa0c09c42fb75dc17eff330c0a727d894b31d46d4010f79c6c1185608", kill_on_drop: false }`
[INFO] [stderr]    Compiling rand_core v0.4.2
[INFO] [stderr]    Compiling libc v0.2.151
[INFO] [stderr]    Compiling autocfg v0.1.8
[INFO] [stderr]    Compiling once_cell v1.19.0
[INFO] [stderr]    Compiling serde v1.0.194
[INFO] [stderr]    Compiling syn v2.0.48
[INFO] [stderr]    Compiling wasm-bindgen v0.2.89
[INFO] [stderr]    Compiling proc-macro-hack v0.5.20+deprecated
[INFO] [stderr]    Compiling syn v1.0.109
[INFO] [stderr]    Compiling rand_pcg v0.1.2
[INFO] [stderr]    Compiling rand_core v0.3.1
[INFO] [stderr]    Compiling rand_chacha v0.1.1
[INFO] [stderr]    Compiling standback v0.2.17
[INFO] [stderr]    Compiling futures-core v0.3.30
[INFO] [stderr]    Compiling futures-sink v0.3.30
[INFO] [stderr]    Compiling getrandom v0.1.16
[INFO] [stderr]    Compiling futures-channel v0.3.30
[INFO] [stderr]    Compiling rand v0.6.5
[INFO] [stderr]    Compiling slab v0.4.9
[INFO] [stderr]    Compiling siphasher v0.2.3
[INFO] [stderr]    Compiling phf_shared v0.7.24
[INFO] [stderr]    Compiling rand_os v0.1.3
[INFO] [stderr]    Compiling rand_xorshift v0.1.1
[INFO] [stderr]    Compiling rand_hc v0.1.0
[INFO] [stderr]    Compiling rand_isaac v0.1.1
[INFO] [stderr]    Compiling rand_jitter v0.1.4
[INFO] [stderr]    Compiling proc-macro2 v0.4.30
[INFO] [stderr]    Compiling const_fn v0.4.9
[INFO] [stderr]    Compiling rand_core v0.5.1
[INFO] [stderr]    Compiling unicase v2.7.0
[INFO] [stderr]    Compiling time v0.2.27
[INFO] [stderr]    Compiling unicode-xid v0.1.0
[INFO] [stderr]    Compiling futures-task v0.3.30
[INFO] [stderr]    Compiling version_check v0.1.5
[INFO] [stderr]    Compiling pin-utils v0.1.0
[INFO] [stderr]    Compiling futures-io v0.3.30
[INFO] [stderr]    Compiling num-traits v0.2.17
[INFO] [stderr]    Compiling dbg v1.0.4
[INFO] [stderr]    Compiling indexmap v1.9.3
[INFO] [stderr]    Compiling unicode-width v0.1.11
[INFO] [stderr]    Compiling pulldown-cmark v0.7.2
[INFO] [stderr]    Compiling rand_chacha v0.2.2
[INFO] [stderr]    Compiling getopts v0.2.21
[INFO] [stderr]    Compiling quote v0.6.13
[INFO] [stderr]    Compiling phf_generator v0.7.24
[INFO] [stderr]    Compiling phf_codegen v0.7.24
[INFO] [stderr]    Compiling rand_pcg v0.2.1
[INFO] [stderr]    Compiling getrandom v0.2.11
[INFO] [stderr]    Compiling seed v0.7.0
[INFO] [stderr]    Compiling hashbrown v0.12.3
[INFO] [stderr]    Compiling uuid v0.8.2
[INFO] [stderr]    Compiling palette v0.4.1
[INFO] [stderr]    Compiling rand v0.7.3
[INFO] [stderr]    Compiling wasm-bindgen-backend v0.2.89
[INFO] [stderr]    Compiling syn v0.14.9
[INFO] [stderr]    Compiling regex-syntax v0.8.2
[INFO] [stderr]    Compiling enclose v1.1.8
[INFO] [stderr]    Compiling paste-impl v0.1.18
[INFO] [stderr]    Compiling phf v0.7.24
[INFO] [stderr]    Compiling convert_case v0.4.0
[INFO] [stderr]    Compiling approx v0.1.1
[INFO] [stderr]    Compiling chrono v0.4.31
[INFO] [stderr]    Compiling wasm-bindgen-macro-support v0.2.89
[INFO] [stderr]    Compiling paste v0.1.18
[INFO] [stderr]    Compiling mime v0.3.17
[INFO] [stderr]    Compiling regex-automata v0.4.3
[INFO] [stderr]    Compiling serde_derive v1.0.194
[INFO] [stderr]    Compiling futures-macro v0.3.30
[INFO] [stderr]    Compiling wasm-bindgen-macro v0.2.89
[INFO] [stderr]    Compiling palette_derive v0.4.1
[INFO] [stderr]    Compiling time-macros-impl v0.1.2
[INFO] [stderr]    Compiling futures-util v0.3.30
[INFO] [stderr]    Compiling derive_more v0.99.17
[INFO] [stderr]    Compiling derive_rich v0.4.4
[INFO] [stderr]    Compiling regex v1.10.2
[INFO] [stderr]    Compiling time-macros v0.1.1
[INFO] [stderr]    Compiling cookie v0.13.3
[INFO] [stderr]    Compiling futures-executor v0.3.30
[INFO] [stderr]    Compiling futures v0.3.30
[INFO] [stderr]    Compiling serde_json v1.0.111
[INFO] [stderr]    Compiling js-sys v0.3.66
[INFO] [stderr]    Compiling console_error_panic_hook v0.1.7
[INFO] [stderr]    Compiling web-sys v0.3.66
[INFO] [stderr]    Compiling wasm-bindgen-futures v0.4.39
[INFO] [stderr]    Compiling gloo-timers v0.2.6
[INFO] [stderr]    Compiling gloo-events v0.1.2
[INFO] [stderr]    Compiling gloo-file v0.1.0
[INFO] [stdout] error[E0283]: type annotations needed for `Closure<T>`
[INFO] [stdout]    --> /opt/rustwide/cargo-home/registry/src/index.crates.io-6f17d22bba15001f/seed-0.7.0/src/browser/service/routing.rs:143:9
[INFO] [stdout]     |
[INFO] [stdout] 143 |     let closure = Closure::new(move |event: web_sys::Event| {
[INFO] [stdout]     |         ^^^^^^^   ------------ type must be known at this point
[INFO] [stdout]     |
[INFO] [stdout]     = note: cannot satisfy `_: WasmClosure`
[INFO] [stdout]     = help: the following types implement trait `WasmClosure`:
[INFO] [stdout]               (dyn Fn() -> R + 'static)
[INFO] [stdout]               (dyn for<'a> Fn(&'a A) -> R + 'static)
[INFO] [stdout]               (dyn Fn(A) -> R + 'static)
[INFO] [stdout]               (dyn Fn(A, B) -> R + 'static)
[INFO] [stdout]               (dyn Fn(A, B, C) -> R + 'static)
[INFO] [stdout]               (dyn Fn(A, B, C, D) -> R + 'static)
[INFO] [stdout]               (dyn Fn(A, B, C, D, E) -> R + 'static)
[INFO] [stdout]               (dyn Fn(A, B, C, D, E, F) -> R + 'static)
[INFO] [stdout]             and 12 others
[INFO] [stdout] note: required by a bound in `Closure::<T>::new`
[INFO] [stdout]    --> /opt/rustwide/cargo-home/registry/src/index.crates.io-6f17d22bba15001f/wasm-bindgen-0.2.89/src/closure.rs:253:17
[INFO] [stdout]     |
[INFO] [stdout] 253 |     T: ?Sized + WasmClosure,
[INFO] [stdout]     |                 ^^^^^^^^^^^ required by this bound in `Closure::<T>::new`
[INFO] [stdout] ...
[INFO] [stdout] 271 |     pub fn new<F>(t: F) -> Closure<T>
[INFO] [stdout]     |            --- required by a bound in this associated function
[INFO] [stdout] help: consider giving `closure` an explicit type, where the type for type parameter `T` is specified
[INFO] [stdout]     |
[INFO] [stdout] 143 |     let closure: Closure<T> = Closure::new(move |event: web_sys::Event| {
[INFO] [stdout]     |                ++++++++++++
[INFO] [stdout] 
[INFO] [stdout] 
[INFO] [stdout] error[E0283]: type annotations needed for `Closure<T>`
[INFO] [stdout]    --> /opt/rustwide/cargo-home/registry/src/index.crates.io-6f17d22bba15001f/seed-0.7.0/src/browser/service/routing.rs:143:9
[INFO] [stdout]     |
[INFO] [stdout] 143 |     let closure = Closure::new(move |event: web_sys::Event| {
[INFO] [stdout]     |         ^^^^^^^   ------------ type must be known at this point
[INFO] [stdout]     |
[INFO] [stdout]     = note: multiple `impl`s satisfying `{closure@/opt/rustwide/cargo-home/registry/src/index.crates.io-6f17d22bba15001f/seed-0.7.0/src/browser/service/routing.rs:143:32: 143:60}: IntoWasmClosure<_>` found in the `wasm_bindgen` crate:
[INFO] [stdout]             - impl<T, A, R> IntoWasmClosure<(dyn Fn(A) -> R + 'static)> for T
[INFO] [stdout]               where <T as FnOnce<(A,)>>::Output == R, T: 'static, T: Fn(A), A: FromWasmAbi, A: 'static, R: ReturnWasmAbi, R: 'static;
[INFO] [stdout]             - impl<T, A, R> IntoWasmClosure<(dyn FnMut(A) -> R + 'static)> for T
[INFO] [stdout]               where <T as FnOnce<(A,)>>::Output == R, T: 'static, T: FnMut(A), A: FromWasmAbi, A: 'static, R: ReturnWasmAbi, R: 'static;
[INFO] [stdout] note: required by a bound in `Closure::<T>::new`
[INFO] [stdout]    --> /opt/rustwide/cargo-home/registry/src/index.crates.io-6f17d22bba15001f/wasm-bindgen-0.2.89/src/closure.rs:273:12
[INFO] [stdout]     |
[INFO] [stdout] 271 |     pub fn new<F>(t: F) -> Closure<T>
[INFO] [stdout]     |            --- required by a bound in this associated function
[INFO] [stdout] 272 |     where
[INFO] [stdout] 273 |         F: IntoWasmClosure<T> + 'static,
[INFO] [stdout]     |            ^^^^^^^^^^^^^^^^^^ required by this bound in `Closure::<T>::new`
[INFO] [stdout] help: consider giving `closure` an explicit type, where the type for type parameter `T` is specified
[INFO] [stdout]     |
[INFO] [stdout] 143 |     let closure: Closure<T> = Closure::new(move |event: web_sys::Event| {
[INFO] [stdout]     |                ++++++++++++
[INFO] [stdout] 
[INFO] [stdout] 
[INFO] [stdout] error: aborting due to 2 previous errors
[INFO] [stdout] 
[INFO] [stdout] 
[INFO] [stdout] For more information about this error, try `rustc --explain E0283`.
[INFO] [stdout] 
[INFO] [stderr] error: could not compile `seed` (lib) due to 3 previous errors
[INFO] running `Command { std: "docker" "inspect" "2859b14fa0c09c42fb75dc17eff330c0a727d894b31d46d4010f79c6c1185608", kill_on_drop: false }`
[INFO] running `Command { std: "docker" "rm" "-f" "2859b14fa0c09c42fb75dc17eff330c0a727d894b31d46d4010f79c6c1185608", kill_on_drop: false }`
[INFO] [stdout] 2859b14fa0c09c42fb75dc17eff330c0a727d894b31d46d4010f79c6c1185608
