[INFO] fetching crate savon 0.2.0...
[INFO] testing savon-0.2.0 against 1.75.0 for beta-1.76-1
[INFO] extracting crate savon 0.2.0 into /workspace/builds/worker-0-tc1/source
[INFO] validating manifest of crates.io crate savon 0.2.0 on toolchain 1.75.0
[INFO] running `Command { std: CARGO_HOME="/workspace/cargo-home" RUSTUP_HOME="/workspace/rustup-home" "/workspace/cargo-home/bin/cargo" "+1.75.0" "metadata" "--manifest-path" "Cargo.toml" "--no-deps", kill_on_drop: false }`
[INFO] started tweaking crates.io crate savon 0.2.0
[INFO] finished tweaking crates.io crate savon 0.2.0
[INFO] tweaked toml for crates.io crate savon 0.2.0 written to /workspace/builds/worker-0-tc1/source/Cargo.toml
[INFO] running `Command { std: CARGO_HOME="/workspace/cargo-home" RUSTUP_HOME="/workspace/rustup-home" "/workspace/cargo-home/bin/cargo" "+1.75.0" "generate-lockfile" "--manifest-path" "Cargo.toml", kill_on_drop: false }`
[INFO] [stderr]     Updating crates.io index
[INFO] running `Command { std: CARGO_HOME="/workspace/cargo-home" RUSTUP_HOME="/workspace/rustup-home" "/workspace/cargo-home/bin/cargo" "+1.75.0" "fetch" "--manifest-path" "Cargo.toml", kill_on_drop: false }`
[INFO] running `Command { std: "docker" "create" "-v" "/var/lib/crater-agent-workspace/builds/worker-0-tc1/target:/opt/rustwide/target:rw,Z" "-v" "/var/lib/crater-agent-workspace/builds/worker-0-tc1/source:/opt/rustwide/workdir:ro,Z" "-v" "/var/lib/crater-agent-workspace/cargo-home:/opt/rustwide/cargo-home:ro,Z" "-v" "/var/lib/crater-agent-workspace/rustup-home:/opt/rustwide/rustup-home:ro,Z" "-e" "SOURCE_DIR=/opt/rustwide/workdir" "-e" "CARGO_TARGET_DIR=/opt/rustwide/target" "-e" "CARGO_HOME=/opt/rustwide/cargo-home" "-e" "RUSTUP_HOME=/opt/rustwide/rustup-home" "-w" "/opt/rustwide/workdir" "-m" "1610612736" "--user" "0:0" "--network" "none" "ghcr.io/rust-lang/crates-build-env/linux@sha256:2788e3201cd34a07e3172128adcd8b3090168a8e3bcc40d7c032b9dda1df7d1c" "/opt/rustwide/cargo-home/bin/cargo" "+1.75.0" "metadata" "--no-deps" "--format-version=1", kill_on_drop: false }`
[INFO] [stdout] daadf08a3c3c2f1365ead17b743b9300c5bb71a1a1dc1b9e55e324438ae2be75
[INFO] running `Command { std: "docker" "start" "-a" "daadf08a3c3c2f1365ead17b743b9300c5bb71a1a1dc1b9e55e324438ae2be75", kill_on_drop: false }`
[INFO] running `Command { std: "docker" "inspect" "daadf08a3c3c2f1365ead17b743b9300c5bb71a1a1dc1b9e55e324438ae2be75", kill_on_drop: false }`
[INFO] running `Command { std: "docker" "rm" "-f" "daadf08a3c3c2f1365ead17b743b9300c5bb71a1a1dc1b9e55e324438ae2be75", kill_on_drop: false }`
[INFO] [stdout] daadf08a3c3c2f1365ead17b743b9300c5bb71a1a1dc1b9e55e324438ae2be75
[INFO] running `Command { std: "docker" "create" "-v" "/var/lib/crater-agent-workspace/builds/worker-0-tc1/target:/opt/rustwide/target:rw,Z" "-v" "/var/lib/crater-agent-workspace/builds/worker-0-tc1/source:/opt/rustwide/workdir:ro,Z" "-v" "/var/lib/crater-agent-workspace/cargo-home:/opt/rustwide/cargo-home:ro,Z" "-v" "/var/lib/crater-agent-workspace/rustup-home:/opt/rustwide/rustup-home:ro,Z" "-e" "SOURCE_DIR=/opt/rustwide/workdir" "-e" "CARGO_TARGET_DIR=/opt/rustwide/target" "-e" "CARGO_INCREMENTAL=0" "-e" "RUST_BACKTRACE=full" "-e" "RUSTFLAGS=--cap-lints=warn" "-e" "RUSTDOCFLAGS=--cap-lints=warn" "-e" "CARGO_HOME=/opt/rustwide/cargo-home" "-e" "RUSTUP_HOME=/opt/rustwide/rustup-home" "-w" "/opt/rustwide/workdir" "-m" "1610612736" "--user" "0:0" "--network" "none" "ghcr.io/rust-lang/crates-build-env/linux@sha256:2788e3201cd34a07e3172128adcd8b3090168a8e3bcc40d7c032b9dda1df7d1c" "/opt/rustwide/cargo-home/bin/cargo" "+1.75.0" "build" "--frozen" "--message-format=json", kill_on_drop: false }`
[INFO] [stdout] 3204ca1b2cde9d4ee6e9e262cf63230e095d6e39dc3c9a5d5856ae06377efd5c
[INFO] running `Command { std: "docker" "start" "-a" "3204ca1b2cde9d4ee6e9e262cf63230e095d6e39dc3c9a5d5856ae06377efd5c", kill_on_drop: false }`
[INFO] [stderr]    Compiling libc v0.2.151
[INFO] [stderr]    Compiling unicode-ident v1.0.12
[INFO] [stderr]    Compiling proc-macro2 v1.0.75
[INFO] [stderr]    Compiling cfg-if v0.1.10
[INFO] [stderr]    Compiling bytes v0.5.6
[INFO] [stderr]    Compiling pin-project-lite v0.1.12
[INFO] [stderr]    Compiling unicase v2.7.0
[INFO] [stderr]    Compiling tracing v0.1.40
[INFO] [stderr]    Compiling tinyvec_macros v0.1.1
[INFO] [stderr]    Compiling futures-task v0.3.30
[INFO] [stderr]    Compiling tinyvec v1.6.0
[INFO] [stderr]    Compiling futures-util v0.3.30
[INFO] [stderr]    Compiling serde v1.0.194
[INFO] [stderr]    Compiling form_urlencoded v1.2.1
[INFO] [stderr]    Compiling quote v1.0.35
[INFO] [stderr]    Compiling mime_guess v2.0.4
[INFO] [stderr]    Compiling http-body v0.3.1
[INFO] [stderr]    Compiling futures-channel v0.3.30
[INFO] [stderr]    Compiling itoa v0.4.8
[INFO] [stderr]    Compiling syn v2.0.48
[INFO] [stderr]    Compiling unicode-normalization v0.1.22
[INFO] [stderr]    Compiling unicode-bidi v0.3.14
[INFO] [stderr]    Compiling httpdate v0.3.2
[INFO] [stderr]    Compiling mime v0.3.17
[INFO] [stderr]    Compiling idna v0.5.0
[INFO] [stderr]    Compiling encoding_rs v0.8.33
[INFO] [stderr]    Compiling ipnet v2.9.0
[INFO] [stderr]    Compiling cc v1.0.83
[INFO] [stderr]    Compiling net2 v0.2.39
[INFO] [stderr]    Compiling iovec v0.1.4
[INFO] [stderr]    Compiling mio v0.6.23
[INFO] [stderr]    Compiling socket2 v0.3.19
[INFO] [stderr]    Compiling url v2.5.0
[INFO] [stderr]    Compiling chrono v0.4.31
[INFO] [stderr]    Compiling xmltree v0.10.3
[INFO] [stderr]    Compiling tokio v0.2.25
[INFO] [stderr]    Compiling openssl-sys v0.9.98
[INFO] [stderr]    Compiling case v1.0.0
[INFO] [stderr]    Compiling serde_urlencoded v0.7.1
[INFO] [stderr]    Compiling openssl v0.10.62
[INFO] [stderr]    Compiling native-tls v0.2.11
[INFO] [stderr]    Compiling pin-project-internal v1.1.3
[INFO] [stderr]    Compiling openssl-macros v0.1.1
[INFO] [stderr]    Compiling tokio-util v0.3.1
[INFO] [stderr]    Compiling pin-project v1.1.3
[INFO] [stderr]    Compiling tracing-futures v0.2.5
[INFO] [stderr]    Compiling h2 v0.2.7
[INFO] [stderr]    Compiling tokio-tls v0.3.1
[INFO] [stderr]    Compiling hyper v0.13.10
[INFO] [stderr]    Compiling hyper-tls v0.4.3
[INFO] [stderr]    Compiling reqwest v0.10.10
[INFO] [stderr]    Compiling savon v0.2.0 (/opt/rustwide/workdir)
[INFO] [stderr]     Finished dev [unoptimized + debuginfo] target(s) in 26.78s
[INFO] running `Command { std: "docker" "inspect" "3204ca1b2cde9d4ee6e9e262cf63230e095d6e39dc3c9a5d5856ae06377efd5c", kill_on_drop: false }`
[INFO] running `Command { std: "docker" "rm" "-f" "3204ca1b2cde9d4ee6e9e262cf63230e095d6e39dc3c9a5d5856ae06377efd5c", kill_on_drop: false }`
[INFO] [stdout] 3204ca1b2cde9d4ee6e9e262cf63230e095d6e39dc3c9a5d5856ae06377efd5c
[INFO] running `Command { std: "docker" "create" "-v" "/var/lib/crater-agent-workspace/builds/worker-0-tc1/target:/opt/rustwide/target:rw,Z" "-v" "/var/lib/crater-agent-workspace/builds/worker-0-tc1/source:/opt/rustwide/workdir:ro,Z" "-v" "/var/lib/crater-agent-workspace/cargo-home:/opt/rustwide/cargo-home:ro,Z" "-v" "/var/lib/crater-agent-workspace/rustup-home:/opt/rustwide/rustup-home:ro,Z" "-e" "SOURCE_DIR=/opt/rustwide/workdir" "-e" "CARGO_TARGET_DIR=/opt/rustwide/target" "-e" "CARGO_INCREMENTAL=0" "-e" "RUST_BACKTRACE=full" "-e" "RUSTFLAGS=--cap-lints=warn" "-e" "RUSTDOCFLAGS=--cap-lints=warn" "-e" "CARGO_HOME=/opt/rustwide/cargo-home" "-e" "RUSTUP_HOME=/opt/rustwide/rustup-home" "-w" "/opt/rustwide/workdir" "-m" "1610612736" "--user" "0:0" "--network" "none" "ghcr.io/rust-lang/crates-build-env/linux@sha256:2788e3201cd34a07e3172128adcd8b3090168a8e3bcc40d7c032b9dda1df7d1c" "/opt/rustwide/cargo-home/bin/cargo" "+1.75.0" "test" "--frozen" "--no-run" "--message-format=json", kill_on_drop: false }`
[INFO] [stdout] fa4a8a249686e8371aa2f16bc91cb129d895b99d123440573656ec0511b1734b
[INFO] running `Command { std: "docker" "start" "-a" "fa4a8a249686e8371aa2f16bc91cb129d895b99d123440573656ec0511b1734b", kill_on_drop: false }`
[INFO] [stderr]    Compiling savon v0.2.0 (/opt/rustwide/workdir)
[INFO] [stdout] error: couldn't read src/../assets/wikipedia-example.wsdl: No such file or directory (os error 2)
[INFO] [stdout]    --> src/gen.rs:459:35
[INFO] [stdout]     |
[INFO] [stdout] 459 |     const WIKIPEDIA_WSDL: &[u8] = include_bytes!("../assets/wikipedia-example.wsdl");
[INFO] [stdout]     |                                   ^^^^^^^^^^^^^^^^^^^^^^^^^^^^^^^^^^^^^^^^^^^^^^^^^^
[INFO] [stdout]     |
[INFO] [stdout]     = note: this error originates in the macro `include_bytes` (in Nightly builds, run with -Z macro-backtrace for more info)
[INFO] [stdout] 
[INFO] [stdout] 
[INFO] [stdout] error: couldn't read src/../assets/example.wsdl: No such file or directory (os error 2)
[INFO] [stdout]    --> src/gen.rs:460:33
[INFO] [stdout]     |
[INFO] [stdout] 460 |     const EXAMPLE_WSDL: &[u8] = include_bytes!("../assets/example.wsdl");
[INFO] [stdout]     |                                 ^^^^^^^^^^^^^^^^^^^^^^^^^^^^^^^^^^^^^^^^
[INFO] [stdout]     |
[INFO] [stdout]     = note: this error originates in the macro `include_bytes` (in Nightly builds, run with -Z macro-backtrace for more info)
[INFO] [stdout] 
[INFO] [stdout] 
[INFO] [stdout] error: couldn't read src/../assets/wikipedia-example.wsdl: No such file or directory (os error 2)
[INFO] [stdout]    --> src/wsdl.rs:314:35
[INFO] [stdout]     |
[INFO] [stdout] 314 |     const WIKIPEDIA_WSDL: &[u8] = include_bytes!("../assets/wikipedia-example.wsdl");
[INFO] [stdout]     |                                   ^^^^^^^^^^^^^^^^^^^^^^^^^^^^^^^^^^^^^^^^^^^^^^^^^^
[INFO] [stdout]     |
[INFO] [stdout]     = note: this error originates in the macro `include_bytes` (in Nightly builds, run with -Z macro-backtrace for more info)
[INFO] [stdout] 
[INFO] [stdout] 
[INFO] [stdout] error: couldn't read src/../assets/example.wsdl: No such file or directory (os error 2)
[INFO] [stdout]    --> src/wsdl.rs:315:33
[INFO] [stdout]     |
[INFO] [stdout] 315 |     const EXAMPLE_WSDL: &[u8] = include_bytes!("../assets/example.wsdl");
[INFO] [stdout]     |                                 ^^^^^^^^^^^^^^^^^^^^^^^^^^^^^^^^^^^^^^^^
[INFO] [stdout]     |
[INFO] [stdout]     = note: this error originates in the macro `include_bytes` (in Nightly builds, run with -Z macro-backtrace for more info)
[INFO] [stdout] 
[INFO] [stdout] 
[INFO] [stdout] error[E0433]: failed to resolve: use of undeclared crate or module `rpser`
[INFO] [stdout]    --> src/rpser/mod.rs:134:9
[INFO] [stdout]     |
[INFO] [stdout] 134 |     use rpser::xml::BuildElement;
[INFO] [stdout]     |         ^^^^^ use of undeclared crate or module `rpser`
[INFO] [stdout] 
[INFO] [stdout] 
[INFO] [stdout] warning: unused import: `crate::wsdl::*`
[INFO] [stdout]    --> src/gen.rs:461:9
[INFO] [stdout]     |
[INFO] [stdout] 461 |     use crate::wsdl::*;
[INFO] [stdout]     |         ^^^^^^^^^^^^^^
[INFO] [stdout]     |
[INFO] [stdout]     = note: `#[warn(unused_imports)]` on by default
[INFO] [stdout] 
[INFO] [stdout] 
[INFO] [stdout] error[E0609]: no field `text` on type `xmltree::Element`
[INFO] [stdout]    --> src/rpser/mod.rs:186:43
[INFO] [stdout]     |
[INFO] [stdout] 186 |                 assert_eq!(return_element.text, Some("a3a8ecc6d5".into()));
[INFO] [stdout]     |                                           ^^^^ unknown field
[INFO] [stdout]     |
[INFO] [stdout]     = note: available fields are: `prefix`, `namespace`, `namespaces`, `name`, `attributes`, `children`
[INFO] [stdout] 
[INFO] [stdout] 
[INFO] [stdout] error: aborting due to 6 previous errors; 1 warning emitted
[INFO] [stdout] 
[INFO] [stdout] 
[INFO] [stdout] Some errors have detailed explanations: E0433, E0609.
[INFO] [stdout] 
[INFO] [stdout] For more information about an error, try `rustc --explain E0433`.
[INFO] [stdout] 
[INFO] [stderr] error: could not compile `savon` (lib test) due to 7 previous errors; 1 warning emitted
[INFO] running `Command { std: "docker" "inspect" "fa4a8a249686e8371aa2f16bc91cb129d895b99d123440573656ec0511b1734b", kill_on_drop: false }`
[INFO] running `Command { std: "docker" "rm" "-f" "fa4a8a249686e8371aa2f16bc91cb129d895b99d123440573656ec0511b1734b", kill_on_drop: false }`
[INFO] [stdout] fa4a8a249686e8371aa2f16bc91cb129d895b99d123440573656ec0511b1734b
[INFO] testing savon-0.2.0 against beta-2023-12-22 for beta-1.76-1
[INFO] extracting crate savon 0.2.0 into /workspace/builds/worker-0-tc2/source
[INFO] validating manifest of crates.io crate savon 0.2.0 on toolchain beta-2023-12-22
[INFO] running `Command { std: CARGO_HOME="/workspace/cargo-home" RUSTUP_HOME="/workspace/rustup-home" "/workspace/cargo-home/bin/cargo" "+beta-2023-12-22" "metadata" "--manifest-path" "Cargo.toml" "--no-deps", kill_on_drop: false }`
[INFO] started tweaking crates.io crate savon 0.2.0
[INFO] finished tweaking crates.io crate savon 0.2.0
[INFO] tweaked toml for crates.io crate savon 0.2.0 written to /workspace/builds/worker-0-tc2/source/Cargo.toml
[INFO] running `Command { std: CARGO_HOME="/workspace/cargo-home" RUSTUP_HOME="/workspace/rustup-home" "/workspace/cargo-home/bin/cargo" "+beta-2023-12-22" "generate-lockfile" "--manifest-path" "Cargo.toml", kill_on_drop: false }`
[INFO] [stderr]     Updating crates.io index
[INFO] running `Command { std: CARGO_HOME="/workspace/cargo-home" RUSTUP_HOME="/workspace/rustup-home" "/workspace/cargo-home/bin/cargo" "+beta-2023-12-22" "fetch" "--manifest-path" "Cargo.toml", kill_on_drop: false }`
[INFO] running `Command { std: "docker" "create" "-v" "/var/lib/crater-agent-workspace/builds/worker-0-tc2/target:/opt/rustwide/target:rw,Z" "-v" "/var/lib/crater-agent-workspace/builds/worker-0-tc2/source:/opt/rustwide/workdir:ro,Z" "-v" "/var/lib/crater-agent-workspace/cargo-home:/opt/rustwide/cargo-home:ro,Z" "-v" "/var/lib/crater-agent-workspace/rustup-home:/opt/rustwide/rustup-home:ro,Z" "-e" "SOURCE_DIR=/opt/rustwide/workdir" "-e" "CARGO_TARGET_DIR=/opt/rustwide/target" "-e" "CARGO_HOME=/opt/rustwide/cargo-home" "-e" "RUSTUP_HOME=/opt/rustwide/rustup-home" "-w" "/opt/rustwide/workdir" "-m" "1610612736" "--user" "0:0" "--network" "none" "ghcr.io/rust-lang/crates-build-env/linux@sha256:2788e3201cd34a07e3172128adcd8b3090168a8e3bcc40d7c032b9dda1df7d1c" "/opt/rustwide/cargo-home/bin/cargo" "+beta-2023-12-22" "metadata" "--no-deps" "--format-version=1", kill_on_drop: false }`
[INFO] [stdout] 84f698380d6562c6815ccd3c3feec09416a7e0b83a8d227b8b73847341f294f6
[INFO] running `Command { std: "docker" "start" "-a" "84f698380d6562c6815ccd3c3feec09416a7e0b83a8d227b8b73847341f294f6", kill_on_drop: false }`
[INFO] running `Command { std: "docker" "inspect" "84f698380d6562c6815ccd3c3feec09416a7e0b83a8d227b8b73847341f294f6", kill_on_drop: false }`
[INFO] running `Command { std: "docker" "rm" "-f" "84f698380d6562c6815ccd3c3feec09416a7e0b83a8d227b8b73847341f294f6", kill_on_drop: false }`
[INFO] [stdout] 84f698380d6562c6815ccd3c3feec09416a7e0b83a8d227b8b73847341f294f6
[INFO] running `Command { std: "docker" "create" "-v" "/var/lib/crater-agent-workspace/builds/worker-0-tc2/target:/opt/rustwide/target:rw,Z" "-v" "/var/lib/crater-agent-workspace/builds/worker-0-tc2/source:/opt/rustwide/workdir:ro,Z" "-v" "/var/lib/crater-agent-workspace/cargo-home:/opt/rustwide/cargo-home:ro,Z" "-v" "/var/lib/crater-agent-workspace/rustup-home:/opt/rustwide/rustup-home:ro,Z" "-e" "SOURCE_DIR=/opt/rustwide/workdir" "-e" "CARGO_TARGET_DIR=/opt/rustwide/target" "-e" "CARGO_INCREMENTAL=0" "-e" "RUST_BACKTRACE=full" "-e" "RUSTFLAGS=--cap-lints=warn" "-e" "RUSTDOCFLAGS=--cap-lints=warn" "-e" "CARGO_HOME=/opt/rustwide/cargo-home" "-e" "RUSTUP_HOME=/opt/rustwide/rustup-home" "-w" "/opt/rustwide/workdir" "-m" "1610612736" "--user" "0:0" "--network" "none" "ghcr.io/rust-lang/crates-build-env/linux@sha256:2788e3201cd34a07e3172128adcd8b3090168a8e3bcc40d7c032b9dda1df7d1c" "/opt/rustwide/cargo-home/bin/cargo" "+beta-2023-12-22" "build" "--frozen" "--message-format=json", kill_on_drop: false }`
[INFO] [stdout] a6bcb664af5a18a9e4c489b2b6ff5c9d6098bc8b1d326574f258ff383512b66c
[INFO] running `Command { std: "docker" "start" "-a" "a6bcb664af5a18a9e4c489b2b6ff5c9d6098bc8b1d326574f258ff383512b66c", kill_on_drop: false }`
[INFO] [stderr]    Compiling libc v0.2.151
[INFO] [stderr]    Compiling unicode-ident v1.0.12
[INFO] [stderr]    Compiling proc-macro2 v1.0.75
[INFO] [stderr]    Compiling cfg-if v0.1.10
[INFO] [stderr]    Compiling bytes v0.5.6
[INFO] [stderr]    Compiling pin-project-lite v0.1.12
[INFO] [stderr]    Compiling unicase v2.7.0
[INFO] [stderr]    Compiling tracing v0.1.40
[INFO] [stderr]    Compiling futures-task v0.3.30
[INFO] [stderr]    Compiling tinyvec_macros v0.1.1
[INFO] [stderr]    Compiling serde v1.0.194
[INFO] [stderr]    Compiling tinyvec v1.6.0
[INFO] [stderr]    Compiling futures-util v0.3.30
[INFO] [stderr]    Compiling form_urlencoded v1.2.1
[INFO] [stderr]    Compiling futures-channel v0.3.30
[INFO] [stderr]    Compiling httpdate v0.3.2
[INFO] [stderr]    Compiling quote v1.0.35
[INFO] [stderr]    Compiling mime_guess v2.0.4
[INFO] [stderr]    Compiling http-body v0.3.1
[INFO] [stderr]    Compiling syn v2.0.48
[INFO] [stderr]    Compiling unicode-bidi v0.3.14
[INFO] [stderr]    Compiling itoa v0.4.8
[INFO] [stderr]    Compiling unicode-normalization v0.1.22
[INFO] [stderr]    Compiling mime v0.3.17
[INFO] [stderr]    Compiling cc v1.0.83
[INFO] [stderr]    Compiling iovec v0.1.4
[INFO] [stderr]    Compiling net2 v0.2.39
[INFO] [stderr]    Compiling socket2 v0.3.19
[INFO] [stderr]    Compiling idna v0.5.0
[INFO] [stderr]    Compiling encoding_rs v0.8.33
[INFO] [stderr]    Compiling ipnet v2.9.0
[INFO] [stderr]    Compiling mio v0.6.23
[INFO] [stderr]    Compiling url v2.5.0
[INFO] [stderr]    Compiling xmltree v0.10.3
[INFO] [stderr]    Compiling chrono v0.4.31
[INFO] [stderr]    Compiling case v1.0.0
[INFO] [stderr]    Compiling openssl-sys v0.9.98
[INFO] [stderr]    Compiling tokio v0.2.25
[INFO] [stderr]    Compiling openssl v0.10.62
[INFO] [stderr]    Compiling native-tls v0.2.11
[INFO] [stderr]    Compiling serde_urlencoded v0.7.1
[INFO] [stderr]    Compiling pin-project-internal v1.1.3
[INFO] [stderr]    Compiling openssl-macros v0.1.1
[INFO] [stderr]    Compiling tokio-util v0.3.1
[INFO] [stderr]    Compiling pin-project v1.1.3
[INFO] [stderr]    Compiling tracing-futures v0.2.5
[INFO] [stderr]    Compiling h2 v0.2.7
[INFO] [stderr]    Compiling tokio-tls v0.3.1
[INFO] [stderr]    Compiling hyper v0.13.10
[INFO] [stderr]    Compiling hyper-tls v0.4.3
[INFO] [stderr]    Compiling reqwest v0.10.10
[INFO] [stderr]    Compiling savon v0.2.0 (/opt/rustwide/workdir)
[INFO] [stderr]     Finished dev [unoptimized + debuginfo] target(s) in 28.35s
[INFO] running `Command { std: "docker" "inspect" "a6bcb664af5a18a9e4c489b2b6ff5c9d6098bc8b1d326574f258ff383512b66c", kill_on_drop: false }`
[INFO] running `Command { std: "docker" "rm" "-f" "a6bcb664af5a18a9e4c489b2b6ff5c9d6098bc8b1d326574f258ff383512b66c", kill_on_drop: false }`
[INFO] [stdout] a6bcb664af5a18a9e4c489b2b6ff5c9d6098bc8b1d326574f258ff383512b66c
[INFO] running `Command { std: "docker" "create" "-v" "/var/lib/crater-agent-workspace/builds/worker-0-tc2/target:/opt/rustwide/target:rw,Z" "-v" "/var/lib/crater-agent-workspace/builds/worker-0-tc2/source:/opt/rustwide/workdir:ro,Z" "-v" "/var/lib/crater-agent-workspace/cargo-home:/opt/rustwide/cargo-home:ro,Z" "-v" "/var/lib/crater-agent-workspace/rustup-home:/opt/rustwide/rustup-home:ro,Z" "-e" "SOURCE_DIR=/opt/rustwide/workdir" "-e" "CARGO_TARGET_DIR=/opt/rustwide/target" "-e" "CARGO_INCREMENTAL=0" "-e" "RUST_BACKTRACE=full" "-e" "RUSTFLAGS=--cap-lints=warn" "-e" "RUSTDOCFLAGS=--cap-lints=warn" "-e" "CARGO_HOME=/opt/rustwide/cargo-home" "-e" "RUSTUP_HOME=/opt/rustwide/rustup-home" "-w" "/opt/rustwide/workdir" "-m" "1610612736" "--user" "0:0" "--network" "none" "ghcr.io/rust-lang/crates-build-env/linux@sha256:2788e3201cd34a07e3172128adcd8b3090168a8e3bcc40d7c032b9dda1df7d1c" "/opt/rustwide/cargo-home/bin/cargo" "+beta-2023-12-22" "test" "--frozen" "--no-run" "--message-format=json", kill_on_drop: false }`
[INFO] [stdout] d98ec470006011407e9c489aa2b45065124b708bca163f7d7dbd8f527cc49190
[INFO] running `Command { std: "docker" "start" "-a" "d98ec470006011407e9c489aa2b45065124b708bca163f7d7dbd8f527cc49190", kill_on_drop: false }`
[INFO] [stderr]    Compiling savon v0.2.0 (/opt/rustwide/workdir)
[INFO] [stdout] error: couldn't read src/../assets/wikipedia-example.wsdl: No such file or directory (os error 2)
[INFO] [stdout]    --> src/gen.rs:459:35
[INFO] [stdout]     |
[INFO] [stdout] 459 |     const WIKIPEDIA_WSDL: &[u8] = include_bytes!("../assets/wikipedia-example.wsdl");
[INFO] [stdout]     |                                   ^^^^^^^^^^^^^^^^^^^^^^^^^^^^^^^^^^^^^^^^^^^^^^^^^^
[INFO] [stdout]     |
[INFO] [stdout]     = note: this error originates in the macro `include_bytes` (in Nightly builds, run with -Z macro-backtrace for more info)
[INFO] [stdout] 
[INFO] [stdout] 
[INFO] [stdout] error: couldn't read src/../assets/example.wsdl: No such file or directory (os error 2)
[INFO] [stdout]    --> src/gen.rs:460:33
[INFO] [stdout]     |
[INFO] [stdout] 460 |     const EXAMPLE_WSDL: &[u8] = include_bytes!("../assets/example.wsdl");
[INFO] [stdout]     |                                 ^^^^^^^^^^^^^^^^^^^^^^^^^^^^^^^^^^^^^^^^
[INFO] [stdout]     |
[INFO] [stdout]     = note: this error originates in the macro `include_bytes` (in Nightly builds, run with -Z macro-backtrace for more info)
[INFO] [stdout] 
[INFO] [stdout] 
[INFO] [stdout] error: couldn't read src/../assets/wikipedia-example.wsdl: No such file or directory (os error 2)
[INFO] [stdout]    --> src/wsdl.rs:314:35
[INFO] [stdout]     |
[INFO] [stdout] 314 |     const WIKIPEDIA_WSDL: &[u8] = include_bytes!("../assets/wikipedia-example.wsdl");
[INFO] [stdout]     |                                   ^^^^^^^^^^^^^^^^^^^^^^^^^^^^^^^^^^^^^^^^^^^^^^^^^^
[INFO] [stdout]     |
[INFO] [stdout]     = note: this error originates in the macro `include_bytes` (in Nightly builds, run with -Z macro-backtrace for more info)
[INFO] [stdout] 
[INFO] [stdout] 
[INFO] [stdout] error: couldn't read src/../assets/example.wsdl: No such file or directory (os error 2)
[INFO] [stdout]    --> src/wsdl.rs:315:33
[INFO] [stdout]     |
[INFO] [stdout] 315 |     const EXAMPLE_WSDL: &[u8] = include_bytes!("../assets/example.wsdl");
[INFO] [stdout]     |                                 ^^^^^^^^^^^^^^^^^^^^^^^^^^^^^^^^^^^^^^^^
[INFO] [stdout]     |
[INFO] [stdout]     = note: this error originates in the macro `include_bytes` (in Nightly builds, run with -Z macro-backtrace for more info)
[INFO] [stdout] 
[INFO] [stdout] 
[INFO] [stdout] error[E0433]: failed to resolve: use of undeclared crate or module `rpser`
[INFO] [stdout]    --> src/rpser/mod.rs:134:9
[INFO] [stdout]     |
[INFO] [stdout] 134 |     use rpser::xml::BuildElement;
[INFO] [stdout]     |         ^^^^^ use of undeclared crate or module `rpser`
[INFO] [stdout] 
[INFO] [stdout] 
[INFO] [stdout] warning: unused import: `crate::wsdl::*`
[INFO] [stdout]    --> src/gen.rs:461:9
[INFO] [stdout]     |
[INFO] [stdout] 461 |     use crate::wsdl::*;
[INFO] [stdout]     |         ^^^^^^^^^^^^^^
[INFO] [stdout]     |
[INFO] [stdout]     = note: `#[warn(unused_imports)]` on by default
[INFO] [stdout] 
[INFO] [stdout] 
[INFO] [stdout] error[E0609]: no field `text` on type `xmltree::Element`
[INFO] [stdout]    --> src/rpser/mod.rs:186:43
[INFO] [stdout]     |
[INFO] [stdout] 186 |                 assert_eq!(return_element.text, Some("a3a8ecc6d5".into()));
[INFO] [stdout]     |                                           ^^^^ unknown field
[INFO] [stdout]     |
[INFO] [stdout]     = note: available fields are: `prefix`, `namespace`, `namespaces`, `name`, `attributes`, `children`
[INFO] [stdout] 
[INFO] [stdout] 
[INFO] [stdout] error: aborting due to 6 previous errors; 1 warning emitted
[INFO] [stdout] 
[INFO] [stdout] 
[INFO] [stdout] Some errors have detailed explanations: E0433, E0609.
[INFO] [stdout] 
[INFO] [stdout] For more information about an error, try `rustc --explain E0433`.
[INFO] [stdout] 
[INFO] [stderr] error: could not compile `savon` (lib test) due to 7 previous errors; 1 warning emitted
[INFO] running `Command { std: "docker" "inspect" "d98ec470006011407e9c489aa2b45065124b708bca163f7d7dbd8f527cc49190", kill_on_drop: false }`
[INFO] running `Command { std: "docker" "rm" "-f" "d98ec470006011407e9c489aa2b45065124b708bca163f7d7dbd8f527cc49190", kill_on_drop: false }`
[INFO] [stdout] d98ec470006011407e9c489aa2b45065124b708bca163f7d7dbd8f527cc49190
