[INFO] fetching crate savan 0.1.0...
[INFO] testing savan-0.1.0 against 1.75.0 for beta-1.76-1
[INFO] extracting crate savan 0.1.0 into /workspace/builds/worker-4-tc1/source
[INFO] validating manifest of crates.io crate savan 0.1.0 on toolchain 1.75.0
[INFO] running `Command { std: CARGO_HOME="/workspace/cargo-home" RUSTUP_HOME="/workspace/rustup-home" "/workspace/cargo-home/bin/cargo" "+1.75.0" "metadata" "--manifest-path" "Cargo.toml" "--no-deps", kill_on_drop: false }`
[INFO] started tweaking crates.io crate savan 0.1.0
[INFO] finished tweaking crates.io crate savan 0.1.0
[INFO] tweaked toml for crates.io crate savan 0.1.0 written to /workspace/builds/worker-4-tc1/source/Cargo.toml
[INFO] running `Command { std: CARGO_HOME="/workspace/cargo-home" RUSTUP_HOME="/workspace/rustup-home" "/workspace/cargo-home/bin/cargo" "+1.75.0" "generate-lockfile" "--manifest-path" "Cargo.toml", kill_on_drop: false }`
[INFO] [stderr]     Updating crates.io index
[INFO] running `Command { std: CARGO_HOME="/workspace/cargo-home" RUSTUP_HOME="/workspace/rustup-home" "/workspace/cargo-home/bin/cargo" "+1.75.0" "fetch" "--manifest-path" "Cargo.toml", kill_on_drop: false }`
[INFO] [stderr]  Downloading crates ...
[INFO] [stderr]   Downloaded clingo v0.7.3
[INFO] [stderr]   Downloaded clingo-sys v0.7.1
[INFO] running `Command { std: "docker" "create" "-v" "/var/lib/crater-agent-workspace/builds/worker-4-tc1/target:/opt/rustwide/target:rw,Z" "-v" "/var/lib/crater-agent-workspace/builds/worker-4-tc1/source:/opt/rustwide/workdir:ro,Z" "-v" "/var/lib/crater-agent-workspace/cargo-home:/opt/rustwide/cargo-home:ro,Z" "-v" "/var/lib/crater-agent-workspace/rustup-home:/opt/rustwide/rustup-home:ro,Z" "-e" "SOURCE_DIR=/opt/rustwide/workdir" "-e" "CARGO_TARGET_DIR=/opt/rustwide/target" "-e" "CARGO_HOME=/opt/rustwide/cargo-home" "-e" "RUSTUP_HOME=/opt/rustwide/rustup-home" "-w" "/opt/rustwide/workdir" "-m" "1610612736" "--user" "0:0" "--network" "none" "ghcr.io/rust-lang/crates-build-env/linux@sha256:2788e3201cd34a07e3172128adcd8b3090168a8e3bcc40d7c032b9dda1df7d1c" "/opt/rustwide/cargo-home/bin/cargo" "+1.75.0" "metadata" "--no-deps" "--format-version=1", kill_on_drop: false }`
[INFO] [stdout] f1dc94cf61738548aab8199217845e3e8c04e9391040c0bb2e7d2707d3145fd7
[INFO] running `Command { std: "docker" "start" "-a" "f1dc94cf61738548aab8199217845e3e8c04e9391040c0bb2e7d2707d3145fd7", kill_on_drop: false }`
[INFO] running `Command { std: "docker" "inspect" "f1dc94cf61738548aab8199217845e3e8c04e9391040c0bb2e7d2707d3145fd7", kill_on_drop: false }`
[INFO] running `Command { std: "docker" "rm" "-f" "f1dc94cf61738548aab8199217845e3e8c04e9391040c0bb2e7d2707d3145fd7", kill_on_drop: false }`
[INFO] [stdout] f1dc94cf61738548aab8199217845e3e8c04e9391040c0bb2e7d2707d3145fd7
[INFO] running `Command { std: "docker" "create" "-v" "/var/lib/crater-agent-workspace/builds/worker-4-tc1/target:/opt/rustwide/target:rw,Z" "-v" "/var/lib/crater-agent-workspace/builds/worker-4-tc1/source:/opt/rustwide/workdir:ro,Z" "-v" "/var/lib/crater-agent-workspace/cargo-home:/opt/rustwide/cargo-home:ro,Z" "-v" "/var/lib/crater-agent-workspace/rustup-home:/opt/rustwide/rustup-home:ro,Z" "-e" "SOURCE_DIR=/opt/rustwide/workdir" "-e" "CARGO_TARGET_DIR=/opt/rustwide/target" "-e" "CARGO_INCREMENTAL=0" "-e" "RUST_BACKTRACE=full" "-e" "RUSTFLAGS=--cap-lints=warn" "-e" "RUSTDOCFLAGS=--cap-lints=warn" "-e" "CARGO_HOME=/opt/rustwide/cargo-home" "-e" "RUSTUP_HOME=/opt/rustwide/rustup-home" "-w" "/opt/rustwide/workdir" "-m" "1610612736" "--user" "0:0" "--network" "none" "ghcr.io/rust-lang/crates-build-env/linux@sha256:2788e3201cd34a07e3172128adcd8b3090168a8e3bcc40d7c032b9dda1df7d1c" "/opt/rustwide/cargo-home/bin/cargo" "+1.75.0" "build" "--frozen" "--message-format=json", kill_on_drop: false }`
[INFO] [stdout] 4dd121fec43052c628fcb5af521f23ffa5d22ce912ee3572abe09b75f5c9b57f
[INFO] running `Command { std: "docker" "start" "-a" "4dd121fec43052c628fcb5af521f23ffa5d22ce912ee3572abe09b75f5c9b57f", kill_on_drop: false }`
[INFO] [stderr]    Compiling libc v0.2.151
[INFO] [stderr]    Compiling vec1 v1.10.1
[INFO] [stderr]    Compiling bitflags v1.3.2
[INFO] [stderr]    Compiling cc v1.0.83
[INFO] [stderr]    Compiling cmake v0.1.50
[INFO] [stderr]    Compiling clingo-sys v0.7.1
[INFO] [stderr] error: failed to run custom build command for `clingo-sys v0.7.1`
[INFO] [stderr] note: To improve backtraces for build dependencies, set the CARGO_PROFILE_DEV_BUILD_OVERRIDE_DEBUG=true environment variable to enable debug information generation.
[INFO] [stderr] 
[INFO] [stderr] Caused by:
[INFO] [stderr]   process didn't exit successfully: `/opt/rustwide/target/debug/build/clingo-sys-634ec9644f948da2/build-script-build` (exit status: 101)
[INFO] [stderr]   --- stdout
[INFO] [stderr]   CMAKE_TOOLCHAIN_FILE_x86_64-unknown-linux-gnu = None
[INFO] [stderr]   CMAKE_TOOLCHAIN_FILE_x86_64_unknown_linux_gnu = None
[INFO] [stderr]   HOST_CMAKE_TOOLCHAIN_FILE = None
[INFO] [stderr]   CMAKE_TOOLCHAIN_FILE = None
[INFO] [stderr]   CMAKE_GENERATOR_x86_64-unknown-linux-gnu = None
[INFO] [stderr]   CMAKE_GENERATOR_x86_64_unknown_linux_gnu = None
[INFO] [stderr]   HOST_CMAKE_GENERATOR = None
[INFO] [stderr]   CMAKE_GENERATOR = None
[INFO] [stderr]   CMAKE_PREFIX_PATH_x86_64-unknown-linux-gnu = None
[INFO] [stderr]   CMAKE_PREFIX_PATH_x86_64_unknown_linux_gnu = None
[INFO] [stderr]   HOST_CMAKE_PREFIX_PATH = None
[INFO] [stderr]   CMAKE_PREFIX_PATH = None
[INFO] [stderr]   CMAKE_x86_64-unknown-linux-gnu = None
[INFO] [stderr]   CMAKE_x86_64_unknown_linux_gnu = None
[INFO] [stderr]   HOST_CMAKE = None
[INFO] [stderr]   CMAKE = None
[INFO] [stderr]   running: cd "/opt/rustwide/target/debug/build/clingo-sys-ed063343a4cbf635/out/build" && CMAKE_PREFIX_PATH="" "cmake" "-Wdev" "--debug-output" "/opt/rustwide/cargo-home/registry/src/index.crates.io-6f17d22bba15001f/clingo-sys-0.7.1/clingo" "-DCLINGO_BUILD_SHARED=OFF" "-DCLINGO_BUILD_STATIC=ON" "-DCLINGO_MANAGE_RPATH=OFF" "-DCLINGO_BUILD_WITH_PYTHON=OFF" "-DCLINGO_BUILD_WITH_LUA=OFF" "-DCLINGO_INSTALL_LIB=ON" "-DCLINGO_BUILD_APPS=OFF" "-DCLASP_BUILD_APP=OFF" "-DCMAKE_INSTALL_PREFIX=/opt/rustwide/target/debug/build/clingo-sys-ed063343a4cbf635/out" "-DCMAKE_C_FLAGS= -ffunction-sections -fdata-sections -fPIC -m64" "-DCMAKE_C_COMPILER=/usr/bin/cc" "-DCMAKE_CXX_FLAGS= -ffunction-sections -fdata-sections -fPIC -m64" "-DCMAKE_CXX_COMPILER=/usr/bin/c++" "-DCMAKE_ASM_FLAGS= -ffunction-sections -fdata-sections -fPIC -m64" "-DCMAKE_ASM_COMPILER=/usr/bin/cc" "-DCMAKE_BUILD_TYPE=Debug" "-DCMAKE_VERBOSE_MAKEFILE:BOOL=ON"
[INFO] [stderr]   Running with debug output on.
[INFO] [stderr]   -- The C compiler identification is GNU 11.4.0
[INFO] [stderr]      Called from: [3]	/usr/share/cmake-3.22/Modules/CMakeDetermineCompilerId.cmake
[INFO] [stderr]                   [2]	/usr/share/cmake-3.22/Modules/CMakeDetermineCCompiler.cmake
[INFO] [stderr]                   [1]	/opt/rustwide/cargo-home/registry/src/index.crates.io-6f17d22bba15001f/clingo-sys-0.7.1/clingo/CMakeLists.txt
[INFO] [stderr]   -- The CXX compiler identification is GNU 11.4.0
[INFO] [stderr]      Called from: [3]	/usr/share/cmake-3.22/Modules/CMakeDetermineCompilerId.cmake
[INFO] [stderr]                   [2]	/usr/share/cmake-3.22/Modules/CMakeDetermineCXXCompiler.cmake
[INFO] [stderr]                   [1]	/opt/rustwide/cargo-home/registry/src/index.crates.io-6f17d22bba15001f/clingo-sys-0.7.1/clingo/CMakeLists.txt
[INFO] [stderr]   -- Detecting C compiler ABI info
[INFO] [stderr]      Called from: [3]	/usr/share/cmake-3.22/Modules/CMakeDetermineCompilerABI.cmake
[INFO] [stderr]                   [2]	/usr/share/cmake-3.22/Modules/CMakeTestCCompiler.cmake
[INFO] [stderr]                   [1]	/opt/rustwide/cargo-home/registry/src/index.crates.io-6f17d22bba15001f/clingo-sys-0.7.1/clingo/CMakeLists.txt
[INFO] [stderr]   -- Detecting C compiler ABI info - done
[INFO] [stderr]      Called from: [3]	/usr/share/cmake-3.22/Modules/CMakeDetermineCompilerABI.cmake
[INFO] [stderr]                   [2]	/usr/share/cmake-3.22/Modules/CMakeTestCCompiler.cmake
[INFO] [stderr]                   [1]	/opt/rustwide/cargo-home/registry/src/index.crates.io-6f17d22bba15001f/clingo-sys-0.7.1/clingo/CMakeLists.txt
[INFO] [stderr]   -- Check for working C compiler: /usr/bin/cc - skipped
[INFO] [stderr]      Called from: [2]	/usr/share/cmake-3.22/Modules/CMakeTestCCompiler.cmake
[INFO] [stderr]                   [1]	/opt/rustwide/cargo-home/registry/src/index.crates.io-6f17d22bba15001f/clingo-sys-0.7.1/clingo/CMakeLists.txt
[INFO] [stderr]   -- Detecting C compile features
[INFO] [stderr]      Called from: [3]	/usr/share/cmake-3.22/Modules/CMakeDetermineCompileFeatures.cmake
[INFO] [stderr]                   [2]	/usr/share/cmake-3.22/Modules/CMakeTestCCompiler.cmake
[INFO] [stderr]                   [1]	/opt/rustwide/cargo-home/registry/src/index.crates.io-6f17d22bba15001f/clingo-sys-0.7.1/clingo/CMakeLists.txt
[INFO] [stderr]   -- Detecting C compile features - done
[INFO] [stderr]      Called from: [3]	/usr/share/cmake-3.22/Modules/CMakeDetermineCompileFeatures.cmake
[INFO] [stderr]                   [2]	/usr/share/cmake-3.22/Modules/CMakeTestCCompiler.cmake
[INFO] [stderr]                   [1]	/opt/rustwide/cargo-home/registry/src/index.crates.io-6f17d22bba15001f/clingo-sys-0.7.1/clingo/CMakeLists.txt
[INFO] [stderr]   -- Detecting CXX compiler ABI info
[INFO] [stderr]      Called from: [3]	/usr/share/cmake-3.22/Modules/CMakeDetermineCompilerABI.cmake
[INFO] [stderr]                   [2]	/usr/share/cmake-3.22/Modules/CMakeTestCXXCompiler.cmake
[INFO] [stderr]                   [1]	/opt/rustwide/cargo-home/registry/src/index.crates.io-6f17d22bba15001f/clingo-sys-0.7.1/clingo/CMakeLists.txt
[INFO] [stderr]   -- Detecting CXX compiler ABI info - done
[INFO] [stderr]      Called from: [3]	/usr/share/cmake-3.22/Modules/CMakeDetermineCompilerABI.cmake
[INFO] [stderr]                   [2]	/usr/share/cmake-3.22/Modules/CMakeTestCXXCompiler.cmake
[INFO] [stderr]                   [1]	/opt/rustwide/cargo-home/registry/src/index.crates.io-6f17d22bba15001f/clingo-sys-0.7.1/clingo/CMakeLists.txt
[INFO] [stderr]   -- Check for working CXX compiler: /usr/bin/c++ - skipped
[INFO] [stderr]      Called from: [2]	/usr/share/cmake-3.22/Modules/CMakeTestCXXCompiler.cmake
[INFO] [stderr]                   [1]	/opt/rustwide/cargo-home/registry/src/index.crates.io-6f17d22bba15001f/clingo-sys-0.7.1/clingo/CMakeLists.txt
[INFO] [stderr]   -- Detecting CXX compile features
[INFO] [stderr]      Called from: [3]	/usr/share/cmake-3.22/Modules/CMakeDetermineCompileFeatures.cmake
[INFO] [stderr]                   [2]	/usr/share/cmake-3.22/Modules/CMakeTestCXXCompiler.cmake
[INFO] [stderr]                   [1]	/opt/rustwide/cargo-home/registry/src/index.crates.io-6f17d22bba15001f/clingo-sys-0.7.1/clingo/CMakeLists.txt
[INFO] [stderr]   -- Detecting CXX compile features - done
[INFO] [stderr]      Called from: [3]	/usr/share/cmake-3.22/Modules/CMakeDetermineCompileFeatures.cmake
[INFO] [stderr]                   [2]	/usr/share/cmake-3.22/Modules/CMakeTestCXXCompiler.cmake
[INFO] [stderr]                   [1]	/opt/rustwide/cargo-home/registry/src/index.crates.io-6f17d22bba15001f/clingo-sys-0.7.1/clingo/CMakeLists.txt
[INFO] [stderr]   -- Found Python: /usr/bin/python3.10 (found suitable version "3.10.12", minimum required is "3.6") found components: Interpreter 
[INFO] [stderr]      Called from: [5]	/usr/share/cmake-3.22/Modules/FindPackageMessage.cmake
[INFO] [stderr]                   [4]	/usr/share/cmake-3.22/Modules/FindPackageHandleStandardArgs.cmake
[INFO] [stderr]                   [3]	/usr/share/cmake-3.22/Modules/FindPython/Support.cmake
[INFO] [stderr]                   [2]	/usr/share/cmake-3.22/Modules/FindPython.cmake
[INFO] [stderr]                   [1]	/opt/rustwide/cargo-home/registry/src/index.crates.io-6f17d22bba15001f/clingo-sys-0.7.1/clingo/CMakeLists.txt
[INFO] [stderr]   -- Found BISON: /usr/bin/bison (found suitable version "3.8.2", minimum required is "2.5") 
[INFO] [stderr]      Called from: [4]	/usr/share/cmake-3.22/Modules/FindPackageMessage.cmake
[INFO] [stderr]                   [3]	/usr/share/cmake-3.22/Modules/FindPackageHandleStandardArgs.cmake
[INFO] [stderr]                   [2]	/usr/share/cmake-3.22/Modules/FindBISON.cmake
[INFO] [stderr]                   [1]	/opt/rustwide/cargo-home/registry/src/index.crates.io-6f17d22bba15001f/clingo-sys-0.7.1/clingo/CMakeLists.txt
[INFO] [stderr]   -- Found RE2C: /usr/bin/re2c (found suitable version "0.300.0", minimum required is "0.13") 
[INFO] [stderr]      Called from: [4]	/usr/share/cmake-3.22/Modules/FindPackageMessage.cmake
[INFO] [stderr]                   [3]	/usr/share/cmake-3.22/Modules/FindPackageHandleStandardArgs.cmake
[INFO] [stderr]                   [2]	/opt/rustwide/cargo-home/registry/src/index.crates.io-6f17d22bba15001f/clingo-sys-0.7.1/clingo/cmake/FindRE2C.cmake
[INFO] [stderr]                   [1]	/opt/rustwide/cargo-home/registry/src/index.crates.io-6f17d22bba15001f/clingo-sys-0.7.1/clingo/CMakeLists.txt
[INFO] [stderr]   -- Looking for pthread.h
[INFO] [stderr]      Called from: [3]	/usr/share/cmake-3.22/Modules/CheckIncludeFile.cmake
[INFO] [stderr]                   [2]	/usr/share/cmake-3.22/Modules/FindThreads.cmake
[INFO] [stderr]                   [1]	/opt/rustwide/cargo-home/registry/src/index.crates.io-6f17d22bba15001f/clingo-sys-0.7.1/clingo/clasp/CMakeLists.txt
[INFO] [stderr]   -- Looking for pthread.h - found
[INFO] [stderr]      Called from: [3]	/usr/share/cmake-3.22/Modules/CheckIncludeFile.cmake
[INFO] [stderr]                   [2]	/usr/share/cmake-3.22/Modules/FindThreads.cmake
[INFO] [stderr]                   [1]	/opt/rustwide/cargo-home/registry/src/index.crates.io-6f17d22bba15001f/clingo-sys-0.7.1/clingo/clasp/CMakeLists.txt
[INFO] [stderr]   -- Performing Test CMAKE_HAVE_LIBC_PTHREAD
[INFO] [stderr]      Called from: [4]	/usr/share/cmake-3.22/Modules/Internal/CheckSourceCompiles.cmake
[INFO] [stderr]                   [3]	/usr/share/cmake-3.22/Modules/CheckCSourceCompiles.cmake
[INFO] [stderr]                   [2]	/usr/share/cmake-3.22/Modules/FindThreads.cmake
[INFO] [stderr]                   [1]	/opt/rustwide/cargo-home/registry/src/index.crates.io-6f17d22bba15001f/clingo-sys-0.7.1/clingo/clasp/CMakeLists.txt
[INFO] [stderr]   -- Performing Test CMAKE_HAVE_LIBC_PTHREAD - Success
[INFO] [stderr]      Called from: [4]	/usr/share/cmake-3.22/Modules/Internal/CheckSourceCompiles.cmake
[INFO] [stderr]                   [3]	/usr/share/cmake-3.22/Modules/CheckCSourceCompiles.cmake
[INFO] [stderr]                   [2]	/usr/share/cmake-3.22/Modules/FindThreads.cmake
[INFO] [stderr]                   [1]	/opt/rustwide/cargo-home/registry/src/index.crates.io-6f17d22bba15001f/clingo-sys-0.7.1/clingo/clasp/CMakeLists.txt
[INFO] [stderr]   -- Found Threads: TRUE  
[INFO] [stderr]      Called from: [4]	/usr/share/cmake-3.22/Modules/FindPackageMessage.cmake
[INFO] [stderr]                   [3]	/usr/share/cmake-3.22/Modules/FindPackageHandleStandardArgs.cmake
[INFO] [stderr]                   [2]	/usr/share/cmake-3.22/Modules/FindThreads.cmake
[INFO] [stderr]                   [1]	/opt/rustwide/cargo-home/registry/src/index.crates.io-6f17d22bba15001f/clingo-sys-0.7.1/clingo/clasp/CMakeLists.txt
[INFO] [stderr]   -- Potassco is not installed - using local copy
[INFO] [stderr]      Called from: [1]	/opt/rustwide/cargo-home/registry/src/index.crates.io-6f17d22bba15001f/clingo-sys-0.7.1/clingo/clasp/CMakeLists.txt
[INFO] [stderr]   -- Could NOT find Doxygen (missing: DOXYGEN_EXECUTABLE) 
[INFO] [stderr]      Called from: [4]	/usr/share/cmake-3.22/Modules/FindPackageHandleStandardArgs.cmake
[INFO] [stderr]                   [3]	/usr/share/cmake-3.22/Modules/FindPackageHandleStandardArgs.cmake
[INFO] [stderr]                   [2]	/usr/share/cmake-3.22/Modules/FindDoxygen.cmake
[INFO] [stderr]                   [1]	/opt/rustwide/cargo-home/registry/src/index.crates.io-6f17d22bba15001f/clingo-sys-0.7.1/clingo/clasp/libpotassco/CMakeLists.txt
[INFO] [stderr]   -- Could NOT find Doxygen (missing: DOXYGEN_EXECUTABLE) 
[INFO] [stderr]      Called from: [4]	/usr/share/cmake-3.22/Modules/FindPackageHandleStandardArgs.cmake
[INFO] [stderr]                   [3]	/usr/share/cmake-3.22/Modules/FindPackageHandleStandardArgs.cmake
[INFO] [stderr]                   [2]	/usr/share/cmake-3.22/Modules/FindDoxygen.cmake
[INFO] [stderr]                   [1]	/opt/rustwide/cargo-home/registry/src/index.crates.io-6f17d22bba15001f/clingo-sys-0.7.1/clingo/clasp/CMakeLists.txt
[INFO] [stderr]   -- Configuring done
[INFO] [stderr]   -- Generating /opt/rustwide/target/debug/build/clingo-sys-ed063343a4cbf635/out/build
[INFO] [stderr]      Called from: [1]	/opt/rustwide/cargo-home/registry/src/index.crates.io-6f17d22bba15001f/clingo-sys-0.7.1/clingo/CMakeLists.txt
[INFO] [stderr]   -- Generating /opt/rustwide/target/debug/build/clingo-sys-ed063343a4cbf635/out/build/clasp
[INFO] [stderr]      Called from: [1]	/opt/rustwide/cargo-home/registry/src/index.crates.io-6f17d22bba15001f/clingo-sys-0.7.1/clingo/clasp/CMakeLists.txt
[INFO] [stderr]   -- Generating /opt/rustwide/target/debug/build/clingo-sys-ed063343a4cbf635/out/build/clasp/libpotassco
[INFO] [stderr]      Called from: [1]	/opt/rustwide/cargo-home/registry/src/index.crates.io-6f17d22bba15001f/clingo-sys-0.7.1/clingo/clasp/libpotassco/CMakeLists.txt
[INFO] [stderr]   -- Generating /opt/rustwide/target/debug/build/clingo-sys-ed063343a4cbf635/out/build/clasp/libpotassco/src
[INFO] [stderr]      Called from: [1]	/opt/rustwide/cargo-home/registry/src/index.crates.io-6f17d22bba15001f/clingo-sys-0.7.1/clingo/clasp/libpotassco/src/CMakeLists.txt
[INFO] [stderr]   -- Generating /opt/rustwide/target/debug/build/clingo-sys-ed063343a4cbf635/out/build/clasp/src
[INFO] [stderr]      Called from: [1]	/opt/rustwide/cargo-home/registry/src/index.crates.io-6f17d22bba15001f/clingo-sys-0.7.1/clingo/clasp/src/CMakeLists.txt
[INFO] [stderr]   -- Generating /opt/rustwide/target/debug/build/clingo-sys-ed063343a4cbf635/out/build/libreify
[INFO] [stderr]      Called from: [1]	/opt/rustwide/cargo-home/registry/src/index.crates.io-6f17d22bba15001f/clingo-sys-0.7.1/clingo/libreify/CMakeLists.txt
[INFO] [stderr]   -- Generating /opt/rustwide/target/debug/build/clingo-sys-ed063343a4cbf635/out/build/libgringo
[INFO] [stderr]      Called from: [1]	/opt/rustwide/cargo-home/registry/src/index.crates.io-6f17d22bba15001f/clingo-sys-0.7.1/clingo/libgringo/CMakeLists.txt
[INFO] [stderr]   -- Generating /opt/rustwide/target/debug/build/clingo-sys-ed063343a4cbf635/out/build/libclingo
[INFO] [stderr]      Called from: [1]	/opt/rustwide/cargo-home/registry/src/index.crates.io-6f17d22bba15001f/clingo-sys-0.7.1/clingo/libclingo/CMakeLists.txt
[INFO] [stderr]   -- Generating done
[INFO] [stderr]   -- Build files have been written to: /opt/rustwide/target/debug/build/clingo-sys-ed063343a4cbf635/out/build
[INFO] [stderr]   running: cd "/opt/rustwide/target/debug/build/clingo-sys-ed063343a4cbf635/out/build" && MAKEFLAGS="-j --jobserver-fds=7,8 --jobserver-auth=7,8" "cmake" "--build" "." "--target" "install" "--config" "Debug"
[INFO] [stderr]   /usr/bin/cmake -S/opt/rustwide/cargo-home/registry/src/index.crates.io-6f17d22bba15001f/clingo-sys-0.7.1/clingo -B/opt/rustwide/target/debug/build/clingo-sys-ed063343a4cbf635/out/build --check-build-system CMakeFiles/Makefile.cmake 0
[INFO] [stderr]   /usr/bin/cmake -E cmake_progress_start /opt/rustwide/target/debug/build/clingo-sys-ed063343a4cbf635/out/build/CMakeFiles /opt/rustwide/target/debug/build/clingo-sys-ed063343a4cbf635/out/build//CMakeFiles/progress.marks
[INFO] [stderr]   /usr/bin/gmake  -f CMakeFiles/Makefile2 all
[INFO] [stderr]   gmake[1]: Entering directory '/opt/rustwide/target/debug/build/clingo-sys-ed063343a4cbf635/out/build'
[INFO] [stderr]   /usr/bin/gmake  -f clasp/libpotassco/src/CMakeFiles/libpotassco.dir/build.make clasp/libpotassco/src/CMakeFiles/libpotassco.dir/depend
[INFO] [stderr]   gmake[2]: Entering directory '/opt/rustwide/target/debug/build/clingo-sys-ed063343a4cbf635/out/build'
[INFO] [stderr]   cd /opt/rustwide/target/debug/build/clingo-sys-ed063343a4cbf635/out/build && /usr/bin/cmake -E cmake_depends "Unix Makefiles" /opt/rustwide/cargo-home/registry/src/index.crates.io-6f17d22bba15001f/clingo-sys-0.7.1/clingo /opt/rustwide/cargo-home/registry/src/index.crates.io-6f17d22bba15001f/clingo-sys-0.7.1/clingo/clasp/libpotassco/src /opt/rustwide/target/debug/build/clingo-sys-ed063343a4cbf635/out/build /opt/rustwide/target/debug/build/clingo-sys-ed063343a4cbf635/out/build/clasp/libpotassco/src /opt/rustwide/target/debug/build/clingo-sys-ed063343a4cbf635/out/build/clasp/libpotassco/src/CMakeFiles/libpotassco.dir/DependInfo.cmake --color=
[INFO] [stderr]   gmake[2]: Leaving directory '/opt/rustwide/target/debug/build/clingo-sys-ed063343a4cbf635/out/build'
[INFO] [stderr]   /usr/bin/gmake  -f clasp/libpotassco/src/CMakeFiles/libpotassco.dir/build.make clasp/libpotassco/src/CMakeFiles/libpotassco.dir/build
[INFO] [stderr]   gmake[2]: Entering directory '/opt/rustwide/target/debug/build/clingo-sys-ed063343a4cbf635/out/build'
[INFO] [stderr]   [  3%] Building CXX object clasp/libpotassco/src/CMakeFiles/libpotassco.dir/convert.cpp.o
[INFO] [stderr]   [  3%] Building CXX object clasp/libpotassco/src/CMakeFiles/libpotassco.dir/program_options.cpp.o
[INFO] [stderr]   [  3%] Building CXX object clasp/libpotassco/src/CMakeFiles/libpotassco.dir/clingo.cpp.o
[INFO] [stderr]   [  5%] Building CXX object clasp/libpotassco/src/CMakeFiles/libpotassco.dir/aspif_text.cpp.o
[INFO] [stderr]   [  5%] Building CXX object clasp/libpotassco/src/CMakeFiles/libpotassco.dir/application.cpp.o
[INFO] [stderr]   [  6%] Building CXX object clasp/libpotassco/src/CMakeFiles/libpotassco.dir/match_basic_types.cpp.o
[INFO] [stderr]   cd /opt/rustwide/target/debug/build/clingo-sys-ed063343a4cbf635/out/build/clasp/libpotassco/src && /usr/bin/c++  -I/opt/rustwide/cargo-home/registry/src/index.crates.io-6f17d22bba15001f/clingo-sys-0.7.1/clingo/clasp/libpotassco -ffunction-sections -fdata-sections -fPIC -m64 -g -std=gnu++11 -MD -MT clasp/libpotassco/src/CMakeFiles/libpotassco.dir/convert.cpp.o -MF CMakeFiles/libpotassco.dir/convert.cpp.o.d -o CMakeFiles/libpotassco.dir/convert.cpp.o -c /opt/rustwide/cargo-home/registry/src/index.crates.io-6f17d22bba15001f/clingo-sys-0.7.1/clingo/clasp/libpotassco/src/convert.cpp
[INFO] [stderr]   [  7%] Building CXX object clasp/libpotassco/src/CMakeFiles/libpotassco.dir/rule_utils.cpp.o
[INFO] [stderr]   cd /opt/rustwide/target/debug/build/clingo-sys-ed063343a4cbf635/out/build/clasp/libpotassco/src && /usr/bin/c++  -I/opt/rustwide/cargo-home/registry/src/index.crates.io-6f17d22bba15001f/clingo-sys-0.7.1/clingo/clasp/libpotassco -ffunction-sections -fdata-sections -fPIC -m64 -g -std=gnu++11 -MD -MT clasp/libpotassco/src/CMakeFiles/libpotassco.dir/clingo.cpp.o -MF CMakeFiles/libpotassco.dir/clingo.cpp.o.d -o CMakeFiles/libpotassco.dir/clingo.cpp.o -c /opt/rustwide/cargo-home/registry/src/index.crates.io-6f17d22bba15001f/clingo-sys-0.7.1/clingo/clasp/libpotassco/src/clingo.cpp
[INFO] [stderr]   [  8%] Building CXX object clasp/libpotassco/src/CMakeFiles/libpotassco.dir/aspif.cpp.o
[INFO] [stderr]   cd /opt/rustwide/target/debug/build/clingo-sys-ed063343a4cbf635/out/build/clasp/libpotassco/src && /usr/bin/c++  -I/opt/rustwide/cargo-home/registry/src/index.crates.io-6f17d22bba15001f/clingo-sys-0.7.1/clingo/clasp/libpotassco -ffunction-sections -fdata-sections -fPIC -m64 -g -std=gnu++11 -MD -MT clasp/libpotassco/src/CMakeFiles/libpotassco.dir/program_options.cpp.o -MF CMakeFiles/libpotassco.dir/program_options.cpp.o.d -o CMakeFiles/libpotassco.dir/program_options.cpp.o -c /opt/rustwide/cargo-home/registry/src/index.crates.io-6f17d22bba15001f/clingo-sys-0.7.1/clingo/clasp/libpotassco/src/program_options.cpp
[INFO] [stderr]   cd /opt/rustwide/target/debug/build/clingo-sys-ed063343a4cbf635/out/build/clasp/libpotassco/src && /usr/bin/c++  -I/opt/rustwide/cargo-home/registry/src/index.crates.io-6f17d22bba15001f/clingo-sys-0.7.1/clingo/clasp/libpotassco -ffunction-sections -fdata-sections -fPIC -m64 -g -std=gnu++11 -MD -MT clasp/libpotassco/src/CMakeFiles/libpotassco.dir/application.cpp.o -MF CMakeFiles/libpotassco.dir/application.cpp.o.d -o CMakeFiles/libpotassco.dir/application.cpp.o -c /opt/rustwide/cargo-home/registry/src/index.crates.io-6f17d22bba15001f/clingo-sys-0.7.1/clingo/clasp/libpotassco/src/application.cpp
[INFO] [stderr]   cd /opt/rustwide/target/debug/build/clingo-sys-ed063343a4cbf635/out/build/clasp/libpotassco/src && /usr/bin/c++  -I/opt/rustwide/cargo-home/registry/src/index.crates.io-6f17d22bba15001f/clingo-sys-0.7.1/clingo/clasp/libpotassco -ffunction-sections -fdata-sections -fPIC -m64 -g -std=gnu++11 -MD -MT clasp/libpotassco/src/CMakeFiles/libpotassco.dir/aspif_text.cpp.o -MF CMakeFiles/libpotassco.dir/aspif_text.cpp.o.d -o CMakeFiles/libpotassco.dir/aspif_text.cpp.o -c /opt/rustwide/cargo-home/registry/src/index.crates.io-6f17d22bba15001f/clingo-sys-0.7.1/clingo/clasp/libpotassco/src/aspif_text.cpp
[INFO] [stderr]   cd /opt/rustwide/target/debug/build/clingo-sys-ed063343a4cbf635/out/build/clasp/libpotassco/src && /usr/bin/c++  -I/opt/rustwide/cargo-home/registry/src/index.crates.io-6f17d22bba15001f/clingo-sys-0.7.1/clingo/clasp/libpotassco -ffunction-sections -fdata-sections -fPIC -m64 -g -std=gnu++11 -MD -MT clasp/libpotassco/src/CMakeFiles/libpotassco.dir/match_basic_types.cpp.o -MF CMakeFiles/libpotassco.dir/match_basic_types.cpp.o.d -o CMakeFiles/libpotassco.dir/match_basic_types.cpp.o -c /opt/rustwide/cargo-home/registry/src/index.crates.io-6f17d22bba15001f/clingo-sys-0.7.1/clingo/clasp/libpotassco/src/match_basic_types.cpp
[INFO] [stderr]   [ 10%] Building CXX object clasp/libpotassco/src/CMakeFiles/libpotassco.dir/smodels.cpp.o
[INFO] [stderr]   cd /opt/rustwide/target/debug/build/clingo-sys-ed063343a4cbf635/out/build/clasp/libpotassco/src && /usr/bin/c++  -I/opt/rustwide/cargo-home/registry/src/index.crates.io-6f17d22bba15001f/clingo-sys-0.7.1/clingo/clasp/libpotassco -ffunction-sections -fdata-sections -fPIC -m64 -g -std=gnu++11 -MD -MT clasp/libpotassco/src/CMakeFiles/libpotassco.dir/rule_utils.cpp.o -MF CMakeFiles/libpotassco.dir/rule_utils.cpp.o.d -o CMakeFiles/libpotassco.dir/rule_utils.cpp.o -c /opt/rustwide/cargo-home/registry/src/index.crates.io-6f17d22bba15001f/clingo-sys-0.7.1/clingo/clasp/libpotassco/src/rule_utils.cpp
[INFO] [stderr]   [ 11%] Building CXX object clasp/libpotassco/src/CMakeFiles/libpotassco.dir/string_convert.cpp.o
[INFO] [stderr]   cd /opt/rustwide/target/debug/build/clingo-sys-ed063343a4cbf635/out/build/clasp/libpotassco/src && /usr/bin/c++  -I/opt/rustwide/cargo-home/registry/src/index.crates.io-6f17d22bba15001f/clingo-sys-0.7.1/clingo/clasp/libpotassco -ffunction-sections -fdata-sections -fPIC -m64 -g -std=gnu++11 -MD -MT clasp/libpotassco/src/CMakeFiles/libpotassco.dir/aspif.cpp.o -MF CMakeFiles/libpotassco.dir/aspif.cpp.o.d -o CMakeFiles/libpotassco.dir/aspif.cpp.o -c /opt/rustwide/cargo-home/registry/src/index.crates.io-6f17d22bba15001f/clingo-sys-0.7.1/clingo/clasp/libpotassco/src/aspif.cpp
[INFO] [stderr]   [ 12%] Building CXX object clasp/libpotassco/src/CMakeFiles/libpotassco.dir/value_store.cpp.o
[INFO] [stderr]   cd /opt/rustwide/target/debug/build/clingo-sys-ed063343a4cbf635/out/build/clasp/libpotassco/src && /usr/bin/c++  -I/opt/rustwide/cargo-home/registry/src/index.crates.io-6f17d22bba15001f/clingo-sys-0.7.1/clingo/clasp/libpotassco -ffunction-sections -fdata-sections -fPIC -m64 -g -std=gnu++11 -MD -MT clasp/libpotassco/src/CMakeFiles/libpotassco.dir/smodels.cpp.o -MF CMakeFiles/libpotassco.dir/smodels.cpp.o.d -o CMakeFiles/libpotassco.dir/smodels.cpp.o -c /opt/rustwide/cargo-home/registry/src/index.crates.io-6f17d22bba15001f/clingo-sys-0.7.1/clingo/clasp/libpotassco/src/smodels.cpp
[INFO] [stderr]   [ 13%] Building CXX object clasp/libpotassco/src/CMakeFiles/libpotassco.dir/theory_data.cpp.o
[INFO] [stderr]   cd /opt/rustwide/target/debug/build/clingo-sys-ed063343a4cbf635/out/build/clasp/libpotassco/src && /usr/bin/c++  -I/opt/rustwide/cargo-home/registry/src/index.crates.io-6f17d22bba15001f/clingo-sys-0.7.1/clingo/clasp/libpotassco -ffunction-sections -fdata-sections -fPIC -m64 -g -std=gnu++11 -MD -MT clasp/libpotassco/src/CMakeFiles/libpotassco.dir/string_convert.cpp.o -MF CMakeFiles/libpotassco.dir/string_convert.cpp.o.d -o CMakeFiles/libpotassco.dir/string_convert.cpp.o -c /opt/rustwide/cargo-home/registry/src/index.crates.io-6f17d22bba15001f/clingo-sys-0.7.1/clingo/clasp/libpotassco/src/string_convert.cpp
[INFO] [stderr]   cd /opt/rustwide/target/debug/build/clingo-sys-ed063343a4cbf635/out/build/clasp/libpotassco/src && /usr/bin/c++  -I/opt/rustwide/cargo-home/registry/src/index.crates.io-6f17d22bba15001f/clingo-sys-0.7.1/clingo/clasp/libpotassco -ffunction-sections -fdata-sections -fPIC -m64 -g -std=gnu++11 -MD -MT clasp/libpotassco/src/CMakeFiles/libpotassco.dir/value_store.cpp.o -MF CMakeFiles/libpotassco.dir/value_store.cpp.o.d -o CMakeFiles/libpotassco.dir/value_store.cpp.o -c /opt/rustwide/cargo-home/registry/src/index.crates.io-6f17d22bba15001f/clingo-sys-0.7.1/clingo/clasp/libpotassco/src/value_store.cpp
[INFO] [stderr]   cd /opt/rustwide/target/debug/build/clingo-sys-ed063343a4cbf635/out/build/clasp/libpotassco/src && /usr/bin/c++  -I/opt/rustwide/cargo-home/registry/src/index.crates.io-6f17d22bba15001f/clingo-sys-0.7.1/clingo/clasp/libpotassco -ffunction-sections -fdata-sections -fPIC -m64 -g -std=gnu++11 -MD -MT clasp/libpotassco/src/CMakeFiles/libpotassco.dir/theory_data.cpp.o -MF CMakeFiles/libpotassco.dir/theory_data.cpp.o.d -o CMakeFiles/libpotassco.dir/theory_data.cpp.o -c /opt/rustwide/cargo-home/registry/src/index.crates.io-6f17d22bba15001f/clingo-sys-0.7.1/clingo/clasp/libpotassco/src/theory_data.cpp
[INFO] [stderr]   [ 14%] Linking CXX static library ../../../lib/libpotassco.a
[INFO] [stderr]   cd /opt/rustwide/target/debug/build/clingo-sys-ed063343a4cbf635/out/build/clasp/libpotassco/src && /usr/bin/cmake -P CMakeFiles/libpotassco.dir/cmake_clean_target.cmake
[INFO] [stderr]   cd /opt/rustwide/target/debug/build/clingo-sys-ed063343a4cbf635/out/build/clasp/libpotassco/src && /usr/bin/cmake -E cmake_link_script CMakeFiles/libpotassco.dir/link.txt --verbose=1
[INFO] [stderr]   /usr/bin/ar qc ../../../lib/libpotassco.a CMakeFiles/libpotassco.dir/application.cpp.o CMakeFiles/libpotassco.dir/aspif.cpp.o CMakeFiles/libpotassco.dir/aspif_text.cpp.o CMakeFiles/libpotassco.dir/clingo.cpp.o CMakeFiles/libpotassco.dir/convert.cpp.o CMakeFiles/libpotassco.dir/match_basic_types.cpp.o CMakeFiles/libpotassco.dir/program_options.cpp.o CMakeFiles/libpotassco.dir/rule_utils.cpp.o CMakeFiles/libpotassco.dir/smodels.cpp.o CMakeFiles/libpotassco.dir/string_convert.cpp.o CMakeFiles/libpotassco.dir/theory_data.cpp.o CMakeFiles/libpotassco.dir/value_store.cpp.o
[INFO] [stderr]   /usr/bin/ranlib ../../../lib/libpotassco.a
[INFO] [stderr]   gmake[2]: Leaving directory '/opt/rustwide/target/debug/build/clingo-sys-ed063343a4cbf635/out/build'
[INFO] [stderr]   [ 14%] Built target libpotassco
[INFO] [stderr]   /usr/bin/gmake  -f clasp/src/CMakeFiles/libclasp.dir/build.make clasp/src/CMakeFiles/libclasp.dir/depend
[INFO] [stderr]   /usr/bin/gmake  -f libreify/CMakeFiles/libreify.dir/build.make libreify/CMakeFiles/libreify.dir/depend
[INFO] [stderr]   gmake[2]: Entering directory '/opt/rustwide/target/debug/build/clingo-sys-ed063343a4cbf635/out/build'
[INFO] [stderr]   cd /opt/rustwide/target/debug/build/clingo-sys-ed063343a4cbf635/out/build && /usr/bin/cmake -E cmake_depends "Unix Makefiles" /opt/rustwide/cargo-home/registry/src/index.crates.io-6f17d22bba15001f/clingo-sys-0.7.1/clingo /opt/rustwide/cargo-home/registry/src/index.crates.io-6f17d22bba15001f/clingo-sys-0.7.1/clingo/libreify /opt/rustwide/target/debug/build/clingo-sys-ed063343a4cbf635/out/build /opt/rustwide/target/debug/build/clingo-sys-ed063343a4cbf635/out/build/libreify /opt/rustwide/target/debug/build/clingo-sys-ed063343a4cbf635/out/build/libreify/CMakeFiles/libreify.dir/DependInfo.cmake --color=
[INFO] [stderr]   gmake[2]: Entering directory '/opt/rustwide/target/debug/build/clingo-sys-ed063343a4cbf635/out/build'
[INFO] [stderr]   cd /opt/rustwide/target/debug/build/clingo-sys-ed063343a4cbf635/out/build && /usr/bin/cmake -E cmake_depends "Unix Makefiles" /opt/rustwide/cargo-home/registry/src/index.crates.io-6f17d22bba15001f/clingo-sys-0.7.1/clingo /opt/rustwide/cargo-home/registry/src/index.crates.io-6f17d22bba15001f/clingo-sys-0.7.1/clingo/clasp/src /opt/rustwide/target/debug/build/clingo-sys-ed063343a4cbf635/out/build /opt/rustwide/target/debug/build/clingo-sys-ed063343a4cbf635/out/build/clasp/src /opt/rustwide/target/debug/build/clingo-sys-ed063343a4cbf635/out/build/clasp/src/CMakeFiles/libclasp.dir/DependInfo.cmake --color=
[INFO] [stderr]   gmake[2]: Leaving directory '/opt/rustwide/target/debug/build/clingo-sys-ed063343a4cbf635/out/build'
[INFO] [stderr]   /usr/bin/gmake  -f libreify/CMakeFiles/libreify.dir/build.make libreify/CMakeFiles/libreify.dir/build
[INFO] [stderr]   gmake[2]: Leaving directory '/opt/rustwide/target/debug/build/clingo-sys-ed063343a4cbf635/out/build'
[INFO] [stderr]   /usr/bin/gmake  -f clasp/src/CMakeFiles/libclasp.dir/build.make clasp/src/CMakeFiles/libclasp.dir/build
[INFO] [stderr]   gmake[2]: Entering directory '/opt/rustwide/target/debug/build/clingo-sys-ed063343a4cbf635/out/build'
[INFO] [stderr]   gmake[2]: Entering directory '/opt/rustwide/target/debug/build/clingo-sys-ed063343a4cbf635/out/build'
[INFO] [stderr]   [ 15%] Building CXX object clasp/src/CMakeFiles/libclasp.dir/asp_preprocessor.cpp.o
[INFO] [stderr]   [ 16%] Building CXX object clasp/src/CMakeFiles/libclasp.dir/clasp_facade.cpp.o
[INFO] [stderr]   [ 18%] Building CXX object clasp/src/CMakeFiles/libclasp.dir/clasp_output.cpp.o
[INFO] [stderr]   [ 22%] Building CXX object clasp/src/CMakeFiles/libclasp.dir/clasp_options.cpp.o
[INFO] [stderr]   [ 22%] Building CXX object clasp/src/CMakeFiles/libclasp.dir/cb_enumerator.cpp.o
[INFO] [stderr]   [ 22%] Building CXX object libreify/CMakeFiles/libreify.dir/src/program.cc.o
[INFO] [stderr]   [ 22%] Building CXX object clasp/src/CMakeFiles/libclasp.dir/clause.cpp.o
[INFO] [stderr]   [ 23%] Building CXX object clasp/src/CMakeFiles/libclasp.dir/clingo.cpp.o
[INFO] [stderr]   cd /opt/rustwide/target/debug/build/clingo-sys-ed063343a4cbf635/out/build/clasp/src && /usr/bin/c++  -I/opt/rustwide/cargo-home/registry/src/index.crates.io-6f17d22bba15001f/clingo-sys-0.7.1/clingo/clasp -I/opt/rustwide/target/debug/build/clingo-sys-ed063343a4cbf635/out/build/clasp -I/opt/rustwide/cargo-home/registry/src/index.crates.io-6f17d22bba15001f/clingo-sys-0.7.1/clingo/clasp/libpotassco -ffunction-sections -fdata-sections -fPIC -m64 -g -std=gnu++11 -MD -MT clasp/src/CMakeFiles/libclasp.dir/asp_preprocessor.cpp.o -MF CMakeFiles/libclasp.dir/asp_preprocessor.cpp.o.d -o CMakeFiles/libclasp.dir/asp_preprocessor.cpp.o -c /opt/rustwide/cargo-home/registry/src/index.crates.io-6f17d22bba15001f/clingo-sys-0.7.1/clingo/clasp/src/asp_preprocessor.cpp
[INFO] [stderr]   [ 24%] Building CXX object clasp/src/CMakeFiles/libclasp.dir/constraint.cpp.o
[INFO] [stderr]   cd /opt/rustwide/target/debug/build/clingo-sys-ed063343a4cbf635/out/build/clasp/src && /usr/bin/c++  -I/opt/rustwide/cargo-home/registry/src/index.crates.io-6f17d22bba15001f/clingo-sys-0.7.1/clingo/clasp -I/opt/rustwide/target/debug/build/clingo-sys-ed063343a4cbf635/out/build/clasp -I/opt/rustwide/cargo-home/registry/src/index.crates.io-6f17d22bba15001f/clingo-sys-0.7.1/clingo/clasp/libpotassco -ffunction-sections -fdata-sections -fPIC -m64 -g -std=gnu++11 -MD -MT clasp/src/CMakeFiles/libclasp.dir/clasp_facade.cpp.o -MF CMakeFiles/libclasp.dir/clasp_facade.cpp.o.d -o CMakeFiles/libclasp.dir/clasp_facade.cpp.o -c /opt/rustwide/cargo-home/registry/src/index.crates.io-6f17d22bba15001f/clingo-sys-0.7.1/clingo/clasp/src/clasp_facade.cpp
[INFO] [stderr]   cd /opt/rustwide/target/debug/build/clingo-sys-ed063343a4cbf635/out/build/clasp/src && /usr/bin/c++  -I/opt/rustwide/cargo-home/registry/src/index.crates.io-6f17d22bba15001f/clingo-sys-0.7.1/clingo/clasp -I/opt/rustwide/target/debug/build/clingo-sys-ed063343a4cbf635/out/build/clasp -I/opt/rustwide/cargo-home/registry/src/index.crates.io-6f17d22bba15001f/clingo-sys-0.7.1/clingo/clasp/libpotassco -ffunction-sections -fdata-sections -fPIC -m64 -g -std=gnu++11 -MD -MT clasp/src/CMakeFiles/libclasp.dir/clasp_output.cpp.o -MF CMakeFiles/libclasp.dir/clasp_output.cpp.o.d -o CMakeFiles/libclasp.dir/clasp_output.cpp.o -c /opt/rustwide/cargo-home/registry/src/index.crates.io-6f17d22bba15001f/clingo-sys-0.7.1/clingo/clasp/src/clasp_output.cpp
[INFO] [stderr]   [ 25%] Building CXX object clasp/src/CMakeFiles/libclasp.dir/dependency_graph.cpp.o
[INFO] [stderr]   cd /opt/rustwide/target/debug/build/clingo-sys-ed063343a4cbf635/out/build/clasp/src && /usr/bin/c++  -I/opt/rustwide/cargo-home/registry/src/index.crates.io-6f17d22bba15001f/clingo-sys-0.7.1/clingo/clasp -I/opt/rustwide/target/debug/build/clingo-sys-ed063343a4cbf635/out/build/clasp -I/opt/rustwide/cargo-home/registry/src/index.crates.io-6f17d22bba15001f/clingo-sys-0.7.1/clingo/clasp/libpotassco -ffunction-sections -fdata-sections -fPIC -m64 -g -std=gnu++11 -MD -MT clasp/src/CMakeFiles/libclasp.dir/clasp_options.cpp.o -MF CMakeFiles/libclasp.dir/clasp_options.cpp.o.d -o CMakeFiles/libclasp.dir/clasp_options.cpp.o -c /opt/rustwide/cargo-home/registry/src/index.crates.io-6f17d22bba15001f/clingo-sys-0.7.1/clingo/clasp/src/clasp_options.cpp
[INFO] [stderr]   cd /opt/rustwide/target/debug/build/clingo-sys-ed063343a4cbf635/out/build/libreify && /usr/bin/c++  -I/opt/rustwide/cargo-home/registry/src/index.crates.io-6f17d22bba15001f/clingo-sys-0.7.1/clingo/libreify -I/opt/rustwide/cargo-home/registry/src/index.crates.io-6f17d22bba15001f/clingo-sys-0.7.1/clingo/libgringo -I/opt/rustwide/cargo-home/registry/src/index.crates.io-6f17d22bba15001f/clingo-sys-0.7.1/clingo/clasp/libpotassco -ffunction-sections -fdata-sections -fPIC -m64 -g -std=c++14 -MD -MT libreify/CMakeFiles/libreify.dir/src/program.cc.o -MF CMakeFiles/libreify.dir/src/program.cc.o.d -o CMakeFiles/libreify.dir/src/program.cc.o -c /opt/rustwide/cargo-home/registry/src/index.crates.io-6f17d22bba15001f/clingo-sys-0.7.1/clingo/libreify/src/program.cc
[INFO] [stderr]   cd /opt/rustwide/target/debug/build/clingo-sys-ed063343a4cbf635/out/build/clasp/src && /usr/bin/c++  -I/opt/rustwide/cargo-home/registry/src/index.crates.io-6f17d22bba15001f/clingo-sys-0.7.1/clingo/clasp -I/opt/rustwide/target/debug/build/clingo-sys-ed063343a4cbf635/out/build/clasp -I/opt/rustwide/cargo-home/registry/src/index.crates.io-6f17d22bba15001f/clingo-sys-0.7.1/clingo/clasp/libpotassco -ffunction-sections -fdata-sections -fPIC -m64 -g -std=gnu++11 -MD -MT clasp/src/CMakeFiles/libclasp.dir/cb_enumerator.cpp.o -MF CMakeFiles/libclasp.dir/cb_enumerator.cpp.o.d -o CMakeFiles/libclasp.dir/cb_enumerator.cpp.o -c /opt/rustwide/cargo-home/registry/src/index.crates.io-6f17d22bba15001f/clingo-sys-0.7.1/clingo/clasp/src/cb_enumerator.cpp
[INFO] [stderr]   [ 26%] Building CXX object clasp/src/CMakeFiles/libclasp.dir/enumerator.cpp.o
[INFO] [stderr]   cd /opt/rustwide/target/debug/build/clingo-sys-ed063343a4cbf635/out/build/clasp/src && /usr/bin/c++  -I/opt/rustwide/cargo-home/registry/src/index.crates.io-6f17d22bba15001f/clingo-sys-0.7.1/clingo/clasp -I/opt/rustwide/target/debug/build/clingo-sys-ed063343a4cbf635/out/build/clasp -I/opt/rustwide/cargo-home/registry/src/index.crates.io-6f17d22bba15001f/clingo-sys-0.7.1/clingo/clasp/libpotassco -ffunction-sections -fdata-sections -fPIC -m64 -g -std=gnu++11 -MD -MT clasp/src/CMakeFiles/libclasp.dir/clause.cpp.o -MF CMakeFiles/libclasp.dir/clause.cpp.o.d -o CMakeFiles/libclasp.dir/clause.cpp.o -c /opt/rustwide/cargo-home/registry/src/index.crates.io-6f17d22bba15001f/clingo-sys-0.7.1/clingo/clasp/src/clause.cpp
[INFO] [stderr]   cd /opt/rustwide/target/debug/build/clingo-sys-ed063343a4cbf635/out/build/clasp/src && /usr/bin/c++  -I/opt/rustwide/cargo-home/registry/src/index.crates.io-6f17d22bba15001f/clingo-sys-0.7.1/clingo/clasp -I/opt/rustwide/target/debug/build/clingo-sys-ed063343a4cbf635/out/build/clasp -I/opt/rustwide/cargo-home/registry/src/index.crates.io-6f17d22bba15001f/clingo-sys-0.7.1/clingo/clasp/libpotassco -ffunction-sections -fdata-sections -fPIC -m64 -g -std=gnu++11 -MD -MT clasp/src/CMakeFiles/libclasp.dir/clingo.cpp.o -MF CMakeFiles/libclasp.dir/clingo.cpp.o.d -o CMakeFiles/libclasp.dir/clingo.cpp.o -c /opt/rustwide/cargo-home/registry/src/index.crates.io-6f17d22bba15001f/clingo-sys-0.7.1/clingo/clasp/src/clingo.cpp
[INFO] [stderr]   [ 27%] Building CXX object clasp/src/CMakeFiles/libclasp.dir/heuristics.cpp.o
[INFO] [stderr]   [ 28%] Building CXX object clasp/src/CMakeFiles/libclasp.dir/logic_program.cpp.o
[INFO] [stderr]   cd /opt/rustwide/target/debug/build/clingo-sys-ed063343a4cbf635/out/build/clasp/src && /usr/bin/c++  -I/opt/rustwide/cargo-home/registry/src/index.crates.io-6f17d22bba15001f/clingo-sys-0.7.1/clingo/clasp -I/opt/rustwide/target/debug/build/clingo-sys-ed063343a4cbf635/out/build/clasp -I/opt/rustwide/cargo-home/registry/src/index.crates.io-6f17d22bba15001f/clingo-sys-0.7.1/clingo/clasp/libpotassco -ffunction-sections -fdata-sections -fPIC -m64 -g -std=gnu++11 -MD -MT clasp/src/CMakeFiles/libclasp.dir/constraint.cpp.o -MF CMakeFiles/libclasp.dir/constraint.cpp.o.d -o CMakeFiles/libclasp.dir/constraint.cpp.o -c /opt/rustwide/cargo-home/registry/src/index.crates.io-6f17d22bba15001f/clingo-sys-0.7.1/clingo/clasp/src/constraint.cpp
[INFO] [stderr]   cd /opt/rustwide/target/debug/build/clingo-sys-ed063343a4cbf635/out/build/clasp/src && /usr/bin/c++  -I/opt/rustwide/cargo-home/registry/src/index.crates.io-6f17d22bba15001f/clingo-sys-0.7.1/clingo/clasp -I/opt/rustwide/target/debug/build/clingo-sys-ed063343a4cbf635/out/build/clasp -I/opt/rustwide/cargo-home/registry/src/index.crates.io-6f17d22bba15001f/clingo-sys-0.7.1/clingo/clasp/libpotassco -ffunction-sections -fdata-sections -fPIC -m64 -g -std=gnu++11 -MD -MT clasp/src/CMakeFiles/libclasp.dir/dependency_graph.cpp.o -MF CMakeFiles/libclasp.dir/dependency_graph.cpp.o.d -o CMakeFiles/libclasp.dir/dependency_graph.cpp.o -c /opt/rustwide/cargo-home/registry/src/index.crates.io-6f17d22bba15001f/clingo-sys-0.7.1/clingo/clasp/src/dependency_graph.cpp
[INFO] [stderr]   [ 31%] Building CXX object clasp/src/CMakeFiles/libclasp.dir/lookahead.cpp.o
[INFO] [stderr]   [ 31%] Building CXX object clasp/src/CMakeFiles/libclasp.dir/logic_program_types.cpp.o
[INFO] [stderr]   [ 32%] Building CXX object clasp/src/CMakeFiles/libclasp.dir/minimize_constraint.cpp.o
[INFO] [stderr]   cd /opt/rustwide/target/debug/build/clingo-sys-ed063343a4cbf635/out/build/clasp/src && /usr/bin/c++  -I/opt/rustwide/cargo-home/registry/src/index.crates.io-6f17d22bba15001f/clingo-sys-0.7.1/clingo/clasp -I/opt/rustwide/target/debug/build/clingo-sys-ed063343a4cbf635/out/build/clasp -I/opt/rustwide/cargo-home/registry/src/index.crates.io-6f17d22bba15001f/clingo-sys-0.7.1/clingo/clasp/libpotassco -ffunction-sections -fdata-sections -fPIC -m64 -g -std=gnu++11 -MD -MT clasp/src/CMakeFiles/libclasp.dir/enumerator.cpp.o -MF CMakeFiles/libclasp.dir/enumerator.cpp.o.d -o CMakeFiles/libclasp.dir/enumerator.cpp.o -c /opt/rustwide/cargo-home/registry/src/index.crates.io-6f17d22bba15001f/clingo-sys-0.7.1/clingo/clasp/src/enumerator.cpp
[INFO] [stderr]   cd /opt/rustwide/target/debug/build/clingo-sys-ed063343a4cbf635/out/build/clasp/src && /usr/bin/c++  -I/opt/rustwide/cargo-home/registry/src/index.crates.io-6f17d22bba15001f/clingo-sys-0.7.1/clingo/clasp -I/opt/rustwide/target/debug/build/clingo-sys-ed063343a4cbf635/out/build/clasp -I/opt/rustwide/cargo-home/registry/src/index.crates.io-6f17d22bba15001f/clingo-sys-0.7.1/clingo/clasp/libpotassco -ffunction-sections -fdata-sections -fPIC -m64 -g -std=gnu++11 -MD -MT clasp/src/CMakeFiles/libclasp.dir/heuristics.cpp.o -MF CMakeFiles/libclasp.dir/heuristics.cpp.o.d -o CMakeFiles/libclasp.dir/heuristics.cpp.o -c /opt/rustwide/cargo-home/registry/src/index.crates.io-6f17d22bba15001f/clingo-sys-0.7.1/clingo/clasp/src/heuristics.cpp
[INFO] [stderr]   cd /opt/rustwide/target/debug/build/clingo-sys-ed063343a4cbf635/out/build/clasp/src && /usr/bin/c++  -I/opt/rustwide/cargo-home/registry/src/index.crates.io-6f17d22bba15001f/clingo-sys-0.7.1/clingo/clasp -I/opt/rustwide/target/debug/build/clingo-sys-ed063343a4cbf635/out/build/clasp -I/opt/rustwide/cargo-home/registry/src/index.crates.io-6f17d22bba15001f/clingo-sys-0.7.1/clingo/clasp/libpotassco -ffunction-sections -fdata-sections -fPIC -m64 -g -std=gnu++11 -MD -MT clasp/src/CMakeFiles/libclasp.dir/logic_program.cpp.o -MF CMakeFiles/libclasp.dir/logic_program.cpp.o.d -o CMakeFiles/libclasp.dir/logic_program.cpp.o -c /opt/rustwide/cargo-home/registry/src/index.crates.io-6f17d22bba15001f/clingo-sys-0.7.1/clingo/clasp/src/logic_program.cpp
[INFO] [stderr]   cd /opt/rustwide/target/debug/build/clingo-sys-ed063343a4cbf635/out/build/clasp/src && /usr/bin/c++  -I/opt/rustwide/cargo-home/registry/src/index.crates.io-6f17d22bba15001f/clingo-sys-0.7.1/clingo/clasp -I/opt/rustwide/target/debug/build/clingo-sys-ed063343a4cbf635/out/build/clasp -I/opt/rustwide/cargo-home/registry/src/index.crates.io-6f17d22bba15001f/clingo-sys-0.7.1/clingo/clasp/libpotassco -ffunction-sections -fdata-sections -fPIC -m64 -g -std=gnu++11 -MD -MT clasp/src/CMakeFiles/libclasp.dir/lookahead.cpp.o -MF CMakeFiles/libclasp.dir/lookahead.cpp.o.d -o CMakeFiles/libclasp.dir/lookahead.cpp.o -c /opt/rustwide/cargo-home/registry/src/index.crates.io-6f17d22bba15001f/clingo-sys-0.7.1/clingo/clasp/src/lookahead.cpp
[INFO] [stderr]   cd /opt/rustwide/target/debug/build/clingo-sys-ed063343a4cbf635/out/build/clasp/src && /usr/bin/c++  -I/opt/rustwide/cargo-home/registry/src/index.crates.io-6f17d22bba15001f/clingo-sys-0.7.1/clingo/clasp -I/opt/rustwide/target/debug/build/clingo-sys-ed063343a4cbf635/out/build/clasp -I/opt/rustwide/cargo-home/registry/src/index.crates.io-6f17d22bba15001f/clingo-sys-0.7.1/clingo/clasp/libpotassco -ffunction-sections -fdata-sections -fPIC -m64 -g -std=gnu++11 -MD -MT clasp/src/CMakeFiles/libclasp.dir/logic_program_types.cpp.o -MF CMakeFiles/libclasp.dir/logic_program_types.cpp.o.d -o CMakeFiles/libclasp.dir/logic_program_types.cpp.o -c /opt/rustwide/cargo-home/registry/src/index.crates.io-6f17d22bba15001f/clingo-sys-0.7.1/clingo/clasp/src/logic_program_types.cpp
[INFO] [stderr]   cd /opt/rustwide/target/debug/build/clingo-sys-ed063343a4cbf635/out/build/clasp/src && /usr/bin/c++  -I/opt/rustwide/cargo-home/registry/src/index.crates.io-6f17d22bba15001f/clingo-sys-0.7.1/clingo/clasp -I/opt/rustwide/target/debug/build/clingo-sys-ed063343a4cbf635/out/build/clasp -I/opt/rustwide/cargo-home/registry/src/index.crates.io-6f17d22bba15001f/clingo-sys-0.7.1/clingo/clasp/libpotassco -ffunction-sections -fdata-sections -fPIC -m64 -g -std=gnu++11 -MD -MT clasp/src/CMakeFiles/libclasp.dir/minimize_constraint.cpp.o -MF CMakeFiles/libclasp.dir/minimize_constraint.cpp.o.d -o CMakeFiles/libclasp.dir/minimize_constraint.cpp.o -c /opt/rustwide/cargo-home/registry/src/index.crates.io-6f17d22bba15001f/clingo-sys-0.7.1/clingo/clasp/src/minimize_constraint.cpp
[INFO] [stderr]   [ 33%] Building CXX object clasp/src/CMakeFiles/libclasp.dir/model_enumerators.cpp.o
[INFO] [stderr]   cd /opt/rustwide/target/debug/build/clingo-sys-ed063343a4cbf635/out/build/clasp/src && /usr/bin/c++  -I/opt/rustwide/cargo-home/registry/src/index.crates.io-6f17d22bba15001f/clingo-sys-0.7.1/clingo/clasp -I/opt/rustwide/target/debug/build/clingo-sys-ed063343a4cbf635/out/build/clasp -I/opt/rustwide/cargo-home/registry/src/index.crates.io-6f17d22bba15001f/clingo-sys-0.7.1/clingo/clasp/libpotassco -ffunction-sections -fdata-sections -fPIC -m64 -g -std=gnu++11 -MD -MT clasp/src/CMakeFiles/libclasp.dir/model_enumerators.cpp.o -MF CMakeFiles/libclasp.dir/model_enumerators.cpp.o.d -o CMakeFiles/libclasp.dir/model_enumerators.cpp.o -c /opt/rustwide/cargo-home/registry/src/index.crates.io-6f17d22bba15001f/clingo-sys-0.7.1/clingo/clasp/src/model_enumerators.cpp
[INFO] [stderr]   [ 34%] Linking CXX static library ../lib/libreify.a
[INFO] [stderr]   cd /opt/rustwide/target/debug/build/clingo-sys-ed063343a4cbf635/out/build/libreify && /usr/bin/cmake -P CMakeFiles/libreify.dir/cmake_clean_target.cmake
[INFO] [stderr]   cd /opt/rustwide/target/debug/build/clingo-sys-ed063343a4cbf635/out/build/libreify && /usr/bin/cmake -E cmake_link_script CMakeFiles/libreify.dir/link.txt --verbose=1
[INFO] [stderr]   /usr/bin/ar qc ../lib/libreify.a CMakeFiles/libreify.dir/src/program.cc.o
[INFO] [stderr]   /usr/bin/ranlib ../lib/libreify.a
[INFO] [stderr]   gmake[2]: Leaving directory '/opt/rustwide/target/debug/build/clingo-sys-ed063343a4cbf635/out/build'
[INFO] [stderr]   [ 34%] Built target libreify
[INFO] [stderr]   /usr/bin/gmake  -f libgringo/CMakeFiles/libgringo.dir/build.make libgringo/CMakeFiles/libgringo.dir/depend
[INFO] [stderr]   gmake[2]: Entering directory '/opt/rustwide/target/debug/build/clingo-sys-ed063343a4cbf635/out/build'
[INFO] [stderr]   [ 37%] [BISON][groundtermgrammar] Building parser with bison 3.8.2
[INFO] [stderr]   [ 37%] [RE2C][groundtermlexer] Building lexer with re2c 0.300.0
[INFO] [stderr]   [ 37%] [BISON][nongroundgrammar] Building parser with bison 3.8.2
[INFO] [stderr]   cd /opt/rustwide/cargo-home/registry/src/index.crates.io-6f17d22bba15001f/clingo-sys-0.7.1/clingo/libgringo && /usr/bin/bison -d -o /opt/rustwide/target/debug/build/clingo-sys-ed063343a4cbf635/out/build/libgringo/src/input/nongroundgrammar/grammar.cc /opt/rustwide/cargo-home/registry/src/index.crates.io-6f17d22bba15001f/clingo-sys-0.7.1/clingo/libgringo/src/input/nongroundgrammar.yy
[INFO] [stderr]   cd /opt/rustwide/cargo-home/registry/src/index.crates.io-6f17d22bba15001f/clingo-sys-0.7.1/clingo/libgringo && /usr/bin/bison -d -o /opt/rustwide/target/debug/build/clingo-sys-ed063343a4cbf635/out/build/libgringo/src/input/groundtermgrammar/grammar.cc /opt/rustwide/cargo-home/registry/src/index.crates.io-6f17d22bba15001f/clingo-sys-0.7.1/clingo/libgringo/src/input/groundtermgrammar.yy
[INFO] [stderr]   [ 38%] [RE2C][nongroundlexer] Building lexer with re2c 0.300.0
[INFO] [stderr]   cd /opt/rustwide/target/debug/build/clingo-sys-ed063343a4cbf635/out/build/libgringo && /usr/bin/re2c -o /opt/rustwide/target/debug/build/clingo-sys-ed063343a4cbf635/out/build/libgringo//src/input/groundtermlexer.hh /opt/rustwide/cargo-home/registry/src/index.crates.io-6f17d22bba15001f/clingo-sys-0.7.1/clingo/libgringo//src/input/groundtermlexer.xh
[INFO] [stderr]   cd /opt/rustwide/target/debug/build/clingo-sys-ed063343a4cbf635/out/build/libgringo && /usr/bin/re2c -c -o /opt/rustwide/target/debug/build/clingo-sys-ed063343a4cbf635/out/build/libgringo//src/input/nongroundlexer.hh /opt/rustwide/cargo-home/registry/src/index.crates.io-6f17d22bba15001f/clingo-sys-0.7.1/clingo/libgringo//src/input/nongroundlexer.xch
[INFO] [stderr]   cd /opt/rustwide/target/debug/build/clingo-sys-ed063343a4cbf635/out/build && /usr/bin/cmake -E cmake_depends "Unix Makefiles" /opt/rustwide/cargo-home/registry/src/index.crates.io-6f17d22bba15001f/clingo-sys-0.7.1/clingo /opt/rustwide/cargo-home/registry/src/index.crates.io-6f17d22bba15001f/clingo-sys-0.7.1/clingo/libgringo /opt/rustwide/target/debug/build/clingo-sys-ed063343a4cbf635/out/build /opt/rustwide/target/debug/build/clingo-sys-ed063343a4cbf635/out/build/libgringo /opt/rustwide/target/debug/build/clingo-sys-ed063343a4cbf635/out/build/libgringo/CMakeFiles/libgringo.dir/DependInfo.cmake --color=
[INFO] [stderr]   gmake[2]: Leaving directory '/opt/rustwide/target/debug/build/clingo-sys-ed063343a4cbf635/out/build'
[INFO] [stderr]   /usr/bin/gmake  -f libgringo/CMakeFiles/libgringo.dir/build.make libgringo/CMakeFiles/libgringo.dir/build
[INFO] [stderr]   gmake[2]: Entering directory '/opt/rustwide/target/debug/build/clingo-sys-ed063343a4cbf635/out/build'
[INFO] [stderr]   [ 41%] Building CXX object libgringo/CMakeFiles/libgringo.dir/src/symbol.cc.o
[INFO] [stderr]   [ 41%] Building CXX object libgringo/CMakeFiles/libgringo.dir/src/primes.cc.o
[INFO] [stderr]   [ 43%] Building CXX object libgringo/CMakeFiles/libgringo.dir/src/terms.cc.o
[INFO] [stderr]   [ 43%] Building CXX object libgringo/CMakeFiles/libgringo.dir/src/ground/instantiation.cc.o
[INFO] [stderr]   [ 44%] Building CXX object libgringo/CMakeFiles/libgringo.dir/src/ground/literals.cc.o
[INFO] [stderr]   [ 45%] Building CXX object libgringo/CMakeFiles/libgringo.dir/src/ground/program.cc.o
[INFO] [stderr]   [ 46%] Building CXX object libgringo/CMakeFiles/libgringo.dir/src/term.cc.o
[INFO] [stderr]   cd /opt/rustwide/target/debug/build/clingo-sys-ed063343a4cbf635/out/build/libgringo && /usr/bin/c++ -DCLINGO_NO_VISIBILITY -I/opt/rustwide/cargo-home/registry/src/index.crates.io-6f17d22bba15001f/clingo-sys-0.7.1/clingo/libgringo -I/opt/rustwide/target/debug/build/clingo-sys-ed063343a4cbf635/out/build/libgringo/src -I/opt/rustwide/cargo-home/registry/src/index.crates.io-6f17d22bba15001f/clingo-sys-0.7.1/clingo/clasp/libpotassco -I/opt/rustwide/cargo-home/registry/src/index.crates.io-6f17d22bba15001f/clingo-sys-0.7.1/clingo/libreify -ffunction-sections -fdata-sections -fPIC -m64 -g -std=c++14 -MD -MT libgringo/CMakeFiles/libgringo.dir/src/primes.cc.o -MF CMakeFiles/libgringo.dir/src/primes.cc.o.d -o CMakeFiles/libgringo.dir/src/primes.cc.o -c /opt/rustwide/cargo-home/registry/src/index.crates.io-6f17d22bba15001f/clingo-sys-0.7.1/clingo/libgringo/src/primes.cc
[INFO] [stderr]   [ 47%] Building CXX object libgringo/CMakeFiles/libgringo.dir/src/input/aggregate.cc.o
[INFO] [stderr]   cd /opt/rustwide/target/debug/build/clingo-sys-ed063343a4cbf635/out/build/libgringo && /usr/bin/c++ -DCLINGO_NO_VISIBILITY -I/opt/rustwide/cargo-home/registry/src/index.crates.io-6f17d22bba15001f/clingo-sys-0.7.1/clingo/libgringo -I/opt/rustwide/target/debug/build/clingo-sys-ed063343a4cbf635/out/build/libgringo/src -I/opt/rustwide/cargo-home/registry/src/index.crates.io-6f17d22bba15001f/clingo-sys-0.7.1/clingo/clasp/libpotassco -I/opt/rustwide/cargo-home/registry/src/index.crates.io-6f17d22bba15001f/clingo-sys-0.7.1/clingo/libreify -ffunction-sections -fdata-sections -fPIC -m64 -g -std=c++14 -MD -MT libgringo/CMakeFiles/libgringo.dir/src/symbol.cc.o -MF CMakeFiles/libgringo.dir/src/symbol.cc.o.d -o CMakeFiles/libgringo.dir/src/symbol.cc.o -c /opt/rustwide/cargo-home/registry/src/index.crates.io-6f17d22bba15001f/clingo-sys-0.7.1/clingo/libgringo/src/symbol.cc
[INFO] [stderr]   cd /opt/rustwide/target/debug/build/clingo-sys-ed063343a4cbf635/out/build/libgringo && /usr/bin/c++ -DCLINGO_NO_VISIBILITY -I/opt/rustwide/cargo-home/registry/src/index.crates.io-6f17d22bba15001f/clingo-sys-0.7.1/clingo/libgringo -I/opt/rustwide/target/debug/build/clingo-sys-ed063343a4cbf635/out/build/libgringo/src -I/opt/rustwide/cargo-home/registry/src/index.crates.io-6f17d22bba15001f/clingo-sys-0.7.1/clingo/clasp/libpotassco -I/opt/rustwide/cargo-home/registry/src/index.crates.io-6f17d22bba15001f/clingo-sys-0.7.1/clingo/libreify -ffunction-sections -fdata-sections -fPIC -m64 -g -std=c++14 -MD -MT libgringo/CMakeFiles/libgringo.dir/src/terms.cc.o -MF CMakeFiles/libgringo.dir/src/terms.cc.o.d -o CMakeFiles/libgringo.dir/src/terms.cc.o -c /opt/rustwide/cargo-home/registry/src/index.crates.io-6f17d22bba15001f/clingo-sys-0.7.1/clingo/libgringo/src/terms.cc
[INFO] [stderr]   cd /opt/rustwide/target/debug/build/clingo-sys-ed063343a4cbf635/out/build/libgringo && /usr/bin/c++ -DCLINGO_NO_VISIBILITY -I/opt/rustwide/cargo-home/registry/src/index.crates.io-6f17d22bba15001f/clingo-sys-0.7.1/clingo/libgringo -I/opt/rustwide/target/debug/build/clingo-sys-ed063343a4cbf635/out/build/libgringo/src -I/opt/rustwide/cargo-home/registry/src/index.crates.io-6f17d22bba15001f/clingo-sys-0.7.1/clingo/clasp/libpotassco -I/opt/rustwide/cargo-home/registry/src/index.crates.io-6f17d22bba15001f/clingo-sys-0.7.1/clingo/libreify -ffunction-sections -fdata-sections -fPIC -m64 -g -std=c++14 -MD -MT libgringo/CMakeFiles/libgringo.dir/src/ground/instantiation.cc.o -MF CMakeFiles/libgringo.dir/src/ground/instantiation.cc.o.d -o CMakeFiles/libgringo.dir/src/ground/instantiation.cc.o -c /opt/rustwide/cargo-home/registry/src/index.crates.io-6f17d22bba15001f/clingo-sys-0.7.1/clingo/libgringo/src/ground/instantiation.cc
[INFO] [stderr]   [ 50%] Building CXX object libgringo/CMakeFiles/libgringo.dir/src/input/literal.cc.o
[INFO] [stderr]   cd /opt/rustwide/target/debug/build/clingo-sys-ed063343a4cbf635/out/build/libgringo && /usr/bin/c++ -DCLINGO_NO_VISIBILITY -I/opt/rustwide/cargo-home/registry/src/index.crates.io-6f17d22bba15001f/clingo-sys-0.7.1/clingo/libgringo -I/opt/rustwide/target/debug/build/clingo-sys-ed063343a4cbf635/out/build/libgringo/src -I/opt/rustwide/cargo-home/registry/src/index.crates.io-6f17d22bba15001f/clingo-sys-0.7.1/clingo/clasp/libpotassco -I/opt/rustwide/cargo-home/registry/src/index.crates.io-6f17d22bba15001f/clingo-sys-0.7.1/clingo/libreify -ffunction-sections -fdata-sections -fPIC -m64 -g -std=c++14 -MD -MT libgringo/CMakeFiles/libgringo.dir/src/ground/literals.cc.o -MF CMakeFiles/libgringo.dir/src/ground/literals.cc.o.d -o CMakeFiles/libgringo.dir/src/ground/literals.cc.o -c /opt/rustwide/cargo-home/registry/src/index.crates.io-6f17d22bba15001f/clingo-sys-0.7.1/clingo/libgringo/src/ground/literals.cc
[INFO] [stderr]   [ 50%] Building CXX object libgringo/CMakeFiles/libgringo.dir/src/input/groundtermparser.cc.o
[INFO] [stderr]   cd /opt/rustwide/target/debug/build/clingo-sys-ed063343a4cbf635/out/build/libgringo && /usr/bin/c++ -DCLINGO_NO_VISIBILITY -I/opt/rustwide/cargo-home/registry/src/index.crates.io-6f17d22bba15001f/clingo-sys-0.7.1/clingo/libgringo -I/opt/rustwide/target/debug/build/clingo-sys-ed063343a4cbf635/out/build/libgringo/src -I/opt/rustwide/cargo-home/registry/src/index.crates.io-6f17d22bba15001f/clingo-sys-0.7.1/clingo/clasp/libpotassco -I/opt/rustwide/cargo-home/registry/src/index.crates.io-6f17d22bba15001f/clingo-sys-0.7.1/clingo/libreify -ffunction-sections -fdata-sections -fPIC -m64 -g -std=c++14 -MD -MT libgringo/CMakeFiles/libgringo.dir/src/ground/program.cc.o -MF CMakeFiles/libgringo.dir/src/ground/program.cc.o.d -o CMakeFiles/libgringo.dir/src/ground/program.cc.o -c /opt/rustwide/cargo-home/registry/src/index.crates.io-6f17d22bba15001f/clingo-sys-0.7.1/clingo/libgringo/src/ground/program.cc
[INFO] [stderr]   [ 52%] Building CXX object libgringo/CMakeFiles/libgringo.dir/src/input/aggregates.cc.o
[INFO] [stderr]   [ 52%] Building CXX object libgringo/CMakeFiles/libgringo.dir/src/input/literals.cc.o
[INFO] [stderr]   cd /opt/rustwide/target/debug/build/clingo-sys-ed063343a4cbf635/out/build/libgringo && /usr/bin/c++ -DCLINGO_NO_VISIBILITY -I/opt/rustwide/cargo-home/registry/src/index.crates.io-6f17d22bba15001f/clingo-sys-0.7.1/clingo/libgringo -I/opt/rustwide/target/debug/build/clingo-sys-ed063343a4cbf635/out/build/libgringo/src -I/opt/rustwide/cargo-home/registry/src/index.crates.io-6f17d22bba15001f/clingo-sys-0.7.1/clingo/clasp/libpotassco -I/opt/rustwide/cargo-home/registry/src/index.crates.io-6f17d22bba15001f/clingo-sys-0.7.1/clingo/libreify -ffunction-sections -fdata-sections -fPIC -m64 -g -std=c++14 -MD -MT libgringo/CMakeFiles/libgringo.dir/src/term.cc.o -MF CMakeFiles/libgringo.dir/src/term.cc.o.d -o CMakeFiles/libgringo.dir/src/term.cc.o -c /opt/rustwide/cargo-home/registry/src/index.crates.io-6f17d22bba15001f/clingo-sys-0.7.1/clingo/libgringo/src/term.cc
[INFO] [stderr]   cd /opt/rustwide/target/debug/build/clingo-sys-ed063343a4cbf635/out/build/libgringo && /usr/bin/c++ -DCLINGO_NO_VISIBILITY -I/opt/rustwide/cargo-home/registry/src/index.crates.io-6f17d22bba15001f/clingo-sys-0.7.1/clingo/libgringo -I/opt/rustwide/target/debug/build/clingo-sys-ed063343a4cbf635/out/build/libgringo/src -I/opt/rustwide/cargo-home/registry/src/index.crates.io-6f17d22bba15001f/clingo-sys-0.7.1/clingo/clasp/libpotassco -I/opt/rustwide/cargo-home/registry/src/index.crates.io-6f17d22bba15001f/clingo-sys-0.7.1/clingo/libreify -ffunction-sections -fdata-sections -fPIC -m64 -g -std=c++14 -MD -MT libgringo/CMakeFiles/libgringo.dir/src/input/aggregate.cc.o -MF CMakeFiles/libgringo.dir/src/input/aggregate.cc.o.d -o CMakeFiles/libgringo.dir/src/input/aggregate.cc.o -c /opt/rustwide/cargo-home/registry/src/index.crates.io-6f17d22bba15001f/clingo-sys-0.7.1/clingo/libgringo/src/input/aggregate.cc
[INFO] [stderr]   [ 53%] Building CXX object libgringo/CMakeFiles/libgringo.dir/src/ground/statements.cc.o
[INFO] [stderr]   [ 54%] Building CXX object libgringo/CMakeFiles/libgringo.dir/src/input/nongroundparser.cc.o
[INFO] [stderr]   cd /opt/rustwide/target/debug/build/clingo-sys-ed063343a4cbf635/out/build/libgringo && /usr/bin/c++ -DCLINGO_NO_VISIBILITY -I/opt/rustwide/cargo-home/registry/src/index.crates.io-6f17d22bba15001f/clingo-sys-0.7.1/clingo/libgringo -I/opt/rustwide/target/debug/build/clingo-sys-ed063343a4cbf635/out/build/libgringo/src -I/opt/rustwide/cargo-home/registry/src/index.crates.io-6f17d22bba15001f/clingo-sys-0.7.1/clingo/clasp/libpotassco -I/opt/rustwide/cargo-home/registry/src/index.crates.io-6f17d22bba15001f/clingo-sys-0.7.1/clingo/libreify -ffunction-sections -fdata-sections -fPIC -m64 -g -std=c++14 -MD -MT libgringo/CMakeFiles/libgringo.dir/src/input/groundtermparser.cc.o -MF CMakeFiles/libgringo.dir/src/input/groundtermparser.cc.o.d -o CMakeFiles/libgringo.dir/src/input/groundtermparser.cc.o -c /opt/rustwide/cargo-home/registry/src/index.crates.io-6f17d22bba15001f/clingo-sys-0.7.1/clingo/libgringo/src/input/groundtermparser.cc
[INFO] [stderr]   cd /opt/rustwide/target/debug/build/clingo-sys-ed063343a4cbf635/out/build/libgringo && /usr/bin/c++ -DCLINGO_NO_VISIBILITY -I/opt/rustwide/cargo-home/registry/src/index.crates.io-6f17d22bba15001f/clingo-sys-0.7.1/clingo/libgringo -I/opt/rustwide/target/debug/build/clingo-sys-ed063343a4cbf635/out/build/libgringo/src -I/opt/rustwide/cargo-home/registry/src/index.crates.io-6f17d22bba15001f/clingo-sys-0.7.1/clingo/clasp/libpotassco -I/opt/rustwide/cargo-home/registry/src/index.crates.io-6f17d22bba15001f/clingo-sys-0.7.1/clingo/libreify -ffunction-sections -fdata-sections -fPIC -m64 -g -std=c++14 -MD -MT libgringo/CMakeFiles/libgringo.dir/src/input/aggregates.cc.o -MF CMakeFiles/libgringo.dir/src/input/aggregates.cc.o.d -o CMakeFiles/libgringo.dir/src/input/aggregates.cc.o -c /opt/rustwide/cargo-home/registry/src/index.crates.io-6f17d22bba15001f/clingo-sys-0.7.1/clingo/libgringo/src/input/aggregates.cc
[INFO] [stderr]   [ 55%] Building CXX object libgringo/CMakeFiles/libgringo.dir/src/input/program.cc.o
[INFO] [stderr]   cd /opt/rustwide/target/debug/build/clingo-sys-ed063343a4cbf635/out/build/libgringo && /usr/bin/c++ -DCLINGO_NO_VISIBILITY -I/opt/rustwide/cargo-home/registry/src/index.crates.io-6f17d22bba15001f/clingo-sys-0.7.1/clingo/libgringo -I/opt/rustwide/target/debug/build/clingo-sys-ed063343a4cbf635/out/build/libgringo/src -I/opt/rustwide/cargo-home/registry/src/index.crates.io-6f17d22bba15001f/clingo-sys-0.7.1/clingo/clasp/libpotassco -I/opt/rustwide/cargo-home/registry/src/index.crates.io-6f17d22bba15001f/clingo-sys-0.7.1/clingo/libreify -ffunction-sections -fdata-sections -fPIC -m64 -g -std=c++14 -MD -MT libgringo/CMakeFiles/libgringo.dir/src/input/literal.cc.o -MF CMakeFiles/libgringo.dir/src/input/literal.cc.o.d -o CMakeFiles/libgringo.dir/src/input/literal.cc.o -c /opt/rustwide/cargo-home/registry/src/index.crates.io-6f17d22bba15001f/clingo-sys-0.7.1/clingo/libgringo/src/input/literal.cc
[INFO] [stderr]   cd /opt/rustwide/target/debug/build/clingo-sys-ed063343a4cbf635/out/build/libgringo && /usr/bin/c++ -DCLINGO_NO_VISIBILITY -I/opt/rustwide/cargo-home/registry/src/index.crates.io-6f17d22bba15001f/clingo-sys-0.7.1/clingo/libgringo -I/opt/rustwide/target/debug/build/clingo-sys-ed063343a4cbf635/out/build/libgringo/src -I/opt/rustwide/cargo-home/registry/src/index.crates.io-6f17d22bba15001f/clingo-sys-0.7.1/clingo/clasp/libpotassco -I/opt/rustwide/cargo-home/registry/src/index.crates.io-6f17d22bba15001f/clingo-sys-0.7.1/clingo/libreify -ffunction-sections -fdata-sections -fPIC -m64 -g -std=c++14 -MD -MT libgringo/CMakeFiles/libgringo.dir/src/input/literals.cc.o -MF CMakeFiles/libgringo.dir/src/input/literals.cc.o.d -o CMakeFiles/libgringo.dir/src/input/literals.cc.o -c /opt/rustwide/cargo-home/registry/src/index.crates.io-6f17d22bba15001f/clingo-sys-0.7.1/clingo/libgringo/src/input/literals.cc
[INFO] [stderr]   cd /opt/rustwide/target/debug/build/clingo-sys-ed063343a4cbf635/out/build/libgringo && /usr/bin/c++ -DCLINGO_NO_VISIBILITY -I/opt/rustwide/cargo-home/registry/src/index.crates.io-6f17d22bba15001f/clingo-sys-0.7.1/clingo/libgringo -I/opt/rustwide/target/debug/build/clingo-sys-ed063343a4cbf635/out/build/libgringo/src -I/opt/rustwide/cargo-home/registry/src/index.crates.io-6f17d22bba15001f/clingo-sys-0.7.1/clingo/clasp/libpotassco -I/opt/rustwide/cargo-home/registry/src/index.crates.io-6f17d22bba15001f/clingo-sys-0.7.1/clingo/libreify -ffunction-sections -fdata-sections -fPIC -m64 -g -std=c++14 -MD -MT libgringo/CMakeFiles/libgringo.dir/src/ground/statements.cc.o -MF CMakeFiles/libgringo.dir/src/ground/statements.cc.o.d -o CMakeFiles/libgringo.dir/src/ground/statements.cc.o -c /opt/rustwide/cargo-home/registry/src/index.crates.io-6f17d22bba15001f/clingo-sys-0.7.1/clingo/libgringo/src/ground/statements.cc
[INFO] [stderr]   cd /opt/rustwide/target/debug/build/clingo-sys-ed063343a4cbf635/out/build/libgringo && /usr/bin/c++ -DCLINGO_NO_VISIBILITY -I/opt/rustwide/cargo-home/registry/src/index.crates.io-6f17d22bba15001f/clingo-sys-0.7.1/clingo/libgringo -I/opt/rustwide/target/debug/build/clingo-sys-ed063343a4cbf635/out/build/libgringo/src -I/opt/rustwide/cargo-home/registry/src/index.crates.io-6f17d22bba15001f/clingo-sys-0.7.1/clingo/clasp/libpotassco -I/opt/rustwide/cargo-home/registry/src/index.crates.io-6f17d22bba15001f/clingo-sys-0.7.1/clingo/libreify -ffunction-sections -fdata-sections -fPIC -m64 -g -std=c++14 -MD -MT libgringo/CMakeFiles/libgringo.dir/src/input/nongroundparser.cc.o -MF CMakeFiles/libgringo.dir/src/input/nongroundparser.cc.o.d -o CMakeFiles/libgringo.dir/src/input/nongroundparser.cc.o -c /opt/rustwide/cargo-home/registry/src/index.crates.io-6f17d22bba15001f/clingo-sys-0.7.1/clingo/libgringo/src/input/nongroundparser.cc
[INFO] [stderr]   cd /opt/rustwide/target/debug/build/clingo-sys-ed063343a4cbf635/out/build/libgringo && /usr/bin/c++ -DCLINGO_NO_VISIBILITY -I/opt/rustwide/cargo-home/registry/src/index.crates.io-6f17d22bba15001f/clingo-sys-0.7.1/clingo/libgringo -I/opt/rustwide/target/debug/build/clingo-sys-ed063343a4cbf635/out/build/libgringo/src -I/opt/rustwide/cargo-home/registry/src/index.crates.io-6f17d22bba15001f/clingo-sys-0.7.1/clingo/clasp/libpotassco -I/opt/rustwide/cargo-home/registry/src/index.crates.io-6f17d22bba15001f/clingo-sys-0.7.1/clingo/libreify -ffunction-sections -fdata-sections -fPIC -m64 -g -std=c++14 -MD -MT libgringo/CMakeFiles/libgringo.dir/src/input/program.cc.o -MF CMakeFiles/libgringo.dir/src/input/program.cc.o.d -o CMakeFiles/libgringo.dir/src/input/program.cc.o -c /opt/rustwide/cargo-home/registry/src/index.crates.io-6f17d22bba15001f/clingo-sys-0.7.1/clingo/libgringo/src/input/program.cc
[INFO] [stderr]   [ 56%] Building CXX object libgringo/CMakeFiles/libgringo.dir/src/input/programbuilder.cc.o
[INFO] [stderr]   cd /opt/rustwide/target/debug/build/clingo-sys-ed063343a4cbf635/out/build/libgringo && /usr/bin/c++ -DCLINGO_NO_VISIBILITY -I/opt/rustwide/cargo-home/registry/src/index.crates.io-6f17d22bba15001f/clingo-sys-0.7.1/clingo/libgringo -I/opt/rustwide/target/debug/build/clingo-sys-ed063343a4cbf635/out/build/libgringo/src -I/opt/rustwide/cargo-home/registry/src/index.crates.io-6f17d22bba15001f/clingo-sys-0.7.1/clingo/clasp/libpotassco -I/opt/rustwide/cargo-home/registry/src/index.crates.io-6f17d22bba15001f/clingo-sys-0.7.1/clingo/libreify -ffunction-sections -fdata-sections -fPIC -m64 -g -std=c++14 -MD -MT libgringo/CMakeFiles/libgringo.dir/src/input/programbuilder.cc.o -MF CMakeFiles/libgringo.dir/src/input/programbuilder.cc.o.d -o CMakeFiles/libgringo.dir/src/input/programbuilder.cc.o -c /opt/rustwide/cargo-home/registry/src/index.crates.io-6f17d22bba15001f/clingo-sys-0.7.1/clingo/libgringo/src/input/programbuilder.cc
[INFO] [stderr]   gmake[2]: Leaving directory '/opt/rustwide/target/debug/build/clingo-sys-ed063343a4cbf635/out/build'
[INFO] [stderr]   [ 57%] Building CXX object libgringo/CMakeFiles/libgringo.dir/src/input/statement.cc.o
[INFO] [stderr]   cd /opt/rustwide/target/debug/build/clingo-sys-ed063343a4cbf635/out/build/libgringo && /usr/bin/c++ -DCLINGO_NO_VISIBILITY -I/opt/rustwide/cargo-home/registry/src/index.crates.io-6f17d22bba15001f/clingo-sys-0.7.1/clingo/libgringo -I/opt/rustwide/target/debug/build/clingo-sys-ed063343a4cbf635/out/build/libgringo/src -I/opt/rustwide/cargo-home/registry/src/index.crates.io-6f17d22bba15001f/clingo-sys-0.7.1/clingo/clasp/libpotassco -I/opt/rustwide/cargo-home/registry/src/index.crates.io-6f17d22bba15001f/clingo-sys-0.7.1/clingo/libreify -ffunction-sections -fdata-sections -fPIC -m64 -g -std=c++14 -MD -MT libgringo/CMakeFiles/libgringo.dir/src/input/statement.cc.o -MF CMakeFiles/libgringo.dir/src/input/statement.cc.o.d -o CMakeFiles/libgringo.dir/src/input/statement.cc.o -c /opt/rustwide/cargo-home/registry/src/index.crates.io-6f17d22bba15001f/clingo-sys-0.7.1/clingo/libgringo/src/input/statement.cc
[INFO] [stderr]   gmake[2]: Leaving directory '/opt/rustwide/target/debug/build/clingo-sys-ed063343a4cbf635/out/build'
[INFO] [stderr]   gmake[1]: Leaving directory '/opt/rustwide/target/debug/build/clingo-sys-ed063343a4cbf635/out/build'
[INFO] [stderr] 
[INFO] [stderr]   --- stderr
[INFO] [stderr]   CMake Warning (dev) at /usr/share/cmake-3.22/Modules/CMakeDetermineCompiler.cmake:143 (set):
[INFO] [stderr]     Policy CMP0126 is not set: set(CACHE) does not remove a normal variable of
[INFO] [stderr]     the same name.  Run "cmake --help-policy CMP0126" for policy details.  Use
[INFO] [stderr]     the cmake_policy command to set the policy and suppress this warning.
[INFO] [stderr] 
[INFO] [stderr]     For compatibility with older versions of CMake, normal variable
[INFO] [stderr]     "CMAKE_C_COMPILER" will be removed from the current scope.
[INFO] [stderr]   Call Stack (most recent call first):
[INFO] [stderr]     /usr/share/cmake-3.22/Modules/CMakeDetermineCCompiler.cmake:68 (_cmake_find_compiler_path)
[INFO] [stderr]     CMakeLists.txt:6 (project)
[INFO] [stderr]   This warning is for project developers.  Use -Wno-dev to suppress it.
[INFO] [stderr] 
[INFO] [stderr]      Called from: [3]	/usr/share/cmake-3.22/Modules/CMakeDetermineCompiler.cmake
[INFO] [stderr]                   [2]	/usr/share/cmake-3.22/Modules/CMakeDetermineCCompiler.cmake
[INFO] [stderr]                   [1]	/opt/rustwide/cargo-home/registry/src/index.crates.io-6f17d22bba15001f/clingo-sys-0.7.1/clingo/CMakeLists.txt
[INFO] [stderr]   CMake Warning (dev) at /usr/share/cmake-3.22/Modules/CMakeDetermineCompiler.cmake:143 (set):
[INFO] [stderr]     Policy CMP0126 is not set: set(CACHE) does not remove a normal variable of
[INFO] [stderr]     the same name.  Run "cmake --help-policy CMP0126" for policy details.  Use
[INFO] [stderr]     the cmake_policy command to set the policy and suppress this warning.
[INFO] [stderr] 
[INFO] [stderr]     For compatibility with older versions of CMake, normal variable
[INFO] [stderr]     "CMAKE_CXX_COMPILER" will be removed from the current scope.
[INFO] [stderr]   Call Stack (most recent call first):
[INFO] [stderr]     /usr/share/cmake-3.22/Modules/CMakeDetermineCXXCompiler.cmake:66 (_cmake_find_compiler_path)
[INFO] [stderr]     CMakeLists.txt:6 (project)
[INFO] [stderr]   This warning is for project developers.  Use -Wno-dev to suppress it.
[INFO] [stderr] 
[INFO] [stderr]      Called from: [3]	/usr/share/cmake-3.22/Modules/CMakeDetermineCompiler.cmake
[INFO] [stderr]                   [2]	/usr/share/cmake-3.22/Modules/CMakeDetermineCXXCompiler.cmake
[INFO] [stderr]                   [1]	/opt/rustwide/cargo-home/registry/src/index.crates.io-6f17d22bba15001f/clingo-sys-0.7.1/clingo/CMakeLists.txt
[INFO] [stderr]   CMake Warning (dev) at /usr/share/cmake-3.22/Modules/CMakeDetermineCompilerABI.cmake:49 (try_compile):
[INFO] [stderr]     Policy CMP0066 is not set: Honor per-config flags in try_compile()
[INFO] [stderr]     source-file signature.  Run "cmake --help-policy CMP0066" for policy
[INFO] [stderr]     details.  Use the cmake_policy command to set the policy and suppress this
[INFO] [stderr]     warning.
[INFO] [stderr] 
[INFO] [stderr]     For compatibility with older versions of CMake, try_compile is not honoring
[INFO] [stderr]     caller config-specific compiler flags (e.g.  CMAKE_C_FLAGS_DEBUG) in the
[INFO] [stderr]     test project.
[INFO] [stderr]   Call Stack (most recent call first):
[INFO] [stderr]     /usr/share/cmake-3.22/Modules/CMakeTestCCompiler.cmake:26 (CMAKE_DETERMINE_COMPILER_ABI)
[INFO] [stderr]     CMakeLists.txt:6 (project)
[INFO] [stderr]   This warning is for project developers.  Use -Wno-dev to suppress it.
[INFO] [stderr] 
[INFO] [stderr]      Called from: [3]	/usr/share/cmake-3.22/Modules/CMakeDetermineCompilerABI.cmake
[INFO] [stderr]                   [2]	/usr/share/cmake-3.22/Modules/CMakeTestCCompiler.cmake
[INFO] [stderr]                   [1]	/opt/rustwide/cargo-home/registry/src/index.crates.io-6f17d22bba15001f/clingo-sys-0.7.1/clingo/CMakeLists.txt
[INFO] [stderr]   CMake Warning (dev) at /usr/share/cmake-3.22/Modules/CMakeDetermineCompilerABI.cmake:49 (try_compile):
[INFO] [stderr]     Policy CMP0056 is not set: Honor link flags in try_compile() source-file
[INFO] [stderr]     signature.  Run "cmake --help-policy CMP0056" for policy details.  Use the
[INFO] [stderr]     cmake_policy command to set the policy and suppress this warning.
[INFO] [stderr] 
[INFO] [stderr]     For compatibility with older versions of CMake, try_compile is not honoring
[INFO] [stderr]     caller link flags (e.g.  CMAKE_EXE_LINKER_FLAGS) in the test project.
[INFO] [stderr]   Call Stack (most recent call first):
[INFO] [stderr]     /usr/share/cmake-3.22/Modules/CMakeTestCCompiler.cmake:26 (CMAKE_DETERMINE_COMPILER_ABI)
[INFO] [stderr]     CMakeLists.txt:6 (project)
[INFO] [stderr]   This warning is for project developers.  Use -Wno-dev to suppress it.
[INFO] [stderr] 
[INFO] [stderr]      Called from: [3]	/usr/share/cmake-3.22/Modules/CMakeDetermineCompilerABI.cmake
[INFO] [stderr]                   [2]	/usr/share/cmake-3.22/Modules/CMakeTestCCompiler.cmake
[INFO] [stderr]                   [1]	/opt/rustwide/cargo-home/registry/src/index.crates.io-6f17d22bba15001f/clingo-sys-0.7.1/clingo/CMakeLists.txt
[INFO] [stderr]   CMake Warning (dev) at /usr/share/cmake-3.22/Modules/CMakeDetermineCompilerABI.cmake:49 (try_compile):
[INFO] [stderr]     Policy CMP0066 is not set: Honor per-config flags in try_compile()
[INFO] [stderr]     source-file signature.  Run "cmake --help-policy CMP0066" for policy
[INFO] [stderr]     details.  Use the cmake_policy command to set the policy and suppress this
[INFO] [stderr]     warning.
[INFO] [stderr] 
[INFO] [stderr]     For compatibility with older versions of CMake, try_compile is not honoring
[INFO] [stderr]     caller config-specific compiler flags (e.g.  CMAKE_C_FLAGS_DEBUG) in the
[INFO] [stderr]     test project.
[INFO] [stderr]   Call Stack (most recent call first):
[INFO] [stderr]     /usr/share/cmake-3.22/Modules/CMakeTestCXXCompiler.cmake:26 (CMAKE_DETERMINE_COMPILER_ABI)
[INFO] [stderr]     CMakeLists.txt:6 (project)
[INFO] [stderr]   This warning is for project developers.  Use -Wno-dev to suppress it.
[INFO] [stderr] 
[INFO] [stderr]      Called from: [3]	/usr/share/cmake-3.22/Modules/CMakeDetermineCompilerABI.cmake
[INFO] [stderr]                   [2]	/usr/share/cmake-3.22/Modules/CMakeTestCXXCompiler.cmake
[INFO] [stderr]                   [1]	/opt/rustwide/cargo-home/registry/src/index.crates.io-6f17d22bba15001f/clingo-sys-0.7.1/clingo/CMakeLists.txt
[INFO] [stderr]   CMake Warning (dev) at /usr/share/cmake-3.22/Modules/CMakeDetermineCompilerABI.cmake:49 (try_compile):
[INFO] [stderr]     Policy CMP0056 is not set: Honor link flags in try_compile() source-file
[INFO] [stderr]     signature.  Run "cmake --help-policy CMP0056" for policy details.  Use the
[INFO] [stderr]     cmake_policy command to set the policy and suppress this warning.
[INFO] [stderr] 
[INFO] [stderr]     For compatibility with older versions of CMake, try_compile is not honoring
[INFO] [stderr]     caller link flags (e.g.  CMAKE_EXE_LINKER_FLAGS) in the test project.
[INFO] [stderr]   Call Stack (most recent call first):
[INFO] [stderr]     /usr/share/cmake-3.22/Modules/CMakeTestCXXCompiler.cmake:26 (CMAKE_DETERMINE_COMPILER_ABI)
[INFO] [stderr]     CMakeLists.txt:6 (project)
[INFO] [stderr]   This warning is for project developers.  Use -Wno-dev to suppress it.
[INFO] [stderr] 
[INFO] [stderr]      Called from: [3]	/usr/share/cmake-3.22/Modules/CMakeDetermineCompilerABI.cmake
[INFO] [stderr]                   [2]	/usr/share/cmake-3.22/Modules/CMakeTestCXXCompiler.cmake
[INFO] [stderr]                   [1]	/opt/rustwide/cargo-home/registry/src/index.crates.io-6f17d22bba15001f/clingo-sys-0.7.1/clingo/CMakeLists.txt
[INFO] [stderr]      Entering             /opt/rustwide/cargo-home/registry/src/index.crates.io-6f17d22bba15001f/clingo-sys-0.7.1/clingo/clasp
[INFO] [stderr]      Called from: [1]	/opt/rustwide/cargo-home/registry/src/index.crates.io-6f17d22bba15001f/clingo-sys-0.7.1/clingo/CMakeLists.txt
[INFO] [stderr]   CMake Warning (dev) at /usr/share/cmake-3.22/Modules/CheckIncludeFile.cmake:95 (try_compile):
[INFO] [stderr]     Policy CMP0066 is not set: Honor per-config flags in try_compile()
[INFO] [stderr]     source-file signature.  Run "cmake --help-policy CMP0066" for policy
[INFO] [stderr]     details.  Use the cmake_policy command to set the policy and suppress this
[INFO] [stderr]     warning.
[INFO] [stderr] 
[INFO] [stderr]     For compatibility with older versions of CMake, try_compile is not honoring
[INFO] [stderr]     caller config-specific compiler flags (e.g.  CMAKE_C_FLAGS_DEBUG) in the
[INFO] [stderr]     test project.
[INFO] [stderr]   Call Stack (most recent call first):
[INFO] [stderr]     /usr/share/cmake-3.22/Modules/FindThreads.cmake:146 (CHECK_INCLUDE_FILE)
[INFO] [stderr]     clasp/CMakeLists.txt:70 (find_package)
[INFO] [stderr]   This warning is for project developers.  Use -Wno-dev to suppress it.
[INFO] [stderr] 
[INFO] [stderr]      Called from: [3]	/usr/share/cmake-3.22/Modules/CheckIncludeFile.cmake
[INFO] [stderr]                   [2]	/usr/share/cmake-3.22/Modules/FindThreads.cmake
[INFO] [stderr]                   [1]	/opt/rustwide/cargo-home/registry/src/index.crates.io-6f17d22bba15001f/clingo-sys-0.7.1/clingo/clasp/CMakeLists.txt
[INFO] [stderr]   CMake Warning (dev) at /usr/share/cmake-3.22/Modules/CheckIncludeFile.cmake:95 (try_compile):
[INFO] [stderr]     Policy CMP0056 is not set: Honor link flags in try_compile() source-file
[INFO] [stderr]     signature.  Run "cmake --help-policy CMP0056" for policy details.  Use the
[INFO] [stderr]     cmake_policy command to set the policy and suppress this warning.
[INFO] [stderr] 
[INFO] [stderr]     For compatibility with older versions of CMake, try_compile is not honoring
[INFO] [stderr]     caller link flags (e.g.  CMAKE_EXE_LINKER_FLAGS) in the test project.
[INFO] [stderr]   Call Stack (most recent call first):
[INFO] [stderr]     /usr/share/cmake-3.22/Modules/FindThreads.cmake:146 (CHECK_INCLUDE_FILE)
[INFO] [stderr]     clasp/CMakeLists.txt:70 (find_package)
[INFO] [stderr]   This warning is for project developers.  Use -Wno-dev to suppress it.
[INFO] [stderr] 
[INFO] [stderr]      Called from: [3]	/usr/share/cmake-3.22/Modules/CheckIncludeFile.cmake
[INFO] [stderr]                   [2]	/usr/share/cmake-3.22/Modules/FindThreads.cmake
[INFO] [stderr]                   [1]	/opt/rustwide/cargo-home/registry/src/index.crates.io-6f17d22bba15001f/clingo-sys-0.7.1/clingo/clasp/CMakeLists.txt
[INFO] [stderr]   CMake Warning (dev) at /usr/share/cmake-3.22/Modules/Internal/CheckSourceCompiles.cmake:92 (try_compile):
[INFO] [stderr]     Policy CMP0066 is not set: Honor per-config flags in try_compile()
[INFO] [stderr]     source-file signature.  Run "cmake --help-policy CMP0066" for policy
[INFO] [stderr]     details.  Use the cmake_policy command to set the policy and suppress this
[INFO] [stderr]     warning.
[INFO] [stderr] 
[INFO] [stderr]     For compatibility with older versions of CMake, try_compile is not honoring
[INFO] [stderr]     caller config-specific compiler flags (e.g.  CMAKE_C_FLAGS_DEBUG) in the
[INFO] [stderr]     test project.
[INFO] [stderr]   Call Stack (most recent call first):
[INFO] [stderr]     /usr/share/cmake-3.22/Modules/CheckCSourceCompiles.cmake:76 (cmake_check_source_compiles)
[INFO] [stderr]     /usr/share/cmake-3.22/Modules/FindThreads.cmake:163 (CHECK_C_SOURCE_COMPILES)
[INFO] [stderr]     clasp/CMakeLists.txt:70 (find_package)
[INFO] [stderr]   This warning is for project developers.  Use -Wno-dev to suppress it.
[INFO] [stderr] 
[INFO] [stderr]      Called from: [4]	/usr/share/cmake-3.22/Modules/Internal/CheckSourceCompiles.cmake
[INFO] [stderr]                   [3]	/usr/share/cmake-3.22/Modules/CheckCSourceCompiles.cmake
[INFO] [stderr]                   [2]	/usr/share/cmake-3.22/Modules/FindThreads.cmake
[INFO] [stderr]                   [1]	/opt/rustwide/cargo-home/registry/src/index.crates.io-6f17d22bba15001f/clingo-sys-0.7.1/clingo/clasp/CMakeLists.txt
[INFO] [stderr]   CMake Warning (dev) at /usr/share/cmake-3.22/Modules/Internal/CheckSourceCompiles.cmake:92 (try_compile):
[INFO] [stderr]     Policy CMP0056 is not set: Honor link flags in try_compile() source-file
[INFO] [stderr]     signature.  Run "cmake --help-policy CMP0056" for policy details.  Use the
[INFO] [stderr]     cmake_policy command to set the policy and suppress this warning.
[INFO] [stderr] 
[INFO] [stderr]     For compatibility with older versions of CMake, try_compile is not honoring
[INFO] [stderr]     caller link flags (e.g.  CMAKE_EXE_LINKER_FLAGS) in the test project.
[INFO] [stderr]   Call Stack (most recent call first):
[INFO] [stderr]     /usr/share/cmake-3.22/Modules/CheckCSourceCompiles.cmake:76 (cmake_check_source_compiles)
[INFO] [stderr]     /usr/share/cmake-3.22/Modules/FindThreads.cmake:163 (CHECK_C_SOURCE_COMPILES)
[INFO] [stderr]     clasp/CMakeLists.txt:70 (find_package)
[INFO] [stderr]   This warning is for project developers.  Use -Wno-dev to suppress it.
[INFO] [stderr] 
[INFO] [stderr]      Called from: [4]	/usr/share/cmake-3.22/Modules/Internal/CheckSourceCompiles.cmake
[INFO] [stderr]                   [3]	/usr/share/cmake-3.22/Modules/CheckCSourceCompiles.cmake
[INFO] [stderr]                   [2]	/usr/share/cmake-3.22/Modules/FindThreads.cmake
[INFO] [stderr]                   [1]	/opt/rustwide/cargo-home/registry/src/index.crates.io-6f17d22bba15001f/clingo-sys-0.7.1/clingo/clasp/CMakeLists.txt
[INFO] [stderr]      Entering             /opt/rustwide/cargo-home/registry/src/index.crates.io-6f17d22bba15001f/clingo-sys-0.7.1/clingo/clasp/libpotassco
[INFO] [stderr]      Called from: [1]	/opt/rustwide/cargo-home/registry/src/index.crates.io-6f17d22bba15001f/clingo-sys-0.7.1/clingo/clasp/CMakeLists.txt
[INFO] [stderr]      Entering             /opt/rustwide/cargo-home/registry/src/index.crates.io-6f17d22bba15001f/clingo-sys-0.7.1/clingo/clasp/libpotassco/src
[INFO] [stderr]      Called from: [1]	/opt/rustwide/cargo-home/registry/src/index.crates.io-6f17d22bba15001f/clingo-sys-0.7.1/clingo/clasp/libpotassco/CMakeLists.txt
[INFO] [stderr]      Returning to         /opt/rustwide/cargo-home/registry/src/index.crates.io-6f17d22bba15001f/clingo-sys-0.7.1/clingo/clasp/libpotassco
[INFO] [stderr]      Called from: [1]	/opt/rustwide/cargo-home/registry/src/index.crates.io-6f17d22bba15001f/clingo-sys-0.7.1/clingo/clasp/libpotassco/CMakeLists.txt
[INFO] [stderr]      Returning to         /opt/rustwide/cargo-home/registry/src/index.crates.io-6f17d22bba15001f/clingo-sys-0.7.1/clingo/clasp
[INFO] [stderr]      Called from: [1]	/opt/rustwide/cargo-home/registry/src/index.crates.io-6f17d22bba15001f/clingo-sys-0.7.1/clingo/clasp/CMakeLists.txt
[INFO] [stderr]      Entering             /opt/rustwide/cargo-home/registry/src/index.crates.io-6f17d22bba15001f/clingo-sys-0.7.1/clingo/clasp/src
[INFO] [stderr]      Called from: [1]	/opt/rustwide/cargo-home/registry/src/index.crates.io-6f17d22bba15001f/clingo-sys-0.7.1/clingo/clasp/CMakeLists.txt
[INFO] [stderr]      Returning to         /opt/rustwide/cargo-home/registry/src/index.crates.io-6f17d22bba15001f/clingo-sys-0.7.1/clingo/clasp
[INFO] [stderr]      Called from: [1]	/opt/rustwide/cargo-home/registry/src/index.crates.io-6f17d22bba15001f/clingo-sys-0.7.1/clingo/clasp/CMakeLists.txt
[INFO] [stderr]      Returning to         /opt/rustwide/cargo-home/registry/src/index.crates.io-6f17d22bba15001f/clingo-sys-0.7.1/clingo
[INFO] [stderr]      Called from: [1]	/opt/rustwide/cargo-home/registry/src/index.crates.io-6f17d22bba15001f/clingo-sys-0.7.1/clingo/CMakeLists.txt
[INFO] [stderr]      Entering             /opt/rustwide/cargo-home/registry/src/index.crates.io-6f17d22bba15001f/clingo-sys-0.7.1/clingo/libreify
[INFO] [stderr]      Called from: [1]	/opt/rustwide/cargo-home/registry/src/index.crates.io-6f17d22bba15001f/clingo-sys-0.7.1/clingo/CMakeLists.txt
[INFO] [stderr]      Returning to         /opt/rustwide/cargo-home/registry/src/index.crates.io-6f17d22bba15001f/clingo-sys-0.7.1/clingo
[INFO] [stderr]      Called from: [1]	/opt/rustwide/cargo-home/registry/src/index.crates.io-6f17d22bba15001f/clingo-sys-0.7.1/clingo/CMakeLists.txt
[INFO] [stderr]      Entering             /opt/rustwide/cargo-home/registry/src/index.crates.io-6f17d22bba15001f/clingo-sys-0.7.1/clingo/libgringo
[INFO] [stderr]      Called from: [1]	/opt/rustwide/cargo-home/registry/src/index.crates.io-6f17d22bba15001f/clingo-sys-0.7.1/clingo/CMakeLists.txt
[INFO] [stderr]      Returning to         /opt/rustwide/cargo-home/registry/src/index.crates.io-6f17d22bba15001f/clingo-sys-0.7.1/clingo
[INFO] [stderr]      Called from: [1]	/opt/rustwide/cargo-home/registry/src/index.crates.io-6f17d22bba15001f/clingo-sys-0.7.1/clingo/CMakeLists.txt
[INFO] [stderr]      Entering             /opt/rustwide/cargo-home/registry/src/index.crates.io-6f17d22bba15001f/clingo-sys-0.7.1/clingo/libclingo
[INFO] [stderr]      Called from: [1]	/opt/rustwide/cargo-home/registry/src/index.crates.io-6f17d22bba15001f/clingo-sys-0.7.1/clingo/CMakeLists.txt
[INFO] [stderr]      Returning to         /opt/rustwide/cargo-home/registry/src/index.crates.io-6f17d22bba15001f/clingo-sys-0.7.1/clingo
[INFO] [stderr]      Called from: [1]	/opt/rustwide/cargo-home/registry/src/index.crates.io-6f17d22bba15001f/clingo-sys-0.7.1/clingo/CMakeLists.txt
[INFO] [stderr]   CMake Warning (dev) in clasp/CMakeLists.txt:
[INFO] [stderr]     Policy CMP0082 is not set: Install rules from add_subdirectory() are
[INFO] [stderr]     interleaved with those in caller.  Run "cmake --help-policy CMP0082" for
[INFO] [stderr]     policy details.  Use the cmake_policy command to set the policy and
[INFO] [stderr]     suppress this warning.
[INFO] [stderr] 
[INFO] [stderr]   This warning is for project developers.  Use -Wno-dev to suppress it.
[INFO] [stderr] 
[INFO] [stderr]      Called from: [1]	/opt/rustwide/cargo-home/registry/src/index.crates.io-6f17d22bba15001f/clingo-sys-0.7.1/clingo/clasp/CMakeLists.txt
[INFO] [stderr]   CMake Warning (dev) in clasp/libpotassco/CMakeLists.txt:
[INFO] [stderr]     Policy CMP0082 is not set: Install rules from add_subdirectory() are
[INFO] [stderr]     interleaved with those in caller.  Run "cmake --help-policy CMP0082" for
[INFO] [stderr]     policy details.  Use the cmake_policy command to set the policy and
[INFO] [stderr]     suppress this warning.
[INFO] [stderr] 
[INFO] [stderr]   This warning is for project developers.  Use -Wno-dev to suppress it.
[INFO] [stderr] 
[INFO] [stderr]      Called from: [1]	/opt/rustwide/cargo-home/registry/src/index.crates.io-6f17d22bba15001f/clingo-sys-0.7.1/clingo/clasp/libpotassco/CMakeLists.txt
[INFO] [stderr]   CMake Warning:
[INFO] [stderr]     Manually-specified variables were not used by the project:
[INFO] [stderr] 
[INFO] [stderr]       CMAKE_ASM_COMPILER
[INFO] [stderr]       CMAKE_ASM_FLAGS
[INFO] [stderr] 
[INFO] [stderr] 
[INFO] [stderr]   c++: fatal error: Killed signal terminated program cc1plus
[INFO] [stderr]   compilation terminated.
[INFO] [stderr]   gmake[2]: *** [clasp/src/CMakeFiles/libclasp.dir/build.make:233: clasp/src/CMakeFiles/libclasp.dir/logic_program.cpp.o] Error 1
[INFO] [stderr]   gmake[2]: *** Waiting for unfinished jobs....
[INFO] [stderr]   /opt/rustwide/cargo-home/registry/src/index.crates.io-6f17d22bba15001f/clingo-sys-0.7.1/clingo/libgringo/src/input/nongroundgrammar.yy:28.1-51: warning: deprecated directive: '%define namespace "Gringo::Input::NonGroundGrammar"', use '%define api.namespace {Gringo::Input::NonGroundGrammar}' [-Wdeprecated/opt/rustwide/cargo-home/registry/src/index.crates.io-6f17d22bba15001f/clingo-sys-0.7.1/clingo/libgringo/src/input/groundtermgrammar.yy]
[INFO] [stderr]   :26.1-52: warning: deprecated directive: '%define namespace "Gringo::Input::GroundTermGrammar"', use '%define api.namespace {Gringo::Input::GroundTermGrammar}' [-Wdeprecated]
[INFO] [stderr]      28 | %define namespace "Gringo::Input::No   26 | n%GdreoufnidnGer anmammaers"p
[INFO] [stderr]   a      | c^e ~"~G~r~i~n~g~~o~:~:Input::G~r~o~u~n~d~T~e~r~m~G~~r~a~mm~a~r~"~
[INFO] [stderr]   ~~      | ~^~~~~~~~~~~~~~~~~~~~~~~~~~~~~~~~~~~~~
[INFO] [stderr]   ~      | ~%define api.namespace {Gringo::Input::NonGroundGrammar}~~
[INFO] [stderr]   ~~~~~~~~~~~~~~~~~~/opt/rustwide/cargo-home/registry/src/index.crates.io-6f17d22bba15001f/clingo-sys-0.7.1/clingo/libgringo/src/input/nongroundgrammar.yy~:30~.1~-38~: ~warning:~ ~deprecated directive: '%name-prefix "GringoNonGroundGrammar_"', use '%define api.prefix {GringoNonGroundGrammar_}'~ [~~-Wdeprecated~]~
[INFO] [stderr] 
[INFO] [stderr]         |    30 | %%define api.namespace {Gringo::Input::GroundTermGrammar}na
[INFO] [stderr]   me-prefix "GringoNonGroundGrammar_"
[INFO] [stderr]         | ^~~~~~/opt/rustwide/cargo-home/registry/src/index.crates.io-6f17d22bba15001f/clingo-sys-0.7.1/clingo/libgringo/src/input/groundtermgrammar.yy~~:27~~.1~~-39~~: ~~~warning:~~ ~~deprecated directive: '%name-prefix "GringoGroundTermGrammar_"', use '%define api.prefix {GringoGroundTermGrammar_}'~ [~~~-Wdeprecated~]~
[INFO] [stderr]   ~~~~~~   27 | ~%~n~a~m~e
[INFO] [stderr]   -p      | r%define api.prefix {GringoNonGroundGrammar_}e
[INFO] [stderr]   fix "/opt/rustwide/cargo-home/registry/src/index.crates.io-6f17d22bba15001f/clingo-sys-0.7.1/clingo/libgringo/src/input/nongroundgrammar.yyG:32r.1i-14n: gwarning:oG rdeprecated directive: '%error-verbose', use '%define parse.error verbose'o [un-Wdeprecatedd]T
[INFO] [stderr]   erm   32 | G%rearmrmoarr-_v"e
[INFO] [stderr]   r      | b^o~s~e~
[INFO] [stderr]   ~      | ~^~~~~~~~~~~~~~~~~~~~~~~~~~~
[INFO] [stderr]   ~      | ~~%define parse.error verbose~
[INFO] [stderr]   ~~~~~~~~~~~~/opt/rustwide/cargo-home/registry/src/index.crates.io-6f17d22bba15001f/clingo-sys-0.7.1/clingo/libgringo/src/input/nongroundgrammar.yy~:34~.1~-39~: 
[INFO] [stderr]   warning:      |  %define api.prefix {GringoGroundTermGrammar_}
[INFO] [stderr]   deprecated directive: '%define location_type "DefaultLocation"', use '%define api.location.type {DefaultLocation}' [-Wdeprecated]
[INFO] [stderr]      34 | /opt/rustwide/cargo-home/registry/src/index.crates.io-6f17d22bba15001f/clingo-sys-0.7.1/clingo/libgringo/src/input/groundtermgrammar.yy%:28d.1e-14f: inwarning: e deprecated directive: '%error-verbose', use '%define parse.error verbose'l [oc-Wdeprecateda]t
[INFO] [stderr]   ion_   28 | t%eyrpreo r"-DveefrabuolsteL
[INFO] [stderr]   o      | c^a~t~i~o~n~"~
[INFO] [stderr]   ~      | ~^~~~~~~~~~~
[INFO] [stderr]   ~      | ~%define parse.error verbose~
[INFO] [stderr]   ~~~~~~~~~~~~~~~~~~~~~~~~~~~~~~
[INFO] [stderr]         | %define api.location.type {DefaultLocation}
[INFO] [stderr]   /opt/rustwide/cargo-home/registry/src/index.crates.io-6f17d22bba15001f/clingo-sys-0.7.1/clingo/libgringo/src/input/groundtermgrammar.yy:26.1-52: warning: %define variable 'api.namespace' requires '{...}' values [-Wdeprecated]
[INFO] [stderr]      26 | %define namespace "Gringo::Input::GroundTermGrammar"
[INFO] [stderr]         | ^~~~~~~~~~~~~~~~~~~~~~~~~~~~~~~~~~~~~~~~~~~~~~~~~~~~
[INFO] [stderr]   /opt/rustwide/cargo-home/registry/src/index.crates.io-6f17d22bba15001f/clingo-sys-0.7.1/clingo/libgringo/src/input/nongroundgrammar.yy:34.1-39: warning: %define variable 'api.location.type' requires '{...}' values [-Wdeprecated]
[INFO] [stderr]      34 | %define location_type "DefaultLocation"
[INFO] [stderr]         | ^~~~~~~~~~~~~~~~~~~~~~~~~~~~~~~~~~~~~~~
[INFO] [stderr]   /opt/rustwide/cargo-home/registry/src/index.crates.io-6f17d22bba15001f/clingo-sys-0.7.1/clingo/libgringo/src/input/nongroundgrammar.yy:28.1-51: warning: %define variable 'api.namespace' requires '{...}' values [-Wdeprecated]
[INFO] [stderr]      28 | %define namespace "Gringo::Input::NonGroundGrammar"
[INFO] [stderr]         | ^~~~~~~~~~~~~~~~~~~~~~~~~~~~~~~~~~~~~~~~~~~~~~~~~~~
[INFO] [stderr]   /opt/rustwide/cargo-home/registry/src/index.crates.io-6f17d22bba15001f/clingo-sys-0.7.1/clingo/libgringo/src/input/groundtermgrammar.yy: warning: fix-its can be applied.  Rerun with option '--update'. [-Wother]
[INFO] [stderr]   /opt/rustwide/cargo-home/registry/src/index.crates.io-6f17d22bba15001f/clingo-sys-0.7.1/clingo/libgringo/src/input/nongroundgrammar.yy: warning: fix-its can be applied.  Rerun with option '--update'. [-Wother]
[INFO] [stderr]   gmake[1]: *** [CMakeFiles/Makefile2:263: clasp/src/CMakeFiles/libclasp.dir/all] Error 2
[INFO] [stderr]   gmake[1]: *** Waiting for unfinished jobs....
[INFO] [stderr]   c++: fatal error: Killed signal terminated program cc1plus
[INFO] [stderr]   compilation terminated.
[INFO] [stderr]   gmake[2]: *** [libgringo/CMakeFiles/libgringo.dir/build.make:297: libgringo/CMakeFiles/libgringo.dir/src/input/program.cc.o] Error 1
[INFO] [stderr]   gmake[2]: *** Waiting for unfinished jobs....
[INFO] [stderr]   c++: fatal error: Killed signal terminated program cc1plus
[INFO] [stderr]   compilation terminated.
[INFO] [stderr]   gmake[2]: *** [libgringo/CMakeFiles/libgringo.dir/build.make:199: libgringo/CMakeFiles/libgringo.dir/src/ground/statements.cc.o] Error 1
[INFO] [stderr]   c++: fatal error: Killed signal terminated program cc1plus
[INFO] [stderr]   compilation terminated.
[INFO] [stderr]   gmake[2]: *** [libgringo/CMakeFiles/libgringo.dir/build.make:283: libgringo/CMakeFiles/libgringo.dir/src/input/nongroundparser.cc.o] Error 1
[INFO] [stderr]   c++: fatal error: Killed signal terminated program cc1plus
[INFO] [stderr]   compilation terminated.
[INFO] [stderr]   gmake[2]: *** [libgringo/CMakeFiles/libgringo.dir/build.make:227: libgringo/CMakeFiles/libgringo.dir/src/input/aggregates.cc.o] Error 1
[INFO] [stderr]   c++: fatal error: Killed signal terminated program cc1plus
[INFO] [stderr]   compilation terminated.
[INFO] [stderr]   gmake[2]: *** [libgringo/CMakeFiles/libgringo.dir/build.make:213: libgringo/CMakeFiles/libgringo.dir/src/input/aggregate.cc.o] Error 1
[INFO] [stderr]   c++: fatal error: Killed signal terminated program cc1plus
[INFO] [stderr]   compilation terminated.
[INFO] [stderr]   gmake[2]: *** [libgringo/CMakeFiles/libgringo.dir/build.make:185: libgringo/CMakeFiles/libgringo.dir/src/ground/program.cc.o] Error 1
[INFO] [stderr]   c++: fatal error: Killed signal terminated program cc1plus
[INFO] [stderr]   compilation terminated.
[INFO] [stderr]   gmake[2]: *** [libgringo/CMakeFiles/libgringo.dir/build.make:269: libgringo/CMakeFiles/libgringo.dir/src/input/literals.cc.o] Error 1
[INFO] [stderr]   gmake[1]: *** [CMakeFiles/Makefile2:420: libgringo/CMakeFiles/libgringo.dir/all] Error 2
[INFO] [stderr]   gmake: *** [Makefile:149: all] Error 2
[INFO] [stderr]   thread 'main' panicked at /opt/rustwide/cargo-home/registry/src/index.crates.io-6f17d22bba15001f/cmake-0.1.50/src/lib.rs:1098:5:
[INFO] [stderr] 
[INFO] [stderr]   command did not execute successfully, got: exit status: 2
[INFO] [stderr] 
[INFO] [stderr]   build script failed, must exit now
[INFO] [stderr]   stack backtrace:
[INFO] [stderr]      0:     0x561de3722c2c - std::backtrace_rs::backtrace::libunwind::trace::ha637c64ce894333a
[INFO] [stderr]                                  at /rustc/82e1608dfa6e0b5569232559e3d385fea5a93112/library/std/src/../../backtrace/src/backtrace/libunwind.rs:104:5
[INFO] [stderr]      1:     0x561de3722c2c - std::backtrace_rs::backtrace::trace_unsynchronized::h47f62dea28e0c88d
[INFO] [stderr]                                  at /rustc/82e1608dfa6e0b5569232559e3d385fea5a93112/library/std/src/../../backtrace/src/backtrace/mod.rs:66:5
[INFO] [stderr]      2:     0x561de3722c2c - std::sys_common::backtrace::_print_fmt::h9eef0abe20ede486
[INFO] [stderr]                                  at /rustc/82e1608dfa6e0b5569232559e3d385fea5a93112/library/std/src/sys_common/backtrace.rs:67:5
[INFO] [stderr]      3:     0x561de3722c2c - <std::sys_common::backtrace::_print::DisplayBacktrace as core::fmt::Display>::fmt::hed7f999df88cc644
[INFO] [stderr]                                  at /rustc/82e1608dfa6e0b5569232559e3d385fea5a93112/library/std/src/sys_common/backtrace.rs:44:22
[INFO] [stderr]      4:     0x561de3749130 - core::fmt::rt::Argument::fmt::h1539a9308b8d058d
[INFO] [stderr]                                  at /rustc/82e1608dfa6e0b5569232559e3d385fea5a93112/library/core/src/fmt/rt.rs:142:9
[INFO] [stderr]      5:     0x561de3749130 - core::fmt::write::h3a39390d8560d9c9
[INFO] [stderr]                                  at /rustc/82e1608dfa6e0b5569232559e3d385fea5a93112/library/core/src/fmt/mod.rs:1120:17
[INFO] [stderr]      6:     0x561de372037f - std::io::Write::write_fmt::h5fc9997dfe05f882
[INFO] [stderr]                                  at /rustc/82e1608dfa6e0b5569232559e3d385fea5a93112/library/std/src/io/mod.rs:1762:15
[INFO] [stderr]      7:     0x561de3722a14 - std::sys_common::backtrace::_print::h894006fb5c6f3d45
[INFO] [stderr]                                  at /rustc/82e1608dfa6e0b5569232559e3d385fea5a93112/library/std/src/sys_common/backtrace.rs:47:5
[INFO] [stderr]      8:     0x561de3722a14 - std::sys_common::backtrace::print::h23a2d212c6fff936
[INFO] [stderr]                                  at /rustc/82e1608dfa6e0b5569232559e3d385fea5a93112/library/std/src/sys_common/backtrace.rs:34:9
[INFO] [stderr]      9:     0x561de3724227 - std::panicking::default_hook::{{closure}}::h8a1d2ee00185001a
[INFO] [stderr]     10:     0x561de3723f8f - std::panicking::default_hook::h6038f2eba384e475
[INFO] [stderr]                                  at /rustc/82e1608dfa6e0b5569232559e3d385fea5a93112/library/std/src/panicking.rs:292:9
[INFO] [stderr]     11:     0x561de37246a8 - std::panicking::rust_panic_with_hook::h2b5517d590cab22e
[INFO] [stderr]                                  at /rustc/82e1608dfa6e0b5569232559e3d385fea5a93112/library/std/src/panicking.rs:779:13
[INFO] [stderr]     12:     0x561de372458e - std::panicking::begin_panic_handler::{{closure}}::h233112c06e0ef43e
[INFO] [stderr]                                  at /rustc/82e1608dfa6e0b5569232559e3d385fea5a93112/library/std/src/panicking.rs:657:13
[INFO] [stderr]     13:     0x561de37230f6 - std::sys_common::backtrace::__rust_end_short_backtrace::h6e893f24d7ebbff8
[INFO] [stderr]                                  at /rustc/82e1608dfa6e0b5569232559e3d385fea5a93112/library/std/src/sys_common/backtrace.rs:170:18
[INFO] [stderr]     14:     0x561de37242f2 - rust_begin_unwind
[INFO] [stderr]                                  at /rustc/82e1608dfa6e0b5569232559e3d385fea5a93112/library/std/src/panicking.rs:645:5
[INFO] [stderr]     15:     0x561de36a4625 - core::panicking::panic_fmt::hbf0e066aabfa482c
[INFO] [stderr]                                  at /rustc/82e1608dfa6e0b5569232559e3d385fea5a93112/library/core/src/panicking.rs:72:14
[INFO] [stderr]     16:     0x561de36b8e31 - cmake::fail::h7a5caf818fa20d52
[INFO] [stderr]     17:     0x561de36b85b7 - cmake::run::hbdd51256d1726b59
[INFO] [stderr]     18:     0x561de36b4ed1 - cmake::Config::build::he7f58d1afe21f6cc
[INFO] [stderr]     19:     0x561de36a6c79 - build_script_build::main::he917e1a91d18e77b
[INFO] [stderr]     20:     0x561de36a51e3 - core::ops::function::FnOnce::call_once::h86f30aec2a02154b
[INFO] [stderr]     21:     0x561de36a4e16 - std::sys_common::backtrace::__rust_begin_short_backtrace::h0fc6b66d8a221bdb
[INFO] [stderr]     22:     0x561de36a4f59 - std::rt::lang_start::{{closure}}::h24d5fc72241696cc
[INFO] [stderr]     23:     0x561de371c247 - core::ops::function::impls::<impl core::ops::function::FnOnce<A> for &F>::call_once::hd95060ecd5e1ca24
[INFO] [stderr]                                  at /rustc/82e1608dfa6e0b5569232559e3d385fea5a93112/library/core/src/ops/function.rs:284:13
[INFO] [stderr]     24:     0x561de371c247 - std::panicking::try::do_call::h6e8cf51db32a6e4b
[INFO] [stderr]                                  at /rustc/82e1608dfa6e0b5569232559e3d385fea5a93112/library/std/src/panicking.rs:552:40
[INFO] [stderr]     25:     0x561de371c247 - std::panicking::try::h3a52eefe24fe3c29
[INFO] [stderr]                                  at /rustc/82e1608dfa6e0b5569232559e3d385fea5a93112/library/std/src/panicking.rs:516:19
[INFO] [stderr]     26:     0x561de371c247 - std::panic::catch_unwind::h24c28c23c02c3841
[INFO] [stderr]                                  at /rustc/82e1608dfa6e0b5569232559e3d385fea5a93112/library/std/src/panic.rs:142:14
[INFO] [stderr]     27:     0x561de371c247 - std::rt::lang_start_internal::{{closure}}::h705d3c9cbc06ef47
[INFO] [stderr]                                  at /rustc/82e1608dfa6e0b5569232559e3d385fea5a93112/library/std/src/rt.rs:148:48
[INFO] [stderr]     28:     0x561de371c247 - std::panicking::try::do_call::ha21f52ba13158470
[INFO] [stderr]                                  at /rustc/82e1608dfa6e0b5569232559e3d385fea5a93112/library/std/src/panicking.rs:552:40
[INFO] [stderr]     29:     0x561de371c247 - std::panicking::try::h5581346bf6aeb1f8
[INFO] [stderr]                                  at /rustc/82e1608dfa6e0b5569232559e3d385fea5a93112/library/std/src/panicking.rs:516:19
[INFO] [stderr]     30:     0x561de371c247 - std::panic::catch_unwind::h7919645a6b72e25b
[INFO] [stderr]                                  at /rustc/82e1608dfa6e0b5569232559e3d385fea5a93112/library/std/src/panic.rs:142:14
[INFO] [stderr]     31:     0x561de371c247 - std::rt::lang_start_internal::h12de51168669836e
[INFO] [stderr]                                  at /rustc/82e1608dfa6e0b5569232559e3d385fea5a93112/library/std/src/rt.rs:148:20
[INFO] [stderr]     32:     0x561de36a4f37 - std::rt::lang_start::h86347ea83824b333
[INFO] [stderr]     33:     0x561de36a7055 - main
[INFO] [stderr]     34:     0x7ff3ef5cbd90 - <unknown>
[INFO] [stderr]     35:     0x7ff3ef5cbe40 - __libc_start_main
[INFO] [stderr]     36:     0x561de36a4d45 - _start
[INFO] [stderr]     37:                0x0 - <unknown>
[INFO] running `Command { std: "docker" "inspect" "4dd121fec43052c628fcb5af521f23ffa5d22ce912ee3572abe09b75f5c9b57f", kill_on_drop: false }`
[INFO] running `Command { std: "docker" "rm" "-f" "4dd121fec43052c628fcb5af521f23ffa5d22ce912ee3572abe09b75f5c9b57f", kill_on_drop: false }`
[INFO] [stdout] 4dd121fec43052c628fcb5af521f23ffa5d22ce912ee3572abe09b75f5c9b57f
[INFO] testing savan-0.1.0 against beta-2023-12-22 for beta-1.76-1
[INFO] extracting crate savan 0.1.0 into /workspace/builds/worker-4-tc2/source
[INFO] validating manifest of crates.io crate savan 0.1.0 on toolchain beta-2023-12-22
[INFO] running `Command { std: CARGO_HOME="/workspace/cargo-home" RUSTUP_HOME="/workspace/rustup-home" "/workspace/cargo-home/bin/cargo" "+beta-2023-12-22" "metadata" "--manifest-path" "Cargo.toml" "--no-deps", kill_on_drop: false }`
[INFO] started tweaking crates.io crate savan 0.1.0
[INFO] finished tweaking crates.io crate savan 0.1.0
[INFO] tweaked toml for crates.io crate savan 0.1.0 written to /workspace/builds/worker-4-tc2/source/Cargo.toml
[INFO] running `Command { std: CARGO_HOME="/workspace/cargo-home" RUSTUP_HOME="/workspace/rustup-home" "/workspace/cargo-home/bin/cargo" "+beta-2023-12-22" "generate-lockfile" "--manifest-path" "Cargo.toml", kill_on_drop: false }`
[INFO] [stderr]     Updating crates.io index
[INFO] running `Command { std: CARGO_HOME="/workspace/cargo-home" RUSTUP_HOME="/workspace/rustup-home" "/workspace/cargo-home/bin/cargo" "+beta-2023-12-22" "fetch" "--manifest-path" "Cargo.toml", kill_on_drop: false }`
[INFO] running `Command { std: "docker" "create" "-v" "/var/lib/crater-agent-workspace/builds/worker-4-tc2/target:/opt/rustwide/target:rw,Z" "-v" "/var/lib/crater-agent-workspace/builds/worker-4-tc2/source:/opt/rustwide/workdir:ro,Z" "-v" "/var/lib/crater-agent-workspace/cargo-home:/opt/rustwide/cargo-home:ro,Z" "-v" "/var/lib/crater-agent-workspace/rustup-home:/opt/rustwide/rustup-home:ro,Z" "-e" "SOURCE_DIR=/opt/rustwide/workdir" "-e" "CARGO_TARGET_DIR=/opt/rustwide/target" "-e" "CARGO_HOME=/opt/rustwide/cargo-home" "-e" "RUSTUP_HOME=/opt/rustwide/rustup-home" "-w" "/opt/rustwide/workdir" "-m" "1610612736" "--user" "0:0" "--network" "none" "ghcr.io/rust-lang/crates-build-env/linux@sha256:2788e3201cd34a07e3172128adcd8b3090168a8e3bcc40d7c032b9dda1df7d1c" "/opt/rustwide/cargo-home/bin/cargo" "+beta-2023-12-22" "metadata" "--no-deps" "--format-version=1", kill_on_drop: false }`
[INFO] [stdout] 6971ec18da69965b42cd37281e84cd5226f998e2d01a229aedb2a295c7fac354
[INFO] running `Command { std: "docker" "start" "-a" "6971ec18da69965b42cd37281e84cd5226f998e2d01a229aedb2a295c7fac354", kill_on_drop: false }`
[INFO] running `Command { std: "docker" "inspect" "6971ec18da69965b42cd37281e84cd5226f998e2d01a229aedb2a295c7fac354", kill_on_drop: false }`
[INFO] running `Command { std: "docker" "rm" "-f" "6971ec18da69965b42cd37281e84cd5226f998e2d01a229aedb2a295c7fac354", kill_on_drop: false }`
[INFO] [stdout] 6971ec18da69965b42cd37281e84cd5226f998e2d01a229aedb2a295c7fac354
[INFO] running `Command { std: "docker" "create" "-v" "/var/lib/crater-agent-workspace/builds/worker-4-tc2/target:/opt/rustwide/target:rw,Z" "-v" "/var/lib/crater-agent-workspace/builds/worker-4-tc2/source:/opt/rustwide/workdir:ro,Z" "-v" "/var/lib/crater-agent-workspace/cargo-home:/opt/rustwide/cargo-home:ro,Z" "-v" "/var/lib/crater-agent-workspace/rustup-home:/opt/rustwide/rustup-home:ro,Z" "-e" "SOURCE_DIR=/opt/rustwide/workdir" "-e" "CARGO_TARGET_DIR=/opt/rustwide/target" "-e" "CARGO_INCREMENTAL=0" "-e" "RUST_BACKTRACE=full" "-e" "RUSTFLAGS=--cap-lints=warn" "-e" "RUSTDOCFLAGS=--cap-lints=warn" "-e" "CARGO_HOME=/opt/rustwide/cargo-home" "-e" "RUSTUP_HOME=/opt/rustwide/rustup-home" "-w" "/opt/rustwide/workdir" "-m" "1610612736" "--user" "0:0" "--network" "none" "ghcr.io/rust-lang/crates-build-env/linux@sha256:2788e3201cd34a07e3172128adcd8b3090168a8e3bcc40d7c032b9dda1df7d1c" "/opt/rustwide/cargo-home/bin/cargo" "+beta-2023-12-22" "build" "--frozen" "--message-format=json", kill_on_drop: false }`
[INFO] [stdout] bb99961d1dc9861e533324d9e680ce7544c9a20a75979078ddfe1dbd4c3dd434
[INFO] running `Command { std: "docker" "start" "-a" "bb99961d1dc9861e533324d9e680ce7544c9a20a75979078ddfe1dbd4c3dd434", kill_on_drop: false }`
[INFO] [stderr]    Compiling libc v0.2.151
[INFO] [stderr]    Compiling vec1 v1.10.1
[INFO] [stderr]    Compiling bitflags v1.3.2
[INFO] [stderr]    Compiling cc v1.0.83
[INFO] [stderr]    Compiling cmake v0.1.50
[INFO] [stderr]    Compiling clingo-sys v0.7.1
[INFO] [stderr] error: failed to run custom build command for `clingo-sys v0.7.1`
[INFO] [stderr] note: To improve backtraces for build dependencies, set the CARGO_PROFILE_DEV_BUILD_OVERRIDE_DEBUG=true environment variable to enable debug information generation.
[INFO] [stderr] 
[INFO] [stderr] Caused by:
[INFO] [stderr]   process didn't exit successfully: `/opt/rustwide/target/debug/build/clingo-sys-2b11f8a95889f4d5/build-script-build` (exit status: 101)
[INFO] [stderr]   --- stdout
[INFO] [stderr]   CMAKE_TOOLCHAIN_FILE_x86_64-unknown-linux-gnu = None
[INFO] [stderr]   CMAKE_TOOLCHAIN_FILE_x86_64_unknown_linux_gnu = None
[INFO] [stderr]   HOST_CMAKE_TOOLCHAIN_FILE = None
[INFO] [stderr]   CMAKE_TOOLCHAIN_FILE = None
[INFO] [stderr]   CMAKE_GENERATOR_x86_64-unknown-linux-gnu = None
[INFO] [stderr]   CMAKE_GENERATOR_x86_64_unknown_linux_gnu = None
[INFO] [stderr]   HOST_CMAKE_GENERATOR = None
[INFO] [stderr]   CMAKE_GENERATOR = None
[INFO] [stderr]   CMAKE_PREFIX_PATH_x86_64-unknown-linux-gnu = None
[INFO] [stderr]   CMAKE_PREFIX_PATH_x86_64_unknown_linux_gnu = None
[INFO] [stderr]   HOST_CMAKE_PREFIX_PATH = None
[INFO] [stderr]   CMAKE_PREFIX_PATH = None
[INFO] [stderr]   CMAKE_x86_64-unknown-linux-gnu = None
[INFO] [stderr]   CMAKE_x86_64_unknown_linux_gnu = None
[INFO] [stderr]   HOST_CMAKE = None
[INFO] [stderr]   CMAKE = None
[INFO] [stderr]   running: cd "/opt/rustwide/target/debug/build/clingo-sys-a0669214c6d15ff7/out/build" && CMAKE_PREFIX_PATH="" "cmake" "-Wdev" "--debug-output" "/opt/rustwide/cargo-home/registry/src/index.crates.io-6f17d22bba15001f/clingo-sys-0.7.1/clingo" "-DCLINGO_BUILD_SHARED=OFF" "-DCLINGO_BUILD_STATIC=ON" "-DCLINGO_MANAGE_RPATH=OFF" "-DCLINGO_BUILD_WITH_PYTHON=OFF" "-DCLINGO_BUILD_WITH_LUA=OFF" "-DCLINGO_INSTALL_LIB=ON" "-DCLINGO_BUILD_APPS=OFF" "-DCLASP_BUILD_APP=OFF" "-DCMAKE_INSTALL_PREFIX=/opt/rustwide/target/debug/build/clingo-sys-a0669214c6d15ff7/out" "-DCMAKE_C_FLAGS= -ffunction-sections -fdata-sections -fPIC -m64" "-DCMAKE_C_COMPILER=/usr/bin/cc" "-DCMAKE_CXX_FLAGS= -ffunction-sections -fdata-sections -fPIC -m64" "-DCMAKE_CXX_COMPILER=/usr/bin/c++" "-DCMAKE_ASM_FLAGS= -ffunction-sections -fdata-sections -fPIC -m64" "-DCMAKE_ASM_COMPILER=/usr/bin/cc" "-DCMAKE_BUILD_TYPE=Debug" "-DCMAKE_VERBOSE_MAKEFILE:BOOL=ON"
[INFO] [stderr]   Running with debug output on.
[INFO] [stderr]   -- The C compiler identification is GNU 11.4.0
[INFO] [stderr]      Called from: [3]	/usr/share/cmake-3.22/Modules/CMakeDetermineCompilerId.cmake
[INFO] [stderr]                   [2]	/usr/share/cmake-3.22/Modules/CMakeDetermineCCompiler.cmake
[INFO] [stderr]                   [1]	/opt/rustwide/cargo-home/registry/src/index.crates.io-6f17d22bba15001f/clingo-sys-0.7.1/clingo/CMakeLists.txt
[INFO] [stderr]   -- The CXX compiler identification is GNU 11.4.0
[INFO] [stderr]      Called from: [3]	/usr/share/cmake-3.22/Modules/CMakeDetermineCompilerId.cmake
[INFO] [stderr]                   [2]	/usr/share/cmake-3.22/Modules/CMakeDetermineCXXCompiler.cmake
[INFO] [stderr]                   [1]	/opt/rustwide/cargo-home/registry/src/index.crates.io-6f17d22bba15001f/clingo-sys-0.7.1/clingo/CMakeLists.txt
[INFO] [stderr]   -- Detecting C compiler ABI info
[INFO] [stderr]      Called from: [3]	/usr/share/cmake-3.22/Modules/CMakeDetermineCompilerABI.cmake
[INFO] [stderr]                   [2]	/usr/share/cmake-3.22/Modules/CMakeTestCCompiler.cmake
[INFO] [stderr]                   [1]	/opt/rustwide/cargo-home/registry/src/index.crates.io-6f17d22bba15001f/clingo-sys-0.7.1/clingo/CMakeLists.txt
[INFO] [stderr]   -- Detecting C compiler ABI info - done
[INFO] [stderr]      Called from: [3]	/usr/share/cmake-3.22/Modules/CMakeDetermineCompilerABI.cmake
[INFO] [stderr]                   [2]	/usr/share/cmake-3.22/Modules/CMakeTestCCompiler.cmake
[INFO] [stderr]                   [1]	/opt/rustwide/cargo-home/registry/src/index.crates.io-6f17d22bba15001f/clingo-sys-0.7.1/clingo/CMakeLists.txt
[INFO] [stderr]   -- Check for working C compiler: /usr/bin/cc - skipped
[INFO] [stderr]      Called from: [2]	/usr/share/cmake-3.22/Modules/CMakeTestCCompiler.cmake
[INFO] [stderr]                   [1]	/opt/rustwide/cargo-home/registry/src/index.crates.io-6f17d22bba15001f/clingo-sys-0.7.1/clingo/CMakeLists.txt
[INFO] [stderr]   -- Detecting C compile features
[INFO] [stderr]      Called from: [3]	/usr/share/cmake-3.22/Modules/CMakeDetermineCompileFeatures.cmake
[INFO] [stderr]                   [2]	/usr/share/cmake-3.22/Modules/CMakeTestCCompiler.cmake
[INFO] [stderr]                   [1]	/opt/rustwide/cargo-home/registry/src/index.crates.io-6f17d22bba15001f/clingo-sys-0.7.1/clingo/CMakeLists.txt
[INFO] [stderr]   -- Detecting C compile features - done
[INFO] [stderr]      Called from: [3]	/usr/share/cmake-3.22/Modules/CMakeDetermineCompileFeatures.cmake
[INFO] [stderr]                   [2]	/usr/share/cmake-3.22/Modules/CMakeTestCCompiler.cmake
[INFO] [stderr]                   [1]	/opt/rustwide/cargo-home/registry/src/index.crates.io-6f17d22bba15001f/clingo-sys-0.7.1/clingo/CMakeLists.txt
[INFO] [stderr]   -- Detecting CXX compiler ABI info
[INFO] [stderr]      Called from: [3]	/usr/share/cmake-3.22/Modules/CMakeDetermineCompilerABI.cmake
[INFO] [stderr]                   [2]	/usr/share/cmake-3.22/Modules/CMakeTestCXXCompiler.cmake
[INFO] [stderr]                   [1]	/opt/rustwide/cargo-home/registry/src/index.crates.io-6f17d22bba15001f/clingo-sys-0.7.1/clingo/CMakeLists.txt
[INFO] [stderr]   -- Detecting CXX compiler ABI info - done
[INFO] [stderr]      Called from: [3]	/usr/share/cmake-3.22/Modules/CMakeDetermineCompilerABI.cmake
[INFO] [stderr]                   [2]	/usr/share/cmake-3.22/Modules/CMakeTestCXXCompiler.cmake
[INFO] [stderr]                   [1]	/opt/rustwide/cargo-home/registry/src/index.crates.io-6f17d22bba15001f/clingo-sys-0.7.1/clingo/CMakeLists.txt
[INFO] [stderr]   -- Check for working CXX compiler: /usr/bin/c++ - skipped
[INFO] [stderr]      Called from: [2]	/usr/share/cmake-3.22/Modules/CMakeTestCXXCompiler.cmake
[INFO] [stderr]                   [1]	/opt/rustwide/cargo-home/registry/src/index.crates.io-6f17d22bba15001f/clingo-sys-0.7.1/clingo/CMakeLists.txt
[INFO] [stderr]   -- Detecting CXX compile features
[INFO] [stderr]      Called from: [3]	/usr/share/cmake-3.22/Modules/CMakeDetermineCompileFeatures.cmake
[INFO] [stderr]                   [2]	/usr/share/cmake-3.22/Modules/CMakeTestCXXCompiler.cmake
[INFO] [stderr]                   [1]	/opt/rustwide/cargo-home/registry/src/index.crates.io-6f17d22bba15001f/clingo-sys-0.7.1/clingo/CMakeLists.txt
[INFO] [stderr]   -- Detecting CXX compile features - done
[INFO] [stderr]      Called from: [3]	/usr/share/cmake-3.22/Modules/CMakeDetermineCompileFeatures.cmake
[INFO] [stderr]                   [2]	/usr/share/cmake-3.22/Modules/CMakeTestCXXCompiler.cmake
[INFO] [stderr]                   [1]	/opt/rustwide/cargo-home/registry/src/index.crates.io-6f17d22bba15001f/clingo-sys-0.7.1/clingo/CMakeLists.txt
[INFO] [stderr]   -- Found Python: /usr/bin/python3.10 (found suitable version "3.10.12", minimum required is "3.6") found components: Interpreter 
[INFO] [stderr]      Called from: [5]	/usr/share/cmake-3.22/Modules/FindPackageMessage.cmake
[INFO] [stderr]                   [4]	/usr/share/cmake-3.22/Modules/FindPackageHandleStandardArgs.cmake
[INFO] [stderr]                   [3]	/usr/share/cmake-3.22/Modules/FindPython/Support.cmake
[INFO] [stderr]                   [2]	/usr/share/cmake-3.22/Modules/FindPython.cmake
[INFO] [stderr]                   [1]	/opt/rustwide/cargo-home/registry/src/index.crates.io-6f17d22bba15001f/clingo-sys-0.7.1/clingo/CMakeLists.txt
[INFO] [stderr]   -- Found BISON: /usr/bin/bison (found suitable version "3.8.2", minimum required is "2.5") 
[INFO] [stderr]      Called from: [4]	/usr/share/cmake-3.22/Modules/FindPackageMessage.cmake
[INFO] [stderr]                   [3]	/usr/share/cmake-3.22/Modules/FindPackageHandleStandardArgs.cmake
[INFO] [stderr]                   [2]	/usr/share/cmake-3.22/Modules/FindBISON.cmake
[INFO] [stderr]                   [1]	/opt/rustwide/cargo-home/registry/src/index.crates.io-6f17d22bba15001f/clingo-sys-0.7.1/clingo/CMakeLists.txt
[INFO] [stderr]   -- Found RE2C: /usr/bin/re2c (found suitable version "0.300.0", minimum required is "0.13") 
[INFO] [stderr]      Called from: [4]	/usr/share/cmake-3.22/Modules/FindPackageMessage.cmake
[INFO] [stderr]                   [3]	/usr/share/cmake-3.22/Modules/FindPackageHandleStandardArgs.cmake
[INFO] [stderr]                   [2]	/opt/rustwide/cargo-home/registry/src/index.crates.io-6f17d22bba15001f/clingo-sys-0.7.1/clingo/cmake/FindRE2C.cmake
[INFO] [stderr]                   [1]	/opt/rustwide/cargo-home/registry/src/index.crates.io-6f17d22bba15001f/clingo-sys-0.7.1/clingo/CMakeLists.txt
[INFO] [stderr]   -- Looking for pthread.h
[INFO] [stderr]      Called from: [3]	/usr/share/cmake-3.22/Modules/CheckIncludeFile.cmake
[INFO] [stderr]                   [2]	/usr/share/cmake-3.22/Modules/FindThreads.cmake
[INFO] [stderr]                   [1]	/opt/rustwide/cargo-home/registry/src/index.crates.io-6f17d22bba15001f/clingo-sys-0.7.1/clingo/clasp/CMakeLists.txt
[INFO] [stderr]   -- Looking for pthread.h - found
[INFO] [stderr]      Called from: [3]	/usr/share/cmake-3.22/Modules/CheckIncludeFile.cmake
[INFO] [stderr]                   [2]	/usr/share/cmake-3.22/Modules/FindThreads.cmake
[INFO] [stderr]                   [1]	/opt/rustwide/cargo-home/registry/src/index.crates.io-6f17d22bba15001f/clingo-sys-0.7.1/clingo/clasp/CMakeLists.txt
[INFO] [stderr]   -- Performing Test CMAKE_HAVE_LIBC_PTHREAD
[INFO] [stderr]      Called from: [4]	/usr/share/cmake-3.22/Modules/Internal/CheckSourceCompiles.cmake
[INFO] [stderr]                   [3]	/usr/share/cmake-3.22/Modules/CheckCSourceCompiles.cmake
[INFO] [stderr]                   [2]	/usr/share/cmake-3.22/Modules/FindThreads.cmake
[INFO] [stderr]                   [1]	/opt/rustwide/cargo-home/registry/src/index.crates.io-6f17d22bba15001f/clingo-sys-0.7.1/clingo/clasp/CMakeLists.txt
[INFO] [stderr]   -- Performing Test CMAKE_HAVE_LIBC_PTHREAD - Success
[INFO] [stderr]      Called from: [4]	/usr/share/cmake-3.22/Modules/Internal/CheckSourceCompiles.cmake
[INFO] [stderr]                   [3]	/usr/share/cmake-3.22/Modules/CheckCSourceCompiles.cmake
[INFO] [stderr]                   [2]	/usr/share/cmake-3.22/Modules/FindThreads.cmake
[INFO] [stderr]                   [1]	/opt/rustwide/cargo-home/registry/src/index.crates.io-6f17d22bba15001f/clingo-sys-0.7.1/clingo/clasp/CMakeLists.txt
[INFO] [stderr]   -- Found Threads: TRUE  
[INFO] [stderr]      Called from: [4]	/usr/share/cmake-3.22/Modules/FindPackageMessage.cmake
[INFO] [stderr]                   [3]	/usr/share/cmake-3.22/Modules/FindPackageHandleStandardArgs.cmake
[INFO] [stderr]                   [2]	/usr/share/cmake-3.22/Modules/FindThreads.cmake
[INFO] [stderr]                   [1]	/opt/rustwide/cargo-home/registry/src/index.crates.io-6f17d22bba15001f/clingo-sys-0.7.1/clingo/clasp/CMakeLists.txt
[INFO] [stderr]   -- Potassco is not installed - using local copy
[INFO] [stderr]      Called from: [1]	/opt/rustwide/cargo-home/registry/src/index.crates.io-6f17d22bba15001f/clingo-sys-0.7.1/clingo/clasp/CMakeLists.txt
[INFO] [stderr]   -- Could NOT find Doxygen (missing: DOXYGEN_EXECUTABLE) 
[INFO] [stderr]      Called from: [4]	/usr/share/cmake-3.22/Modules/FindPackageHandleStandardArgs.cmake
[INFO] [stderr]                   [3]	/usr/share/cmake-3.22/Modules/FindPackageHandleStandardArgs.cmake
[INFO] [stderr]                   [2]	/usr/share/cmake-3.22/Modules/FindDoxygen.cmake
[INFO] [stderr]                   [1]	/opt/rustwide/cargo-home/registry/src/index.crates.io-6f17d22bba15001f/clingo-sys-0.7.1/clingo/clasp/libpotassco/CMakeLists.txt
[INFO] [stderr]   -- Could NOT find Doxygen (missing: DOXYGEN_EXECUTABLE) 
[INFO] [stderr]      Called from: [4]	/usr/share/cmake-3.22/Modules/FindPackageHandleStandardArgs.cmake
[INFO] [stderr]                   [3]	/usr/share/cmake-3.22/Modules/FindPackageHandleStandardArgs.cmake
[INFO] [stderr]                   [2]	/usr/share/cmake-3.22/Modules/FindDoxygen.cmake
[INFO] [stderr]                   [1]	/opt/rustwide/cargo-home/registry/src/index.crates.io-6f17d22bba15001f/clingo-sys-0.7.1/clingo/clasp/CMakeLists.txt
[INFO] [stderr]   -- Configuring done
[INFO] [stderr]   -- Generating /opt/rustwide/target/debug/build/clingo-sys-a0669214c6d15ff7/out/build
[INFO] [stderr]      Called from: [1]	/opt/rustwide/cargo-home/registry/src/index.crates.io-6f17d22bba15001f/clingo-sys-0.7.1/clingo/CMakeLists.txt
[INFO] [stderr]   -- Generating /opt/rustwide/target/debug/build/clingo-sys-a0669214c6d15ff7/out/build/clasp
[INFO] [stderr]      Called from: [1]	/opt/rustwide/cargo-home/registry/src/index.crates.io-6f17d22bba15001f/clingo-sys-0.7.1/clingo/clasp/CMakeLists.txt
[INFO] [stderr]   -- Generating /opt/rustwide/target/debug/build/clingo-sys-a0669214c6d15ff7/out/build/clasp/libpotassco
[INFO] [stderr]      Called from: [1]	/opt/rustwide/cargo-home/registry/src/index.crates.io-6f17d22bba15001f/clingo-sys-0.7.1/clingo/clasp/libpotassco/CMakeLists.txt
[INFO] [stderr]   -- Generating /opt/rustwide/target/debug/build/clingo-sys-a0669214c6d15ff7/out/build/clasp/libpotassco/src
[INFO] [stderr]      Called from: [1]	/opt/rustwide/cargo-home/registry/src/index.crates.io-6f17d22bba15001f/clingo-sys-0.7.1/clingo/clasp/libpotassco/src/CMakeLists.txt
[INFO] [stderr]   -- Generating /opt/rustwide/target/debug/build/clingo-sys-a0669214c6d15ff7/out/build/clasp/src
[INFO] [stderr]      Called from: [1]	/opt/rustwide/cargo-home/registry/src/index.crates.io-6f17d22bba15001f/clingo-sys-0.7.1/clingo/clasp/src/CMakeLists.txt
[INFO] [stderr]   -- Generating /opt/rustwide/target/debug/build/clingo-sys-a0669214c6d15ff7/out/build/libreify
[INFO] [stderr]      Called from: [1]	/opt/rustwide/cargo-home/registry/src/index.crates.io-6f17d22bba15001f/clingo-sys-0.7.1/clingo/libreify/CMakeLists.txt
[INFO] [stderr]   -- Generating /opt/rustwide/target/debug/build/clingo-sys-a0669214c6d15ff7/out/build/libgringo
[INFO] [stderr]      Called from: [1]	/opt/rustwide/cargo-home/registry/src/index.crates.io-6f17d22bba15001f/clingo-sys-0.7.1/clingo/libgringo/CMakeLists.txt
[INFO] [stderr]   -- Generating /opt/rustwide/target/debug/build/clingo-sys-a0669214c6d15ff7/out/build/libclingo
[INFO] [stderr]      Called from: [1]	/opt/rustwide/cargo-home/registry/src/index.crates.io-6f17d22bba15001f/clingo-sys-0.7.1/clingo/libclingo/CMakeLists.txt
[INFO] [stderr]   -- Generating done
[INFO] [stderr]   -- Build files have been written to: /opt/rustwide/target/debug/build/clingo-sys-a0669214c6d15ff7/out/build
[INFO] [stderr]   running: cd "/opt/rustwide/target/debug/build/clingo-sys-a0669214c6d15ff7/out/build" && MAKEFLAGS="-j --jobserver-fds=7,8 --jobserver-auth=7,8" "cmake" "--build" "." "--target" "install" "--config" "Debug"
[INFO] [stderr]   /usr/bin/cmake -S/opt/rustwide/cargo-home/registry/src/index.crates.io-6f17d22bba15001f/clingo-sys-0.7.1/clingo -B/opt/rustwide/target/debug/build/clingo-sys-a0669214c6d15ff7/out/build --check-build-system CMakeFiles/Makefile.cmake 0
[INFO] [stderr]   /usr/bin/cmake -E cmake_progress_start /opt/rustwide/target/debug/build/clingo-sys-a0669214c6d15ff7/out/build/CMakeFiles /opt/rustwide/target/debug/build/clingo-sys-a0669214c6d15ff7/out/build//CMakeFiles/progress.marks
[INFO] [stderr]   /usr/bin/gmake  -f CMakeFiles/Makefile2 all
[INFO] [stderr]   gmake[1]: Entering directory '/opt/rustwide/target/debug/build/clingo-sys-a0669214c6d15ff7/out/build'
[INFO] [stderr]   /usr/bin/gmake  -f clasp/libpotassco/src/CMakeFiles/libpotassco.dir/build.make clasp/libpotassco/src/CMakeFiles/libpotassco.dir/depend
[INFO] [stderr]   gmake[2]: Entering directory '/opt/rustwide/target/debug/build/clingo-sys-a0669214c6d15ff7/out/build'
[INFO] [stderr]   cd /opt/rustwide/target/debug/build/clingo-sys-a0669214c6d15ff7/out/build && /usr/bin/cmake -E cmake_depends "Unix Makefiles" /opt/rustwide/cargo-home/registry/src/index.crates.io-6f17d22bba15001f/clingo-sys-0.7.1/clingo /opt/rustwide/cargo-home/registry/src/index.crates.io-6f17d22bba15001f/clingo-sys-0.7.1/clingo/clasp/libpotassco/src /opt/rustwide/target/debug/build/clingo-sys-a0669214c6d15ff7/out/build /opt/rustwide/target/debug/build/clingo-sys-a0669214c6d15ff7/out/build/clasp/libpotassco/src /opt/rustwide/target/debug/build/clingo-sys-a0669214c6d15ff7/out/build/clasp/libpotassco/src/CMakeFiles/libpotassco.dir/DependInfo.cmake --color=
[INFO] [stderr]   gmake[2]: Leaving directory '/opt/rustwide/target/debug/build/clingo-sys-a0669214c6d15ff7/out/build'
[INFO] [stderr]   /usr/bin/gmake  -f clasp/libpotassco/src/CMakeFiles/libpotassco.dir/build.make clasp/libpotassco/src/CMakeFiles/libpotassco.dir/build
[INFO] [stderr]   gmake[2]: Entering directory '/opt/rustwide/target/debug/build/clingo-sys-a0669214c6d15ff7/out/build'
[INFO] [stderr]   [  3%] Building CXX object clasp/libpotassco/src/CMakeFiles/libpotassco.dir/application.cpp.o
[INFO] [stderr]   [  3%] Building CXX object clasp/libpotassco/src/CMakeFiles/libpotassco.dir/clingo.cpp.o
[INFO] [stderr]   [  3%] Building CXX object clasp/libpotassco/src/CMakeFiles/libpotassco.dir/aspif.cpp.o
[INFO] [stderr]   [  6%] Building CXX object clasp/libpotassco/src/CMakeFiles/libpotassco.dir/match_basic_types.cpp.o
[INFO] [stderr]   [  6%] Building CXX object clasp/libpotassco/src/CMakeFiles/libpotassco.dir/convert.cpp.o
[INFO] [stderr]   [  6%] Building CXX object clasp/libpotassco/src/CMakeFiles/libpotassco.dir/program_options.cpp.o
[INFO] [stderr]   cd /opt/rustwide/target/debug/build/clingo-sys-a0669214c6d15ff7/out/build/clasp/libpotassco/src && /usr/bin/c++  -I/opt/rustwide/cargo-home/registry/src/index.crates.io-6f17d22bba15001f/clingo-sys-0.7.1/clingo/clasp/libpotassco -ffunction-sections -fdata-sections -fPIC -m64 -g -std=gnu++11 -MD -MT clasp/libpotassco/src/CMakeFiles/libpotassco.dir/clingo.cpp.o -MF CMakeFiles/libpotassco.dir/clingo.cpp.o.d -o CMakeFiles/libpotassco.dir/clingo.cpp.o -c /opt/rustwide/cargo-home/registry/src/index.crates.io-6f17d22bba15001f/clingo-sys-0.7.1/clingo/clasp/libpotassco/src/clingo.cpp
[INFO] [stderr]   [  7%] Building CXX object clasp/libpotassco/src/CMakeFiles/libpotassco.dir/smodels.cpp.o
[INFO] [stderr]   cd /opt/rustwide/target/debug/build/clingo-sys-a0669214c6d15ff7/out/build/clasp/libpotassco/src && /usr/bin/c++  -I/opt/rustwide/cargo-home/registry/src/index.crates.io-6f17d22bba15001f/clingo-sys-0.7.1/clingo/clasp/libpotassco -ffunction-sections -fdata-sections -fPIC -m64 -g -std=gnu++11 -MD -MT clasp/libpotassco/src/CMakeFiles/libpotassco.dir/application.cpp.o -MF CMakeFiles/libpotassco.dir/application.cpp.o.d -o CMakeFiles/libpotassco.dir/application.cpp.o -c /opt/rustwide/cargo-home/registry/src/index.crates.io-6f17d22bba15001f/clingo-sys-0.7.1/clingo/clasp/libpotassco/src/application.cpp
[INFO] [stderr]   cd /opt/rustwide/target/debug/build/clingo-sys-a0669214c6d15ff7/out/build/clasp/libpotassco/src && /usr/bin/c++  -I/opt/rustwide/cargo-home/registry/src/index.crates.io-6f17d22bba15001f/clingo-sys-0.7.1/clingo/clasp/libpotassco -ffunction-sections -fdata-sections -fPIC -m64 -g -std=gnu++11 -MD -MT clasp/libpotassco/src/CMakeFiles/libpotassco.dir/aspif.cpp.o -MF CMakeFiles/libpotassco.dir/aspif.cpp.o.d -o CMakeFiles/libpotassco.dir/aspif.cpp.o -c /opt/rustwide/cargo-home/registry/src/index.crates.io-6f17d22bba15001f/clingo-sys-0.7.1/clingo/clasp/libpotassco/src/aspif.cpp
[INFO] [stderr]   [  8%] Building CXX object clasp/libpotassco/src/CMakeFiles/libpotassco.dir/aspif_text.cpp.o
[INFO] [stderr]   cd /opt/rustwide/target/debug/build/clingo-sys-a0669214c6d15ff7/out/build/clasp/libpotassco/src && /usr/bin/c++  -I/opt/rustwide/cargo-home/registry/src/index.crates.io-6f17d22bba15001f/clingo-sys-0.7.1/clingo/clasp/libpotassco -ffunction-sections -fdata-sections -fPIC -m64 -g -std=gnu++11 -MD -MT clasp/libpotassco/src/CMakeFiles/libpotassco.dir/convert.cpp.o -MF CMakeFiles/libpotassco.dir/convert.cpp.o.d -o CMakeFiles/libpotassco.dir/convert.cpp.o -c /opt/rustwide/cargo-home/registry/src/index.crates.io-6f17d22bba15001f/clingo-sys-0.7.1/clingo/clasp/libpotassco/src/convert.cpp
[INFO] [stderr]   [ 10%] Building CXX object clasp/libpotassco/src/CMakeFiles/libpotassco.dir/theory_data.cpp.o
[INFO] [stderr]   cd /opt/rustwide/target/debug/build/clingo-sys-a0669214c6d15ff7/out/build/clasp/libpotassco/src && /usr/bin/c++  -I/opt/rustwide/cargo-home/registry/src/index.crates.io-6f17d22bba15001f/clingo-sys-0.7.1/clingo/clasp/libpotassco -ffunction-sections -fdata-sections -fPIC -m64 -g -std=gnu++11 -MD -MT clasp/libpotassco/src/CMakeFiles/libpotassco.dir/match_basic_types.cpp.o -MF CMakeFiles/libpotassco.dir/match_basic_types.cpp.o.d -o CMakeFiles/libpotassco.dir/match_basic_types.cpp.o -c /opt/rustwide/cargo-home/registry/src/index.crates.io-6f17d22bba15001f/clingo-sys-0.7.1/clingo/clasp/libpotassco/src/match_basic_types.cpp
[INFO] [stderr]   cd /opt/rustwide/target/debug/build/clingo-sys-a0669214c6d15ff7/out/build/clasp/libpotassco/src && /usr/bin/c++  -I/opt/rustwide/cargo-home/registry/src/index.crates.io-6f17d22bba15001f/clingo-sys-0.7.1/clingo/clasp/libpotassco -ffunction-sections -fdata-sections -fPIC -m64 -g -std=gnu++11 -MD -MT clasp/libpotassco/src/CMakeFiles/libpotassco.dir/program_options.cpp.o -MF CMakeFiles/libpotassco.dir/program_options.cpp.o.d -o CMakeFiles/libpotassco.dir/program_options.cpp.o -c /opt/rustwide/cargo-home/registry/src/index.crates.io-6f17d22bba15001f/clingo-sys-0.7.1/clingo/clasp/libpotassco/src/program_options.cpp
[INFO] [stderr]   cd /opt/rustwide/target/debug/build/clingo-sys-a0669214c6d15ff7/out/build/clasp/libpotassco/src && /usr/bin/c++  -I/opt/rustwide/cargo-home/registry/src/index.crates.io-6f17d22bba15001f/clingo-sys-0.7.1/clingo/clasp/libpotassco -ffunction-sections -fdata-sections -fPIC -m64 -g -std=gnu++11 -MD -MT clasp/libpotassco/src/CMakeFiles/libpotassco.dir/smodels.cpp.o -MF CMakeFiles/libpotassco.dir/smodels.cpp.o.d -o CMakeFiles/libpotassco.dir/smodels.cpp.o -c /opt/rustwide/cargo-home/registry/src/index.crates.io-6f17d22bba15001f/clingo-sys-0.7.1/clingo/clasp/libpotassco/src/smodels.cpp
[INFO] [stderr]   [ 12%] Building CXX object clasp/libpotassco/src/CMakeFiles/libpotassco.dir/value_store.cpp.o
[INFO] [stderr]   [ 12%] Building CXX object clasp/libpotassco/src/CMakeFiles/libpotassco.dir/rule_utils.cpp.o
[INFO] [stderr]   cd /opt/rustwide/target/debug/build/clingo-sys-a0669214c6d15ff7/out/build/clasp/libpotassco/src && /usr/bin/c++  -I/opt/rustwide/cargo-home/registry/src/index.crates.io-6f17d22bba15001f/clingo-sys-0.7.1/clingo/clasp/libpotassco -ffunction-sections -fdata-sections -fPIC -m64 -g -std=gnu++11 -MD -MT clasp/libpotassco/src/CMakeFiles/libpotassco.dir/aspif_text.cpp.o -MF CMakeFiles/libpotassco.dir/aspif_text.cpp.o.d -o CMakeFiles/libpotassco.dir/aspif_text.cpp.o -c /opt/rustwide/cargo-home/registry/src/index.crates.io-6f17d22bba15001f/clingo-sys-0.7.1/clingo/clasp/libpotassco/src/aspif_text.cpp
[INFO] [stderr]   cd /opt/rustwide/target/debug/build/clingo-sys-a0669214c6d15ff7/out/build/clasp/libpotassco/src && /usr/bin/c++  -I/opt/rustwide/cargo-home/registry/src/index.crates.io-6f17d22bba15001f/clingo-sys-0.7.1/clingo/clasp/libpotassco -ffunction-sections -fdata-sections -fPIC -m64 -g -std=gnu++11 -MD -MT clasp/libpotassco/src/CMakeFiles/libpotassco.dir/theory_data.cpp.o -MF CMakeFiles/libpotassco.dir/theory_data.cpp.o.d -o CMakeFiles/libpotassco.dir/theory_data.cpp.o -c /opt/rustwide/cargo-home/registry/src/index.crates.io-6f17d22bba15001f/clingo-sys-0.7.1/clingo/clasp/libpotassco/src/theory_data.cpp
[INFO] [stderr]   cd /opt/rustwide/target/debug/build/clingo-sys-a0669214c6d15ff7/out/build/clasp/libpotassco/src && /usr/bin/c++  -I/opt/rustwide/cargo-home/registry/src/index.crates.io-6f17d22bba15001f/clingo-sys-0.7.1/clingo/clasp/libpotassco -ffunction-sections -fdata-sections -fPIC -m64 -g -std=gnu++11 -MD -MT clasp/libpotassco/src/CMakeFiles/libpotassco.dir/value_store.cpp.o -MF CMakeFiles/libpotassco.dir/value_store.cpp.o.d -o CMakeFiles/libpotassco.dir/value_store.cpp.o -c /opt/rustwide/cargo-home/registry/src/index.crates.io-6f17d22bba15001f/clingo-sys-0.7.1/clingo/clasp/libpotassco/src/value_store.cpp
[INFO] [stderr]   [ 13%] Building CXX object clasp/libpotassco/src/CMakeFiles/libpotassco.dir/string_convert.cpp.o
[INFO] [stderr]   cd /opt/rustwide/target/debug/build/clingo-sys-a0669214c6d15ff7/out/build/clasp/libpotassco/src && /usr/bin/c++  -I/opt/rustwide/cargo-home/registry/src/index.crates.io-6f17d22bba15001f/clingo-sys-0.7.1/clingo/clasp/libpotassco -ffunction-sections -fdata-sections -fPIC -m64 -g -std=gnu++11 -MD -MT clasp/libpotassco/src/CMakeFiles/libpotassco.dir/rule_utils.cpp.o -MF CMakeFiles/libpotassco.dir/rule_utils.cpp.o.d -o CMakeFiles/libpotassco.dir/rule_utils.cpp.o -c /opt/rustwide/cargo-home/registry/src/index.crates.io-6f17d22bba15001f/clingo-sys-0.7.1/clingo/clasp/libpotassco/src/rule_utils.cpp
[INFO] [stderr]   cd /opt/rustwide/target/debug/build/clingo-sys-a0669214c6d15ff7/out/build/clasp/libpotassco/src && /usr/bin/c++  -I/opt/rustwide/cargo-home/registry/src/index.crates.io-6f17d22bba15001f/clingo-sys-0.7.1/clingo/clasp/libpotassco -ffunction-sections -fdata-sections -fPIC -m64 -g -std=gnu++11 -MD -MT clasp/libpotassco/src/CMakeFiles/libpotassco.dir/string_convert.cpp.o -MF CMakeFiles/libpotassco.dir/string_convert.cpp.o.d -o CMakeFiles/libpotassco.dir/string_convert.cpp.o -c /opt/rustwide/cargo-home/registry/src/index.crates.io-6f17d22bba15001f/clingo-sys-0.7.1/clingo/clasp/libpotassco/src/string_convert.cpp
[INFO] [stderr]   [ 14%] Linking CXX static library ../../../lib/libpotassco.a
[INFO] [stderr]   cd /opt/rustwide/target/debug/build/clingo-sys-a0669214c6d15ff7/out/build/clasp/libpotassco/src && /usr/bin/cmake -P CMakeFiles/libpotassco.dir/cmake_clean_target.cmake
[INFO] [stderr]   cd /opt/rustwide/target/debug/build/clingo-sys-a0669214c6d15ff7/out/build/clasp/libpotassco/src && /usr/bin/cmake -E cmake_link_script CMakeFiles/libpotassco.dir/link.txt --verbose=1
[INFO] [stderr]   /usr/bin/ar qc ../../../lib/libpotassco.a CMakeFiles/libpotassco.dir/application.cpp.o CMakeFiles/libpotassco.dir/aspif.cpp.o CMakeFiles/libpotassco.dir/aspif_text.cpp.o CMakeFiles/libpotassco.dir/clingo.cpp.o CMakeFiles/libpotassco.dir/convert.cpp.o CMakeFiles/libpotassco.dir/match_basic_types.cpp.o CMakeFiles/libpotassco.dir/program_options.cpp.o CMakeFiles/libpotassco.dir/rule_utils.cpp.o CMakeFiles/libpotassco.dir/smodels.cpp.o CMakeFiles/libpotassco.dir/string_convert.cpp.o CMakeFiles/libpotassco.dir/theory_data.cpp.o CMakeFiles/libpotassco.dir/value_store.cpp.o
[INFO] [stderr]   /usr/bin/ranlib ../../../lib/libpotassco.a
[INFO] [stderr]   gmake[2]: Leaving directory '/opt/rustwide/target/debug/build/clingo-sys-a0669214c6d15ff7/out/build'
[INFO] [stderr]   [ 14%] Built target libpotassco
[INFO] [stderr]   /usr/bin/gmake  -f clasp/src/CMakeFiles/libclasp.dir/build.make clasp/src/CMakeFiles/libclasp.dir/depend
[INFO] [stderr]   /usr/bin/gmake  -f libreify/CMakeFiles/libreify.dir/build.make libreify/CMakeFiles/libreify.dir/depend
[INFO] [stderr]   gmake[2]: Entering directory '/opt/rustwide/target/debug/build/clingo-sys-a0669214c6d15ff7/out/build'
[INFO] [stderr]   cd /opt/rustwide/target/debug/build/clingo-sys-a0669214c6d15ff7/out/build && /usr/bin/cmake -E cmake_depends "Unix Makefiles" /opt/rustwide/cargo-home/registry/src/index.crates.io-6f17d22bba15001f/clingo-sys-0.7.1/clingo /opt/rustwide/cargo-home/registry/src/index.crates.io-6f17d22bba15001f/clingo-sys-0.7.1/clingo/libreify /opt/rustwide/target/debug/build/clingo-sys-a0669214c6d15ff7/out/build /opt/rustwide/target/debug/build/clingo-sys-a0669214c6d15ff7/out/build/libreify /opt/rustwide/target/debug/build/clingo-sys-a0669214c6d15ff7/out/build/libreify/CMakeFiles/libreify.dir/DependInfo.cmake --color=
[INFO] [stderr]   gmake[2]: Entering directory '/opt/rustwide/target/debug/build/clingo-sys-a0669214c6d15ff7/out/build'
[INFO] [stderr]   cd /opt/rustwide/target/debug/build/clingo-sys-a0669214c6d15ff7/out/build && /usr/bin/cmake -E cmake_depends "Unix Makefiles" /opt/rustwide/cargo-home/registry/src/index.crates.io-6f17d22bba15001f/clingo-sys-0.7.1/clingo /opt/rustwide/cargo-home/registry/src/index.crates.io-6f17d22bba15001f/clingo-sys-0.7.1/clingo/clasp/src /opt/rustwide/target/debug/build/clingo-sys-a0669214c6d15ff7/out/build /opt/rustwide/target/debug/build/clingo-sys-a0669214c6d15ff7/out/build/clasp/src /opt/rustwide/target/debug/build/clingo-sys-a0669214c6d15ff7/out/build/clasp/src/CMakeFiles/libclasp.dir/DependInfo.cmake --color=
[INFO] [stderr]   gmake[2]: Leaving directory '/opt/rustwide/target/debug/build/clingo-sys-a0669214c6d15ff7/out/build'
[INFO] [stderr]   gmake[2]: Leaving directory '/opt/rustwide/target/debug/build/clingo-sys-a0669214c6d15ff7/out/build'
[INFO] [stderr]   /usr/bin/gmake  -f libreify/CMakeFiles/libreify.dir/build.make libreify/CMakeFiles/libreify.dir/build
[INFO] [stderr]   /usr/bin/gmake  -f clasp/src/CMakeFiles/libclasp.dir/build.make clasp/src/CMakeFiles/libclasp.dir/build
[INFO] [stderr]   gmake[2]: Entering directory '/opt/rustwide/target/debug/build/clingo-sys-a0669214c6d15ff7/out/build'
[INFO] [stderr]   gmake[2]: Entering directory '/opt/rustwide/target/debug/build/clingo-sys-a0669214c6d15ff7/out/build'
[INFO] [stderr]   [ 15%] Building CXX object libreify/CMakeFiles/libreify.dir/src/program.cc.o
[INFO] [stderr]   [ 18%] Building CXX object clasp/src/CMakeFiles/libclasp.dir/clasp_options.cpp.o
[INFO] [stderr]   [ 18%] Building CXX object clasp/src/CMakeFiles/libclasp.dir/asp_preprocessor.cpp.o
[INFO] [stderr]   [ 18%] Building CXX object clasp/src/CMakeFiles/libclasp.dir/clasp_facade.cpp.o
[INFO] [stderr]   [ 20%] Building CXX object clasp/src/CMakeFiles/libclasp.dir/clasp_output.cpp.o
[INFO] [stderr]   [ 21%] Building CXX object clasp/src/CMakeFiles/libclasp.dir/clause.cpp.o
[INFO] [stderr]   cd /opt/rustwide/target/debug/build/clingo-sys-a0669214c6d15ff7/out/build/libreify && /usr/bin/c++  -I/opt/rustwide/cargo-home/registry/src/index.crates.io-6f17d22bba15001f/clingo-sys-0.7.1/clingo/libreify -I/opt/rustwide/cargo-home/registry/src/index.crates.io-6f17d22bba15001f/clingo-sys-0.7.1/clingo/libgringo -I/opt/rustwide/cargo-home/registry/src/index.crates.io-6f17d22bba15001f/clingo-sys-0.7.1/clingo/clasp/libpotassco -ffunction-sections -fdata-sections -fPIC -m64 -g -std=c++14 -MD -MT libreify/CMakeFiles/libreify.dir/src/program.cc.o -MF CMakeFiles/libreify.dir/src/program.cc.o.d -o CMakeFiles/libreify.dir/src/program.cc.o -c /opt/rustwide/cargo-home/registry/src/index.crates.io-6f17d22bba15001f/clingo-sys-0.7.1/clingo/libreify/src/program.cc
[INFO] [stderr]   [ 22%] Building CXX object clasp/src/CMakeFiles/libclasp.dir/cb_enumerator.cpp.o
[INFO] [stderr]   cd /opt/rustwide/target/debug/build/clingo-sys-a0669214c6d15ff7/out/build/clasp/src && /usr/bin/c++  -I/opt/rustwide/cargo-home/registry/src/index.crates.io-6f17d22bba15001f/clingo-sys-0.7.1/clingo/clasp -I/opt/rustwide/target/debug/build/clingo-sys-a0669214c6d15ff7/out/build/clasp -I/opt/rustwide/cargo-home/registry/src/index.crates.io-6f17d22bba15001f/clingo-sys-0.7.1/clingo/clasp/libpotassco -ffunction-sections -fdata-sections -fPIC -m64 -g -std=gnu++11 -MD -MT clasp/src/CMakeFiles/libclasp.dir/asp_preprocessor.cpp.o -MF CMakeFiles/libclasp.dir/asp_preprocessor.cpp.o.d -o CMakeFiles/libclasp.dir/asp_preprocessor.cpp.o -c /opt/rustwide/cargo-home/registry/src/index.crates.io-6f17d22bba15001f/clingo-sys-0.7.1/clingo/clasp/src/asp_preprocessor.cpp
[INFO] [stderr]   cd /opt/rustwide/target/debug/build/clingo-sys-a0669214c6d15ff7/out/build/clasp/src && /usr/bin/c++  -I/opt/rustwide/cargo-home/registry/src/index.crates.io-6f17d22bba15001f/clingo-sys-0.7.1/clingo/clasp -I/opt/rustwide/target/debug/build/clingo-sys-a0669214c6d15ff7/out/build/clasp -I/opt/rustwide/cargo-home/registry/src/index.crates.io-6f17d22bba15001f/clingo-sys-0.7.1/clingo/clasp/libpotassco -ffunction-sections -fdata-sections -fPIC -m64 -g -std=gnu++11 -MD -MT clasp/src/CMakeFiles/libclasp.dir/clasp_facade.cpp.o -MF CMakeFiles/libclasp.dir/clasp_facade.cpp.o.d -o CMakeFiles/libclasp.dir/clasp_facade.cpp.o -c /opt/rustwide/cargo-home/registry/src/index.crates.io-6f17d22bba15001f/clingo-sys-0.7.1/clingo/clasp/src/clasp_facade.cpp
[INFO] [stderr]   cd /opt/rustwide/target/debug/build/clingo-sys-a0669214c6d15ff7/out/build/clasp/src && /usr/bin/c++  -I/opt/rustwide/cargo-home/registry/src/index.crates.io-6f17d22bba15001f/clingo-sys-0.7.1/clingo/clasp -I/opt/rustwide/target/debug/build/clingo-sys-a0669214c6d15ff7/out/build/clasp -I/opt/rustwide/cargo-home/registry/src/index.crates.io-6f17d22bba15001f/clingo-sys-0.7.1/clingo/clasp/libpotassco -ffunction-sections -fdata-sections -fPIC -m64 -g -std=gnu++11 -MD -MT clasp/src/CMakeFiles/libclasp.dir/clasp_options.cpp.o -MF CMakeFiles/libclasp.dir/clasp_options.cpp.o.d -o CMakeFiles/libclasp.dir/clasp_options.cpp.o -c /opt/rustwide/cargo-home/registry/src/index.crates.io-6f17d22bba15001f/clingo-sys-0.7.1/clingo/clasp/src/clasp_options.cpp
[INFO] [stderr]   [ 23%] Building CXX object clasp/src/CMakeFiles/libclasp.dir/constraint.cpp.o
[INFO] [stderr]   cd /opt/rustwide/target/debug/build/clingo-sys-a0669214c6d15ff7/out/build/clasp/src && /usr/bin/c++  -I/opt/rustwide/cargo-home/registry/src/index.crates.io-6f17d22bba15001f/clingo-sys-0.7.1/clingo/clasp -I/opt/rustwide/target/debug/build/clingo-sys-a0669214c6d15ff7/out/build/clasp -I/opt/rustwide/cargo-home/registry/src/index.crates.io-6f17d22bba15001f/clingo-sys-0.7.1/clingo/clasp/libpotassco -ffunction-sections -fdata-sections -fPIC -m64 -g -std=gnu++11 -MD -MT clasp/src/CMakeFiles/libclasp.dir/clasp_output.cpp.o -MF CMakeFiles/libclasp.dir/clasp_output.cpp.o.d -o CMakeFiles/libclasp.dir/clasp_output.cpp.o -c /opt/rustwide/cargo-home/registry/src/index.crates.io-6f17d22bba15001f/clingo-sys-0.7.1/clingo/clasp/src/clasp_output.cpp
[INFO] [stderr]   [ 25%] Building CXX object clasp/src/CMakeFiles/libclasp.dir/enumerator.cpp.o
[INFO] [stderr]   [ 25%] Building CXX object clasp/src/CMakeFiles/libclasp.dir/dependency_graph.cpp.o
[INFO] [stderr]   cd /opt/rustwide/target/debug/build/clingo-sys-a0669214c6d15ff7/out/build/clasp/src && /usr/bin/c++  -I/opt/rustwide/cargo-home/registry/src/index.crates.io-6f17d22bba15001f/clingo-sys-0.7.1/clingo/clasp -I/opt/rustwide/target/debug/build/clingo-sys-a0669214c6d15ff7/out/build/clasp -I/opt/rustwide/cargo-home/registry/src/index.crates.io-6f17d22bba15001f/clingo-sys-0.7.1/clingo/clasp/libpotassco -ffunction-sections -fdata-sections -fPIC -m64 -g -std=gnu++11 -MD -MT clasp/src/CMakeFiles/libclasp.dir/clause.cpp.o -MF CMakeFiles/libclasp.dir/clause.cpp.o.d -o CMakeFiles/libclasp.dir/clause.cpp.o -c /opt/rustwide/cargo-home/registry/src/index.crates.io-6f17d22bba15001f/clingo-sys-0.7.1/clingo/clasp/src/clause.cpp
[INFO] [stderr]   [ 27%] Building CXX object clasp/src/CMakeFiles/libclasp.dir/clingo.cpp.o
[INFO] [stderr]   [ 27%] Building CXX object clasp/src/CMakeFiles/libclasp.dir/logic_program.cpp.o
[INFO] [stderr]   [ 28%] Building CXX object clasp/src/CMakeFiles/libclasp.dir/logic_program_types.cpp.o
[INFO] [stderr]   cd /opt/rustwide/target/debug/build/clingo-sys-a0669214c6d15ff7/out/build/clasp/src && /usr/bin/c++  -I/opt/rustwide/cargo-home/registry/src/index.crates.io-6f17d22bba15001f/clingo-sys-0.7.1/clingo/clasp -I/opt/rustwide/target/debug/build/clingo-sys-a0669214c6d15ff7/out/build/clasp -I/opt/rustwide/cargo-home/registry/src/index.crates.io-6f17d22bba15001f/clingo-sys-0.7.1/clingo/clasp/libpotassco -ffunction-sections -fdata-sections -fPIC -m64 -g -std=gnu++11 -MD -MT clasp/src/CMakeFiles/libclasp.dir/cb_enumerator.cpp.o -MF CMakeFiles/libclasp.dir/cb_enumerator.cpp.o.d -o CMakeFiles/libclasp.dir/cb_enumerator.cpp.o -c /opt/rustwide/cargo-home/registry/src/index.crates.io-6f17d22bba15001f/clingo-sys-0.7.1/clingo/clasp/src/cb_enumerator.cpp
[INFO] [stderr]   cd /opt/rustwide/target/debug/build/clingo-sys-a0669214c6d15ff7/out/build/clasp/src && /usr/bin/c++  -I/opt/rustwide/cargo-home/registry/src/index.crates.io-6f17d22bba15001f/clingo-sys-0.7.1/clingo/clasp -I/opt/rustwide/target/debug/build/clingo-sys-a0669214c6d15ff7/out/build/clasp -I/opt/rustwide/cargo-home/registry/src/index.crates.io-6f17d22bba15001f/clingo-sys-0.7.1/clingo/clasp/libpotassco -ffunction-sections -fdata-sections -fPIC -m64 -g -std=gnu++11 -MD -MT clasp/src/CMakeFiles/libclasp.dir/constraint.cpp.o -MF CMakeFiles/libclasp.dir/constraint.cpp.o.d -o CMakeFiles/libclasp.dir/constraint.cpp.o -c /opt/rustwide/cargo-home/registry/src/index.crates.io-6f17d22bba15001f/clingo-sys-0.7.1/clingo/clasp/src/constraint.cpp
[INFO] [stderr]   cd /opt/rustwide/target/debug/build/clingo-sys-a0669214c6d15ff7/out/build/clasp/src && /usr/bin/c++  -I/opt/rustwide/cargo-home/registry/src/index.crates.io-6f17d22bba15001f/clingo-sys-0.7.1/clingo/clasp -I/opt/rustwide/target/debug/build/clingo-sys-a0669214c6d15ff7/out/build/clasp -I/opt/rustwide/cargo-home/registry/src/index.crates.io-6f17d22bba15001f/clingo-sys-0.7.1/clingo/clasp/libpotassco -ffunction-sections -fdata-sections -fPIC -m64 -g -std=gnu++11 -MD -MT clasp/src/CMakeFiles/libclasp.dir/dependency_graph.cpp.o -MF CMakeFiles/libclasp.dir/dependency_graph.cpp.o.d -o CMakeFiles/libclasp.dir/dependency_graph.cpp.o -c /opt/rustwide/cargo-home/registry/src/index.crates.io-6f17d22bba15001f/clingo-sys-0.7.1/clingo/clasp/src/dependency_graph.cpp
[INFO] [stderr]   [ 30%] Building CXX object clasp/src/CMakeFiles/libclasp.dir/heuristics.cpp.o
[INFO] [stderr]   [ 31%] Building CXX object clasp/src/CMakeFiles/libclasp.dir/lookahead.cpp.o
[INFO] [stderr]   cd /opt/rustwide/target/debug/build/clingo-sys-a0669214c6d15ff7/out/build/clasp/src && /usr/bin/c++  -I/opt/rustwide/cargo-home/registry/src/index.crates.io-6f17d22bba15001f/clingo-sys-0.7.1/clingo/clasp -I/opt/rustwide/target/debug/build/clingo-sys-a0669214c6d15ff7/out/build/clasp -I/opt/rustwide/cargo-home/registry/src/index.crates.io-6f17d22bba15001f/clingo-sys-0.7.1/clingo/clasp/libpotassco -ffunction-sections -fdata-sections -fPIC -m64 -g -std=gnu++11 -MD -MT clasp/src/CMakeFiles/libclasp.dir/clingo.cpp.o -MF CMakeFiles/libclasp.dir/clingo.cpp.o.d -o CMakeFiles/libclasp.dir/clingo.cpp.o -c /opt/rustwide/cargo-home/registry/src/index.crates.io-6f17d22bba15001f/clingo-sys-0.7.1/clingo/clasp/src/clingo.cpp
[INFO] [stderr]   cd /opt/rustwide/target/debug/build/clingo-sys-a0669214c6d15ff7/out/build/clasp/src && /usr/bin/c++  -I/opt/rustwide/cargo-home/registry/src/index.crates.io-6f17d22bba15001f/clingo-sys-0.7.1/clingo/clasp -I/opt/rustwide/target/debug/build/clingo-sys-a0669214c6d15ff7/out/build/clasp -I/opt/rustwide/cargo-home/registry/src/index.crates.io-6f17d22bba15001f/clingo-sys-0.7.1/clingo/clasp/libpotassco -ffunction-sections -fdata-sections -fPIC -m64 -g -std=gnu++11 -MD -MT clasp/src/CMakeFiles/libclasp.dir/enumerator.cpp.o -MF CMakeFiles/libclasp.dir/enumerator.cpp.o.d -o CMakeFiles/libclasp.dir/enumerator.cpp.o -c /opt/rustwide/cargo-home/registry/src/index.crates.io-6f17d22bba15001f/clingo-sys-0.7.1/clingo/clasp/src/enumerator.cpp
[INFO] [stderr]   cd /opt/rustwide/target/debug/build/clingo-sys-a0669214c6d15ff7/out/build/clasp/src && /usr/bin/c++  -I/opt/rustwide/cargo-home/registry/src/index.crates.io-6f17d22bba15001f/clingo-sys-0.7.1/clingo/clasp -I/opt/rustwide/target/debug/build/clingo-sys-a0669214c6d15ff7/out/build/clasp -I/opt/rustwide/cargo-home/registry/src/index.crates.io-6f17d22bba15001f/clingo-sys-0.7.1/clingo/clasp/libpotassco -ffunction-sections -fdata-sections -fPIC -m64 -g -std=gnu++11 -MD -MT clasp/src/CMakeFiles/libclasp.dir/logic_program.cpp.o -MF CMakeFiles/libclasp.dir/logic_program.cpp.o.d -o CMakeFiles/libclasp.dir/logic_program.cpp.o -c /opt/rustwide/cargo-home/registry/src/index.crates.io-6f17d22bba15001f/clingo-sys-0.7.1/clingo/clasp/src/logic_program.cpp
[INFO] [stderr]   cd /opt/rustwide/target/debug/build/clingo-sys-a0669214c6d15ff7/out/build/clasp/src && /usr/bin/c++  -I/opt/rustwide/cargo-home/registry/src/index.crates.io-6f17d22bba15001f/clingo-sys-0.7.1/clingo/clasp -I/opt/rustwide/target/debug/build/clingo-sys-a0669214c6d15ff7/out/build/clasp -I/opt/rustwide/cargo-home/registry/src/index.crates.io-6f17d22bba15001f/clingo-sys-0.7.1/clingo/clasp/libpotassco -ffunction-sections -fdata-sections -fPIC -m64 -g -std=gnu++11 -MD -MT clasp/src/CMakeFiles/libclasp.dir/logic_program_types.cpp.o -MF CMakeFiles/libclasp.dir/logic_program_types.cpp.o.d -o CMakeFiles/libclasp.dir/logic_program_types.cpp.o -c /opt/rustwide/cargo-home/registry/src/index.crates.io-6f17d22bba15001f/clingo-sys-0.7.1/clingo/clasp/src/logic_program_types.cpp
[INFO] [stderr]   cd /opt/rustwide/target/debug/build/clingo-sys-a0669214c6d15ff7/out/build/clasp/src && /usr/bin/c++  -I/opt/rustwide/cargo-home/registry/src/index.crates.io-6f17d22bba15001f/clingo-sys-0.7.1/clingo/clasp -I/opt/rustwide/target/debug/build/clingo-sys-a0669214c6d15ff7/out/build/clasp -I/opt/rustwide/cargo-home/registry/src/index.crates.io-6f17d22bba15001f/clingo-sys-0.7.1/clingo/clasp/libpotassco -ffunction-sections -fdata-sections -fPIC -m64 -g -std=gnu++11 -MD -MT clasp/src/CMakeFiles/libclasp.dir/heuristics.cpp.o -MF CMakeFiles/libclasp.dir/heuristics.cpp.o.d -o CMakeFiles/libclasp.dir/heuristics.cpp.o -c /opt/rustwide/cargo-home/registry/src/index.crates.io-6f17d22bba15001f/clingo-sys-0.7.1/clingo/clasp/src/heuristics.cpp
[INFO] [stderr]   cd /opt/rustwide/target/debug/build/clingo-sys-a0669214c6d15ff7/out/build/clasp/src && /usr/bin/c++  -I/opt/rustwide/cargo-home/registry/src/index.crates.io-6f17d22bba15001f/clingo-sys-0.7.1/clingo/clasp -I/opt/rustwide/target/debug/build/clingo-sys-a0669214c6d15ff7/out/build/clasp -I/opt/rustwide/cargo-home/registry/src/index.crates.io-6f17d22bba15001f/clingo-sys-0.7.1/clingo/clasp/libpotassco -ffunction-sections -fdata-sections -fPIC -m64 -g -std=gnu++11 -MD -MT clasp/src/CMakeFiles/libclasp.dir/lookahead.cpp.o -MF CMakeFiles/libclasp.dir/lookahead.cpp.o.d -o CMakeFiles/libclasp.dir/lookahead.cpp.o -c /opt/rustwide/cargo-home/registry/src/index.crates.io-6f17d22bba15001f/clingo-sys-0.7.1/clingo/clasp/src/lookahead.cpp
[INFO] [stderr]   [ 32%] Building CXX object clasp/src/CMakeFiles/libclasp.dir/minimize_constraint.cpp.o
[INFO] [stderr]   cd /opt/rustwide/target/debug/build/clingo-sys-a0669214c6d15ff7/out/build/clasp/src && /usr/bin/c++  -I/opt/rustwide/cargo-home/registry/src/index.crates.io-6f17d22bba15001f/clingo-sys-0.7.1/clingo/clasp -I/opt/rustwide/target/debug/build/clingo-sys-a0669214c6d15ff7/out/build/clasp -I/opt/rustwide/cargo-home/registry/src/index.crates.io-6f17d22bba15001f/clingo-sys-0.7.1/clingo/clasp/libpotassco -ffunction-sections -fdata-sections -fPIC -m64 -g -std=gnu++11 -MD -MT clasp/src/CMakeFiles/libclasp.dir/minimize_constraint.cpp.o -MF CMakeFiles/libclasp.dir/minimize_constraint.cpp.o.d -o CMakeFiles/libclasp.dir/minimize_constraint.cpp.o -c /opt/rustwide/cargo-home/registry/src/index.crates.io-6f17d22bba15001f/clingo-sys-0.7.1/clingo/clasp/src/minimize_constraint.cpp
[INFO] [stderr]   [ 33%] Building CXX object clasp/src/CMakeFiles/libclasp.dir/model_enumerators.cpp.o
[INFO] [stderr]   cd /opt/rustwide/target/debug/build/clingo-sys-a0669214c6d15ff7/out/build/clasp/src && /usr/bin/c++  -I/opt/rustwide/cargo-home/registry/src/index.crates.io-6f17d22bba15001f/clingo-sys-0.7.1/clingo/clasp -I/opt/rustwide/target/debug/build/clingo-sys-a0669214c6d15ff7/out/build/clasp -I/opt/rustwide/cargo-home/registry/src/index.crates.io-6f17d22bba15001f/clingo-sys-0.7.1/clingo/clasp/libpotassco -ffunction-sections -fdata-sections -fPIC -m64 -g -std=gnu++11 -MD -MT clasp/src/CMakeFiles/libclasp.dir/model_enumerators.cpp.o -MF CMakeFiles/libclasp.dir/model_enumerators.cpp.o.d -o CMakeFiles/libclasp.dir/model_enumerators.cpp.o -c /opt/rustwide/cargo-home/registry/src/index.crates.io-6f17d22bba15001f/clingo-sys-0.7.1/clingo/clasp/src/model_enumerators.cpp
[INFO] [stderr]   [ 34%] Linking CXX static library ../lib/libreify.a
[INFO] [stderr]   cd /opt/rustwide/target/debug/build/clingo-sys-a0669214c6d15ff7/out/build/libreify && /usr/bin/cmake -P CMakeFiles/libreify.dir/cmake_clean_target.cmake
[INFO] [stderr]   cd /opt/rustwide/target/debug/build/clingo-sys-a0669214c6d15ff7/out/build/libreify && /usr/bin/cmake -E cmake_link_script CMakeFiles/libreify.dir/link.txt --verbose=1
[INFO] [stderr]   /usr/bin/ar qc ../lib/libreify.a CMakeFiles/libreify.dir/src/program.cc.o
[INFO] [stderr]   /usr/bin/ranlib ../lib/libreify.a
[INFO] [stderr]   gmake[2]: Leaving directory '/opt/rustwide/target/debug/build/clingo-sys-a0669214c6d15ff7/out/build'
[INFO] [stderr]   [ 34%] Built target libreify
[INFO] [stderr]   /usr/bin/gmake  -f libgringo/CMakeFiles/libgringo.dir/build.make libgringo/CMakeFiles/libgringo.dir/depend
[INFO] [stderr]   gmake[2]: Entering directory '/opt/rustwide/target/debug/build/clingo-sys-a0669214c6d15ff7/out/build'
[INFO] [stderr]   [ 35%] [BISON][groundtermgrammar] Building parser with bison 3.8.2
[INFO] [stderr]   [ 36%] [RE2C][groundtermlexer] Building lexer with re2c 0.300.0
[INFO] [stderr]   cd /opt/rustwide/cargo-home/registry/src/index.crates.io-6f17d22bba15001f/clingo-sys-0.7.1/clingo/libgringo && /usr/bin/bison -d -o /opt/rustwide/target/debug/build/clingo-sys-a0669214c6d15ff7/out/build/libgringo/src/input/groundtermgrammar/grammar.cc /opt/rustwide/cargo-home/registry/src/index.crates.io-6f17d22bba15001f/clingo-sys-0.7.1/clingo/libgringo/src/input/groundtermgrammar.yy
[INFO] [stderr]   cd /opt/rustwide/target/debug/build/clingo-sys-a0669214c6d15ff7/out/build/libgringo && /usr/bin/re2c -o /opt/rustwide/target/debug/build/clingo-sys-a0669214c6d15ff7/out/build/libgringo//src/input/groundtermlexer.hh /opt/rustwide/cargo-home/registry/src/index.crates.io-6f17d22bba15001f/clingo-sys-0.7.1/clingo/libgringo//src/input/groundtermlexer.xh
[INFO] [stderr]   [ 37%] [RE2C][nongroundlexer] Building lexer with re2c 0.300.0
[INFO] [stderr]   [ 38%] [BISON][nongroundgrammar] Building parser with bison 3.8.2
[INFO] [stderr]   cd /opt/rustwide/target/debug/build/clingo-sys-a0669214c6d15ff7/out/build/libgringo && /usr/bin/re2c -c -o /opt/rustwide/target/debug/build/clingo-sys-a0669214c6d15ff7/out/build/libgringo//src/input/nongroundlexer.hh /opt/rustwide/cargo-home/registry/src/index.crates.io-6f17d22bba15001f/clingo-sys-0.7.1/clingo/libgringo//src/input/nongroundlexer.xch
[INFO] [stderr]   cd /opt/rustwide/cargo-home/registry/src/index.crates.io-6f17d22bba15001f/clingo-sys-0.7.1/clingo/libgringo && /usr/bin/bison -d -o /opt/rustwide/target/debug/build/clingo-sys-a0669214c6d15ff7/out/build/libgringo/src/input/nongroundgrammar/grammar.cc /opt/rustwide/cargo-home/registry/src/index.crates.io-6f17d22bba15001f/clingo-sys-0.7.1/clingo/libgringo/src/input/nongroundgrammar.yy
[INFO] [stderr]   cd /opt/rustwide/target/debug/build/clingo-sys-a0669214c6d15ff7/out/build && /usr/bin/cmake -E cmake_depends "Unix Makefiles" /opt/rustwide/cargo-home/registry/src/index.crates.io-6f17d22bba15001f/clingo-sys-0.7.1/clingo /opt/rustwide/cargo-home/registry/src/index.crates.io-6f17d22bba15001f/clingo-sys-0.7.1/clingo/libgringo /opt/rustwide/target/debug/build/clingo-sys-a0669214c6d15ff7/out/build /opt/rustwide/target/debug/build/clingo-sys-a0669214c6d15ff7/out/build/libgringo /opt/rustwide/target/debug/build/clingo-sys-a0669214c6d15ff7/out/build/libgringo/CMakeFiles/libgringo.dir/DependInfo.cmake --color=
[INFO] [stderr]   gmake[2]: Leaving directory '/opt/rustwide/target/debug/build/clingo-sys-a0669214c6d15ff7/out/build'
[INFO] [stderr]   /usr/bin/gmake  -f libgringo/CMakeFiles/libgringo.dir/build.make libgringo/CMakeFiles/libgringo.dir/build
[INFO] [stderr]   gmake[2]: Entering directory '/opt/rustwide/target/debug/build/clingo-sys-a0669214c6d15ff7/out/build'
[INFO] [stderr]   [ 41%] Building CXX object libgringo/CMakeFiles/libgringo.dir/src/term.cc.o
[INFO] [stderr]   [ 42%] Building CXX object libgringo/CMakeFiles/libgringo.dir/src/ground/instantiation.cc.o
[INFO] [stderr]   cd /opt/rustwide/target/debug/build/clingo-sys-a0669214c6d15ff7/out/build/libgringo && /usr/bin/c++ -DCLINGO_NO_VISIBILITY -I/opt/rustwide/cargo-home/registry/src/index.crates.io-6f17d22bba15001f/clingo-sys-0.7.1/clingo/libgringo -I/opt/rustwide/target/debug/build/clingo-sys-a0669214c6d15ff7/out/build/libgringo/src -I/opt/rustwide/cargo-home/registry/src/index.crates.io-6f17d22bba15001f/clingo-sys-0.7.1/clingo/clasp/libpotassco -I/opt/rustwide/cargo-home/registry/src/index.crates.io-6f17d22bba15001f/clingo-sys-0.7.1/clingo/libreify -ffunction-sections -fdata-sections -fPIC -m64 -g -std=c++14 -MD -MT libgringo/CMakeFiles/libgringo.dir/src/term.cc.o -MF CMakeFiles/libgringo.dir/src/term.cc.o.d -o CMakeFiles/libgringo.dir/src/term.cc.o -c /opt/rustwide/cargo-home/registry/src/index.crates.io-6f17d22bba15001f/clingo-sys-0.7.1/clingo/libgringo/src/term.cc
[INFO] [stderr]   [ 42%] Building CXX object libgringo/CMakeFiles/libgringo.dir/src/primes.cc.o
[INFO] [stderr]   [ 43%] Building CXX object libgringo/CMakeFiles/libgringo.dir/src/ground/literals.cc.o
[INFO] [stderr]   [ 44%] Building CXX object libgringo/CMakeFiles/libgringo.dir/src/ground/statements.cc.o
[INFO] [stderr]   cd /opt/rustwide/target/debug/build/clingo-sys-a0669214c6d15ff7/out/build/libgringo && /usr/bin/c++ -DCLINGO_NO_VISIBILITY -I/opt/rustwide/cargo-home/registry/src/index.crates.io-6f17d22bba15001f/clingo-sys-0.7.1/clingo/libgringo -I/opt/rustwide/target/debug/build/clingo-sys-a0669214c6d15ff7/out/build/libgringo/src -I/opt/rustwide/cargo-home/registry/src/index.crates.io-6f17d22bba15001f/clingo-sys-0.7.1/clingo/clasp/libpotassco -I/opt/rustwide/cargo-home/registry/src/index.crates.io-6f17d22bba15001f/clingo-sys-0.7.1/clingo/libreify -ffunction-sections -fdata-sections -fPIC -m64 -g -std=c++14 -MD -MT libgringo/CMakeFiles/libgringo.dir/src/primes.cc.o -MF CMakeFiles/libgringo.dir/src/primes.cc.o.d -o CMakeFiles/libgringo.dir/src/primes.cc.o -c /opt/rustwide/cargo-home/registry/src/index.crates.io-6f17d22bba15001f/clingo-sys-0.7.1/clingo/libgringo/src/primes.cc
[INFO] [stderr]   cd /opt/rustwide/target/debug/build/clingo-sys-a0669214c6d15ff7/out/build/libgringo && /usr/bin/c++ -DCLINGO_NO_VISIBILITY -I/opt/rustwide/cargo-home/registry/src/index.crates.io-6f17d22bba15001f/clingo-sys-0.7.1/clingo/libgringo -I/opt/rustwide/target/debug/build/clingo-sys-a0669214c6d15ff7/out/build/libgringo/src -I/opt/rustwide/cargo-home/registry/src/index.crates.io-6f17d22bba15001f/clingo-sys-0.7.1/clingo/clasp/libpotassco -I/opt/rustwide/cargo-home/registry/src/index.crates.io-6f17d22bba15001f/clingo-sys-0.7.1/clingo/libreify -ffunction-sections -fdata-sections -fPIC -m64 -g -std=c++14 -MD -MT libgringo/CMakeFiles/libgringo.dir/src/ground/instantiation.cc.o -MF CMakeFiles/libgringo.dir/src/ground/instantiation.cc.o.d -o CMakeFiles/libgringo.dir/src/ground/instantiation.cc.o -c /opt/rustwide/cargo-home/registry/src/index.crates.io-6f17d22bba15001f/clingo-sys-0.7.1/clingo/libgringo/src/ground/instantiation.cc
[INFO] [stderr]   cd /opt/rustwide/target/debug/build/clingo-sys-a0669214c6d15ff7/out/build/libgringo && /usr/bin/c++ -DCLINGO_NO_VISIBILITY -I/opt/rustwide/cargo-home/registry/src/index.crates.io-6f17d22bba15001f/clingo-sys-0.7.1/clingo/libgringo -I/opt/rustwide/target/debug/build/clingo-sys-a0669214c6d15ff7/out/build/libgringo/src -I/opt/rustwide/cargo-home/registry/src/index.crates.io-6f17d22bba15001f/clingo-sys-0.7.1/clingo/clasp/libpotassco -I/opt/rustwide/cargo-home/registry/src/index.crates.io-6f17d22bba15001f/clingo-sys-0.7.1/clingo/libreify -ffunction-sections -fdata-sections -fPIC -m64 -g -std=c++14 -MD -MT libgringo/CMakeFiles/libgringo.dir/src/ground/literals.cc.o -MF CMakeFiles/libgringo.dir/src/ground/literals.cc.o.d -o CMakeFiles/libgringo.dir/src/ground/literals.cc.o -c /opt/rustwide/cargo-home/registry/src/index.crates.io-6f17d22bba15001f/clingo-sys-0.7.1/clingo/libgringo/src/ground/literals.cc
[INFO] [stderr]   [ 45%] Building CXX object libgringo/CMakeFiles/libgringo.dir/src/symbol.cc.o
[INFO] [stderr]   [ 46%] Building CXX object libgringo/CMakeFiles/libgringo.dir/src/ground/program.cc.o
[INFO] [stderr]   cd /opt/rustwide/target/debug/build/clingo-sys-a0669214c6d15ff7/out/build/libgringo && /usr/bin/c++ -DCLINGO_NO_VISIBILITY -I/opt/rustwide/cargo-home/registry/src/index.crates.io-6f17d22bba15001f/clingo-sys-0.7.1/clingo/libgringo -I/opt/rustwide/target/debug/build/clingo-sys-a0669214c6d15ff7/out/build/libgringo/src -I/opt/rustwide/cargo-home/registry/src/index.crates.io-6f17d22bba15001f/clingo-sys-0.7.1/clingo/clasp/libpotassco -I/opt/rustwide/cargo-home/registry/src/index.crates.io-6f17d22bba15001f/clingo-sys-0.7.1/clingo/libreify -ffunction-sections -fdata-sections -fPIC -m64 -g -std=c++14 -MD -MT libgringo/CMakeFiles/libgringo.dir/src/symbol.cc.o -MF CMakeFiles/libgringo.dir/src/symbol.cc.o.d -o CMakeFiles/libgringo.dir/src/symbol.cc.o -c /opt/rustwide/cargo-home/registry/src/index.crates.io-6f17d22bba15001f/clingo-sys-0.7.1/clingo/libgringo/src/symbol.cc
[INFO] [stderr]   [ 47%] Building CXX object libgringo/CMakeFiles/libgringo.dir/src/terms.cc.o
[INFO] [stderr]   cd /opt/rustwide/target/debug/build/clingo-sys-a0669214c6d15ff7/out/build/libgringo && /usr/bin/c++ -DCLINGO_NO_VISIBILITY -I/opt/rustwide/cargo-home/registry/src/index.crates.io-6f17d22bba15001f/clingo-sys-0.7.1/clingo/libgringo -I/opt/rustwide/target/debug/build/clingo-sys-a0669214c6d15ff7/out/build/libgringo/src -I/opt/rustwide/cargo-home/registry/src/index.crates.io-6f17d22bba15001f/clingo-sys-0.7.1/clingo/clasp/libpotassco -I/opt/rustwide/cargo-home/registry/src/index.crates.io-6f17d22bba15001f/clingo-sys-0.7.1/clingo/libreify -ffunction-sections -fdata-sections -fPIC -m64 -g -std=c++14 -MD -MT libgringo/CMakeFiles/libgringo.dir/src/ground/program.cc.o -MF CMakeFiles/libgringo.dir/src/ground/program.cc.o.d -o CMakeFiles/libgringo.dir/src/ground/program.cc.o -c /opt/rustwide/cargo-home/registry/src/index.crates.io-6f17d22bba15001f/clingo-sys-0.7.1/clingo/libgringo/src/ground/program.cc
[INFO] [stderr]   cd /opt/rustwide/target/debug/build/clingo-sys-a0669214c6d15ff7/out/build/libgringo && /usr/bin/c++ -DCLINGO_NO_VISIBILITY -I/opt/rustwide/cargo-home/registry/src/index.crates.io-6f17d22bba15001f/clingo-sys-0.7.1/clingo/libgringo -I/opt/rustwide/target/debug/build/clingo-sys-a0669214c6d15ff7/out/build/libgringo/src -I/opt/rustwide/cargo-home/registry/src/index.crates.io-6f17d22bba15001f/clingo-sys-0.7.1/clingo/clasp/libpotassco -I/opt/rustwide/cargo-home/registry/src/index.crates.io-6f17d22bba15001f/clingo-sys-0.7.1/clingo/libreify -ffunction-sections -fdata-sections -fPIC -m64 -g -std=c++14 -MD -MT libgringo/CMakeFiles/libgringo.dir/src/ground/statements.cc.o -MF CMakeFiles/libgringo.dir/src/ground/statements.cc.o.d -o CMakeFiles/libgringo.dir/src/ground/statements.cc.o -c /opt/rustwide/cargo-home/registry/src/index.crates.io-6f17d22bba15001f/clingo-sys-0.7.1/clingo/libgringo/src/ground/statements.cc
[INFO] [stderr]   [ 48%] Building CXX object libgringo/CMakeFiles/libgringo.dir/src/input/aggregate.cc.o
[INFO] [stderr]   [ 50%] Building CXX object libgringo/CMakeFiles/libgringo.dir/src/input/aggregates.cc.o
[INFO] [stderr]   [ 51%] Building CXX object libgringo/CMakeFiles/libgringo.dir/src/input/groundtermparser.cc.o
[INFO] [stderr]   [ 52%] Building CXX object libgringo/CMakeFiles/libgringo.dir/src/input/literal.cc.o
[INFO] [stderr]   cd /opt/rustwide/target/debug/build/clingo-sys-a0669214c6d15ff7/out/build/libgringo && /usr/bin/c++ -DCLINGO_NO_VISIBILITY -I/opt/rustwide/cargo-home/registry/src/index.crates.io-6f17d22bba15001f/clingo-sys-0.7.1/clingo/libgringo -I/opt/rustwide/target/debug/build/clingo-sys-a0669214c6d15ff7/out/build/libgringo/src -I/opt/rustwide/cargo-home/registry/src/index.crates.io-6f17d22bba15001f/clingo-sys-0.7.1/clingo/clasp/libpotassco -I/opt/rustwide/cargo-home/registry/src/index.crates.io-6f17d22bba15001f/clingo-sys-0.7.1/clingo/libreify -ffunction-sections -fdata-sections -fPIC -m64 -g -std=c++14 -MD -MT libgringo/CMakeFiles/libgringo.dir/src/terms.cc.o -MF CMakeFiles/libgringo.dir/src/terms.cc.o.d -o CMakeFiles/libgringo.dir/src/terms.cc.o -c /opt/rustwide/cargo-home/registry/src/index.crates.io-6f17d22bba15001f/clingo-sys-0.7.1/clingo/libgringo/src/terms.cc
[INFO] [stderr]   cd /opt/rustwide/target/debug/build/clingo-sys-a0669214c6d15ff7/out/build/libgringo && /usr/bin/c++ -DCLINGO_NO_VISIBILITY -I/opt/rustwide/cargo-home/registry/src/index.crates.io-6f17d22bba15001f/clingo-sys-0.7.1/clingo/libgringo -I/opt/rustwide/target/debug/build/clingo-sys-a0669214c6d15ff7/out/build/libgringo/src -I/opt/rustwide/cargo-home/registry/src/index.crates.io-6f17d22bba15001f/clingo-sys-0.7.1/clingo/clasp/libpotassco -I/opt/rustwide/cargo-home/registry/src/index.crates.io-6f17d22bba15001f/clingo-sys-0.7.1/clingo/libreify -ffunction-sections -fdata-sections -fPIC -m64 -g -std=c++14 -MD -MT libgringo/CMakeFiles/libgringo.dir/src/input/aggregate.cc.o -MF CMakeFiles/libgringo.dir/src/input/aggregate.cc.o.d -o CMakeFiles/libgringo.dir/src/input/aggregate.cc.o -c /opt/rustwide/cargo-home/registry/src/index.crates.io-6f17d22bba15001f/clingo-sys-0.7.1/clingo/libgringo/src/input/aggregate.cc
[INFO] [stderr]   cd /opt/rustwide/target/debug/build/clingo-sys-a0669214c6d15ff7/out/build/libgringo && /usr/bin/c++ -DCLINGO_NO_VISIBILITY -I/opt/rustwide/cargo-home/registry/src/index.crates.io-6f17d22bba15001f/clingo-sys-0.7.1/clingo/libgringo -I/opt/rustwide/target/debug/build/clingo-sys-a0669214c6d15ff7/out/build/libgringo/src -I/opt/rustwide/cargo-home/registry/src/index.crates.io-6f17d22bba15001f/clingo-sys-0.7.1/clingo/clasp/libpotassco -I/opt/rustwide/cargo-home/registry/src/index.crates.io-6f17d22bba15001f/clingo-sys-0.7.1/clingo/libreify -ffunction-sections -fdata-sections -fPIC -m64 -g -std=c++14 -MD -MT libgringo/CMakeFiles/libgringo.dir/src/input/aggregates.cc.o -MF CMakeFiles/libgringo.dir/src/input/aggregates.cc.o.d -o CMakeFiles/libgringo.dir/src/input/aggregates.cc.o -c /opt/rustwide/cargo-home/registry/src/index.crates.io-6f17d22bba15001f/clingo-sys-0.7.1/clingo/libgringo/src/input/aggregates.cc
[INFO] [stderr]   cd /opt/rustwide/target/debug/build/clingo-sys-a0669214c6d15ff7/out/build/libgringo && /usr/bin/c++ -DCLINGO_NO_VISIBILITY -I/opt/rustwide/cargo-home/registry/src/index.crates.io-6f17d22bba15001f/clingo-sys-0.7.1/clingo/libgringo -I/opt/rustwide/target/debug/build/clingo-sys-a0669214c6d15ff7/out/build/libgringo/src -I/opt/rustwide/cargo-home/registry/src/index.crates.io-6f17d22bba15001f/clingo-sys-0.7.1/clingo/clasp/libpotassco -I/opt/rustwide/cargo-home/registry/src/index.crates.io-6f17d22bba15001f/clingo-sys-0.7.1/clingo/libreify -ffunction-sections -fdata-sections -fPIC -m64 -g -std=c++14 -MD -MT libgringo/CMakeFiles/libgringo.dir/src/input/groundtermparser.cc.o -MF CMakeFiles/libgringo.dir/src/input/groundtermparser.cc.o.d -o CMakeFiles/libgringo.dir/src/input/groundtermparser.cc.o -c /opt/rustwide/cargo-home/registry/src/index.crates.io-6f17d22bba15001f/clingo-sys-0.7.1/clingo/libgringo/src/input/groundtermparser.cc
[INFO] [stderr]   cd /opt/rustwide/target/debug/build/clingo-sys-a0669214c6d15ff7/out/build/libgringo && /usr/bin/c++ -DCLINGO_NO_VISIBILITY -I/opt/rustwide/cargo-home/registry/src/index.crates.io-6f17d22bba15001f/clingo-sys-0.7.1/clingo/libgringo -I/opt/rustwide/target/debug/build/clingo-sys-a0669214c6d15ff7/out/build/libgringo/src -I/opt/rustwide/cargo-home/registry/src/index.crates.io-6f17d22bba15001f/clingo-sys-0.7.1/clingo/clasp/libpotassco -I/opt/rustwide/cargo-home/registry/src/index.crates.io-6f17d22bba15001f/clingo-sys-0.7.1/clingo/libreify -ffunction-sections -fdata-sections -fPIC -m64 -g -std=c++14 -MD -MT libgringo/CMakeFiles/libgringo.dir/src/input/literal.cc.o -MF CMakeFiles/libgringo.dir/src/input/literal.cc.o.d -o CMakeFiles/libgringo.dir/src/input/literal.cc.o -c /opt/rustwide/cargo-home/registry/src/index.crates.io-6f17d22bba15001f/clingo-sys-0.7.1/clingo/libgringo/src/input/literal.cc
[INFO] [stderr]   [ 53%] Building CXX object libgringo/CMakeFiles/libgringo.dir/src/input/literals.cc.o
[INFO] [stderr]   [ 54%] Building CXX object libgringo/CMakeFiles/libgringo.dir/src/input/nongroundparser.cc.o
[INFO] [stderr]   cd /opt/rustwide/target/debug/build/clingo-sys-a0669214c6d15ff7/out/build/libgringo && /usr/bin/c++ -DCLINGO_NO_VISIBILITY -I/opt/rustwide/cargo-home/registry/src/index.crates.io-6f17d22bba15001f/clingo-sys-0.7.1/clingo/libgringo -I/opt/rustwide/target/debug/build/clingo-sys-a0669214c6d15ff7/out/build/libgringo/src -I/opt/rustwide/cargo-home/registry/src/index.crates.io-6f17d22bba15001f/clingo-sys-0.7.1/clingo/clasp/libpotassco -I/opt/rustwide/cargo-home/registry/src/index.crates.io-6f17d22bba15001f/clingo-sys-0.7.1/clingo/libreify -ffunction-sections -fdata-sections -fPIC -m64 -g -std=c++14 -MD -MT libgringo/CMakeFiles/libgringo.dir/src/input/nongroundparser.cc.o -MF CMakeFiles/libgringo.dir/src/input/nongroundparser.cc.o.d -o CMakeFiles/libgringo.dir/src/input/nongroundparser.cc.o -c /opt/rustwide/cargo-home/registry/src/index.crates.io-6f17d22bba15001f/clingo-sys-0.7.1/clingo/libgringo/src/input/nongroundparser.cc
[INFO] [stderr]   cd /opt/rustwide/target/debug/build/clingo-sys-a0669214c6d15ff7/out/build/libgringo && /usr/bin/c++ -DCLINGO_NO_VISIBILITY -I/opt/rustwide/cargo-home/registry/src/index.crates.io-6f17d22bba15001f/clingo-sys-0.7.1/clingo/libgringo -I/opt/rustwide/target/debug/build/clingo-sys-a0669214c6d15ff7/out/build/libgringo/src -I/opt/rustwide/cargo-home/registry/src/index.crates.io-6f17d22bba15001f/clingo-sys-0.7.1/clingo/clasp/libpotassco -I/opt/rustwide/cargo-home/registry/src/index.crates.io-6f17d22bba15001f/clingo-sys-0.7.1/clingo/libreify -ffunction-sections -fdata-sections -fPIC -m64 -g -std=c++14 -MD -MT libgringo/CMakeFiles/libgringo.dir/src/input/literals.cc.o -MF CMakeFiles/libgringo.dir/src/input/literals.cc.o.d -o CMakeFiles/libgringo.dir/src/input/literals.cc.o -c /opt/rustwide/cargo-home/registry/src/index.crates.io-6f17d22bba15001f/clingo-sys-0.7.1/clingo/libgringo/src/input/literals.cc
[INFO] [stderr]   [ 55%] Building CXX object libgringo/CMakeFiles/libgringo.dir/src/input/program.cc.o
[INFO] [stderr]   cd /opt/rustwide/target/debug/build/clingo-sys-a0669214c6d15ff7/out/build/libgringo && /usr/bin/c++ -DCLINGO_NO_VISIBILITY -I/opt/rustwide/cargo-home/registry/src/index.crates.io-6f17d22bba15001f/clingo-sys-0.7.1/clingo/libgringo -I/opt/rustwide/target/debug/build/clingo-sys-a0669214c6d15ff7/out/build/libgringo/src -I/opt/rustwide/cargo-home/registry/src/index.crates.io-6f17d22bba15001f/clingo-sys-0.7.1/clingo/clasp/libpotassco -I/opt/rustwide/cargo-home/registry/src/index.crates.io-6f17d22bba15001f/clingo-sys-0.7.1/clingo/libreify -ffunction-sections -fdata-sections -fPIC -m64 -g -std=c++14 -MD -MT libgringo/CMakeFiles/libgringo.dir/src/input/program.cc.o -MF CMakeFiles/libgringo.dir/src/input/program.cc.o.d -o CMakeFiles/libgringo.dir/src/input/program.cc.o -c /opt/rustwide/cargo-home/registry/src/index.crates.io-6f17d22bba15001f/clingo-sys-0.7.1/clingo/libgringo/src/input/program.cc
[INFO] [stderr]   gmake[2]: Leaving directory '/opt/rustwide/target/debug/build/clingo-sys-a0669214c6d15ff7/out/build'
[INFO] [stderr]   [ 56%] Building CXX object libgringo/CMakeFiles/libgringo.dir/src/input/programbuilder.cc.o
[INFO] [stderr]   cd /opt/rustwide/target/debug/build/clingo-sys-a0669214c6d15ff7/out/build/libgringo && /usr/bin/c++ -DCLINGO_NO_VISIBILITY -I/opt/rustwide/cargo-home/registry/src/index.crates.io-6f17d22bba15001f/clingo-sys-0.7.1/clingo/libgringo -I/opt/rustwide/target/debug/build/clingo-sys-a0669214c6d15ff7/out/build/libgringo/src -I/opt/rustwide/cargo-home/registry/src/index.crates.io-6f17d22bba15001f/clingo-sys-0.7.1/clingo/clasp/libpotassco -I/opt/rustwide/cargo-home/registry/src/index.crates.io-6f17d22bba15001f/clingo-sys-0.7.1/clingo/libreify -ffunction-sections -fdata-sections -fPIC -m64 -g -std=c++14 -MD -MT libgringo/CMakeFiles/libgringo.dir/src/input/programbuilder.cc.o -MF CMakeFiles/libgringo.dir/src/input/programbuilder.cc.o.d -o CMakeFiles/libgringo.dir/src/input/programbuilder.cc.o -c /opt/rustwide/cargo-home/registry/src/index.crates.io-6f17d22bba15001f/clingo-sys-0.7.1/clingo/libgringo/src/input/programbuilder.cc
[INFO] [stderr]   [ 57%] Building CXX object libgringo/CMakeFiles/libgringo.dir/src/input/statement.cc.o
[INFO] [stderr]   cd /opt/rustwide/target/debug/build/clingo-sys-a0669214c6d15ff7/out/build/libgringo && /usr/bin/c++ -DCLINGO_NO_VISIBILITY -I/opt/rustwide/cargo-home/registry/src/index.crates.io-6f17d22bba15001f/clingo-sys-0.7.1/clingo/libgringo -I/opt/rustwide/target/debug/build/clingo-sys-a0669214c6d15ff7/out/build/libgringo/src -I/opt/rustwide/cargo-home/registry/src/index.crates.io-6f17d22bba15001f/clingo-sys-0.7.1/clingo/clasp/libpotassco -I/opt/rustwide/cargo-home/registry/src/index.crates.io-6f17d22bba15001f/clingo-sys-0.7.1/clingo/libreify -ffunction-sections -fdata-sections -fPIC -m64 -g -std=c++14 -MD -MT libgringo/CMakeFiles/libgringo.dir/src/input/statement.cc.o -MF CMakeFiles/libgringo.dir/src/input/statement.cc.o.d -o CMakeFiles/libgringo.dir/src/input/statement.cc.o -c /opt/rustwide/cargo-home/registry/src/index.crates.io-6f17d22bba15001f/clingo-sys-0.7.1/clingo/libgringo/src/input/statement.cc
[INFO] [stderr]   gmake[2]: Leaving directory '/opt/rustwide/target/debug/build/clingo-sys-a0669214c6d15ff7/out/build'
[INFO] [stderr]   gmake[1]: Leaving directory '/opt/rustwide/target/debug/build/clingo-sys-a0669214c6d15ff7/out/build'
[INFO] [stderr] 
[INFO] [stderr]   --- stderr
[INFO] [stderr]   CMake Warning (dev) at /usr/share/cmake-3.22/Modules/CMakeDetermineCompiler.cmake:143 (set):
[INFO] [stderr]     Policy CMP0126 is not set: set(CACHE) does not remove a normal variable of
[INFO] [stderr]     the same name.  Run "cmake --help-policy CMP0126" for policy details.  Use
[INFO] [stderr]     the cmake_policy command to set the policy and suppress this warning.
[INFO] [stderr] 
[INFO] [stderr]     For compatibility with older versions of CMake, normal variable
[INFO] [stderr]     "CMAKE_C_COMPILER" will be removed from the current scope.
[INFO] [stderr]   Call Stack (most recent call first):
[INFO] [stderr]     /usr/share/cmake-3.22/Modules/CMakeDetermineCCompiler.cmake:68 (_cmake_find_compiler_path)
[INFO] [stderr]     CMakeLists.txt:6 (project)
[INFO] [stderr]   This warning is for project developers.  Use -Wno-dev to suppress it.
[INFO] [stderr] 
[INFO] [stderr]      Called from: [3]	/usr/share/cmake-3.22/Modules/CMakeDetermineCompiler.cmake
[INFO] [stderr]                   [2]	/usr/share/cmake-3.22/Modules/CMakeDetermineCCompiler.cmake
[INFO] [stderr]                   [1]	/opt/rustwide/cargo-home/registry/src/index.crates.io-6f17d22bba15001f/clingo-sys-0.7.1/clingo/CMakeLists.txt
[INFO] [stderr]   CMake Warning (dev) at /usr/share/cmake-3.22/Modules/CMakeDetermineCompiler.cmake:143 (set):
[INFO] [stderr]     Policy CMP0126 is not set: set(CACHE) does not remove a normal variable of
[INFO] [stderr]     the same name.  Run "cmake --help-policy CMP0126" for policy details.  Use
[INFO] [stderr]     the cmake_policy command to set the policy and suppress this warning.
[INFO] [stderr] 
[INFO] [stderr]     For compatibility with older versions of CMake, normal variable
[INFO] [stderr]     "CMAKE_CXX_COMPILER" will be removed from the current scope.
[INFO] [stderr]   Call Stack (most recent call first):
[INFO] [stderr]     /usr/share/cmake-3.22/Modules/CMakeDetermineCXXCompiler.cmake:66 (_cmake_find_compiler_path)
[INFO] [stderr]     CMakeLists.txt:6 (project)
[INFO] [stderr]   This warning is for project developers.  Use -Wno-dev to suppress it.
[INFO] [stderr] 
[INFO] [stderr]      Called from: [3]	/usr/share/cmake-3.22/Modules/CMakeDetermineCompiler.cmake
[INFO] [stderr]                   [2]	/usr/share/cmake-3.22/Modules/CMakeDetermineCXXCompiler.cmake
[INFO] [stderr]                   [1]	/opt/rustwide/cargo-home/registry/src/index.crates.io-6f17d22bba15001f/clingo-sys-0.7.1/clingo/CMakeLists.txt
[INFO] [stderr]   CMake Warning (dev) at /usr/share/cmake-3.22/Modules/CMakeDetermineCompilerABI.cmake:49 (try_compile):
[INFO] [stderr]     Policy CMP0066 is not set: Honor per-config flags in try_compile()
[INFO] [stderr]     source-file signature.  Run "cmake --help-policy CMP0066" for policy
[INFO] [stderr]     details.  Use the cmake_policy command to set the policy and suppress this
[INFO] [stderr]     warning.
[INFO] [stderr] 
[INFO] [stderr]     For compatibility with older versions of CMake, try_compile is not honoring
[INFO] [stderr]     caller config-specific compiler flags (e.g.  CMAKE_C_FLAGS_DEBUG) in the
[INFO] [stderr]     test project.
[INFO] [stderr]   Call Stack (most recent call first):
[INFO] [stderr]     /usr/share/cmake-3.22/Modules/CMakeTestCCompiler.cmake:26 (CMAKE_DETERMINE_COMPILER_ABI)
[INFO] [stderr]     CMakeLists.txt:6 (project)
[INFO] [stderr]   This warning is for project developers.  Use -Wno-dev to suppress it.
[INFO] [stderr] 
[INFO] [stderr]      Called from: [3]	/usr/share/cmake-3.22/Modules/CMakeDetermineCompilerABI.cmake
[INFO] [stderr]                   [2]	/usr/share/cmake-3.22/Modules/CMakeTestCCompiler.cmake
[INFO] [stderr]                   [1]	/opt/rustwide/cargo-home/registry/src/index.crates.io-6f17d22bba15001f/clingo-sys-0.7.1/clingo/CMakeLists.txt
[INFO] [stderr]   CMake Warning (dev) at /usr/share/cmake-3.22/Modules/CMakeDetermineCompilerABI.cmake:49 (try_compile):
[INFO] [stderr]     Policy CMP0056 is not set: Honor link flags in try_compile() source-file
[INFO] [stderr]     signature.  Run "cmake --help-policy CMP0056" for policy details.  Use the
[INFO] [stderr]     cmake_policy command to set the policy and suppress this warning.
[INFO] [stderr] 
[INFO] [stderr]     For compatibility with older versions of CMake, try_compile is not honoring
[INFO] [stderr]     caller link flags (e.g.  CMAKE_EXE_LINKER_FLAGS) in the test project.
[INFO] [stderr]   Call Stack (most recent call first):
[INFO] [stderr]     /usr/share/cmake-3.22/Modules/CMakeTestCCompiler.cmake:26 (CMAKE_DETERMINE_COMPILER_ABI)
[INFO] [stderr]     CMakeLists.txt:6 (project)
[INFO] [stderr]   This warning is for project developers.  Use -Wno-dev to suppress it.
[INFO] [stderr] 
[INFO] [stderr]      Called from: [3]	/usr/share/cmake-3.22/Modules/CMakeDetermineCompilerABI.cmake
[INFO] [stderr]                   [2]	/usr/share/cmake-3.22/Modules/CMakeTestCCompiler.cmake
[INFO] [stderr]                   [1]	/opt/rustwide/cargo-home/registry/src/index.crates.io-6f17d22bba15001f/clingo-sys-0.7.1/clingo/CMakeLists.txt
[INFO] [stderr]   CMake Warning (dev) at /usr/share/cmake-3.22/Modules/CMakeDetermineCompilerABI.cmake:49 (try_compile):
[INFO] [stderr]     Policy CMP0066 is not set: Honor per-config flags in try_compile()
[INFO] [stderr]     source-file signature.  Run "cmake --help-policy CMP0066" for policy
[INFO] [stderr]     details.  Use the cmake_policy command to set the policy and suppress this
[INFO] [stderr]     warning.
[INFO] [stderr] 
[INFO] [stderr]     For compatibility with older versions of CMake, try_compile is not honoring
[INFO] [stderr]     caller config-specific compiler flags (e.g.  CMAKE_C_FLAGS_DEBUG) in the
[INFO] [stderr]     test project.
[INFO] [stderr]   Call Stack (most recent call first):
[INFO] [stderr]     /usr/share/cmake-3.22/Modules/CMakeTestCXXCompiler.cmake:26 (CMAKE_DETERMINE_COMPILER_ABI)
[INFO] [stderr]     CMakeLists.txt:6 (project)
[INFO] [stderr]   This warning is for project developers.  Use -Wno-dev to suppress it.
[INFO] [stderr] 
[INFO] [stderr]      Called from: [3]	/usr/share/cmake-3.22/Modules/CMakeDetermineCompilerABI.cmake
[INFO] [stderr]                   [2]	/usr/share/cmake-3.22/Modules/CMakeTestCXXCompiler.cmake
[INFO] [stderr]                   [1]	/opt/rustwide/cargo-home/registry/src/index.crates.io-6f17d22bba15001f/clingo-sys-0.7.1/clingo/CMakeLists.txt
[INFO] [stderr]   CMake Warning (dev) at /usr/share/cmake-3.22/Modules/CMakeDetermineCompilerABI.cmake:49 (try_compile):
[INFO] [stderr]     Policy CMP0056 is not set: Honor link flags in try_compile() source-file
[INFO] [stderr]     signature.  Run "cmake --help-policy CMP0056" for policy details.  Use the
[INFO] [stderr]     cmake_policy command to set the policy and suppress this warning.
[INFO] [stderr] 
[INFO] [stderr]     For compatibility with older versions of CMake, try_compile is not honoring
[INFO] [stderr]     caller link flags (e.g.  CMAKE_EXE_LINKER_FLAGS) in the test project.
[INFO] [stderr]   Call Stack (most recent call first):
[INFO] [stderr]     /usr/share/cmake-3.22/Modules/CMakeTestCXXCompiler.cmake:26 (CMAKE_DETERMINE_COMPILER_ABI)
[INFO] [stderr]     CMakeLists.txt:6 (project)
[INFO] [stderr]   This warning is for project developers.  Use -Wno-dev to suppress it.
[INFO] [stderr] 
[INFO] [stderr]      Called from: [3]	/usr/share/cmake-3.22/Modules/CMakeDetermineCompilerABI.cmake
[INFO] [stderr]                   [2]	/usr/share/cmake-3.22/Modules/CMakeTestCXXCompiler.cmake
[INFO] [stderr]                   [1]	/opt/rustwide/cargo-home/registry/src/index.crates.io-6f17d22bba15001f/clingo-sys-0.7.1/clingo/CMakeLists.txt
[INFO] [stderr]      Entering             /opt/rustwide/cargo-home/registry/src/index.crates.io-6f17d22bba15001f/clingo-sys-0.7.1/clingo/clasp
[INFO] [stderr]      Called from: [1]	/opt/rustwide/cargo-home/registry/src/index.crates.io-6f17d22bba15001f/clingo-sys-0.7.1/clingo/CMakeLists.txt
[INFO] [stderr]   CMake Warning (dev) at /usr/share/cmake-3.22/Modules/CheckIncludeFile.cmake:95 (try_compile):
[INFO] [stderr]     Policy CMP0066 is not set: Honor per-config flags in try_compile()
[INFO] [stderr]     source-file signature.  Run "cmake --help-policy CMP0066" for policy
[INFO] [stderr]     details.  Use the cmake_policy command to set the policy and suppress this
[INFO] [stderr]     warning.
[INFO] [stderr] 
[INFO] [stderr]     For compatibility with older versions of CMake, try_compile is not honoring
[INFO] [stderr]     caller config-specific compiler flags (e.g.  CMAKE_C_FLAGS_DEBUG) in the
[INFO] [stderr]     test project.
[INFO] [stderr]   Call Stack (most recent call first):
[INFO] [stderr]     /usr/share/cmake-3.22/Modules/FindThreads.cmake:146 (CHECK_INCLUDE_FILE)
[INFO] [stderr]     clasp/CMakeLists.txt:70 (find_package)
[INFO] [stderr]   This warning is for project developers.  Use -Wno-dev to suppress it.
[INFO] [stderr] 
[INFO] [stderr]      Called from: [3]	/usr/share/cmake-3.22/Modules/CheckIncludeFile.cmake
[INFO] [stderr]                   [2]	/usr/share/cmake-3.22/Modules/FindThreads.cmake
[INFO] [stderr]                   [1]	/opt/rustwide/cargo-home/registry/src/index.crates.io-6f17d22bba15001f/clingo-sys-0.7.1/clingo/clasp/CMakeLists.txt
[INFO] [stderr]   CMake Warning (dev) at /usr/share/cmake-3.22/Modules/CheckIncludeFile.cmake:95 (try_compile):
[INFO] [stderr]     Policy CMP0056 is not set: Honor link flags in try_compile() source-file
[INFO] [stderr]     signature.  Run "cmake --help-policy CMP0056" for policy details.  Use the
[INFO] [stderr]     cmake_policy command to set the policy and suppress this warning.
[INFO] [stderr] 
[INFO] [stderr]     For compatibility with older versions of CMake, try_compile is not honoring
[INFO] [stderr]     caller link flags (e.g.  CMAKE_EXE_LINKER_FLAGS) in the test project.
[INFO] [stderr]   Call Stack (most recent call first):
[INFO] [stderr]     /usr/share/cmake-3.22/Modules/FindThreads.cmake:146 (CHECK_INCLUDE_FILE)
[INFO] [stderr]     clasp/CMakeLists.txt:70 (find_package)
[INFO] [stderr]   This warning is for project developers.  Use -Wno-dev to suppress it.
[INFO] [stderr] 
[INFO] [stderr]      Called from: [3]	/usr/share/cmake-3.22/Modules/CheckIncludeFile.cmake
[INFO] [stderr]                   [2]	/usr/share/cmake-3.22/Modules/FindThreads.cmake
[INFO] [stderr]                   [1]	/opt/rustwide/cargo-home/registry/src/index.crates.io-6f17d22bba15001f/clingo-sys-0.7.1/clingo/clasp/CMakeLists.txt
[INFO] [stderr]   CMake Warning (dev) at /usr/share/cmake-3.22/Modules/Internal/CheckSourceCompiles.cmake:92 (try_compile):
[INFO] [stderr]     Policy CMP0066 is not set: Honor per-config flags in try_compile()
[INFO] [stderr]     source-file signature.  Run "cmake --help-policy CMP0066" for policy
[INFO] [stderr]     details.  Use the cmake_policy command to set the policy and suppress this
[INFO] [stderr]     warning.
[INFO] [stderr] 
[INFO] [stderr]     For compatibility with older versions of CMake, try_compile is not honoring
[INFO] [stderr]     caller config-specific compiler flags (e.g.  CMAKE_C_FLAGS_DEBUG) in the
[INFO] [stderr]     test project.
[INFO] [stderr]   Call Stack (most recent call first):
[INFO] [stderr]     /usr/share/cmake-3.22/Modules/CheckCSourceCompiles.cmake:76 (cmake_check_source_compiles)
[INFO] [stderr]     /usr/share/cmake-3.22/Modules/FindThreads.cmake:163 (CHECK_C_SOURCE_COMPILES)
[INFO] [stderr]     clasp/CMakeLists.txt:70 (find_package)
[INFO] [stderr]   This warning is for project developers.  Use -Wno-dev to suppress it.
[INFO] [stderr] 
[INFO] [stderr]      Called from: [4]	/usr/share/cmake-3.22/Modules/Internal/CheckSourceCompiles.cmake
[INFO] [stderr]                   [3]	/usr/share/cmake-3.22/Modules/CheckCSourceCompiles.cmake
[INFO] [stderr]                   [2]	/usr/share/cmake-3.22/Modules/FindThreads.cmake
[INFO] [stderr]                   [1]	/opt/rustwide/cargo-home/registry/src/index.crates.io-6f17d22bba15001f/clingo-sys-0.7.1/clingo/clasp/CMakeLists.txt
[INFO] [stderr]   CMake Warning (dev) at /usr/share/cmake-3.22/Modules/Internal/CheckSourceCompiles.cmake:92 (try_compile):
[INFO] [stderr]     Policy CMP0056 is not set: Honor link flags in try_compile() source-file
[INFO] [stderr]     signature.  Run "cmake --help-policy CMP0056" for policy details.  Use the
[INFO] [stderr]     cmake_policy command to set the policy and suppress this warning.
[INFO] [stderr] 
[INFO] [stderr]     For compatibility with older versions of CMake, try_compile is not honoring
[INFO] [stderr]     caller link flags (e.g.  CMAKE_EXE_LINKER_FLAGS) in the test project.
[INFO] [stderr]   Call Stack (most recent call first):
[INFO] [stderr]     /usr/share/cmake-3.22/Modules/CheckCSourceCompiles.cmake:76 (cmake_check_source_compiles)
[INFO] [stderr]     /usr/share/cmake-3.22/Modules/FindThreads.cmake:163 (CHECK_C_SOURCE_COMPILES)
[INFO] [stderr]     clasp/CMakeLists.txt:70 (find_package)
[INFO] [stderr]   This warning is for project developers.  Use -Wno-dev to suppress it.
[INFO] [stderr] 
[INFO] [stderr]      Called from: [4]	/usr/share/cmake-3.22/Modules/Internal/CheckSourceCompiles.cmake
[INFO] [stderr]                   [3]	/usr/share/cmake-3.22/Modules/CheckCSourceCompiles.cmake
[INFO] [stderr]                   [2]	/usr/share/cmake-3.22/Modules/FindThreads.cmake
[INFO] [stderr]                   [1]	/opt/rustwide/cargo-home/registry/src/index.crates.io-6f17d22bba15001f/clingo-sys-0.7.1/clingo/clasp/CMakeLists.txt
[INFO] [stderr]      Entering             /opt/rustwide/cargo-home/registry/src/index.crates.io-6f17d22bba15001f/clingo-sys-0.7.1/clingo/clasp/libpotassco
[INFO] [stderr]      Called from: [1]	/opt/rustwide/cargo-home/registry/src/index.crates.io-6f17d22bba15001f/clingo-sys-0.7.1/clingo/clasp/CMakeLists.txt
[INFO] [stderr]      Entering             /opt/rustwide/cargo-home/registry/src/index.crates.io-6f17d22bba15001f/clingo-sys-0.7.1/clingo/clasp/libpotassco/src
[INFO] [stderr]      Called from: [1]	/opt/rustwide/cargo-home/registry/src/index.crates.io-6f17d22bba15001f/clingo-sys-0.7.1/clingo/clasp/libpotassco/CMakeLists.txt
[INFO] [stderr]      Returning to         /opt/rustwide/cargo-home/registry/src/index.crates.io-6f17d22bba15001f/clingo-sys-0.7.1/clingo/clasp/libpotassco
[INFO] [stderr]      Called from: [1]	/opt/rustwide/cargo-home/registry/src/index.crates.io-6f17d22bba15001f/clingo-sys-0.7.1/clingo/clasp/libpotassco/CMakeLists.txt
[INFO] [stderr]      Returning to         /opt/rustwide/cargo-home/registry/src/index.crates.io-6f17d22bba15001f/clingo-sys-0.7.1/clingo/clasp
[INFO] [stderr]      Called from: [1]	/opt/rustwide/cargo-home/registry/src/index.crates.io-6f17d22bba15001f/clingo-sys-0.7.1/clingo/clasp/CMakeLists.txt
[INFO] [stderr]      Entering             /opt/rustwide/cargo-home/registry/src/index.crates.io-6f17d22bba15001f/clingo-sys-0.7.1/clingo/clasp/src
[INFO] [stderr]      Called from: [1]	/opt/rustwide/cargo-home/registry/src/index.crates.io-6f17d22bba15001f/clingo-sys-0.7.1/clingo/clasp/CMakeLists.txt
[INFO] [stderr]      Returning to         /opt/rustwide/cargo-home/registry/src/index.crates.io-6f17d22bba15001f/clingo-sys-0.7.1/clingo/clasp
[INFO] [stderr]      Called from: [1]	/opt/rustwide/cargo-home/registry/src/index.crates.io-6f17d22bba15001f/clingo-sys-0.7.1/clingo/clasp/CMakeLists.txt
[INFO] [stderr]      Returning to         /opt/rustwide/cargo-home/registry/src/index.crates.io-6f17d22bba15001f/clingo-sys-0.7.1/clingo
[INFO] [stderr]      Called from: [1]	/opt/rustwide/cargo-home/registry/src/index.crates.io-6f17d22bba15001f/clingo-sys-0.7.1/clingo/CMakeLists.txt
[INFO] [stderr]      Entering             /opt/rustwide/cargo-home/registry/src/index.crates.io-6f17d22bba15001f/clingo-sys-0.7.1/clingo/libreify
[INFO] [stderr]      Called from: [1]	/opt/rustwide/cargo-home/registry/src/index.crates.io-6f17d22bba15001f/clingo-sys-0.7.1/clingo/CMakeLists.txt
[INFO] [stderr]      Returning to         /opt/rustwide/cargo-home/registry/src/index.crates.io-6f17d22bba15001f/clingo-sys-0.7.1/clingo
[INFO] [stderr]      Called from: [1]	/opt/rustwide/cargo-home/registry/src/index.crates.io-6f17d22bba15001f/clingo-sys-0.7.1/clingo/CMakeLists.txt
[INFO] [stderr]      Entering             /opt/rustwide/cargo-home/registry/src/index.crates.io-6f17d22bba15001f/clingo-sys-0.7.1/clingo/libgringo
[INFO] [stderr]      Called from: [1]	/opt/rustwide/cargo-home/registry/src/index.crates.io-6f17d22bba15001f/clingo-sys-0.7.1/clingo/CMakeLists.txt
[INFO] [stderr]      Returning to         /opt/rustwide/cargo-home/registry/src/index.crates.io-6f17d22bba15001f/clingo-sys-0.7.1/clingo
[INFO] [stderr]      Called from: [1]	/opt/rustwide/cargo-home/registry/src/index.crates.io-6f17d22bba15001f/clingo-sys-0.7.1/clingo/CMakeLists.txt
[INFO] [stderr]      Entering             /opt/rustwide/cargo-home/registry/src/index.crates.io-6f17d22bba15001f/clingo-sys-0.7.1/clingo/libclingo
[INFO] [stderr]      Called from: [1]	/opt/rustwide/cargo-home/registry/src/index.crates.io-6f17d22bba15001f/clingo-sys-0.7.1/clingo/CMakeLists.txt
[INFO] [stderr]      Returning to         /opt/rustwide/cargo-home/registry/src/index.crates.io-6f17d22bba15001f/clingo-sys-0.7.1/clingo
[INFO] [stderr]      Called from: [1]	/opt/rustwide/cargo-home/registry/src/index.crates.io-6f17d22bba15001f/clingo-sys-0.7.1/clingo/CMakeLists.txt
[INFO] [stderr]   CMake Warning (dev) in clasp/CMakeLists.txt:
[INFO] [stderr]     Policy CMP0082 is not set: Install rules from add_subdirectory() are
[INFO] [stderr]     interleaved with those in caller.  Run "cmake --help-policy CMP0082" for
[INFO] [stderr]     policy details.  Use the cmake_policy command to set the policy and
[INFO] [stderr]     suppress this warning.
[INFO] [stderr] 
[INFO] [stderr]   This warning is for project developers.  Use -Wno-dev to suppress it.
[INFO] [stderr] 
[INFO] [stderr]      Called from: [1]	/opt/rustwide/cargo-home/registry/src/index.crates.io-6f17d22bba15001f/clingo-sys-0.7.1/clingo/clasp/CMakeLists.txt
[INFO] [stderr]   CMake Warning (dev) in clasp/libpotassco/CMakeLists.txt:
[INFO] [stderr]     Policy CMP0082 is not set: Install rules from add_subdirectory() are
[INFO] [stderr]     interleaved with those in caller.  Run "cmake --help-policy CMP0082" for
[INFO] [stderr]     policy details.  Use the cmake_policy command to set the policy and
[INFO] [stderr]     suppress this warning.
[INFO] [stderr] 
[INFO] [stderr]   This warning is for project developers.  Use -Wno-dev to suppress it.
[INFO] [stderr] 
[INFO] [stderr]      Called from: [1]	/opt/rustwide/cargo-home/registry/src/index.crates.io-6f17d22bba15001f/clingo-sys-0.7.1/clingo/clasp/libpotassco/CMakeLists.txt
[INFO] [stderr]   CMake Warning:
[INFO] [stderr]     Manually-specified variables were not used by the project:
[INFO] [stderr] 
[INFO] [stderr]       CMAKE_ASM_COMPILER
[INFO] [stderr]       CMAKE_ASM_FLAGS
[INFO] [stderr] 
[INFO] [stderr] 
[INFO] [stderr]   c++: fatal error: Killed signal terminated program cc1plus
[INFO] [stderr]   compilation terminated.
[INFO] [stderr]   gmake[2]: *** [clasp/src/CMakeFiles/libclasp.dir/build.make:163: clasp/src/CMakeFiles/libclasp.dir/clingo.cpp.o] Error 1
[INFO] [stderr]   gmake[2]: *** Waiting for unfinished jobs....
[INFO] [stderr]   /opt/rustwide/cargo-home/registry/src/index.crates.io-6f17d22bba15001f/clingo-sys-0.7.1/clingo/libgringo/src/input/groundtermgrammar.yy:26.1-52: warning: deprecated directive: '%define namespace "Gringo::Input::GroundTermGrammar"', use '%define api.namespace {Gringo::Input::GroundTermGrammar}' [-Wdeprecated]
[INFO] [stderr]      26 | %define namespace "Gringo::Input::GroundTermGrammar"
[INFO] [stderr]         | ^~~~~~~~~~~~~~~~~~~~~~~~~~~~~~~~~~~~~~~~~~~~~~~~~~~~
[INFO] [stderr]         | %define api.namespace {Gringo::Input::GroundTermGrammar}
[INFO] [stderr]   /opt/rustwide/cargo-home/registry/src/index.crates.io-6f17d22bba15001f/clingo-sys-0.7.1/clingo/libgringo/src/input/groundtermgrammar.yy:27.1-39: warning: deprecated directive: '%name-prefix "GringoGroundTermGrammar_"', use '%define api.prefix {GringoGroundTermGrammar_}' [-Wdeprecated]
[INFO] [stderr]      27 | %name-prefix "GringoGroundTermGrammar_"
[INFO] [stderr]         | ^~~~~~~~~~~~~~~~~~~~~~~~~~~~~~~~~~~~~~~
[INFO] [stderr]         | %define api.prefix {GringoGroundTermGrammar_}
[INFO] [stderr]   /opt/rustwide/cargo-home/registry/src/index.crates.io-6f17d22bba15001f/clingo-sys-0.7.1/clingo/libgringo/src/input/groundtermgrammar.yy:28.1-14: warning: deprecated directive: '%error-verbose', use '%define parse.error verbose' [-Wdeprecated]
[INFO] [stderr]      28 | %error-verbose
[INFO] [stderr]         | ^~~~~~~~~~~~~~
[INFO] [stderr]         | %define parse.error verbose
[INFO] [stderr]   /opt/rustwide/cargo-home/registry/src/index.crates.io-6f17d22bba15001f/clingo-sys-0.7.1/clingo/libgringo/src/input/nongroundgrammar.yy:28.1-51: warning: deprecated directive: '%define namespace "Gringo::Input::NonGroundGrammar"', use '%define api.namespace {Gringo::Input::NonGroundGrammar}' [-Wdeprecated]
[INFO] [stderr]      28 | %define namespace "Gringo::Input::NonGroundGrammar"
[INFO] [stderr]         | ^~~~~~~~~~~~~~~~~~~~~~~~~~~~~~~~~~~~~~~~~~~~~~~~~~~
[INFO] [stderr]         | %define api.namespace {Gringo::Input::NonGroundGrammar}
[INFO] [stderr]   /opt/rustwide/cargo-home/registry/src/index.crates.io-6f17d22bba15001f/clingo-sys-0.7.1/clingo/libgringo/src/input/nongroundgrammar.yy:30.1-38: warning: deprecated directive: '%name-prefix "GringoNonGroundGrammar_"', use '%define api.prefix {GringoNonGroundGrammar_}' [-Wdeprecated]
[INFO] [stderr]      30 | %name-prefix "GringoNonGroundGrammar_"
[INFO] [stderr]         | ^~~~~~~~~~~~~~~~~~~~~~~~~~~~~~~~~~~~~~
[INFO] [stderr]         | %define api.prefix {GringoNonGroundGrammar_}
[INFO] [stderr]   /opt/rustwide/cargo-home/registry/src/index.crates.io-6f17d22bba15001f/clingo-sys-0.7.1/clingo/libgringo/src/input/nongroundgrammar.yy:32.1-14: warning: deprecated directive: '%error-verbose', use '%define parse.error verbose' [-Wdeprecated]
[INFO] [stderr]      32 | %error-verbose
[INFO] [stderr]         | ^~~~~~~~~~~~~~
[INFO] [stderr]         | %define parse.error verbose
[INFO] [stderr]   /opt/rustwide/cargo-home/registry/src/index.crates.io-6f17d22bba15001f/clingo-sys-0.7.1/clingo/libgringo/src/input/nongroundgrammar.yy:34.1-39: warning: deprecated directive: '%define location_type "DefaultLocation"', use '%define api.location.type {DefaultLocation}' [-Wdeprecated]
[INFO] [stderr]      34 | %define location_type "DefaultLocation"
[INFO] [stderr]         | ^~~~~~~~~~~~~~~~~~~~~~~~~~~~~~~~~~~~~~~
[INFO] [stderr]         | %define api.location.type {DefaultLocation}
[INFO] [stderr]   /opt/rustwide/cargo-home/registry/src/index.crates.io-6f17d22bba15001f/clingo-sys-0.7.1/clingo/libgringo/src/input/groundtermgrammar.yy:26.1-52: warning: %define variable 'api.namespace' requires '{...}' values [-Wdeprecated]
[INFO] [stderr]      26 | %define namespace "Gringo::Input::GroundTermGrammar"
[INFO] [stderr]         | ^~~~~~~~~~~~~~~~~~~~~~~~~~~~~~~~~~~~~~~~~~~~~~~~~~~~
[INFO] [stderr]   /opt/rustwide/cargo-home/registry/src/index.crates.io-6f17d22bba15001f/clingo-sys-0.7.1/clingo/libgringo/src/input/nongroundgrammar.yy:34.1-39: warning: %define variable 'api.location.type' requires '{...}' values [-Wdeprecated]
[INFO] [stderr]      34 | %define location_type "DefaultLocation"
[INFO] [stderr]         | ^~~~~~~~~~~~~~~~~~~~~~~~~~~~~~~~~~~~~~~
[INFO] [stderr]   /opt/rustwide/cargo-home/registry/src/index.crates.io-6f17d22bba15001f/clingo-sys-0.7.1/clingo/libgringo/src/input/nongroundgrammar.yy:28.1-51: warning: %define variable 'api.namespace' requires '{...}' values [-Wdeprecated]
[INFO] [stderr]      28 | %define namespace "Gringo::Input::NonGroundGrammar"
[INFO] [stderr]         | ^~~~~~~~~~~~~~~~~~~~~~~~~~~~~~~~~~~~~~~~~~~~~~~~~~~
[INFO] [stderr]   /opt/rustwide/cargo-home/registry/src/index.crates.io-6f17d22bba15001f/clingo-sys-0.7.1/clingo/libgringo/src/input/groundtermgrammar.yy: warning: fix-its can be applied.  Rerun with option '--update'. [-Wother]
[INFO] [stderr]   /opt/rustwide/cargo-home/registry/src/index.crates.io-6f17d22bba15001f/clingo-sys-0.7.1/clingo/libgringo/src/input/nongroundgrammar.yy: warning: fix-its can be applied.  Rerun with option '--update'. [-Wother]
[INFO] [stderr]   gmake[1]: *** [CMakeFiles/Makefile2:263: clasp/src/CMakeFiles/libclasp.dir/all] Error 2
[INFO] [stderr]   gmake[1]: *** Waiting for unfinished jobs....
[INFO] [stderr]   c++: fatal error: Killed signal terminated program cc1plus
[INFO] [stderr]   compilation terminated.
[INFO] [stderr]   gmake[2]: *** [libgringo/CMakeFiles/libgringo.dir/build.make:185: libgringo/CMakeFiles/libgringo.dir/src/ground/program.cc.o] Error 1
[INFO] [stderr]   gmake[2]: *** Waiting for unfinished jobs....
[INFO] [stderr]   c++: fatal error: Killed signal terminated program cc1plus
[INFO] [stderr]   compilation terminated.
[INFO] [stderr]   gmake[2]: *** [libgringo/CMakeFiles/libgringo.dir/build.make:199: libgringo/CMakeFiles/libgringo.dir/src/ground/statements.cc.o] Error 1
[INFO] [stderr]   c++: fatal error: Killed signal terminated program cc1plus
[INFO] [stderr]   compilation terminated.
[INFO] [stderr]   gmake[2]: *** [libgringo/CMakeFiles/libgringo.dir/build.make:283: libgringo/CMakeFiles/libgringo.dir/src/input/nongroundparser.cc.o] Error 1
[INFO] [stderr]   c++: fatal error: Killed signal terminated program cc1plus
[INFO] [stderr]   compilation terminated.
[INFO] [stderr]   gmake[2]: *** [libgringo/CMakeFiles/libgringo.dir/build.make:157: libgringo/CMakeFiles/libgringo.dir/src/ground/instantiation.cc.o] Error 1
[INFO] [stderr]   c++: fatal error: Killed signal terminated program cc1plus
[INFO] [stderr]   compilation terminated.
[INFO] [stderr]   gmake[2]: *** [libgringo/CMakeFiles/libgringo.dir/build.make:171: libgringo/CMakeFiles/libgringo.dir/src/ground/literals.cc.o] Error 1
[INFO] [stderr]   c++: fatal error: Killed signal terminated program cc1plus
[INFO] [stderr]   compilation terminated.
[INFO] [stderr]   gmake[2]: *** [libgringo/CMakeFiles/libgringo.dir/build.make:227: libgringo/CMakeFiles/libgringo.dir/src/input/aggregates.cc.o] Error 1
[INFO] [stderr]   c++: fatal error: Killed signal terminated program cc1plus
[INFO] [stderr]   compilation terminated.
[INFO] [stderr]   gmake[2]: *** [libgringo/CMakeFiles/libgringo.dir/build.make:269: libgringo/CMakeFiles/libgringo.dir/src/input/literals.cc.o] Error 1
[INFO] [stderr]   c++: fatal error: Killed signal terminated program cc1plus
[INFO] [stderr]   compilation terminated.
[INFO] [stderr]   gmake[2]: *** [libgringo/CMakeFiles/libgringo.dir/build.make:311: libgringo/CMakeFiles/libgringo.dir/src/input/programbuilder.cc.o] Error 1
[INFO] [stderr]   gmake[1]: *** [CMakeFiles/Makefile2:420: libgringo/CMakeFiles/libgringo.dir/all] Error 2
[INFO] [stderr]   gmake: *** [Makefile:149: all] Error 2
[INFO] [stderr]   thread 'main' panicked at /opt/rustwide/cargo-home/registry/src/index.crates.io-6f17d22bba15001f/cmake-0.1.50/src/lib.rs:1098:5:
[INFO] [stderr] 
[INFO] [stderr]   command did not execute successfully, got: exit status: 2
[INFO] [stderr] 
[INFO] [stderr]   build script failed, must exit now
[INFO] [stderr]   stack backtrace:
[INFO] [stderr]      0:     0x55f120d345c6 - std::backtrace_rs::backtrace::libunwind::trace::h261606ad26a499c1
[INFO] [stderr]                                  at /rustc/0e09125c6c3c2fd70d7de961bcf0e51575235fad/library/std/src/../../backtrace/src/backtrace/libunwind.rs:104:5
[INFO] [stderr]      1:     0x55f120d345c6 - std::backtrace_rs::backtrace::trace_unsynchronized::hd183f0625477fb28
[INFO] [stderr]                                  at /rustc/0e09125c6c3c2fd70d7de961bcf0e51575235fad/library/std/src/../../backtrace/src/backtrace/mod.rs:66:5
[INFO] [stderr]      2:     0x55f120d345c6 - std::sys_common::backtrace::_print_fmt::hd7f8fef21b4eda67
[INFO] [stderr]                                  at /rustc/0e09125c6c3c2fd70d7de961bcf0e51575235fad/library/std/src/sys_common/backtrace.rs:68:5
[INFO] [stderr]      3:     0x55f120d345c6 - <std::sys_common::backtrace::_print::DisplayBacktrace as core::fmt::Display>::fmt::h623d9b51f2f453f1
[INFO] [stderr]                                  at /rustc/0e09125c6c3c2fd70d7de961bcf0e51575235fad/library/std/src/sys_common/backtrace.rs:44:22
[INFO] [stderr]      4:     0x55f120d59e90 - core::fmt::rt::Argument::fmt::h9f417ac76a86f368
[INFO] [stderr]                                  at /rustc/0e09125c6c3c2fd70d7de961bcf0e51575235fad/library/core/src/fmt/rt.rs:142:9
[INFO] [stderr]      5:     0x55f120d59e90 - core::fmt::write::hc9b6faf4ac2aeff7
[INFO] [stderr]                                  at /rustc/0e09125c6c3c2fd70d7de961bcf0e51575235fad/library/core/src/fmt/mod.rs:1120:17
[INFO] [stderr]      6:     0x55f120d31dff - std::io::Write::write_fmt::hfead1eee52c2e65e
[INFO] [stderr]                                  at /rustc/0e09125c6c3c2fd70d7de961bcf0e51575235fad/library/std/src/io/mod.rs:1810:15
[INFO] [stderr]      7:     0x55f120d343a4 - std::sys_common::backtrace::_print::hd5d66399c7df88a2
[INFO] [stderr]                                  at /rustc/0e09125c6c3c2fd70d7de961bcf0e51575235fad/library/std/src/sys_common/backtrace.rs:47:5
[INFO] [stderr]      8:     0x55f120d343a4 - std::sys_common::backtrace::print::he81ed2da642d37e5
[INFO] [stderr]                                  at /rustc/0e09125c6c3c2fd70d7de961bcf0e51575235fad/library/std/src/sys_common/backtrace.rs:34:9
[INFO] [stderr]      9:     0x55f120d35c87 - std::panicking::default_hook::{{closure}}::h85773f4fa117163d
[INFO] [stderr]     10:     0x55f120d359e9 - std::panicking::default_hook::h6a1694a91d09b278
[INFO] [stderr]                                  at /rustc/0e09125c6c3c2fd70d7de961bcf0e51575235fad/library/std/src/panicking.rs:292:9
[INFO] [stderr]     11:     0x55f120d36118 - std::panicking::rust_panic_with_hook::h0a7ad96e90f7145b
[INFO] [stderr]                                  at /rustc/0e09125c6c3c2fd70d7de961bcf0e51575235fad/library/std/src/panicking.rs:779:13
[INFO] [stderr]     12:     0x55f120d35ff2 - std::panicking::begin_panic_handler::{{closure}}::h7919090525c6485e
[INFO] [stderr]                                  at /rustc/0e09125c6c3c2fd70d7de961bcf0e51575235fad/library/std/src/panicking.rs:657:13
[INFO] [stderr]     13:     0x55f120d34ac6 - std::sys_common::backtrace::__rust_end_short_backtrace::hf3289479464f7dfe
[INFO] [stderr]                                  at /rustc/0e09125c6c3c2fd70d7de961bcf0e51575235fad/library/std/src/sys_common/backtrace.rs:171:18
[INFO] [stderr]     14:     0x55f120d35d50 - rust_begin_unwind
[INFO] [stderr]                                  at /rustc/0e09125c6c3c2fd70d7de961bcf0e51575235fad/library/std/src/panicking.rs:645:5
[INFO] [stderr]     15:     0x55f120cb4635 - core::panicking::panic_fmt::hcc9f77c5c132af55
[INFO] [stderr]                                  at /rustc/0e09125c6c3c2fd70d7de961bcf0e51575235fad/library/core/src/panicking.rs:72:14
[INFO] [stderr]     16:     0x55f120cc8e91 - cmake::fail::h08ddde5275cf866f
[INFO] [stderr]     17:     0x55f120cc8627 - cmake::run::hb09ef5cc2ea4ba27
[INFO] [stderr]     18:     0x55f120cc4f5d - cmake::Config::build::h9d422ae75ceaf627
[INFO] [stderr]     19:     0x55f120cb6ca7 - build_script_build::main::h75bac5510d01c9df
[INFO] [stderr]     20:     0x55f120cb51f3 - core::ops::function::FnOnce::call_once::h765c9adb5a19cde9
[INFO] [stderr]     21:     0x55f120cb4e36 - std::sys_common::backtrace::__rust_begin_short_backtrace::hacff0b0e74d416e5
[INFO] [stderr]     22:     0x55f120cb4f49 - std::rt::lang_start::{{closure}}::h4ed845014d75612d
[INFO] [stderr]     23:     0x55f120d2da41 - core::ops::function::impls::<impl core::ops::function::FnOnce<A> for &F>::call_once::h4eb4c5e1620f29b0
[INFO] [stderr]                                  at /rustc/0e09125c6c3c2fd70d7de961bcf0e51575235fad/library/core/src/ops/function.rs:284:13
[INFO] [stderr]     24:     0x55f120d2da41 - std::panicking::try::do_call::h73fd26535faffcdf
[INFO] [stderr]                                  at /rustc/0e09125c6c3c2fd70d7de961bcf0e51575235fad/library/std/src/panicking.rs:552:40
[INFO] [stderr]     25:     0x55f120d2da41 - std::panicking::try::h77ff1d98f0fb9f39
[INFO] [stderr]                                  at /rustc/0e09125c6c3c2fd70d7de961bcf0e51575235fad/library/std/src/panicking.rs:516:19
[INFO] [stderr]     26:     0x55f120d2da41 - std::panic::catch_unwind::hab3caf2448b95e37
[INFO] [stderr]                                  at /rustc/0e09125c6c3c2fd70d7de961bcf0e51575235fad/library/std/src/panic.rs:142:14
[INFO] [stderr]     27:     0x55f120d2da41 - std::rt::lang_start_internal::{{closure}}::h8086711f9c783f78
[INFO] [stderr]                                  at /rustc/0e09125c6c3c2fd70d7de961bcf0e51575235fad/library/std/src/rt.rs:148:48
[INFO] [stderr]     28:     0x55f120d2da41 - std::panicking::try::do_call::hf920d4dc291cd6ca
[INFO] [stderr]                                  at /rustc/0e09125c6c3c2fd70d7de961bcf0e51575235fad/library/std/src/panicking.rs:552:40
[INFO] [stderr]     29:     0x55f120d2da41 - std::panicking::try::h2b806ccc0a85db74
[INFO] [stderr]                                  at /rustc/0e09125c6c3c2fd70d7de961bcf0e51575235fad/library/std/src/panicking.rs:516:19
[INFO] [stderr]     30:     0x55f120d2da41 - std::panic::catch_unwind::h038489539c507df2
[INFO] [stderr]                                  at /rustc/0e09125c6c3c2fd70d7de961bcf0e51575235fad/library/std/src/panic.rs:142:14
[INFO] [stderr]     31:     0x55f120d2da41 - std::rt::lang_start_internal::h28503b88912e8a5c
[INFO] [stderr]                                  at /rustc/0e09125c6c3c2fd70d7de961bcf0e51575235fad/library/std/src/rt.rs:148:20
[INFO] [stderr]     32:     0x55f120cb4f27 - std::rt::lang_start::h540473591266bede
[INFO] [stderr]     33:     0x55f120cb7085 - main
[INFO] [stderr]     34:     0x7f0cb3dced90 - <unknown>
[INFO] [stderr]     35:     0x7f0cb3dcee40 - __libc_start_main
[INFO] [stderr]     36:     0x55f120cb4d65 - _start
[INFO] [stderr]     37:                0x0 - <unknown>
[INFO] running `Command { std: "docker" "inspect" "bb99961d1dc9861e533324d9e680ce7544c9a20a75979078ddfe1dbd4c3dd434", kill_on_drop: false }`
[INFO] running `Command { std: "docker" "rm" "-f" "bb99961d1dc9861e533324d9e680ce7544c9a20a75979078ddfe1dbd4c3dd434", kill_on_drop: false }`
[INFO] [stdout] bb99961d1dc9861e533324d9e680ce7544c9a20a75979078ddfe1dbd4c3dd434
