[INFO] fetching crate sauron-node-macro 0.54.1...
[INFO] testing sauron-node-macro-0.54.1 against 1.75.0 for beta-1.76-1
[INFO] extracting crate sauron-node-macro 0.54.1 into /workspace/builds/worker-7-tc1/source
[INFO] validating manifest of crates.io crate sauron-node-macro 0.54.1 on toolchain 1.75.0
[INFO] running `Command { std: CARGO_HOME="/workspace/cargo-home" RUSTUP_HOME="/workspace/rustup-home" "/workspace/cargo-home/bin/cargo" "+1.75.0" "metadata" "--manifest-path" "Cargo.toml" "--no-deps", kill_on_drop: false }`
[INFO] started tweaking crates.io crate sauron-node-macro 0.54.1
[INFO] finished tweaking crates.io crate sauron-node-macro 0.54.1
[INFO] tweaked toml for crates.io crate sauron-node-macro 0.54.1 written to /workspace/builds/worker-7-tc1/source/Cargo.toml
[INFO] running `Command { std: CARGO_HOME="/workspace/cargo-home" RUSTUP_HOME="/workspace/rustup-home" "/workspace/cargo-home/bin/cargo" "+1.75.0" "generate-lockfile" "--manifest-path" "Cargo.toml", kill_on_drop: false }`
[INFO] [stderr]     Updating crates.io index
[INFO] running `Command { std: CARGO_HOME="/workspace/cargo-home" RUSTUP_HOME="/workspace/rustup-home" "/workspace/cargo-home/bin/cargo" "+1.75.0" "fetch" "--manifest-path" "Cargo.toml", kill_on_drop: false }`
[INFO] [stderr]  Downloading crates ...
[INFO] [stderr]   Downloaded jss v0.5.1
[INFO] [stderr]   Downloaded syn-rsx v0.8.1
[INFO] [stderr]   Downloaded mt-dom v0.54.2
[INFO] [stderr]   Downloaded sauron-core v0.54.1
[INFO] running `Command { std: "docker" "create" "-v" "/var/lib/crater-agent-workspace/builds/worker-7-tc1/target:/opt/rustwide/target:rw,Z" "-v" "/var/lib/crater-agent-workspace/builds/worker-7-tc1/source:/opt/rustwide/workdir:ro,Z" "-v" "/var/lib/crater-agent-workspace/cargo-home:/opt/rustwide/cargo-home:ro,Z" "-v" "/var/lib/crater-agent-workspace/rustup-home:/opt/rustwide/rustup-home:ro,Z" "-e" "SOURCE_DIR=/opt/rustwide/workdir" "-e" "CARGO_TARGET_DIR=/opt/rustwide/target" "-e" "CARGO_HOME=/opt/rustwide/cargo-home" "-e" "RUSTUP_HOME=/opt/rustwide/rustup-home" "-w" "/opt/rustwide/workdir" "-m" "1610612736" "--user" "0:0" "--network" "none" "ghcr.io/rust-lang/crates-build-env/linux@sha256:2788e3201cd34a07e3172128adcd8b3090168a8e3bcc40d7c032b9dda1df7d1c" "/opt/rustwide/cargo-home/bin/cargo" "+1.75.0" "metadata" "--no-deps" "--format-version=1", kill_on_drop: false }`
[INFO] [stdout] 48fb703285f24da081e2a8a3fa68f1b9582d28d053361c790aa555a74b26943d
[INFO] running `Command { std: "docker" "start" "-a" "48fb703285f24da081e2a8a3fa68f1b9582d28d053361c790aa555a74b26943d", kill_on_drop: false }`
[INFO] running `Command { std: "docker" "inspect" "48fb703285f24da081e2a8a3fa68f1b9582d28d053361c790aa555a74b26943d", kill_on_drop: false }`
[INFO] running `Command { std: "docker" "rm" "-f" "48fb703285f24da081e2a8a3fa68f1b9582d28d053361c790aa555a74b26943d", kill_on_drop: false }`
[INFO] [stdout] 48fb703285f24da081e2a8a3fa68f1b9582d28d053361c790aa555a74b26943d
[INFO] running `Command { std: "docker" "create" "-v" "/var/lib/crater-agent-workspace/builds/worker-7-tc1/target:/opt/rustwide/target:rw,Z" "-v" "/var/lib/crater-agent-workspace/builds/worker-7-tc1/source:/opt/rustwide/workdir:ro,Z" "-v" "/var/lib/crater-agent-workspace/cargo-home:/opt/rustwide/cargo-home:ro,Z" "-v" "/var/lib/crater-agent-workspace/rustup-home:/opt/rustwide/rustup-home:ro,Z" "-e" "SOURCE_DIR=/opt/rustwide/workdir" "-e" "CARGO_TARGET_DIR=/opt/rustwide/target" "-e" "CARGO_INCREMENTAL=0" "-e" "RUST_BACKTRACE=full" "-e" "RUSTFLAGS=--cap-lints=warn" "-e" "RUSTDOCFLAGS=--cap-lints=warn" "-e" "CARGO_HOME=/opt/rustwide/cargo-home" "-e" "RUSTUP_HOME=/opt/rustwide/rustup-home" "-w" "/opt/rustwide/workdir" "-m" "1610612736" "--user" "0:0" "--network" "none" "ghcr.io/rust-lang/crates-build-env/linux@sha256:2788e3201cd34a07e3172128adcd8b3090168a8e3bcc40d7c032b9dda1df7d1c" "/opt/rustwide/cargo-home/bin/cargo" "+1.75.0" "build" "--frozen" "--message-format=json", kill_on_drop: false }`
[INFO] [stdout] f1dca150cb4441077e70702242ec146c278043bff82602eb41e313ee461da6a3
[INFO] running `Command { std: "docker" "start" "-a" "f1dca150cb4441077e70702242ec146c278043bff82602eb41e313ee461da6a3", kill_on_drop: false }`
[INFO] [stderr]    Compiling cfg-if v1.0.0
[INFO] [stderr]    Compiling libc v0.2.151
[INFO] [stderr]    Compiling wasm-bindgen-shared v0.2.89
[INFO] [stderr]    Compiling log v0.4.20
[INFO] [stderr]    Compiling once_cell v1.19.0
[INFO] [stderr]    Compiling serde v1.0.194
[INFO] [stderr]    Compiling bumpalo v3.14.0
[INFO] [stderr]    Compiling ppv-lite86 v0.2.17
[INFO] [stderr]    Compiling serde_json v1.0.111
[INFO] [stderr]    Compiling itoa v1.0.10
[INFO] [stderr]    Compiling proc-macro-hack v0.5.20+deprecated
[INFO] [stderr]    Compiling siphasher v0.3.11
[INFO] [stderr]    Compiling wasm-bindgen v0.2.89
[INFO] [stderr]    Compiling ryu v1.0.16
[INFO] [stderr]    Compiling syn v2.0.48
[INFO] [stderr]    Compiling doc-comment v0.3.3
[INFO] [stderr]    Compiling json v0.12.4
[INFO] [stderr]    Compiling longest-increasing-subsequence v0.1.0
[INFO] [stderr]    Compiling phf_shared v0.10.0
[INFO] [stderr]    Compiling mt-dom v0.54.2
[INFO] [stderr]    Compiling cfg-if v0.1.10
[INFO] [stderr]    Compiling syn-rsx v0.8.1
[INFO] [stderr]    Compiling getrandom v0.2.11
[INFO] [stderr]    Compiling rand_core v0.6.4
[INFO] [stderr]    Compiling rand_chacha v0.3.1
[INFO] [stderr]    Compiling rand v0.8.5
[INFO] [stderr]    Compiling phf_generator v0.10.0
[INFO] [stderr]    Compiling phf_macros v0.10.0
[INFO] [stderr]    Compiling wasm-bindgen-backend v0.2.89
[INFO] [stderr]    Compiling phf v0.10.1
[INFO] [stderr]    Compiling jss v0.5.1
[INFO] [stderr]    Compiling thiserror-impl v1.0.56
[INFO] [stderr]    Compiling wasm-bindgen-macro-support v0.2.89
[INFO] [stderr]    Compiling wasm-bindgen-macro v0.2.89
[INFO] [stderr]    Compiling thiserror v1.0.56
[INFO] [stderr]    Compiling js-sys v0.3.66
[INFO] [stderr]    Compiling web-sys v0.3.66
[INFO] [stderr]    Compiling wasm-bindgen-futures v0.4.39
[INFO] [stderr]    Compiling sauron-core v0.54.1
[INFO] [stderr]    Compiling sauron-node-macro v0.54.1 (/opt/rustwide/workdir)
[INFO] [stderr]     Finished dev [unoptimized + debuginfo] target(s) in 13.37s
[INFO] running `Command { std: "docker" "inspect" "f1dca150cb4441077e70702242ec146c278043bff82602eb41e313ee461da6a3", kill_on_drop: false }`
[INFO] running `Command { std: "docker" "rm" "-f" "f1dca150cb4441077e70702242ec146c278043bff82602eb41e313ee461da6a3", kill_on_drop: false }`
[INFO] [stdout] f1dca150cb4441077e70702242ec146c278043bff82602eb41e313ee461da6a3
[INFO] running `Command { std: "docker" "create" "-v" "/var/lib/crater-agent-workspace/builds/worker-7-tc1/target:/opt/rustwide/target:rw,Z" "-v" "/var/lib/crater-agent-workspace/builds/worker-7-tc1/source:/opt/rustwide/workdir:ro,Z" "-v" "/var/lib/crater-agent-workspace/cargo-home:/opt/rustwide/cargo-home:ro,Z" "-v" "/var/lib/crater-agent-workspace/rustup-home:/opt/rustwide/rustup-home:ro,Z" "-e" "SOURCE_DIR=/opt/rustwide/workdir" "-e" "CARGO_TARGET_DIR=/opt/rustwide/target" "-e" "CARGO_INCREMENTAL=0" "-e" "RUST_BACKTRACE=full" "-e" "RUSTFLAGS=--cap-lints=warn" "-e" "RUSTDOCFLAGS=--cap-lints=warn" "-e" "CARGO_HOME=/opt/rustwide/cargo-home" "-e" "RUSTUP_HOME=/opt/rustwide/rustup-home" "-w" "/opt/rustwide/workdir" "-m" "1610612736" "--user" "0:0" "--network" "none" "ghcr.io/rust-lang/crates-build-env/linux@sha256:2788e3201cd34a07e3172128adcd8b3090168a8e3bcc40d7c032b9dda1df7d1c" "/opt/rustwide/cargo-home/bin/cargo" "+1.75.0" "test" "--frozen" "--no-run" "--message-format=json", kill_on_drop: false }`
[INFO] [stdout] b2395910fe131cacdc8c5199426e80d95cb2b302986ac15bee7a53a24d3713ab
[INFO] running `Command { std: "docker" "start" "-a" "b2395910fe131cacdc8c5199426e80d95cb2b302986ac15bee7a53a24d3713ab", kill_on_drop: false }`
[INFO] [stderr]    Compiling proc-macro2 v1.0.75
[INFO] [stderr]    Compiling unicode-ident v1.0.12
[INFO] [stderr]    Compiling log v0.4.20
[INFO] [stderr]    Compiling siphasher v0.3.11
[INFO] [stderr]    Compiling serde v1.0.194
[INFO] [stderr]    Compiling syn v1.0.109
[INFO] [stderr]    Compiling serde_json v1.0.111
[INFO] [stderr]    Compiling json v0.12.4
[INFO] [stderr]    Compiling wasm-bindgen v0.2.89
[INFO] [stderr]    Compiling doc-comment v0.3.3
[INFO] [stderr]    Compiling thiserror v1.0.56
[INFO] [stderr]    Compiling longest-increasing-subsequence v0.1.0
[INFO] [stderr]    Compiling cfg-if v0.1.10
[INFO] [stderr]    Compiling getrandom v0.2.11
[INFO] [stderr]    Compiling mt-dom v0.54.2
[INFO] [stderr]    Compiling rand_core v0.6.4
[INFO] [stderr]    Compiling phf_shared v0.10.0
[INFO] [stderr]    Compiling rand_chacha v0.3.1
[INFO] [stderr]    Compiling rand v0.8.5
[INFO] [stderr]    Compiling quote v1.0.35
[INFO] [stderr]    Compiling syn v2.0.48
[INFO] [stderr]    Compiling phf_generator v0.10.0
[INFO] [stderr]    Compiling wasm-bindgen-backend v0.2.89
[INFO] [stderr]    Compiling syn-rsx v0.8.1
[INFO] [stderr]    Compiling thiserror-impl v1.0.56
[INFO] [stderr]    Compiling wasm-bindgen-macro-support v0.2.89
[INFO] [stderr]    Compiling wasm-bindgen-macro v0.2.89
[INFO] [stderr]    Compiling phf_macros v0.10.0
[INFO] [stderr]    Compiling js-sys v0.3.66
[INFO] [stderr]    Compiling phf v0.10.1
[INFO] [stderr]    Compiling jss v0.5.1
[INFO] [stderr]    Compiling web-sys v0.3.66
[INFO] [stderr]    Compiling wasm-bindgen-futures v0.4.39
[INFO] [stderr]    Compiling sauron-core v0.54.1
[INFO] [stderr]    Compiling sauron-node-macro v0.54.1 (/opt/rustwide/workdir)
[INFO] [stdout] error[E0433]: failed to resolve: use of undeclared crate or module `sauron`
[INFO] [stdout]  --> tests/style_in_node.rs:1:5
[INFO] [stdout]   |
[INFO] [stdout] 1 | use sauron::{
[INFO] [stdout]   |     ^^^^^^ use of undeclared crate or module `sauron`
[INFO] [stdout] 
[INFO] [stdout] 
[INFO] [stdout] error[E0432]: unresolved import `sauron`
[INFO] [stdout]  --> tests/style_in_node.rs:1:5
[INFO] [stdout]   |
[INFO] [stdout] 1 | use sauron::{
[INFO] [stdout]   |     ^^^^^^ use of undeclared crate or module `sauron`
[INFO] [stdout] 
[INFO] [stdout] 
[INFO] [stdout] error: cannot find macro `node` in this scope
[INFO] [stdout]  --> tests/style_in_node.rs:8:27
[INFO] [stdout]   |
[INFO] [stdout] 8 |     let node1: Node<()> = node!(<div style="border:1px solid green;"></div>);
[INFO] [stdout]   |                           ^^^^
[INFO] [stdout]   |
[INFO] [stdout] help: consider importing this macro
[INFO] [stdout]   |
[INFO] [stdout] 1 + use sauron_node_macro::node;
[INFO] [stdout]   |
[INFO] [stdout] 
[INFO] [stdout] 
[INFO] [stdout] error: cannot find macro `node` in this scope
[INFO] [stdout]   --> tests/style_in_node.rs:17:28
[INFO] [stdout]    |
[INFO] [stdout] 17 |     let result: Node<()> = node! {
[INFO] [stdout]    |                            ^^^^
[INFO] [stdout]    |
[INFO] [stdout] help: consider importing this macro
[INFO] [stdout]    |
[INFO] [stdout] 1  + use sauron_node_macro::node;
[INFO] [stdout]    |
[INFO] [stdout] 
[INFO] [stdout] 
[INFO] [stdout] error: cannot find macro `node` in this scope
[INFO] [stdout]   --> tests/style_in_node.rs:27:28
[INFO] [stdout]    |
[INFO] [stdout] 27 |     let result: Node<()> = node! {
[INFO] [stdout]    |                            ^^^^
[INFO] [stdout]    |
[INFO] [stdout] help: consider importing this macro
[INFO] [stdout]    |
[INFO] [stdout] 1  + use sauron_node_macro::node;
[INFO] [stdout]    |
[INFO] [stdout] 
[INFO] [stdout] 
[INFO] [stdout] error: cannot find macro `node` in this scope
[INFO] [stdout]   --> tests/style_in_node.rs:37:28
[INFO] [stdout]    |
[INFO] [stdout] 37 |     let result: Node<()> = node! {
[INFO] [stdout]    |                            ^^^^
[INFO] [stdout]    |
[INFO] [stdout] help: consider importing this macro
[INFO] [stdout]    |
[INFO] [stdout] 1  + use sauron_node_macro::node;
[INFO] [stdout]    |
[INFO] [stdout] 
[INFO] [stdout] 
[INFO] [stdout] error: cannot find macro `node` in this scope
[INFO] [stdout]   --> tests/style_in_node.rs:47:28
[INFO] [stdout]    |
[INFO] [stdout] 47 |     let result: Node<()> = node! {
[INFO] [stdout]    |                            ^^^^
[INFO] [stdout]    |
[INFO] [stdout] help: consider importing this macro
[INFO] [stdout]    |
[INFO] [stdout] 1  + use sauron_node_macro::node;
[INFO] [stdout]    |
[INFO] [stdout] 
[INFO] [stdout] 
[INFO] [stdout] error[E0412]: cannot find type `Node` in this scope
[INFO] [stdout]  --> tests/style_in_node.rs:8:16
[INFO] [stdout]   |
[INFO] [stdout] 8 |     let node1: Node<()> = node!(<div style="border:1px solid green;"></div>);
[INFO] [stdout]   |                ^^^^ not found in this scope
[INFO] [stdout]   |
[INFO] [stdout] help: consider importing one of these items
[INFO] [stdout]   |
[INFO] [stdout] 1 + use sauron_core::Node;
[INFO] [stdout]   |
[INFO] [stdout] 1 + use syn_rsx::Node;
[INFO] [stdout]   |
[INFO] [stdout] 
[INFO] [stdout] 
[INFO] [stdout] error[E0412]: cannot find type `Node` in this scope
[INFO] [stdout]   --> tests/style_in_node.rs:17:17
[INFO] [stdout]    |
[INFO] [stdout] 17 |     let result: Node<()> = node! {
[INFO] [stdout]    |                 ^^^^ not found in this scope
[INFO] [stdout]    |
[INFO] [stdout] help: consider importing one of these items
[INFO] [stdout]    |
[INFO] [stdout] 1  + use sauron_core::Node;
[INFO] [stdout]    |
[INFO] [stdout] 1  + use syn_rsx::Node;
[INFO] [stdout]    |
[INFO] [stdout] 
[INFO] [stdout] 
[INFO] [stdout] error[E0425]: cannot find function `div` in this scope
[INFO] [stdout]   --> tests/style_in_node.rs:21:20
[INFO] [stdout]    |
[INFO] [stdout] 21 |     let expected = div(vec![id("hello")], vec![text("Hello world")]);
[INFO] [stdout]    |                    ^^^ not found in this scope
[INFO] [stdout]    |
[INFO] [stdout] help: consider importing this function
[INFO] [stdout]    |
[INFO] [stdout] 1  + use sauron_core::div;
[INFO] [stdout]    |
[INFO] [stdout] 
[INFO] [stdout] 
[INFO] [stdout] error[E0425]: cannot find function `id` in this scope
[INFO] [stdout]   --> tests/style_in_node.rs:21:29
[INFO] [stdout]    |
[INFO] [stdout] 21 |     let expected = div(vec![id("hello")], vec![text("Hello world")]);
[INFO] [stdout]    |                             ^^ not found in this scope
[INFO] [stdout]    |
[INFO] [stdout] help: consider importing one of these items
[INFO] [stdout]    |
[INFO] [stdout] 1  + use sauron_core::attributes::id;
[INFO] [stdout]    |
[INFO] [stdout] 1  + use std::process::id;
[INFO] [stdout]    |
[INFO] [stdout] 
[INFO] [stdout] 
[INFO] [stdout] error[E0425]: cannot find function `text` in this scope
[INFO] [stdout]   --> tests/style_in_node.rs:21:48
[INFO] [stdout]    |
[INFO] [stdout] 21 |     let expected = div(vec![id("hello")], vec![text("Hello world")]);
[INFO] [stdout]    |                                                ^^^^ not found in this scope
[INFO] [stdout]    |
[INFO] [stdout] help: consider importing one of these items
[INFO] [stdout]    |
[INFO] [stdout] 1  + use sauron_core::html::text;
[INFO] [stdout]    |
[INFO] [stdout] 1  + use sauron_core::svg::tags::text;
[INFO] [stdout]    |
[INFO] [stdout] 1  + use sauron_core::vdom::leaf::text;
[INFO] [stdout]    |
[INFO] [stdout] 
[INFO] [stdout] 
[INFO] [stdout] error[E0412]: cannot find type `Node` in this scope
[INFO] [stdout]   --> tests/style_in_node.rs:27:17
[INFO] [stdout]    |
[INFO] [stdout] 27 |     let result: Node<()> = node! {
[INFO] [stdout]    |                 ^^^^ not found in this scope
[INFO] [stdout]    |
[INFO] [stdout] help: consider importing one of these items
[INFO] [stdout]    |
[INFO] [stdout] 1  + use sauron_core::Node;
[INFO] [stdout]    |
[INFO] [stdout] 1  + use syn_rsx::Node;
[INFO] [stdout]    |
[INFO] [stdout] 
[INFO] [stdout] 
[INFO] [stdout] error[E0412]: cannot find type `Node` in this scope
[INFO] [stdout]   --> tests/style_in_node.rs:37:17
[INFO] [stdout]    |
[INFO] [stdout] 37 |     let result: Node<()> = node! {
[INFO] [stdout]    |                 ^^^^ not found in this scope
[INFO] [stdout]    |
[INFO] [stdout] help: consider importing one of these items
[INFO] [stdout]    |
[INFO] [stdout] 1  + use sauron_core::Node;
[INFO] [stdout]    |
[INFO] [stdout] 1  + use syn_rsx::Node;
[INFO] [stdout]    |
[INFO] [stdout] 
[INFO] [stdout] 
[INFO] [stdout] error[E0412]: cannot find type `Node` in this scope
[INFO] [stdout]   --> tests/style_in_node.rs:47:17
[INFO] [stdout]    |
[INFO] [stdout] 47 |     let result: Node<()> = node! {
[INFO] [stdout]    |                 ^^^^ not found in this scope
[INFO] [stdout]    |
[INFO] [stdout] help: consider importing one of these items
[INFO] [stdout]    |
[INFO] [stdout] 1  + use sauron_core::Node;
[INFO] [stdout]    |
[INFO] [stdout] 1  + use syn_rsx::Node;
[INFO] [stdout]    |
[INFO] [stdout] 
[INFO] [stdout] 
[INFO] [stdout] error: aborting due to 15 previous errors
[INFO] [stdout] 
[INFO] [stdout] 
[INFO] [stdout] Some errors have detailed explanations: E0412, E0425, E0432, E0433.
[INFO] [stdout] 
[INFO] [stdout] For more information about an error, try `rustc --explain E0412`.
[INFO] [stdout] 
[INFO] [stderr] error: could not compile `sauron-node-macro` (test "style_in_node") due to 16 previous errors
[INFO] running `Command { std: "docker" "inspect" "b2395910fe131cacdc8c5199426e80d95cb2b302986ac15bee7a53a24d3713ab", kill_on_drop: false }`
[INFO] running `Command { std: "docker" "rm" "-f" "b2395910fe131cacdc8c5199426e80d95cb2b302986ac15bee7a53a24d3713ab", kill_on_drop: false }`
[INFO] [stdout] b2395910fe131cacdc8c5199426e80d95cb2b302986ac15bee7a53a24d3713ab
