[INFO] fetching crate sauron-macro 0.60.7...
[INFO] testing sauron-macro-0.60.7 against 1.75.0 for beta-1.76-1
[INFO] extracting crate sauron-macro 0.60.7 into /workspace/builds/worker-0-tc1/source
[INFO] validating manifest of crates.io crate sauron-macro 0.60.7 on toolchain 1.75.0
[INFO] running `Command { std: CARGO_HOME="/workspace/cargo-home" RUSTUP_HOME="/workspace/rustup-home" "/workspace/cargo-home/bin/cargo" "+1.75.0" "metadata" "--manifest-path" "Cargo.toml" "--no-deps", kill_on_drop: false }`
[INFO] started tweaking crates.io crate sauron-macro 0.60.7
[INFO] finished tweaking crates.io crate sauron-macro 0.60.7
[INFO] tweaked toml for crates.io crate sauron-macro 0.60.7 written to /workspace/builds/worker-0-tc1/source/Cargo.toml
[INFO] running `Command { std: CARGO_HOME="/workspace/cargo-home" RUSTUP_HOME="/workspace/rustup-home" "/workspace/cargo-home/bin/cargo" "+1.75.0" "generate-lockfile" "--manifest-path" "Cargo.toml", kill_on_drop: false }`
[INFO] [stderr]     Updating crates.io index
[INFO] running `Command { std: CARGO_HOME="/workspace/cargo-home" RUSTUP_HOME="/workspace/rustup-home" "/workspace/cargo-home/bin/cargo" "+1.75.0" "fetch" "--manifest-path" "Cargo.toml", kill_on_drop: false }`
[INFO] [stderr]  Downloading crates ...
[INFO] [stderr]   Downloaded mt-dom v0.59.1
[INFO] [stderr]   Downloaded sauron-core v0.60.7
[INFO] running `Command { std: "docker" "create" "-v" "/var/lib/crater-agent-workspace/builds/worker-0-tc1/target:/opt/rustwide/target:rw,Z" "-v" "/var/lib/crater-agent-workspace/builds/worker-0-tc1/source:/opt/rustwide/workdir:ro,Z" "-v" "/var/lib/crater-agent-workspace/cargo-home:/opt/rustwide/cargo-home:ro,Z" "-v" "/var/lib/crater-agent-workspace/rustup-home:/opt/rustwide/rustup-home:ro,Z" "-e" "SOURCE_DIR=/opt/rustwide/workdir" "-e" "CARGO_TARGET_DIR=/opt/rustwide/target" "-e" "CARGO_HOME=/opt/rustwide/cargo-home" "-e" "RUSTUP_HOME=/opt/rustwide/rustup-home" "-w" "/opt/rustwide/workdir" "-m" "1610612736" "--user" "0:0" "--network" "none" "ghcr.io/rust-lang/crates-build-env/linux@sha256:2788e3201cd34a07e3172128adcd8b3090168a8e3bcc40d7c032b9dda1df7d1c" "/opt/rustwide/cargo-home/bin/cargo" "+1.75.0" "metadata" "--no-deps" "--format-version=1", kill_on_drop: false }`
[INFO] [stdout] 6e59b9263cb27c7999fe2bdcabc7ade117d63a9bf03528c6f80eab7b78d3b7d9
[INFO] running `Command { std: "docker" "start" "-a" "6e59b9263cb27c7999fe2bdcabc7ade117d63a9bf03528c6f80eab7b78d3b7d9", kill_on_drop: false }`
[INFO] running `Command { std: "docker" "inspect" "6e59b9263cb27c7999fe2bdcabc7ade117d63a9bf03528c6f80eab7b78d3b7d9", kill_on_drop: false }`
[INFO] running `Command { std: "docker" "rm" "-f" "6e59b9263cb27c7999fe2bdcabc7ade117d63a9bf03528c6f80eab7b78d3b7d9", kill_on_drop: false }`
[INFO] [stdout] 6e59b9263cb27c7999fe2bdcabc7ade117d63a9bf03528c6f80eab7b78d3b7d9
[INFO] running `Command { std: "docker" "create" "-v" "/var/lib/crater-agent-workspace/builds/worker-0-tc1/target:/opt/rustwide/target:rw,Z" "-v" "/var/lib/crater-agent-workspace/builds/worker-0-tc1/source:/opt/rustwide/workdir:ro,Z" "-v" "/var/lib/crater-agent-workspace/cargo-home:/opt/rustwide/cargo-home:ro,Z" "-v" "/var/lib/crater-agent-workspace/rustup-home:/opt/rustwide/rustup-home:ro,Z" "-e" "SOURCE_DIR=/opt/rustwide/workdir" "-e" "CARGO_TARGET_DIR=/opt/rustwide/target" "-e" "CARGO_INCREMENTAL=0" "-e" "RUST_BACKTRACE=full" "-e" "RUSTFLAGS=--cap-lints=warn" "-e" "RUSTDOCFLAGS=--cap-lints=warn" "-e" "CARGO_HOME=/opt/rustwide/cargo-home" "-e" "RUSTUP_HOME=/opt/rustwide/rustup-home" "-w" "/opt/rustwide/workdir" "-m" "1610612736" "--user" "0:0" "--network" "none" "ghcr.io/rust-lang/crates-build-env/linux@sha256:2788e3201cd34a07e3172128adcd8b3090168a8e3bcc40d7c032b9dda1df7d1c" "/opt/rustwide/cargo-home/bin/cargo" "+1.75.0" "build" "--frozen" "--message-format=json", kill_on_drop: false }`
[INFO] [stdout] 9744fd94ac0cb9960d4f3ffd7b451bf852e34c030033bbd921568d471a695dc1
[INFO] running `Command { std: "docker" "start" "-a" "9744fd94ac0cb9960d4f3ffd7b451bf852e34c030033bbd921568d471a695dc1", kill_on_drop: false }`
[INFO] [stderr]    Compiling wasm-bindgen-shared v0.2.89
[INFO] [stderr]    Compiling log v0.4.20
[INFO] [stderr]    Compiling serde v1.0.194
[INFO] [stderr]    Compiling bumpalo v3.14.0
[INFO] [stderr]    Compiling serde_json v1.0.111
[INFO] [stderr]    Compiling itoa v1.0.10
[INFO] [stderr]    Compiling ryu v1.0.16
[INFO] [stderr]    Compiling wasm-bindgen v0.2.89
[INFO] [stderr]    Compiling cfg-if v1.0.0
[INFO] [stderr]    Compiling siphasher v0.3.11
[INFO] [stderr]    Compiling thiserror v1.0.56
[INFO] [stderr]    Compiling doc-comment v0.3.3
[INFO] [stderr]    Compiling proc-macro-error-attr v1.0.4
[INFO] [stderr]    Compiling proc-macro-error v1.0.4
[INFO] [stderr]    Compiling syn v2.0.48
[INFO] [stderr]    Compiling proc-macro2-diagnostics v0.10.1
[INFO] [stderr]    Compiling longest-increasing-subsequence v0.1.0
[INFO] [stderr]    Compiling yansi v1.0.0-rc.1
[INFO] [stderr]    Compiling phf_shared v0.11.2
[INFO] [stderr]    Compiling mt-dom v0.59.1
[INFO] [stderr]    Compiling phf_generator v0.11.2
[INFO] [stderr]    Compiling wasm-bindgen-backend v0.2.89
[INFO] [stderr]    Compiling thiserror-impl v1.0.56
[INFO] [stderr]    Compiling phf_macros v0.11.2
[INFO] [stderr]    Compiling syn_derive v0.1.8
[INFO] [stderr]    Compiling wasm-bindgen-macro-support v0.2.89
[INFO] [stderr]    Compiling phf v0.11.2
[INFO] [stderr]    Compiling wasm-bindgen-macro v0.2.89
[INFO] [stderr]    Compiling rstml v0.11.2
[INFO] [stderr]    Compiling js-sys v0.3.66
[INFO] [stderr]    Compiling wasm-bindgen-futures v0.4.39
[INFO] [stderr]    Compiling web-sys v0.3.66
[INFO] [stderr]    Compiling serde-wasm-bindgen v0.5.0
[INFO] [stderr]    Compiling sauron-core v0.60.7
[INFO] [stderr]    Compiling sauron-macro v0.60.7 (/opt/rustwide/workdir)
[INFO] [stderr]     Finished dev [unoptimized + debuginfo] target(s) in 15.96s
[INFO] running `Command { std: "docker" "inspect" "9744fd94ac0cb9960d4f3ffd7b451bf852e34c030033bbd921568d471a695dc1", kill_on_drop: false }`
[INFO] running `Command { std: "docker" "rm" "-f" "9744fd94ac0cb9960d4f3ffd7b451bf852e34c030033bbd921568d471a695dc1", kill_on_drop: false }`
[INFO] [stdout] 9744fd94ac0cb9960d4f3ffd7b451bf852e34c030033bbd921568d471a695dc1
[INFO] running `Command { std: "docker" "create" "-v" "/var/lib/crater-agent-workspace/builds/worker-0-tc1/target:/opt/rustwide/target:rw,Z" "-v" "/var/lib/crater-agent-workspace/builds/worker-0-tc1/source:/opt/rustwide/workdir:ro,Z" "-v" "/var/lib/crater-agent-workspace/cargo-home:/opt/rustwide/cargo-home:ro,Z" "-v" "/var/lib/crater-agent-workspace/rustup-home:/opt/rustwide/rustup-home:ro,Z" "-e" "SOURCE_DIR=/opt/rustwide/workdir" "-e" "CARGO_TARGET_DIR=/opt/rustwide/target" "-e" "CARGO_INCREMENTAL=0" "-e" "RUST_BACKTRACE=full" "-e" "RUSTFLAGS=--cap-lints=warn" "-e" "RUSTDOCFLAGS=--cap-lints=warn" "-e" "CARGO_HOME=/opt/rustwide/cargo-home" "-e" "RUSTUP_HOME=/opt/rustwide/rustup-home" "-w" "/opt/rustwide/workdir" "-m" "1610612736" "--user" "0:0" "--network" "none" "ghcr.io/rust-lang/crates-build-env/linux@sha256:2788e3201cd34a07e3172128adcd8b3090168a8e3bcc40d7c032b9dda1df7d1c" "/opt/rustwide/cargo-home/bin/cargo" "+1.75.0" "test" "--frozen" "--no-run" "--message-format=json", kill_on_drop: false }`
[INFO] [stdout] c63a3ec61bd72887e136fe8d4d96397d7f6ca9f3d109819607d97ae355ed9319
[INFO] running `Command { std: "docker" "start" "-a" "c63a3ec61bd72887e136fe8d4d96397d7f6ca9f3d109819607d97ae355ed9319", kill_on_drop: false }`
[INFO] [stderr]    Compiling once_cell v1.19.0
[INFO] [stderr]    Compiling log v0.4.20
[INFO] [stderr]    Compiling serde v1.0.194
[INFO] [stderr]    Compiling serde_json v1.0.111
[INFO] [stderr]    Compiling ryu v1.0.16
[INFO] [stderr]    Compiling itoa v1.0.10
[INFO] [stderr]    Compiling siphasher v0.3.11
[INFO] [stderr]    Compiling syn v2.0.48
[INFO] [stderr]    Compiling wasm-bindgen v0.2.89
[INFO] [stderr]    Compiling thiserror v1.0.56
[INFO] [stderr]    Compiling proc-macro2-diagnostics v0.10.1
[INFO] [stderr]    Compiling yansi v1.0.0-rc.1
[INFO] [stderr]    Compiling proc-macro-error-attr v1.0.4
[INFO] [stderr]    Compiling longest-increasing-subsequence v0.1.0
[INFO] [stderr]    Compiling doc-comment v0.3.3
[INFO] [stderr]    Compiling mt-dom v0.59.1
[INFO] [stderr]    Compiling phf_shared v0.11.2
[INFO] [stderr]    Compiling phf_generator v0.11.2
[INFO] [stderr]    Compiling proc-macro-error v1.0.4
[INFO] [stderr]    Compiling wasm-bindgen-backend v0.2.89
[INFO] [stderr]    Compiling thiserror-impl v1.0.56
[INFO] [stderr]    Compiling syn_derive v0.1.8
[INFO] [stderr]    Compiling phf_macros v0.11.2
[INFO] [stderr]    Compiling wasm-bindgen-macro-support v0.2.89
[INFO] [stderr]    Compiling phf v0.11.2
[INFO] [stderr]    Compiling wasm-bindgen-macro v0.2.89
[INFO] [stderr]    Compiling rstml v0.11.2
[INFO] [stderr]    Compiling js-sys v0.3.66
[INFO] [stderr]    Compiling wasm-bindgen-futures v0.4.39
[INFO] [stderr]    Compiling serde-wasm-bindgen v0.5.0
[INFO] [stderr]    Compiling web-sys v0.3.66
[INFO] [stderr]    Compiling sauron-core v0.60.7
[INFO] [stderr]    Compiling sauron-macro v0.60.7 (/opt/rustwide/workdir)
[INFO] [stdout] error[E0433]: failed to resolve: use of undeclared crate or module `sauron`
[INFO] [stdout]  --> tests/style_in_node.rs:1:5
[INFO] [stdout]   |
[INFO] [stdout] 1 | use sauron::{
[INFO] [stdout]   |     ^^^^^^ use of undeclared crate or module `sauron`
[INFO] [stdout] 
[INFO] [stdout] 
[INFO] [stdout] error[E0432]: unresolved import `sauron`
[INFO] [stdout]  --> tests/style_in_node.rs:1:5
[INFO] [stdout]   |
[INFO] [stdout] 1 | use sauron::{
[INFO] [stdout]   |     ^^^^^^ use of undeclared crate or module `sauron`
[INFO] [stdout] 
[INFO] [stdout] 
[INFO] [stdout] error: cannot find macro `node` in this scope
[INFO] [stdout]  --> tests/style_in_node.rs:8:27
[INFO] [stdout]   |
[INFO] [stdout] 8 |     let node1: Node<()> = node!(<div style="border:1px solid green;"></div>);
[INFO] [stdout]   |                           ^^^^
[INFO] [stdout]   |
[INFO] [stdout] help: consider importing this macro
[INFO] [stdout]   |
[INFO] [stdout] 1 + use sauron_macro::node;
[INFO] [stdout]   |
[INFO] [stdout] 
[INFO] [stdout] 
[INFO] [stdout] error: cannot find macro `node` in this scope
[INFO] [stdout]   --> tests/style_in_node.rs:17:28
[INFO] [stdout]    |
[INFO] [stdout] 17 |     let result: Node<()> = node! {
[INFO] [stdout]    |                            ^^^^
[INFO] [stdout]    |
[INFO] [stdout] help: consider importing this macro
[INFO] [stdout]    |
[INFO] [stdout] 1  + use sauron_macro::node;
[INFO] [stdout]    |
[INFO] [stdout] 
[INFO] [stdout] 
[INFO] [stdout] error: cannot find macro `node` in this scope
[INFO] [stdout]   --> tests/style_in_node.rs:26:28
[INFO] [stdout]    |
[INFO] [stdout] 26 |     let result: Node<()> = node! {
[INFO] [stdout]    |                            ^^^^
[INFO] [stdout]    |
[INFO] [stdout] help: consider importing this macro
[INFO] [stdout]    |
[INFO] [stdout] 1  + use sauron_macro::node;
[INFO] [stdout]    |
[INFO] [stdout] 
[INFO] [stdout] 
[INFO] [stdout] error: cannot find macro `node` in this scope
[INFO] [stdout]   --> tests/style_in_node.rs:36:28
[INFO] [stdout]    |
[INFO] [stdout] 36 |     let result: Node<()> = node! {
[INFO] [stdout]    |                            ^^^^
[INFO] [stdout]    |
[INFO] [stdout] help: consider importing this macro
[INFO] [stdout]    |
[INFO] [stdout] 1  + use sauron_macro::node;
[INFO] [stdout]    |
[INFO] [stdout] 
[INFO] [stdout] 
[INFO] [stdout] error: cannot find macro `node` in this scope
[INFO] [stdout]   --> tests/style_in_node.rs:46:28
[INFO] [stdout]    |
[INFO] [stdout] 46 |     let result: Node<()> = node! {
[INFO] [stdout]    |                            ^^^^
[INFO] [stdout]    |
[INFO] [stdout] help: consider importing this macro
[INFO] [stdout]    |
[INFO] [stdout] 1  + use sauron_macro::node;
[INFO] [stdout]    |
[INFO] [stdout] 
[INFO] [stdout] 
[INFO] [stdout] error: cannot find macro `node` in this scope
[INFO] [stdout]   --> tests/style_in_node.rs:56:28
[INFO] [stdout]    |
[INFO] [stdout] 56 |     let result: Node<()> = node! {
[INFO] [stdout]    |                            ^^^^
[INFO] [stdout]    |
[INFO] [stdout] help: consider importing this macro
[INFO] [stdout]    |
[INFO] [stdout] 1  + use sauron_macro::node;
[INFO] [stdout]    |
[INFO] [stdout] 
[INFO] [stdout] 
[INFO] [stdout] error: cannot find macro `node` in this scope
[INFO] [stdout]   --> tests/style_in_node.rs:66:28
[INFO] [stdout]    |
[INFO] [stdout] 66 |     let result: Node<()> = node! {
[INFO] [stdout]    |                            ^^^^
[INFO] [stdout]    |
[INFO] [stdout] help: consider importing this macro
[INFO] [stdout]    |
[INFO] [stdout] 1  + use sauron_macro::node;
[INFO] [stdout]    |
[INFO] [stdout] 
[INFO] [stdout] 
[INFO] [stdout] error[E0412]: cannot find type `Node` in this scope
[INFO] [stdout]  --> tests/style_in_node.rs:8:16
[INFO] [stdout]   |
[INFO] [stdout] 8 |     let node1: Node<()> = node!(<div style="border:1px solid green;"></div>);
[INFO] [stdout]   |                ^^^^ not found in this scope
[INFO] [stdout]   |
[INFO] [stdout] help: consider importing one of these items
[INFO] [stdout]   |
[INFO] [stdout] 1 + use rstml::node::Node;
[INFO] [stdout]   |
[INFO] [stdout] 1 + use sauron_core::vdom::Node;
[INFO] [stdout]   |
[INFO] [stdout] 
[INFO] [stdout] 
[INFO] [stdout] error[E0412]: cannot find type `Node` in this scope
[INFO] [stdout]   --> tests/style_in_node.rs:17:17
[INFO] [stdout]    |
[INFO] [stdout] 17 |     let result: Node<()> = node! {
[INFO] [stdout]    |                 ^^^^ not found in this scope
[INFO] [stdout]    |
[INFO] [stdout] help: consider importing one of these items
[INFO] [stdout]    |
[INFO] [stdout] 1  + use rstml::node::Node;
[INFO] [stdout]    |
[INFO] [stdout] 1  + use sauron_core::vdom::Node;
[INFO] [stdout]    |
[INFO] [stdout] 
[INFO] [stdout] 
[INFO] [stdout] error[E0412]: cannot find type `Node` in this scope
[INFO] [stdout]   --> tests/style_in_node.rs:26:17
[INFO] [stdout]    |
[INFO] [stdout] 26 |     let result: Node<()> = node! {
[INFO] [stdout]    |                 ^^^^ not found in this scope
[INFO] [stdout]    |
[INFO] [stdout] help: consider importing one of these items
[INFO] [stdout]    |
[INFO] [stdout] 1  + use rstml::node::Node;
[INFO] [stdout]    |
[INFO] [stdout] 1  + use sauron_core::vdom::Node;
[INFO] [stdout]    |
[INFO] [stdout] 
[INFO] [stdout] 
[INFO] [stdout] error[E0412]: cannot find type `Node` in this scope
[INFO] [stdout]   --> tests/style_in_node.rs:30:19
[INFO] [stdout]    |
[INFO] [stdout] 30 |     let expected: Node<()> = div(vec![id("hello")], vec![text("Hello world")]);
[INFO] [stdout]    |                   ^^^^ not found in this scope
[INFO] [stdout]    |
[INFO] [stdout] help: consider importing one of these items
[INFO] [stdout]    |
[INFO] [stdout] 1  + use rstml::node::Node;
[INFO] [stdout]    |
[INFO] [stdout] 1  + use sauron_core::vdom::Node;
[INFO] [stdout]    |
[INFO] [stdout] 
[INFO] [stdout] 
[INFO] [stdout] error[E0425]: cannot find function `div` in this scope
[INFO] [stdout]   --> tests/style_in_node.rs:30:30
[INFO] [stdout]    |
[INFO] [stdout] 30 |     let expected: Node<()> = div(vec![id("hello")], vec![text("Hello world")]);
[INFO] [stdout]    |                              ^^^ not found in this scope
[INFO] [stdout]    |
[INFO] [stdout] help: consider importing this function
[INFO] [stdout]    |
[INFO] [stdout] 1  + use sauron_core::html::div;
[INFO] [stdout]    |
[INFO] [stdout] 
[INFO] [stdout] 
[INFO] [stdout] error[E0425]: cannot find function `id` in this scope
[INFO] [stdout]   --> tests/style_in_node.rs:30:39
[INFO] [stdout]    |
[INFO] [stdout] 30 |     let expected: Node<()> = div(vec![id("hello")], vec![text("Hello world")]);
[INFO] [stdout]    |                                       ^^ not found in this scope
[INFO] [stdout]    |
[INFO] [stdout] help: consider importing one of these items
[INFO] [stdout]    |
[INFO] [stdout] 1  + use sauron_core::html::attributes::id;
[INFO] [stdout]    |
[INFO] [stdout] 1  + use std::process::id;
[INFO] [stdout]    |
[INFO] [stdout] 
[INFO] [stdout] 
[INFO] [stdout] error[E0425]: cannot find function `text` in this scope
[INFO] [stdout]   --> tests/style_in_node.rs:30:58
[INFO] [stdout]    |
[INFO] [stdout] 30 |     let expected: Node<()> = div(vec![id("hello")], vec![text("Hello world")]);
[INFO] [stdout]    |                                                          ^^^^ not found in this scope
[INFO] [stdout]    |
[INFO] [stdout] help: consider importing one of these items
[INFO] [stdout]    |
[INFO] [stdout] 1  + use sauron_core::html::text;
[INFO] [stdout]    |
[INFO] [stdout] 1  + use sauron_core::svg::tags::text;
[INFO] [stdout]    |
[INFO] [stdout] 1  + use sauron_core::vdom::leaf::text;
[INFO] [stdout]    |
[INFO] [stdout] 
[INFO] [stdout] 
[INFO] [stdout] error[E0412]: cannot find type `Node` in this scope
[INFO] [stdout]   --> tests/style_in_node.rs:36:17
[INFO] [stdout]    |
[INFO] [stdout] 36 |     let result: Node<()> = node! {
[INFO] [stdout]    |                 ^^^^ not found in this scope
[INFO] [stdout]    |
[INFO] [stdout] help: consider importing one of these items
[INFO] [stdout]    |
[INFO] [stdout] 1  + use rstml::node::Node;
[INFO] [stdout]    |
[INFO] [stdout] 1  + use sauron_core::vdom::Node;
[INFO] [stdout]    |
[INFO] [stdout] 
[INFO] [stdout] 
[INFO] [stdout] error[E0412]: cannot find type `Node` in this scope
[INFO] [stdout]   --> tests/style_in_node.rs:40:19
[INFO] [stdout]    |
[INFO] [stdout] 40 |     let expected: Node<()> = div(vec![id("hello")], vec![text("Hello world")]);
[INFO] [stdout]    |                   ^^^^ not found in this scope
[INFO] [stdout]    |
[INFO] [stdout] help: consider importing one of these items
[INFO] [stdout]    |
[INFO] [stdout] 1  + use rstml::node::Node;
[INFO] [stdout]    |
[INFO] [stdout] 1  + use sauron_core::vdom::Node;
[INFO] [stdout]    |
[INFO] [stdout] 
[INFO] [stdout] 
[INFO] [stdout] error[E0425]: cannot find function `div` in this scope
[INFO] [stdout]   --> tests/style_in_node.rs:40:30
[INFO] [stdout]    |
[INFO] [stdout] 40 |     let expected: Node<()> = div(vec![id("hello")], vec![text("Hello world")]);
[INFO] [stdout]    |                              ^^^ not found in this scope
[INFO] [stdout]    |
[INFO] [stdout] help: consider importing this function
[INFO] [stdout]    |
[INFO] [stdout] 1  + use sauron_core::html::div;
[INFO] [stdout]    |
[INFO] [stdout] 
[INFO] [stdout] 
[INFO] [stdout] error[E0425]: cannot find function `id` in this scope
[INFO] [stdout]   --> tests/style_in_node.rs:40:39
[INFO] [stdout]    |
[INFO] [stdout] 40 |     let expected: Node<()> = div(vec![id("hello")], vec![text("Hello world")]);
[INFO] [stdout]    |                                       ^^ not found in this scope
[INFO] [stdout]    |
[INFO] [stdout] help: consider importing one of these items
[INFO] [stdout]    |
[INFO] [stdout] 1  + use sauron_core::html::attributes::id;
[INFO] [stdout]    |
[INFO] [stdout] 1  + use std::process::id;
[INFO] [stdout]    |
[INFO] [stdout] 
[INFO] [stdout] 
[INFO] [stdout] error[E0425]: cannot find function `text` in this scope
[INFO] [stdout]   --> tests/style_in_node.rs:40:58
[INFO] [stdout]    |
[INFO] [stdout] 40 |     let expected: Node<()> = div(vec![id("hello")], vec![text("Hello world")]);
[INFO] [stdout]    |                                                          ^^^^ not found in this scope
[INFO] [stdout]    |
[INFO] [stdout] help: consider importing one of these items
[INFO] [stdout]    |
[INFO] [stdout] 1  + use sauron_core::html::text;
[INFO] [stdout]    |
[INFO] [stdout] 1  + use sauron_core::svg::tags::text;
[INFO] [stdout]    |
[INFO] [stdout] 1  + use sauron_core::vdom::leaf::text;
[INFO] [stdout]    |
[INFO] [stdout] 
[INFO] [stdout] 
[INFO] [stdout] error[E0412]: cannot find type `Node` in this scope
[INFO] [stdout]   --> tests/style_in_node.rs:46:17
[INFO] [stdout]    |
[INFO] [stdout] 46 |     let result: Node<()> = node! {
[INFO] [stdout]    |                 ^^^^ not found in this scope
[INFO] [stdout]    |
[INFO] [stdout] help: consider importing one of these items
[INFO] [stdout]    |
[INFO] [stdout] 1  + use rstml::node::Node;
[INFO] [stdout]    |
[INFO] [stdout] 1  + use sauron_core::vdom::Node;
[INFO] [stdout]    |
[INFO] [stdout] 
[INFO] [stdout] 
[INFO] [stdout] error[E0412]: cannot find type `Node` in this scope
[INFO] [stdout]   --> tests/style_in_node.rs:56:17
[INFO] [stdout]    |
[INFO] [stdout] 56 |     let result: Node<()> = node! {
[INFO] [stdout]    |                 ^^^^ not found in this scope
[INFO] [stdout]    |
[INFO] [stdout] help: consider importing one of these items
[INFO] [stdout]    |
[INFO] [stdout] 1  + use rstml::node::Node;
[INFO] [stdout]    |
[INFO] [stdout] 1  + use sauron_core::vdom::Node;
[INFO] [stdout]    |
[INFO] [stdout] 
[INFO] [stdout] 
[INFO] [stdout] error[E0412]: cannot find type `Node` in this scope
[INFO] [stdout]   --> tests/style_in_node.rs:66:17
[INFO] [stdout]    |
[INFO] [stdout] 66 |     let result: Node<()> = node! {
[INFO] [stdout]    |                 ^^^^ not found in this scope
[INFO] [stdout]    |
[INFO] [stdout] help: consider importing one of these items
[INFO] [stdout]    |
[INFO] [stdout] 1  + use rstml::node::Node;
[INFO] [stdout]    |
[INFO] [stdout] 1  + use sauron_core::vdom::Node;
[INFO] [stdout]    |
[INFO] [stdout] 
[INFO] [stdout] 
[INFO] [stdout] error: aborting due to 24 previous errors
[INFO] [stdout] 
[INFO] [stdout] 
[INFO] [stdout] Some errors have detailed explanations: E0412, E0425, E0432, E0433.
[INFO] [stdout] 
[INFO] [stdout] For more information about an error, try `rustc --explain E0412`.
[INFO] [stdout] 
[INFO] [stderr] error: could not compile `sauron-macro` (test "style_in_node") due to 25 previous errors
[INFO] running `Command { std: "docker" "inspect" "c63a3ec61bd72887e136fe8d4d96397d7f6ca9f3d109819607d97ae355ed9319", kill_on_drop: false }`
[INFO] running `Command { std: "docker" "rm" "-f" "c63a3ec61bd72887e136fe8d4d96397d7f6ca9f3d109819607d97ae355ed9319", kill_on_drop: false }`
[INFO] [stdout] c63a3ec61bd72887e136fe8d4d96397d7f6ca9f3d109819607d97ae355ed9319
[INFO] testing sauron-macro-0.60.7 against beta-2023-12-22 for beta-1.76-1
[INFO] extracting crate sauron-macro 0.60.7 into /workspace/builds/worker-0-tc2/source
[INFO] validating manifest of crates.io crate sauron-macro 0.60.7 on toolchain beta-2023-12-22
[INFO] running `Command { std: CARGO_HOME="/workspace/cargo-home" RUSTUP_HOME="/workspace/rustup-home" "/workspace/cargo-home/bin/cargo" "+beta-2023-12-22" "metadata" "--manifest-path" "Cargo.toml" "--no-deps", kill_on_drop: false }`
[INFO] started tweaking crates.io crate sauron-macro 0.60.7
[INFO] finished tweaking crates.io crate sauron-macro 0.60.7
[INFO] tweaked toml for crates.io crate sauron-macro 0.60.7 written to /workspace/builds/worker-0-tc2/source/Cargo.toml
[INFO] running `Command { std: CARGO_HOME="/workspace/cargo-home" RUSTUP_HOME="/workspace/rustup-home" "/workspace/cargo-home/bin/cargo" "+beta-2023-12-22" "generate-lockfile" "--manifest-path" "Cargo.toml", kill_on_drop: false }`
[INFO] [stderr]     Updating crates.io index
[INFO] running `Command { std: CARGO_HOME="/workspace/cargo-home" RUSTUP_HOME="/workspace/rustup-home" "/workspace/cargo-home/bin/cargo" "+beta-2023-12-22" "fetch" "--manifest-path" "Cargo.toml", kill_on_drop: false }`
[INFO] running `Command { std: "docker" "create" "-v" "/var/lib/crater-agent-workspace/builds/worker-0-tc2/target:/opt/rustwide/target:rw,Z" "-v" "/var/lib/crater-agent-workspace/builds/worker-0-tc2/source:/opt/rustwide/workdir:ro,Z" "-v" "/var/lib/crater-agent-workspace/cargo-home:/opt/rustwide/cargo-home:ro,Z" "-v" "/var/lib/crater-agent-workspace/rustup-home:/opt/rustwide/rustup-home:ro,Z" "-e" "SOURCE_DIR=/opt/rustwide/workdir" "-e" "CARGO_TARGET_DIR=/opt/rustwide/target" "-e" "CARGO_HOME=/opt/rustwide/cargo-home" "-e" "RUSTUP_HOME=/opt/rustwide/rustup-home" "-w" "/opt/rustwide/workdir" "-m" "1610612736" "--user" "0:0" "--network" "none" "ghcr.io/rust-lang/crates-build-env/linux@sha256:2788e3201cd34a07e3172128adcd8b3090168a8e3bcc40d7c032b9dda1df7d1c" "/opt/rustwide/cargo-home/bin/cargo" "+beta-2023-12-22" "metadata" "--no-deps" "--format-version=1", kill_on_drop: false }`
[INFO] [stdout] d3bed0224835a7abd05dca23687aba7863208115e910d776a81043e63f34d7e4
[INFO] running `Command { std: "docker" "start" "-a" "d3bed0224835a7abd05dca23687aba7863208115e910d776a81043e63f34d7e4", kill_on_drop: false }`
[INFO] running `Command { std: "docker" "inspect" "d3bed0224835a7abd05dca23687aba7863208115e910d776a81043e63f34d7e4", kill_on_drop: false }`
[INFO] running `Command { std: "docker" "rm" "-f" "d3bed0224835a7abd05dca23687aba7863208115e910d776a81043e63f34d7e4", kill_on_drop: false }`
[INFO] [stdout] d3bed0224835a7abd05dca23687aba7863208115e910d776a81043e63f34d7e4
[INFO] running `Command { std: "docker" "create" "-v" "/var/lib/crater-agent-workspace/builds/worker-0-tc2/target:/opt/rustwide/target:rw,Z" "-v" "/var/lib/crater-agent-workspace/builds/worker-0-tc2/source:/opt/rustwide/workdir:ro,Z" "-v" "/var/lib/crater-agent-workspace/cargo-home:/opt/rustwide/cargo-home:ro,Z" "-v" "/var/lib/crater-agent-workspace/rustup-home:/opt/rustwide/rustup-home:ro,Z" "-e" "SOURCE_DIR=/opt/rustwide/workdir" "-e" "CARGO_TARGET_DIR=/opt/rustwide/target" "-e" "CARGO_INCREMENTAL=0" "-e" "RUST_BACKTRACE=full" "-e" "RUSTFLAGS=--cap-lints=warn" "-e" "RUSTDOCFLAGS=--cap-lints=warn" "-e" "CARGO_HOME=/opt/rustwide/cargo-home" "-e" "RUSTUP_HOME=/opt/rustwide/rustup-home" "-w" "/opt/rustwide/workdir" "-m" "1610612736" "--user" "0:0" "--network" "none" "ghcr.io/rust-lang/crates-build-env/linux@sha256:2788e3201cd34a07e3172128adcd8b3090168a8e3bcc40d7c032b9dda1df7d1c" "/opt/rustwide/cargo-home/bin/cargo" "+beta-2023-12-22" "build" "--frozen" "--message-format=json", kill_on_drop: false }`
[INFO] [stdout] 4e64515503993a70326905c61a2497a1ba154955720a04a6a132b9be568027bc
[INFO] running `Command { std: "docker" "start" "-a" "4e64515503993a70326905c61a2497a1ba154955720a04a6a132b9be568027bc", kill_on_drop: false }`
[INFO] [stderr]    Compiling wasm-bindgen-shared v0.2.89
[INFO] [stderr]    Compiling serde v1.0.194
[INFO] [stderr]    Compiling log v0.4.20
[INFO] [stderr]    Compiling bumpalo v3.14.0
[INFO] [stderr]    Compiling serde_json v1.0.111
[INFO] [stderr]    Compiling wasm-bindgen v0.2.89
[INFO] [stderr]    Compiling itoa v1.0.10
[INFO] [stderr]    Compiling ryu v1.0.16
[INFO] [stderr]    Compiling cfg-if v1.0.0
[INFO] [stderr]    Compiling siphasher v0.3.11
[INFO] [stderr]    Compiling thiserror v1.0.56
[INFO] [stderr]    Compiling proc-macro-error-attr v1.0.4
[INFO] [stderr]    Compiling proc-macro-error v1.0.4
[INFO] [stderr]    Compiling proc-macro2-diagnostics v0.10.1
[INFO] [stderr]    Compiling doc-comment v0.3.3
[INFO] [stderr]    Compiling syn v2.0.48
[INFO] [stderr]    Compiling yansi v1.0.0-rc.1
[INFO] [stderr]    Compiling longest-increasing-subsequence v0.1.0
[INFO] [stderr]    Compiling phf_shared v0.11.2
[INFO] [stderr]    Compiling mt-dom v0.59.1
[INFO] [stderr]    Compiling phf_generator v0.11.2
[INFO] [stderr]    Compiling wasm-bindgen-backend v0.2.89
[INFO] [stderr]    Compiling thiserror-impl v1.0.56
[INFO] [stderr]    Compiling phf_macros v0.11.2
[INFO] [stderr]    Compiling syn_derive v0.1.8
[INFO] [stderr]    Compiling wasm-bindgen-macro-support v0.2.89
[INFO] [stderr]    Compiling phf v0.11.2
[INFO] [stderr]    Compiling wasm-bindgen-macro v0.2.89
[INFO] [stderr]    Compiling rstml v0.11.2
[INFO] [stderr]    Compiling js-sys v0.3.66
[INFO] [stderr]    Compiling web-sys v0.3.66
[INFO] [stderr]    Compiling serde-wasm-bindgen v0.5.0
[INFO] [stderr]    Compiling wasm-bindgen-futures v0.4.39
[INFO] [stderr]    Compiling sauron-core v0.60.7
[INFO] [stderr]    Compiling sauron-macro v0.60.7 (/opt/rustwide/workdir)
[INFO] [stderr]     Finished dev [unoptimized + debuginfo] target(s) in 13.46s
[INFO] running `Command { std: "docker" "inspect" "4e64515503993a70326905c61a2497a1ba154955720a04a6a132b9be568027bc", kill_on_drop: false }`
[INFO] running `Command { std: "docker" "rm" "-f" "4e64515503993a70326905c61a2497a1ba154955720a04a6a132b9be568027bc", kill_on_drop: false }`
[INFO] [stdout] 4e64515503993a70326905c61a2497a1ba154955720a04a6a132b9be568027bc
[INFO] running `Command { std: "docker" "create" "-v" "/var/lib/crater-agent-workspace/builds/worker-0-tc2/target:/opt/rustwide/target:rw,Z" "-v" "/var/lib/crater-agent-workspace/builds/worker-0-tc2/source:/opt/rustwide/workdir:ro,Z" "-v" "/var/lib/crater-agent-workspace/cargo-home:/opt/rustwide/cargo-home:ro,Z" "-v" "/var/lib/crater-agent-workspace/rustup-home:/opt/rustwide/rustup-home:ro,Z" "-e" "SOURCE_DIR=/opt/rustwide/workdir" "-e" "CARGO_TARGET_DIR=/opt/rustwide/target" "-e" "CARGO_INCREMENTAL=0" "-e" "RUST_BACKTRACE=full" "-e" "RUSTFLAGS=--cap-lints=warn" "-e" "RUSTDOCFLAGS=--cap-lints=warn" "-e" "CARGO_HOME=/opt/rustwide/cargo-home" "-e" "RUSTUP_HOME=/opt/rustwide/rustup-home" "-w" "/opt/rustwide/workdir" "-m" "1610612736" "--user" "0:0" "--network" "none" "ghcr.io/rust-lang/crates-build-env/linux@sha256:2788e3201cd34a07e3172128adcd8b3090168a8e3bcc40d7c032b9dda1df7d1c" "/opt/rustwide/cargo-home/bin/cargo" "+beta-2023-12-22" "test" "--frozen" "--no-run" "--message-format=json", kill_on_drop: false }`
[INFO] [stdout] 74a278fbd9ee30c6ac5bc76dd478f3421a93458452a78a7836b938117a1d467a
[INFO] running `Command { std: "docker" "start" "-a" "74a278fbd9ee30c6ac5bc76dd478f3421a93458452a78a7836b938117a1d467a", kill_on_drop: false }`
[INFO] [stderr]    Compiling once_cell v1.19.0
[INFO] [stderr]    Compiling log v0.4.20
[INFO] [stderr]    Compiling ryu v1.0.16
[INFO] [stderr]    Compiling itoa v1.0.10
[INFO] [stderr]    Compiling siphasher v0.3.11
[INFO] [stderr]    Compiling yansi v1.0.0-rc.1
[INFO] [stderr]    Compiling serde v1.0.194
[INFO] [stderr]    Compiling serde_json v1.0.111
[INFO] [stderr]    Compiling wasm-bindgen v0.2.89
[INFO] [stderr]    Compiling thiserror v1.0.56
[INFO] [stderr]    Compiling syn v2.0.48
[INFO] [stderr]    Compiling proc-macro2-diagnostics v0.10.1
[INFO] [stderr]    Compiling longest-increasing-subsequence v0.1.0
[INFO] [stderr]    Compiling proc-macro-error-attr v1.0.4
[INFO] [stderr]    Compiling doc-comment v0.3.3
[INFO] [stderr]    Compiling mt-dom v0.59.1
[INFO] [stderr]    Compiling phf_shared v0.11.2
[INFO] [stderr]    Compiling phf_generator v0.11.2
[INFO] [stderr]    Compiling proc-macro-error v1.0.4
[INFO] [stderr]    Compiling wasm-bindgen-backend v0.2.89
[INFO] [stderr]    Compiling thiserror-impl v1.0.56
[INFO] [stderr]    Compiling phf_macros v0.11.2
[INFO] [stderr]    Compiling syn_derive v0.1.8
[INFO] [stderr]    Compiling wasm-bindgen-macro-support v0.2.89
[INFO] [stderr]    Compiling wasm-bindgen-macro v0.2.89
[INFO] [stderr]    Compiling phf v0.11.2
[INFO] [stderr]    Compiling rstml v0.11.2
[INFO] [stderr]    Compiling js-sys v0.3.66
[INFO] [stderr]    Compiling wasm-bindgen-futures v0.4.39
[INFO] [stderr]    Compiling serde-wasm-bindgen v0.5.0
[INFO] [stderr]    Compiling web-sys v0.3.66
[INFO] [stderr]    Compiling sauron-core v0.60.7
[INFO] [stderr]    Compiling sauron-macro v0.60.7 (/opt/rustwide/workdir)
[INFO] [stdout] error[E0433]: failed to resolve: use of undeclared crate or module `sauron`
[INFO] [stdout]  --> tests/style_in_node.rs:1:5
[INFO] [stdout]   |
[INFO] [stdout] 1 | use sauron::{
[INFO] [stdout]   |     ^^^^^^ use of undeclared crate or module `sauron`
[INFO] [stdout] 
[INFO] [stdout] 
[INFO] [stdout] error[E0432]: unresolved import `sauron`
[INFO] [stdout]  --> tests/style_in_node.rs:1:5
[INFO] [stdout]   |
[INFO] [stdout] 1 | use sauron::{
[INFO] [stdout]   |     ^^^^^^ use of undeclared crate or module `sauron`
[INFO] [stdout] 
[INFO] [stdout] 
[INFO] [stdout] error: cannot find macro `node` in this scope
[INFO] [stdout]  --> tests/style_in_node.rs:8:27
[INFO] [stdout]   |
[INFO] [stdout] 8 |     let node1: Node<()> = node!(<div style="border:1px solid green;"></div>);
[INFO] [stdout]   |                           ^^^^
[INFO] [stdout]   |
[INFO] [stdout] help: consider importing this macro
[INFO] [stdout]   |
[INFO] [stdout] 1 + use sauron_macro::node;
[INFO] [stdout]   |
[INFO] [stdout] 
[INFO] [stdout] 
[INFO] [stdout] error: cannot find macro `node` in this scope
[INFO] [stdout]   --> tests/style_in_node.rs:17:28
[INFO] [stdout]    |
[INFO] [stdout] 17 |     let result: Node<()> = node! {
[INFO] [stdout]    |                            ^^^^
[INFO] [stdout]    |
[INFO] [stdout] help: consider importing this macro
[INFO] [stdout]    |
[INFO] [stdout] 1  + use sauron_macro::node;
[INFO] [stdout]    |
[INFO] [stdout] 
[INFO] [stdout] 
[INFO] [stdout] error: cannot find macro `node` in this scope
[INFO] [stdout]   --> tests/style_in_node.rs:26:28
[INFO] [stdout]    |
[INFO] [stdout] 26 |     let result: Node<()> = node! {
[INFO] [stdout]    |                            ^^^^
[INFO] [stdout]    |
[INFO] [stdout] help: consider importing this macro
[INFO] [stdout]    |
[INFO] [stdout] 1  + use sauron_macro::node;
[INFO] [stdout]    |
[INFO] [stdout] 
[INFO] [stdout] 
[INFO] [stdout] error: cannot find macro `node` in this scope
[INFO] [stdout]   --> tests/style_in_node.rs:36:28
[INFO] [stdout]    |
[INFO] [stdout] 36 |     let result: Node<()> = node! {
[INFO] [stdout]    |                            ^^^^
[INFO] [stdout]    |
[INFO] [stdout] help: consider importing this macro
[INFO] [stdout]    |
[INFO] [stdout] 1  + use sauron_macro::node;
[INFO] [stdout]    |
[INFO] [stdout] 
[INFO] [stdout] 
[INFO] [stdout] error: cannot find macro `node` in this scope
[INFO] [stdout]   --> tests/style_in_node.rs:46:28
[INFO] [stdout]    |
[INFO] [stdout] 46 |     let result: Node<()> = node! {
[INFO] [stdout]    |                            ^^^^
[INFO] [stdout]    |
[INFO] [stdout] help: consider importing this macro
[INFO] [stdout]    |
[INFO] [stdout] 1  + use sauron_macro::node;
[INFO] [stdout]    |
[INFO] [stdout] 
[INFO] [stdout] 
[INFO] [stdout] error: cannot find macro `node` in this scope
[INFO] [stdout]   --> tests/style_in_node.rs:56:28
[INFO] [stdout]    |
[INFO] [stdout] 56 |     let result: Node<()> = node! {
[INFO] [stdout]    |                            ^^^^
[INFO] [stdout]    |
[INFO] [stdout] help: consider importing this macro
[INFO] [stdout]    |
[INFO] [stdout] 1  + use sauron_macro::node;
[INFO] [stdout]    |
[INFO] [stdout] 
[INFO] [stdout] 
[INFO] [stdout] error: cannot find macro `node` in this scope
[INFO] [stdout]   --> tests/style_in_node.rs:66:28
[INFO] [stdout]    |
[INFO] [stdout] 66 |     let result: Node<()> = node! {
[INFO] [stdout]    |                            ^^^^
[INFO] [stdout]    |
[INFO] [stdout] help: consider importing this macro
[INFO] [stdout]    |
[INFO] [stdout] 1  + use sauron_macro::node;
[INFO] [stdout]    |
[INFO] [stdout] 
[INFO] [stdout] 
[INFO] [stdout] error[E0412]: cannot find type `Node` in this scope
[INFO] [stdout]  --> tests/style_in_node.rs:8:16
[INFO] [stdout]   |
[INFO] [stdout] 8 |     let node1: Node<()> = node!(<div style="border:1px solid green;"></div>);
[INFO] [stdout]   |                ^^^^ not found in this scope
[INFO] [stdout]   |
[INFO] [stdout] help: consider importing one of these items
[INFO] [stdout]   |
[INFO] [stdout] 1 + use rstml::node::Node;
[INFO] [stdout]   |
[INFO] [stdout] 1 + use sauron_core::vdom::Node;
[INFO] [stdout]   |
[INFO] [stdout] 
[INFO] [stdout] 
[INFO] [stdout] error[E0412]: cannot find type `Node` in this scope
[INFO] [stdout]   --> tests/style_in_node.rs:17:17
[INFO] [stdout]    |
[INFO] [stdout] 17 |     let result: Node<()> = node! {
[INFO] [stdout]    |                 ^^^^ not found in this scope
[INFO] [stdout]    |
[INFO] [stdout] help: consider importing one of these items
[INFO] [stdout]    |
[INFO] [stdout] 1  + use rstml::node::Node;
[INFO] [stdout]    |
[INFO] [stdout] 1  + use sauron_core::vdom::Node;
[INFO] [stdout]    |
[INFO] [stdout] 
[INFO] [stdout] 
[INFO] [stdout] error[E0412]: cannot find type `Node` in this scope
[INFO] [stdout]   --> tests/style_in_node.rs:26:17
[INFO] [stdout]    |
[INFO] [stdout] 26 |     let result: Node<()> = node! {
[INFO] [stdout]    |                 ^^^^ not found in this scope
[INFO] [stdout]    |
[INFO] [stdout] help: consider importing one of these items
[INFO] [stdout]    |
[INFO] [stdout] 1  + use rstml::node::Node;
[INFO] [stdout]    |
[INFO] [stdout] 1  + use sauron_core::vdom::Node;
[INFO] [stdout]    |
[INFO] [stdout] 
[INFO] [stdout] 
[INFO] [stdout] error[E0412]: cannot find type `Node` in this scope
[INFO] [stdout]   --> tests/style_in_node.rs:30:19
[INFO] [stdout]    |
[INFO] [stdout] 30 |     let expected: Node<()> = div(vec![id("hello")], vec![text("Hello world")]);
[INFO] [stdout]    |                   ^^^^ not found in this scope
[INFO] [stdout]    |
[INFO] [stdout] help: consider importing one of these items
[INFO] [stdout]    |
[INFO] [stdout] 1  + use rstml::node::Node;
[INFO] [stdout]    |
[INFO] [stdout] 1  + use sauron_core::vdom::Node;
[INFO] [stdout]    |
[INFO] [stdout] 
[INFO] [stdout] 
[INFO] [stdout] error[E0425]: cannot find function `div` in this scope
[INFO] [stdout]   --> tests/style_in_node.rs:30:30
[INFO] [stdout]    |
[INFO] [stdout] 30 |     let expected: Node<()> = div(vec![id("hello")], vec![text("Hello world")]);
[INFO] [stdout]    |                              ^^^ not found in this scope
[INFO] [stdout]    |
[INFO] [stdout] help: consider importing this function
[INFO] [stdout]    |
[INFO] [stdout] 1  + use sauron_core::html::div;
[INFO] [stdout]    |
[INFO] [stdout] 
[INFO] [stdout] 
[INFO] [stdout] error[E0425]: cannot find function `id` in this scope
[INFO] [stdout]   --> tests/style_in_node.rs:30:39
[INFO] [stdout]    |
[INFO] [stdout] 30 |     let expected: Node<()> = div(vec![id("hello")], vec![text("Hello world")]);
[INFO] [stdout]    |                                       ^^ not found in this scope
[INFO] [stdout]    |
[INFO] [stdout] help: consider importing one of these items
[INFO] [stdout]    |
[INFO] [stdout] 1  + use sauron_core::html::attributes::id;
[INFO] [stdout]    |
[INFO] [stdout] 1  + use std::process::id;
[INFO] [stdout]    |
[INFO] [stdout] 
[INFO] [stdout] 
[INFO] [stdout] error[E0425]: cannot find function `text` in this scope
[INFO] [stdout]   --> tests/style_in_node.rs:30:58
[INFO] [stdout]    |
[INFO] [stdout] 30 |     let expected: Node<()> = div(vec![id("hello")], vec![text("Hello world")]);
[INFO] [stdout]    |                                                          ^^^^ not found in this scope
[INFO] [stdout]    |
[INFO] [stdout] help: consider importing one of these items
[INFO] [stdout]    |
[INFO] [stdout] 1  + use sauron_core::html::text;
[INFO] [stdout]    |
[INFO] [stdout] 1  + use sauron_core::svg::tags::text;
[INFO] [stdout]    |
[INFO] [stdout] 1  + use sauron_core::vdom::leaf::text;
[INFO] [stdout]    |
[INFO] [stdout] 
[INFO] [stdout] 
[INFO] [stdout] error[E0412]: cannot find type `Node` in this scope
[INFO] [stdout]   --> tests/style_in_node.rs:36:17
[INFO] [stdout]    |
[INFO] [stdout] 36 |     let result: Node<()> = node! {
[INFO] [stdout]    |                 ^^^^ not found in this scope
[INFO] [stdout]    |
[INFO] [stdout] help: consider importing one of these items
[INFO] [stdout]    |
[INFO] [stdout] 1  + use rstml::node::Node;
[INFO] [stdout]    |
[INFO] [stdout] 1  + use sauron_core::vdom::Node;
[INFO] [stdout]    |
[INFO] [stdout] 
[INFO] [stdout] 
[INFO] [stdout] error[E0412]: cannot find type `Node` in this scope
[INFO] [stdout]   --> tests/style_in_node.rs:40:19
[INFO] [stdout]    |
[INFO] [stdout] 40 |     let expected: Node<()> = div(vec![id("hello")], vec![text("Hello world")]);
[INFO] [stdout]    |                   ^^^^ not found in this scope
[INFO] [stdout]    |
[INFO] [stdout] help: consider importing one of these items
[INFO] [stdout]    |
[INFO] [stdout] 1  + use rstml::node::Node;
[INFO] [stdout]    |
[INFO] [stdout] 1  + use sauron_core::vdom::Node;
[INFO] [stdout]    |
[INFO] [stdout] 
[INFO] [stdout] 
[INFO] [stdout] error[E0425]: cannot find function `div` in this scope
[INFO] [stdout]   --> tests/style_in_node.rs:40:30
[INFO] [stdout]    |
[INFO] [stdout] 40 |     let expected: Node<()> = div(vec![id("hello")], vec![text("Hello world")]);
[INFO] [stdout]    |                              ^^^ not found in this scope
[INFO] [stdout]    |
[INFO] [stdout] help: consider importing this function
[INFO] [stdout]    |
[INFO] [stdout] 1  + use sauron_core::html::div;
[INFO] [stdout]    |
[INFO] [stdout] 
[INFO] [stdout] 
[INFO] [stdout] error[E0425]: cannot find function `id` in this scope
[INFO] [stdout]   --> tests/style_in_node.rs:40:39
[INFO] [stdout]    |
[INFO] [stdout] 40 |     let expected: Node<()> = div(vec![id("hello")], vec![text("Hello world")]);
[INFO] [stdout]    |                                       ^^ not found in this scope
[INFO] [stdout]    |
[INFO] [stdout] help: consider importing one of these items
[INFO] [stdout]    |
[INFO] [stdout] 1  + use sauron_core::html::attributes::id;
[INFO] [stdout]    |
[INFO] [stdout] 1  + use std::process::id;
[INFO] [stdout]    |
[INFO] [stdout] 
[INFO] [stdout] 
[INFO] [stdout] error[E0425]: cannot find function `text` in this scope
[INFO] [stdout]   --> tests/style_in_node.rs:40:58
[INFO] [stdout]    |
[INFO] [stdout] 40 |     let expected: Node<()> = div(vec![id("hello")], vec![text("Hello world")]);
[INFO] [stdout]    |                                                          ^^^^ not found in this scope
[INFO] [stdout]    |
[INFO] [stdout] help: consider importing one of these items
[INFO] [stdout]    |
[INFO] [stdout] 1  + use sauron_core::html::text;
[INFO] [stdout]    |
[INFO] [stdout] 1  + use sauron_core::svg::tags::text;
[INFO] [stdout]    |
[INFO] [stdout] 1  + use sauron_core::vdom::leaf::text;
[INFO] [stdout]    |
[INFO] [stdout] 
[INFO] [stdout] 
[INFO] [stdout] error[E0412]: cannot find type `Node` in this scope
[INFO] [stdout]   --> tests/style_in_node.rs:46:17
[INFO] [stdout]    |
[INFO] [stdout] 46 |     let result: Node<()> = node! {
[INFO] [stdout]    |                 ^^^^ not found in this scope
[INFO] [stdout]    |
[INFO] [stdout] help: consider importing one of these items
[INFO] [stdout]    |
[INFO] [stdout] 1  + use rstml::node::Node;
[INFO] [stdout]    |
[INFO] [stdout] 1  + use sauron_core::vdom::Node;
[INFO] [stdout]    |
[INFO] [stdout] 
[INFO] [stdout] 
[INFO] [stdout] error[E0412]: cannot find type `Node` in this scope
[INFO] [stdout]   --> tests/style_in_node.rs:56:17
[INFO] [stdout]    |
[INFO] [stdout] 56 |     let result: Node<()> = node! {
[INFO] [stdout]    |                 ^^^^ not found in this scope
[INFO] [stdout]    |
[INFO] [stdout] help: consider importing one of these items
[INFO] [stdout]    |
[INFO] [stdout] 1  + use rstml::node::Node;
[INFO] [stdout]    |
[INFO] [stdout] 1  + use sauron_core::vdom::Node;
[INFO] [stdout]    |
[INFO] [stdout] 
[INFO] [stdout] 
[INFO] [stdout] error[E0412]: cannot find type `Node` in this scope
[INFO] [stdout]   --> tests/style_in_node.rs:66:17
[INFO] [stdout]    |
[INFO] [stdout] 66 |     let result: Node<()> = node! {
[INFO] [stdout]    |                 ^^^^ not found in this scope
[INFO] [stdout]    |
[INFO] [stdout] help: consider importing one of these items
[INFO] [stdout]    |
[INFO] [stdout] 1  + use rstml::node::Node;
[INFO] [stdout]    |
[INFO] [stdout] 1  + use sauron_core::vdom::Node;
[INFO] [stdout]    |
[INFO] [stdout] 
[INFO] [stdout] 
[INFO] [stdout] error: aborting due to 24 previous errors
[INFO] [stdout] 
[INFO] [stdout] 
[INFO] [stdout] Some errors have detailed explanations: E0412, E0425, E0432, E0433.
[INFO] [stdout] 
[INFO] [stdout] For more information about an error, try `rustc --explain E0412`.
[INFO] [stdout] 
[INFO] [stderr] error: could not compile `sauron-macro` (test "style_in_node") due to 25 previous errors
[INFO] running `Command { std: "docker" "inspect" "74a278fbd9ee30c6ac5bc76dd478f3421a93458452a78a7836b938117a1d467a", kill_on_drop: false }`
[INFO] running `Command { std: "docker" "rm" "-f" "74a278fbd9ee30c6ac5bc76dd478f3421a93458452a78a7836b938117a1d467a", kill_on_drop: false }`
[INFO] [stdout] 74a278fbd9ee30c6ac5bc76dd478f3421a93458452a78a7836b938117a1d467a
