[INFO] fetching crate sample-std 0.1.1...
[INFO] testing sample-std-0.1.1 against 1.75.0 for beta-1.76-1
[INFO] extracting crate sample-std 0.1.1 into /workspace/builds/worker-6-tc1/source
[INFO] validating manifest of crates.io crate sample-std 0.1.1 on toolchain 1.75.0
[INFO] running `Command { std: CARGO_HOME="/workspace/cargo-home" RUSTUP_HOME="/workspace/rustup-home" "/workspace/cargo-home/bin/cargo" "+1.75.0" "metadata" "--manifest-path" "Cargo.toml" "--no-deps", kill_on_drop: false }`
[INFO] started tweaking crates.io crate sample-std 0.1.1
[INFO] finished tweaking crates.io crate sample-std 0.1.1
[INFO] tweaked toml for crates.io crate sample-std 0.1.1 written to /workspace/builds/worker-6-tc1/source/Cargo.toml
[INFO] running `Command { std: CARGO_HOME="/workspace/cargo-home" RUSTUP_HOME="/workspace/rustup-home" "/workspace/cargo-home/bin/cargo" "+1.75.0" "generate-lockfile" "--manifest-path" "Cargo.toml", kill_on_drop: false }`
[INFO] [stderr]     Updating crates.io index
[INFO] running `Command { std: CARGO_HOME="/workspace/cargo-home" RUSTUP_HOME="/workspace/rustup-home" "/workspace/cargo-home/bin/cargo" "+1.75.0" "fetch" "--manifest-path" "Cargo.toml", kill_on_drop: false }`
[INFO] [stderr]  Downloading crates ...
[INFO] [stderr]   Downloaded sample-test v0.1.1
[INFO] [stderr]   Downloaded sample-std v0.1.1
[INFO] [stderr]   Downloaded casey v0.4.0
[INFO] [stderr]   Downloaded sample-test-macros v0.1.1
[INFO] running `Command { std: "docker" "create" "-v" "/var/lib/crater-agent-workspace/builds/worker-6-tc1/target:/opt/rustwide/target:rw,Z" "-v" "/var/lib/crater-agent-workspace/builds/worker-6-tc1/source:/opt/rustwide/workdir:ro,Z" "-v" "/var/lib/crater-agent-workspace/cargo-home:/opt/rustwide/cargo-home:ro,Z" "-v" "/var/lib/crater-agent-workspace/rustup-home:/opt/rustwide/rustup-home:ro,Z" "-e" "SOURCE_DIR=/opt/rustwide/workdir" "-e" "CARGO_TARGET_DIR=/opt/rustwide/target" "-e" "CARGO_HOME=/opt/rustwide/cargo-home" "-e" "RUSTUP_HOME=/opt/rustwide/rustup-home" "-w" "/opt/rustwide/workdir" "-m" "1610612736" "--user" "0:0" "--network" "none" "ghcr.io/rust-lang/crates-build-env/linux@sha256:2788e3201cd34a07e3172128adcd8b3090168a8e3bcc40d7c032b9dda1df7d1c" "/opt/rustwide/cargo-home/bin/cargo" "+1.75.0" "metadata" "--no-deps" "--format-version=1", kill_on_drop: false }`
[INFO] [stdout] 69e5d92ff475aaf4f8003264b587fbc8520d844990f85b0e6bd13211d155866b
[INFO] running `Command { std: "docker" "start" "-a" "69e5d92ff475aaf4f8003264b587fbc8520d844990f85b0e6bd13211d155866b", kill_on_drop: false }`
[INFO] running `Command { std: "docker" "inspect" "69e5d92ff475aaf4f8003264b587fbc8520d844990f85b0e6bd13211d155866b", kill_on_drop: false }`
[INFO] running `Command { std: "docker" "rm" "-f" "69e5d92ff475aaf4f8003264b587fbc8520d844990f85b0e6bd13211d155866b", kill_on_drop: false }`
[INFO] [stdout] 69e5d92ff475aaf4f8003264b587fbc8520d844990f85b0e6bd13211d155866b
[INFO] running `Command { std: "docker" "create" "-v" "/var/lib/crater-agent-workspace/builds/worker-6-tc1/target:/opt/rustwide/target:rw,Z" "-v" "/var/lib/crater-agent-workspace/builds/worker-6-tc1/source:/opt/rustwide/workdir:ro,Z" "-v" "/var/lib/crater-agent-workspace/cargo-home:/opt/rustwide/cargo-home:ro,Z" "-v" "/var/lib/crater-agent-workspace/rustup-home:/opt/rustwide/rustup-home:ro,Z" "-e" "SOURCE_DIR=/opt/rustwide/workdir" "-e" "CARGO_TARGET_DIR=/opt/rustwide/target" "-e" "CARGO_INCREMENTAL=0" "-e" "RUST_BACKTRACE=full" "-e" "RUSTFLAGS=--cap-lints=warn" "-e" "RUSTDOCFLAGS=--cap-lints=warn" "-e" "CARGO_HOME=/opt/rustwide/cargo-home" "-e" "RUSTUP_HOME=/opt/rustwide/rustup-home" "-w" "/opt/rustwide/workdir" "-m" "1610612736" "--user" "0:0" "--network" "none" "ghcr.io/rust-lang/crates-build-env/linux@sha256:2788e3201cd34a07e3172128adcd8b3090168a8e3bcc40d7c032b9dda1df7d1c" "/opt/rustwide/cargo-home/bin/cargo" "+1.75.0" "build" "--frozen" "--message-format=json", kill_on_drop: false }`
[INFO] [stdout] 1bba69a58fb81b89c6976ac9ff587cd71748556442a4f1294554674e6d66f32f
[INFO] running `Command { std: "docker" "start" "-a" "1bba69a58fb81b89c6976ac9ff587cd71748556442a4f1294554674e6d66f32f", kill_on_drop: false }`
[INFO] [stderr]    Compiling libc v0.2.151
[INFO] [stderr]    Compiling proc-macro2 v1.0.75
[INFO] [stderr]    Compiling regex-syntax v0.6.29
[INFO] [stderr]    Compiling env_logger v0.8.4
[INFO] [stderr]    Compiling quote v1.0.35
[INFO] [stderr]    Compiling syn v1.0.109
[INFO] [stderr]    Compiling getrandom v0.2.11
[INFO] [stderr]    Compiling rand_core v0.6.4
[INFO] [stderr]    Compiling rand v0.8.5
[INFO] [stderr]    Compiling rand_regex v0.15.1
[INFO] [stderr]    Compiling quickcheck v1.0.3
[INFO] [stderr]    Compiling casey v0.4.0
[INFO] [stderr]    Compiling sample-std v0.1.1 (/opt/rustwide/workdir)
[INFO] [stderr]     Finished dev [unoptimized + debuginfo] target(s) in 4.25s
[INFO] running `Command { std: "docker" "inspect" "1bba69a58fb81b89c6976ac9ff587cd71748556442a4f1294554674e6d66f32f", kill_on_drop: false }`
[INFO] running `Command { std: "docker" "rm" "-f" "1bba69a58fb81b89c6976ac9ff587cd71748556442a4f1294554674e6d66f32f", kill_on_drop: false }`
[INFO] [stdout] 1bba69a58fb81b89c6976ac9ff587cd71748556442a4f1294554674e6d66f32f
[INFO] running `Command { std: "docker" "create" "-v" "/var/lib/crater-agent-workspace/builds/worker-6-tc1/target:/opt/rustwide/target:rw,Z" "-v" "/var/lib/crater-agent-workspace/builds/worker-6-tc1/source:/opt/rustwide/workdir:ro,Z" "-v" "/var/lib/crater-agent-workspace/cargo-home:/opt/rustwide/cargo-home:ro,Z" "-v" "/var/lib/crater-agent-workspace/rustup-home:/opt/rustwide/rustup-home:ro,Z" "-e" "SOURCE_DIR=/opt/rustwide/workdir" "-e" "CARGO_TARGET_DIR=/opt/rustwide/target" "-e" "CARGO_INCREMENTAL=0" "-e" "RUST_BACKTRACE=full" "-e" "RUSTFLAGS=--cap-lints=warn" "-e" "RUSTDOCFLAGS=--cap-lints=warn" "-e" "CARGO_HOME=/opt/rustwide/cargo-home" "-e" "RUSTUP_HOME=/opt/rustwide/rustup-home" "-w" "/opt/rustwide/workdir" "-m" "1610612736" "--user" "0:0" "--network" "none" "ghcr.io/rust-lang/crates-build-env/linux@sha256:2788e3201cd34a07e3172128adcd8b3090168a8e3bcc40d7c032b9dda1df7d1c" "/opt/rustwide/cargo-home/bin/cargo" "+1.75.0" "test" "--frozen" "--no-run" "--message-format=json", kill_on_drop: false }`
[INFO] [stdout] f3576ab366b67f54aba72b8fb6f5db2d06d0cd6d118e6050cd78c58d45deef7c
[INFO] running `Command { std: "docker" "start" "-a" "f3576ab366b67f54aba72b8fb6f5db2d06d0cd6d118e6050cd78c58d45deef7c", kill_on_drop: false }`
[INFO] [stderr]    Compiling syn v1.0.109
[INFO] [stderr]    Compiling casey v0.4.0
[INFO] [stderr]    Compiling sample-std v0.1.1
[INFO] [stderr]    Compiling sample-std v0.1.1 (/opt/rustwide/workdir)
[INFO] [stderr]    Compiling sample-test-macros v0.1.1
[INFO] [stderr]    Compiling sample-test v0.1.1
[INFO] [stdout] error[E0277]: the trait bound `Box<dyn sample_std::Sample<Output = Tree>>: sample_test::Sample` is not satisfied
[INFO] [stdout]    --> tests/recurse.rs:131:1
[INFO] [stdout]     |
[INFO] [stdout] 131 | #[sample_test]
[INFO] [stdout]     | ^^^^^^^^^^^^^^ the trait `sample_test::Sample` is not implemented for `Box<dyn sample_std::Sample<Output = Tree>>`
[INFO] [stdout]     |
[INFO] [stdout]     = help: the following other types implement trait `sample_test::Sample`:
[INFO] [stdout]               Box<(dyn sample_test::Sample<Output = T> + 'static)>
[INFO] [stdout]               Box<(dyn sample_test::Sample<Output = T> + Send + Sync + 'static)>
[INFO] [stdout]     = note: required for `(Box<dyn sample_std::Sample<Output = Tree>>,)` to implement `sample_test::Sample`
[INFO] [stdout]     = note: this error originates in the attribute macro `sample_test` (in Nightly builds, run with -Z macro-backtrace for more info)
[INFO] [stdout] 
[INFO] [stdout] 
[INFO] [stdout] error[E0277]: the trait bound `RecursiveSampler<JsonSampler>: sample_test::Sample` is not satisfied
[INFO] [stdout]    --> tests/recurse.rs:142:1
[INFO] [stdout]     |
[INFO] [stdout] 142 | #[sample_test]
[INFO] [stdout]     | ^^^^^^^^^^^^^^ the trait `sample_test::Sample` is not implemented for `RecursiveSampler<JsonSampler>`
[INFO] [stdout]     |
[INFO] [stdout]     = help: the following other types implement trait `sample_test::Sample`:
[INFO] [stdout]               sample_std::SampleAll<S>
[INFO] [stdout]               sample_std::recursive::RecursiveSampler<G>
[INFO] [stdout]               sample_std::TryConvert<P, F, I>
[INFO] [stdout]               sample_std::Zip<A, B>
[INFO] [stdout]               Box<(dyn sample_test::Sample<Output = T> + 'static)>
[INFO] [stdout]               Box<(dyn sample_test::Sample<Output = T> + Send + Sync + 'static)>
[INFO] [stdout]               sample_std::ChainResample<S, F>
[INFO] [stdout]               sample_std::Chance
[INFO] [stdout]             and 15 others
[INFO] [stdout]     = note: required for `(RecursiveSampler<JsonSampler>,)` to implement `sample_test::Sample`
[INFO] [stdout]     = note: this error originates in the attribute macro `sample_test` (in Nightly builds, run with -Z macro-backtrace for more info)
[INFO] [stdout] 
[INFO] [stdout] 
[INFO] [stdout] error: aborting due to 2 previous errors
[INFO] [stdout] 
[INFO] [stdout] 
[INFO] [stdout] For more information about this error, try `rustc --explain E0277`.
[INFO] [stdout] 
[INFO] [stderr] error: could not compile `sample-std` (test "recurse") due to 3 previous errors
[INFO] [stderr] warning: build failed, waiting for other jobs to finish...
[INFO] running `Command { std: "docker" "inspect" "f3576ab366b67f54aba72b8fb6f5db2d06d0cd6d118e6050cd78c58d45deef7c", kill_on_drop: false }`
[INFO] running `Command { std: "docker" "rm" "-f" "f3576ab366b67f54aba72b8fb6f5db2d06d0cd6d118e6050cd78c58d45deef7c", kill_on_drop: false }`
[INFO] [stdout] f3576ab366b67f54aba72b8fb6f5db2d06d0cd6d118e6050cd78c58d45deef7c
[INFO] testing sample-std-0.1.1 against beta-2023-12-22 for beta-1.76-1
[INFO] extracting crate sample-std 0.1.1 into /workspace/builds/worker-6-tc2/source
[INFO] validating manifest of crates.io crate sample-std 0.1.1 on toolchain beta-2023-12-22
[INFO] running `Command { std: CARGO_HOME="/workspace/cargo-home" RUSTUP_HOME="/workspace/rustup-home" "/workspace/cargo-home/bin/cargo" "+beta-2023-12-22" "metadata" "--manifest-path" "Cargo.toml" "--no-deps", kill_on_drop: false }`
[INFO] started tweaking crates.io crate sample-std 0.1.1
[INFO] finished tweaking crates.io crate sample-std 0.1.1
[INFO] tweaked toml for crates.io crate sample-std 0.1.1 written to /workspace/builds/worker-6-tc2/source/Cargo.toml
[INFO] running `Command { std: CARGO_HOME="/workspace/cargo-home" RUSTUP_HOME="/workspace/rustup-home" "/workspace/cargo-home/bin/cargo" "+beta-2023-12-22" "generate-lockfile" "--manifest-path" "Cargo.toml", kill_on_drop: false }`
[INFO] [stderr]     Updating crates.io index
[INFO] running `Command { std: CARGO_HOME="/workspace/cargo-home" RUSTUP_HOME="/workspace/rustup-home" "/workspace/cargo-home/bin/cargo" "+beta-2023-12-22" "fetch" "--manifest-path" "Cargo.toml", kill_on_drop: false }`
[INFO] running `Command { std: "docker" "create" "-v" "/var/lib/crater-agent-workspace/builds/worker-6-tc2/target:/opt/rustwide/target:rw,Z" "-v" "/var/lib/crater-agent-workspace/builds/worker-6-tc2/source:/opt/rustwide/workdir:ro,Z" "-v" "/var/lib/crater-agent-workspace/cargo-home:/opt/rustwide/cargo-home:ro,Z" "-v" "/var/lib/crater-agent-workspace/rustup-home:/opt/rustwide/rustup-home:ro,Z" "-e" "SOURCE_DIR=/opt/rustwide/workdir" "-e" "CARGO_TARGET_DIR=/opt/rustwide/target" "-e" "CARGO_HOME=/opt/rustwide/cargo-home" "-e" "RUSTUP_HOME=/opt/rustwide/rustup-home" "-w" "/opt/rustwide/workdir" "-m" "1610612736" "--user" "0:0" "--network" "none" "ghcr.io/rust-lang/crates-build-env/linux@sha256:2788e3201cd34a07e3172128adcd8b3090168a8e3bcc40d7c032b9dda1df7d1c" "/opt/rustwide/cargo-home/bin/cargo" "+beta-2023-12-22" "metadata" "--no-deps" "--format-version=1", kill_on_drop: false }`
[INFO] [stdout] 1266cf41c972d191e002e4f5b575a40f5a704d1500a1a7e38c50143ffa47739e
[INFO] running `Command { std: "docker" "start" "-a" "1266cf41c972d191e002e4f5b575a40f5a704d1500a1a7e38c50143ffa47739e", kill_on_drop: false }`
[INFO] running `Command { std: "docker" "inspect" "1266cf41c972d191e002e4f5b575a40f5a704d1500a1a7e38c50143ffa47739e", kill_on_drop: false }`
[INFO] running `Command { std: "docker" "rm" "-f" "1266cf41c972d191e002e4f5b575a40f5a704d1500a1a7e38c50143ffa47739e", kill_on_drop: false }`
[INFO] [stdout] 1266cf41c972d191e002e4f5b575a40f5a704d1500a1a7e38c50143ffa47739e
[INFO] running `Command { std: "docker" "create" "-v" "/var/lib/crater-agent-workspace/builds/worker-6-tc2/target:/opt/rustwide/target:rw,Z" "-v" "/var/lib/crater-agent-workspace/builds/worker-6-tc2/source:/opt/rustwide/workdir:ro,Z" "-v" "/var/lib/crater-agent-workspace/cargo-home:/opt/rustwide/cargo-home:ro,Z" "-v" "/var/lib/crater-agent-workspace/rustup-home:/opt/rustwide/rustup-home:ro,Z" "-e" "SOURCE_DIR=/opt/rustwide/workdir" "-e" "CARGO_TARGET_DIR=/opt/rustwide/target" "-e" "CARGO_INCREMENTAL=0" "-e" "RUST_BACKTRACE=full" "-e" "RUSTFLAGS=--cap-lints=warn" "-e" "RUSTDOCFLAGS=--cap-lints=warn" "-e" "CARGO_HOME=/opt/rustwide/cargo-home" "-e" "RUSTUP_HOME=/opt/rustwide/rustup-home" "-w" "/opt/rustwide/workdir" "-m" "1610612736" "--user" "0:0" "--network" "none" "ghcr.io/rust-lang/crates-build-env/linux@sha256:2788e3201cd34a07e3172128adcd8b3090168a8e3bcc40d7c032b9dda1df7d1c" "/opt/rustwide/cargo-home/bin/cargo" "+beta-2023-12-22" "build" "--frozen" "--message-format=json", kill_on_drop: false }`
[INFO] [stdout] dd65290671883a8c64325d91428eb22200224b7c52f15c61bf3fa16e465d6549
[INFO] running `Command { std: "docker" "start" "-a" "dd65290671883a8c64325d91428eb22200224b7c52f15c61bf3fa16e465d6549", kill_on_drop: false }`
[INFO] [stderr]    Compiling libc v0.2.151
[INFO] [stderr]    Compiling proc-macro2 v1.0.75
[INFO] [stderr]    Compiling regex-syntax v0.6.29
[INFO] [stderr]    Compiling env_logger v0.8.4
[INFO] [stderr]    Compiling quote v1.0.35
[INFO] [stderr]    Compiling syn v1.0.109
[INFO] [stderr]    Compiling getrandom v0.2.11
[INFO] [stderr]    Compiling rand_core v0.6.4
[INFO] [stderr]    Compiling rand v0.8.5
[INFO] [stderr]    Compiling quickcheck v1.0.3
[INFO] [stderr]    Compiling rand_regex v0.15.1
[INFO] [stderr]    Compiling casey v0.4.0
[INFO] [stderr]    Compiling sample-std v0.1.1 (/opt/rustwide/workdir)
[INFO] [stderr]     Finished dev [unoptimized + debuginfo] target(s) in 2.90s
[INFO] running `Command { std: "docker" "inspect" "dd65290671883a8c64325d91428eb22200224b7c52f15c61bf3fa16e465d6549", kill_on_drop: false }`
[INFO] running `Command { std: "docker" "rm" "-f" "dd65290671883a8c64325d91428eb22200224b7c52f15c61bf3fa16e465d6549", kill_on_drop: false }`
[INFO] [stdout] dd65290671883a8c64325d91428eb22200224b7c52f15c61bf3fa16e465d6549
[INFO] running `Command { std: "docker" "create" "-v" "/var/lib/crater-agent-workspace/builds/worker-6-tc2/target:/opt/rustwide/target:rw,Z" "-v" "/var/lib/crater-agent-workspace/builds/worker-6-tc2/source:/opt/rustwide/workdir:ro,Z" "-v" "/var/lib/crater-agent-workspace/cargo-home:/opt/rustwide/cargo-home:ro,Z" "-v" "/var/lib/crater-agent-workspace/rustup-home:/opt/rustwide/rustup-home:ro,Z" "-e" "SOURCE_DIR=/opt/rustwide/workdir" "-e" "CARGO_TARGET_DIR=/opt/rustwide/target" "-e" "CARGO_INCREMENTAL=0" "-e" "RUST_BACKTRACE=full" "-e" "RUSTFLAGS=--cap-lints=warn" "-e" "RUSTDOCFLAGS=--cap-lints=warn" "-e" "CARGO_HOME=/opt/rustwide/cargo-home" "-e" "RUSTUP_HOME=/opt/rustwide/rustup-home" "-w" "/opt/rustwide/workdir" "-m" "1610612736" "--user" "0:0" "--network" "none" "ghcr.io/rust-lang/crates-build-env/linux@sha256:2788e3201cd34a07e3172128adcd8b3090168a8e3bcc40d7c032b9dda1df7d1c" "/opt/rustwide/cargo-home/bin/cargo" "+beta-2023-12-22" "test" "--frozen" "--no-run" "--message-format=json", kill_on_drop: false }`
[INFO] [stdout] 12dc6536b90bcae75442231bb440646e472f10b8673e51c9191bf33aa5a1a7ee
[INFO] running `Command { std: "docker" "start" "-a" "12dc6536b90bcae75442231bb440646e472f10b8673e51c9191bf33aa5a1a7ee", kill_on_drop: false }`
[INFO] [stderr]    Compiling syn v1.0.109
[INFO] [stderr]    Compiling casey v0.4.0
[INFO] [stderr]    Compiling sample-std v0.1.1
[INFO] [stderr]    Compiling sample-std v0.1.1 (/opt/rustwide/workdir)
[INFO] [stderr]    Compiling sample-test-macros v0.1.1
[INFO] [stderr]    Compiling sample-test v0.1.1
[INFO] [stdout] error[E0277]: the trait bound `Box<dyn sample_std::Sample<Output = Tree>>: sample_test::Sample` is not satisfied
[INFO] [stdout]    --> tests/recurse.rs:131:1
[INFO] [stdout]     |
[INFO] [stdout] 131 | #[sample_test]
[INFO] [stdout]     | ^^^^^^^^^^^^^^ the trait `sample_test::Sample` is not implemented for `Box<dyn sample_std::Sample<Output = Tree>>`
[INFO] [stdout]     |
[INFO] [stdout]     = help: the following other types implement trait `sample_test::Sample`:
[INFO] [stdout]               Box<(dyn sample_test::Sample<Output = T> + 'static)>
[INFO] [stdout]               Box<(dyn sample_test::Sample<Output = T> + Send + Sync + 'static)>
[INFO] [stdout]     = note: required for `(Box<dyn sample_std::Sample<Output = Tree>>,)` to implement `sample_test::Sample`
[INFO] [stdout]     = note: this error originates in the attribute macro `sample_test` (in Nightly builds, run with -Z macro-backtrace for more info)
[INFO] [stdout] 
[INFO] [stdout] 
[INFO] [stdout] error[E0277]: the trait bound `RecursiveSampler<JsonSampler>: sample_test::Sample` is not satisfied
[INFO] [stdout]    --> tests/recurse.rs:142:1
[INFO] [stdout]     |
[INFO] [stdout] 142 | #[sample_test]
[INFO] [stdout]     | ^^^^^^^^^^^^^^ the trait `sample_test::Sample` is not implemented for `RecursiveSampler<JsonSampler>`
[INFO] [stdout]     |
[INFO] [stdout]     = help: the following other types implement trait `sample_test::Sample`:
[INFO] [stdout]               sample_std::SampleAll<S>
[INFO] [stdout]               sample_std::recursive::RecursiveSampler<G>
[INFO] [stdout]               sample_std::TryConvert<P, F, I>
[INFO] [stdout]               sample_std::Zip<A, B>
[INFO] [stdout]               Box<(dyn sample_test::Sample<Output = T> + 'static)>
[INFO] [stdout]               Box<(dyn sample_test::Sample<Output = T> + Send + Sync + 'static)>
[INFO] [stdout]               sample_std::ChainResample<S, F>
[INFO] [stdout]               sample_std::Chance
[INFO] [stdout]             and 15 others
[INFO] [stdout]     = note: required for `(RecursiveSampler<JsonSampler>,)` to implement `sample_test::Sample`
[INFO] [stdout]     = note: this error originates in the attribute macro `sample_test` (in Nightly builds, run with -Z macro-backtrace for more info)
[INFO] [stdout] 
[INFO] [stdout] 
[INFO] [stdout] error: aborting due to 2 previous errors
[INFO] [stdout] 
[INFO] [stdout] 
[INFO] [stdout] For more information about this error, try `rustc --explain E0277`.
[INFO] [stdout] 
[INFO] [stderr] error: could not compile `sample-std` (test "recurse") due to 3 previous errors
[INFO] [stderr] warning: build failed, waiting for other jobs to finish...
[INFO] running `Command { std: "docker" "inspect" "12dc6536b90bcae75442231bb440646e472f10b8673e51c9191bf33aa5a1a7ee", kill_on_drop: false }`
[INFO] running `Command { std: "docker" "rm" "-f" "12dc6536b90bcae75442231bb440646e472f10b8673e51c9191bf33aa5a1a7ee", kill_on_drop: false }`
[INFO] [stdout] 12dc6536b90bcae75442231bb440646e472f10b8673e51c9191bf33aa5a1a7ee
