[INFO] fetching crate samael 0.0.14...
[INFO] testing samael-0.0.14 against 1.75.0 for beta-1.76-1
[INFO] extracting crate samael 0.0.14 into /workspace/builds/worker-6-tc1/source
[INFO] validating manifest of crates.io crate samael 0.0.14 on toolchain 1.75.0
[INFO] running `Command { std: CARGO_HOME="/workspace/cargo-home" RUSTUP_HOME="/workspace/rustup-home" "/workspace/cargo-home/bin/cargo" "+1.75.0" "metadata" "--manifest-path" "Cargo.toml" "--no-deps", kill_on_drop: false }`
[INFO] started tweaking crates.io crate samael 0.0.14
[INFO] finished tweaking crates.io crate samael 0.0.14
[INFO] tweaked toml for crates.io crate samael 0.0.14 written to /workspace/builds/worker-6-tc1/source/Cargo.toml
[INFO] running `Command { std: CARGO_HOME="/workspace/cargo-home" RUSTUP_HOME="/workspace/rustup-home" "/workspace/cargo-home/bin/cargo" "+1.75.0" "generate-lockfile" "--manifest-path" "Cargo.toml", kill_on_drop: false }`
[INFO] [stderr]     Updating crates.io index
[INFO] running `Command { std: CARGO_HOME="/workspace/cargo-home" RUSTUP_HOME="/workspace/rustup-home" "/workspace/cargo-home/bin/cargo" "+1.75.0" "fetch" "--manifest-path" "Cargo.toml", kill_on_drop: false }`
[INFO] [stderr]  Downloading crates ...
[INFO] [stderr]   Downloaded libxml v0.3.3
[INFO] running `Command { std: "docker" "create" "-v" "/var/lib/crater-agent-workspace/builds/worker-6-tc1/target:/opt/rustwide/target:rw,Z" "-v" "/var/lib/crater-agent-workspace/builds/worker-6-tc1/source:/opt/rustwide/workdir:ro,Z" "-v" "/var/lib/crater-agent-workspace/cargo-home:/opt/rustwide/cargo-home:ro,Z" "-v" "/var/lib/crater-agent-workspace/rustup-home:/opt/rustwide/rustup-home:ro,Z" "-e" "SOURCE_DIR=/opt/rustwide/workdir" "-e" "CARGO_TARGET_DIR=/opt/rustwide/target" "-e" "CARGO_HOME=/opt/rustwide/cargo-home" "-e" "RUSTUP_HOME=/opt/rustwide/rustup-home" "-w" "/opt/rustwide/workdir" "-m" "1610612736" "--user" "0:0" "--network" "none" "ghcr.io/rust-lang/crates-build-env/linux@sha256:2788e3201cd34a07e3172128adcd8b3090168a8e3bcc40d7c032b9dda1df7d1c" "/opt/rustwide/cargo-home/bin/cargo" "+1.75.0" "metadata" "--no-deps" "--format-version=1", kill_on_drop: false }`
[INFO] [stdout] d63939e2c4bbfc783be02107335f62653d310bb3d841440d3ff63cefcad6bee9
[INFO] running `Command { std: "docker" "start" "-a" "d63939e2c4bbfc783be02107335f62653d310bb3d841440d3ff63cefcad6bee9", kill_on_drop: false }`
[INFO] running `Command { std: "docker" "inspect" "d63939e2c4bbfc783be02107335f62653d310bb3d841440d3ff63cefcad6bee9", kill_on_drop: false }`
[INFO] running `Command { std: "docker" "rm" "-f" "d63939e2c4bbfc783be02107335f62653d310bb3d841440d3ff63cefcad6bee9", kill_on_drop: false }`
[INFO] [stdout] d63939e2c4bbfc783be02107335f62653d310bb3d841440d3ff63cefcad6bee9
[INFO] running `Command { std: "docker" "create" "-v" "/var/lib/crater-agent-workspace/builds/worker-6-tc1/target:/opt/rustwide/target:rw,Z" "-v" "/var/lib/crater-agent-workspace/builds/worker-6-tc1/source:/opt/rustwide/workdir:ro,Z" "-v" "/var/lib/crater-agent-workspace/cargo-home:/opt/rustwide/cargo-home:ro,Z" "-v" "/var/lib/crater-agent-workspace/rustup-home:/opt/rustwide/rustup-home:ro,Z" "-e" "SOURCE_DIR=/opt/rustwide/workdir" "-e" "CARGO_TARGET_DIR=/opt/rustwide/target" "-e" "CARGO_INCREMENTAL=0" "-e" "RUST_BACKTRACE=full" "-e" "RUSTFLAGS=--cap-lints=warn" "-e" "RUSTDOCFLAGS=--cap-lints=warn" "-e" "CARGO_HOME=/opt/rustwide/cargo-home" "-e" "RUSTUP_HOME=/opt/rustwide/rustup-home" "-w" "/opt/rustwide/workdir" "-m" "1610612736" "--user" "0:0" "--network" "none" "ghcr.io/rust-lang/crates-build-env/linux@sha256:2788e3201cd34a07e3172128adcd8b3090168a8e3bcc40d7c032b9dda1df7d1c" "/opt/rustwide/cargo-home/bin/cargo" "+1.75.0" "build" "--frozen" "--message-format=json", kill_on_drop: false }`
[INFO] [stdout] 791623dfbc2940824d8a8349e23b531196746aafd33a12aad740de1e1d6d26b6
[INFO] running `Command { std: "docker" "start" "-a" "791623dfbc2940824d8a8349e23b531196746aafd33a12aad740de1e1d6d26b6", kill_on_drop: false }`
[INFO] [stderr]    Compiling libc v0.2.151
[INFO] [stderr]    Compiling pkg-config v0.3.28
[INFO] [stderr]    Compiling glob v0.3.1
[INFO] [stderr]    Compiling fnv v1.0.7
[INFO] [stderr]    Compiling rustix v0.38.28
[INFO] [stderr]    Compiling ident_case v1.0.1
[INFO] [stderr]    Compiling prettyplease v0.2.16
[INFO] [stderr]    Compiling vcpkg v0.2.15
[INFO] [stderr]    Compiling strsim v0.10.0
[INFO] [stderr]    Compiling memchr v2.7.1
[INFO] [stderr]    Compiling regex-syntax v0.8.2
[INFO] [stderr]    Compiling linux-raw-sys v0.4.12
[INFO] [stderr]    Compiling bitflags v2.4.1
[INFO] [stderr]    Compiling minimal-lexical v0.2.1
[INFO] [stderr]    Compiling syn v2.0.48
[INFO] [stderr]    Compiling libloading v0.8.1
[INFO] [stderr]    Compiling bindgen v0.69.1
[INFO] [stderr]    Compiling darling_core v0.14.4
[INFO] [stderr]    Compiling tinyvec_macros v0.1.1
[INFO] [stderr]    Compiling home v0.5.9
[INFO] [stderr]    Compiling either v1.9.0
[INFO] [stderr]    Compiling tinyvec v1.6.0
[INFO] [stderr]    Compiling rustc-hash v1.1.0
[INFO] [stderr]    Compiling shlex v1.2.0
[INFO] [stderr]    Compiling lazy_static v1.4.0
[INFO] [stderr]    Compiling clang-sys v1.7.0
[INFO] [stderr]    Compiling log v0.4.20
[INFO] [stderr]    Compiling lazycell v1.3.0
[INFO] [stderr]    Compiling peeking_take_while v0.1.2
[INFO] [stderr]    Compiling nom v7.1.3
[INFO] [stderr]    Compiling foreign-types-shared v0.1.1
[INFO] [stderr]    Compiling percent-encoding v2.3.1
[INFO] [stderr]    Compiling ppv-lite86 v0.2.17
[INFO] [stderr]    Compiling adler v1.0.2
[INFO] [stderr]    Compiling unicode-bidi v0.3.14
[INFO] [stderr]    Compiling openssl v0.10.62
[INFO] [stderr]    Compiling form_urlencoded v1.2.1
[INFO] [stderr]    Compiling miniz_oxide v0.7.1
[INFO] [stderr]    Compiling getrandom v0.2.11
[INFO] [stderr]    Compiling foreign-types v0.3.2
[INFO] [stderr]    Compiling once_cell v1.19.0
[INFO] [stderr]    Compiling base64 v0.21.5
[INFO] [stderr]    Compiling openssl-probe v0.1.5
[INFO] [stderr]    Compiling data-encoding v2.5.0
[INFO] [stderr]    Compiling rand_core v0.6.4
[INFO] [stderr]    Compiling cc v1.0.83
[INFO] [stderr]    Compiling uuid v1.6.1
[INFO] [stderr]    Compiling unicode-normalization v0.1.22
[INFO] [stderr]    Compiling rand_chacha v0.3.1
[INFO] [stderr]    Compiling flate2 v1.0.28
[INFO] [stderr]    Compiling rand v0.8.5
[INFO] [stderr]    Compiling idna v0.5.0
[INFO] [stderr]    Compiling regex-automata v0.4.3
[INFO] [stderr]    Compiling url v2.5.0
[INFO] [stderr]    Compiling openssl-sys v0.9.98
[INFO] [stderr]    Compiling darling_macro v0.14.4
[INFO] [stderr]    Compiling cexpr v0.6.0
[INFO] [stderr]    Compiling which v4.4.2
[INFO] [stderr]    Compiling darling v0.14.4
[INFO] [stderr]    Compiling derive_builder_core v0.12.0
[INFO] [stderr]    Compiling regex v1.10.2
[INFO] [stderr]    Compiling derive_builder_macro v0.12.0
[INFO] [stderr]    Compiling serde_derive v1.0.194
[INFO] [stderr]    Compiling openssl-macros v0.1.1
[INFO] [stderr]    Compiling thiserror-impl v1.0.56
[INFO] [stderr]    Compiling derive_builder v0.12.0
[INFO] [stderr]    Compiling thiserror v1.0.56
[INFO] [stderr]    Compiling serde v1.0.194
[INFO] [stderr]    Compiling samael v0.0.14 (/opt/rustwide/workdir)
[INFO] [stderr]    Compiling quick-xml v0.30.0
[INFO] [stderr]    Compiling chrono v0.4.31
[INFO] [stdout] warning: unused import: `std::convert::TryInto`
[INFO] [stdout]  --> src/crypto.rs:3:5
[INFO] [stdout]   |
[INFO] [stdout] 3 | use std::convert::TryInto;
[INFO] [stdout]   |     ^^^^^^^^^^^^^^^^^^^^^
[INFO] [stdout]   |
[INFO] [stdout]   = note: `#[warn(unused_imports)]` on by default
[INFO] [stdout] 
[INFO] [stdout] 
[INFO] [stdout] warning: unused import: `std::ffi::CString`
[INFO] [stdout]  --> src/crypto.rs:4:5
[INFO] [stdout]   |
[INFO] [stdout] 4 | use std::ffi::CString;
[INFO] [stdout]   |     ^^^^^^^^^^^^^^^^^
[INFO] [stdout] 
[INFO] [stdout] 
[INFO] [stdout] warning: unused `#[macro_use]` import
[INFO] [stdout]   --> src/lib.rs:18:1
[INFO] [stdout]    |
[INFO] [stdout] 18 | #[macro_use]
[INFO] [stdout]    | ^^^^^^^^^^^^
[INFO] [stdout] 
[INFO] [stdout] 
[INFO] [stdout] warning: 3 warnings emitted
[INFO] [stdout] 
[INFO] [stdout] 
[INFO] [stderr]     Finished dev [unoptimized + debuginfo] target(s) in 25.61s
[INFO] running `Command { std: "docker" "inspect" "791623dfbc2940824d8a8349e23b531196746aafd33a12aad740de1e1d6d26b6", kill_on_drop: false }`
[INFO] running `Command { std: "docker" "rm" "-f" "791623dfbc2940824d8a8349e23b531196746aafd33a12aad740de1e1d6d26b6", kill_on_drop: false }`
[INFO] [stdout] 791623dfbc2940824d8a8349e23b531196746aafd33a12aad740de1e1d6d26b6
[INFO] running `Command { std: "docker" "create" "-v" "/var/lib/crater-agent-workspace/builds/worker-6-tc1/target:/opt/rustwide/target:rw,Z" "-v" "/var/lib/crater-agent-workspace/builds/worker-6-tc1/source:/opt/rustwide/workdir:ro,Z" "-v" "/var/lib/crater-agent-workspace/cargo-home:/opt/rustwide/cargo-home:ro,Z" "-v" "/var/lib/crater-agent-workspace/rustup-home:/opt/rustwide/rustup-home:ro,Z" "-e" "SOURCE_DIR=/opt/rustwide/workdir" "-e" "CARGO_TARGET_DIR=/opt/rustwide/target" "-e" "CARGO_INCREMENTAL=0" "-e" "RUST_BACKTRACE=full" "-e" "RUSTFLAGS=--cap-lints=warn" "-e" "RUSTDOCFLAGS=--cap-lints=warn" "-e" "CARGO_HOME=/opt/rustwide/cargo-home" "-e" "RUSTUP_HOME=/opt/rustwide/rustup-home" "-w" "/opt/rustwide/workdir" "-m" "1610612736" "--user" "0:0" "--network" "none" "ghcr.io/rust-lang/crates-build-env/linux@sha256:2788e3201cd34a07e3172128adcd8b3090168a8e3bcc40d7c032b9dda1df7d1c" "/opt/rustwide/cargo-home/bin/cargo" "+1.75.0" "test" "--frozen" "--no-run" "--message-format=json", kill_on_drop: false }`
[INFO] [stdout] 5d34459d54efeebbc957b2882d0e48bcd7b70d362354ad912a01ec24dbb83218
[INFO] running `Command { std: "docker" "start" "-a" "5d34459d54efeebbc957b2882d0e48bcd7b70d362354ad912a01ec24dbb83218", kill_on_drop: false }`
[INFO] [stderr]    Compiling samael v0.0.14 (/opt/rustwide/workdir)
[INFO] [stdout] error[E0432]: unresolved import `crate::service_provider`
[INFO] [stdout]    --> src/crypto.rs:677:16
[INFO] [stdout]     |
[INFO] [stdout] 677 |     use crate::service_provider::ServiceProvider;
[INFO] [stdout]     |                ^^^^^^^^^^^^^^^^ could not find `service_provider` in the crate root
[INFO] [stdout] 
[INFO] [stdout] 
[INFO] [stdout] warning: unused import: `std::convert::TryInto`
[INFO] [stdout]  --> src/crypto.rs:3:5
[INFO] [stdout]   |
[INFO] [stdout] 3 | use std::convert::TryInto;
[INFO] [stdout]   |     ^^^^^^^^^^^^^^^^^^^^^
[INFO] [stdout]   |
[INFO] [stdout]   = note: `#[warn(unused_imports)]` on by default
[INFO] [stdout] 
[INFO] [stdout] 
[INFO] [stdout] warning: unused import: `std::ffi::CString`
[INFO] [stdout]  --> src/crypto.rs:4:5
[INFO] [stdout]   |
[INFO] [stdout] 4 | use std::ffi::CString;
[INFO] [stdout]   |     ^^^^^^^^^^^^^^^^^
[INFO] [stdout] 
[INFO] [stdout] 
[INFO] [stdout] warning: unused import: `super::issuer::Issuer`
[INFO] [stdout]    --> src/schema/mod.rs:675:9
[INFO] [stdout]     |
[INFO] [stdout] 675 |     use super::issuer::Issuer;
[INFO] [stdout]     |         ^^^^^^^^^^^^^^^^^^^^^
[INFO] [stdout] 
[INFO] [stdout] 
[INFO] [stdout] warning: unused imports: `NameID`, `StatusCode`, `Status`
[INFO] [stdout]    --> src/schema/mod.rs:676:48
[INFO] [stdout]     |
[INFO] [stdout] 676 |     use super::{LogoutRequest, LogoutResponse, NameID, Status, StatusCode};
[INFO] [stdout]     |                                                ^^^^^^  ^^^^^^  ^^^^^^^^^^
[INFO] [stdout] 
[INFO] [stdout] 
[INFO] [stdout] warning: unused import: `chrono::TimeZone`
[INFO] [stdout]    --> src/schema/mod.rs:677:9
[INFO] [stdout]     |
[INFO] [stdout] 677 |     use chrono::TimeZone;
[INFO] [stdout]     |         ^^^^^^^^^^^^^^^^
[INFO] [stdout] 
[INFO] [stdout] 
[INFO] [stdout] warning: unused `#[macro_use]` import
[INFO] [stdout]   --> src/lib.rs:18:1
[INFO] [stdout]    |
[INFO] [stdout] 18 | #[macro_use]
[INFO] [stdout]    | ^^^^^^^^^^^^
[INFO] [stdout] 
[INFO] [stdout] 
[INFO] [stdout] error[E0599]: no method named `signed_redirect` found for struct `authn_request::AuthnRequest` in the current scope
[INFO] [stdout]    --> src/schema/authn_request.rs:288:14
[INFO] [stdout]     |
[INFO] [stdout] 18  |   pub struct AuthnRequest {
[INFO] [stdout]     |   ----------------------- method `signed_redirect` not found for this struct
[INFO] [stdout] ...
[INFO] [stdout] 286 |           let signed_authn_redirect_url = authn_request_sign_template
[INFO] [stdout]     |  _________________________________________-
[INFO] [stdout] 287 | |             .parse::<AuthnRequest>()?
[INFO] [stdout] 288 | |             .signed_redirect("", private_key)?
[INFO] [stdout]     | |             -^^^^^^^^^^^^^^^ method not found in `AuthnRequest`
[INFO] [stdout]     | |_____________|
[INFO] [stdout]     | 
[INFO] [stdout] 
[INFO] [stdout] 
[INFO] [stdout] error[E0599]: no method named `signed_redirect` found for struct `authn_request::AuthnRequest` in the current scope
[INFO] [stdout]    --> src/schema/authn_request.rs:316:14
[INFO] [stdout]     |
[INFO] [stdout] 18  |   pub struct AuthnRequest {
[INFO] [stdout]     |   ----------------------- method `signed_redirect` not found for this struct
[INFO] [stdout] ...
[INFO] [stdout] 314 |           let signed_authn_redirect_url = authn_request_sign_template
[INFO] [stdout]     |  _________________________________________-
[INFO] [stdout] 315 | |             .parse::<AuthnRequest>()?
[INFO] [stdout] 316 | |             .signed_redirect("some_relay_state_here", private_key)?
[INFO] [stdout]     | |             -^^^^^^^^^^^^^^^ method not found in `AuthnRequest`
[INFO] [stdout]     | |_____________|
[INFO] [stdout]     | 
[INFO] [stdout] 
[INFO] [stdout] 
[INFO] [stdout] error[E0599]: no method named `signed_redirect` found for struct `authn_request::AuthnRequest` in the current scope
[INFO] [stdout]    --> src/schema/authn_request.rs:345:14
[INFO] [stdout]     |
[INFO] [stdout] 18  |   pub struct AuthnRequest {
[INFO] [stdout]     |   ----------------------- method `signed_redirect` not found for this struct
[INFO] [stdout] ...
[INFO] [stdout] 343 |           let signed_authn_redirect_url = authn_request_sign_template
[INFO] [stdout]     |  _________________________________________-
[INFO] [stdout] 344 | |             .parse::<AuthnRequest>()?
[INFO] [stdout] 345 | |             .signed_redirect("some_relay_state_here", private_key)?
[INFO] [stdout]     | |             -^^^^^^^^^^^^^^^ method not found in `AuthnRequest`
[INFO] [stdout]     | |_____________|
[INFO] [stdout]     | 
[INFO] [stdout] 
[INFO] [stdout] 
[INFO] [stdout] error: aborting due to 4 previous errors; 6 warnings emitted
[INFO] [stdout] 
[INFO] [stdout] 
[INFO] [stdout] Some errors have detailed explanations: E0432, E0599.
[INFO] [stdout] 
[INFO] [stdout] For more information about an error, try `rustc --explain E0432`.
[INFO] [stdout] 
[INFO] [stderr] error: could not compile `samael` (lib test) due to 5 previous errors; 6 warnings emitted
[INFO] running `Command { std: "docker" "inspect" "5d34459d54efeebbc957b2882d0e48bcd7b70d362354ad912a01ec24dbb83218", kill_on_drop: false }`
[INFO] running `Command { std: "docker" "rm" "-f" "5d34459d54efeebbc957b2882d0e48bcd7b70d362354ad912a01ec24dbb83218", kill_on_drop: false }`
[INFO] [stdout] 5d34459d54efeebbc957b2882d0e48bcd7b70d362354ad912a01ec24dbb83218
