[INFO] fetching crate safina-threadpool 0.2.4...
[INFO] testing safina-threadpool-0.2.4 against 1.75.0 for beta-1.76-1
[INFO] extracting crate safina-threadpool 0.2.4 into /workspace/builds/worker-6-tc1/source
[INFO] validating manifest of crates.io crate safina-threadpool 0.2.4 on toolchain 1.75.0
[INFO] running `Command { std: CARGO_HOME="/workspace/cargo-home" RUSTUP_HOME="/workspace/rustup-home" "/workspace/cargo-home/bin/cargo" "+1.75.0" "metadata" "--manifest-path" "Cargo.toml" "--no-deps", kill_on_drop: false }`
[INFO] started tweaking crates.io crate safina-threadpool 0.2.4
[INFO] finished tweaking crates.io crate safina-threadpool 0.2.4
[INFO] tweaked toml for crates.io crate safina-threadpool 0.2.4 written to /workspace/builds/worker-6-tc1/source/Cargo.toml
[INFO] running `Command { std: CARGO_HOME="/workspace/cargo-home" RUSTUP_HOME="/workspace/rustup-home" "/workspace/cargo-home/bin/cargo" "+1.75.0" "generate-lockfile" "--manifest-path" "Cargo.toml", kill_on_drop: false }`
[INFO] [stderr]     Updating crates.io index
[INFO] running `Command { std: CARGO_HOME="/workspace/cargo-home" RUSTUP_HOME="/workspace/rustup-home" "/workspace/cargo-home/bin/cargo" "+1.75.0" "fetch" "--manifest-path" "Cargo.toml", kill_on_drop: false }`
[INFO] [stderr]  Downloading crates ...
[INFO] [stderr]   Downloaded safina-sync v0.2.4
[INFO] [stderr]   Downloaded safina-threadpool v0.2.4
[INFO] [stderr]   Downloaded safe-lock v0.1.3
[INFO] [stderr]   Downloaded safina-executor v0.3.3
[INFO] [stderr]   Downloaded safina-timer v0.1.11
[INFO] running `Command { std: "docker" "create" "-v" "/var/lib/crater-agent-workspace/builds/worker-6-tc1/target:/opt/rustwide/target:rw,Z" "-v" "/var/lib/crater-agent-workspace/builds/worker-6-tc1/source:/opt/rustwide/workdir:ro,Z" "-v" "/var/lib/crater-agent-workspace/cargo-home:/opt/rustwide/cargo-home:ro,Z" "-v" "/var/lib/crater-agent-workspace/rustup-home:/opt/rustwide/rustup-home:ro,Z" "-e" "SOURCE_DIR=/opt/rustwide/workdir" "-e" "CARGO_TARGET_DIR=/opt/rustwide/target" "-e" "CARGO_HOME=/opt/rustwide/cargo-home" "-e" "RUSTUP_HOME=/opt/rustwide/rustup-home" "-w" "/opt/rustwide/workdir" "-m" "1610612736" "--user" "0:0" "--network" "none" "ghcr.io/rust-lang/crates-build-env/linux@sha256:2788e3201cd34a07e3172128adcd8b3090168a8e3bcc40d7c032b9dda1df7d1c" "/opt/rustwide/cargo-home/bin/cargo" "+1.75.0" "metadata" "--no-deps" "--format-version=1", kill_on_drop: false }`
[INFO] [stdout] 7e99735b89859173ccafa728c8bab602a9c37b898c19e9c2fe85f4fdd0ee10d3
[INFO] running `Command { std: "docker" "start" "-a" "7e99735b89859173ccafa728c8bab602a9c37b898c19e9c2fe85f4fdd0ee10d3", kill_on_drop: false }`
[INFO] running `Command { std: "docker" "inspect" "7e99735b89859173ccafa728c8bab602a9c37b898c19e9c2fe85f4fdd0ee10d3", kill_on_drop: false }`
[INFO] running `Command { std: "docker" "rm" "-f" "7e99735b89859173ccafa728c8bab602a9c37b898c19e9c2fe85f4fdd0ee10d3", kill_on_drop: false }`
[INFO] [stdout] 7e99735b89859173ccafa728c8bab602a9c37b898c19e9c2fe85f4fdd0ee10d3
[INFO] running `Command { std: "docker" "create" "-v" "/var/lib/crater-agent-workspace/builds/worker-6-tc1/target:/opt/rustwide/target:rw,Z" "-v" "/var/lib/crater-agent-workspace/builds/worker-6-tc1/source:/opt/rustwide/workdir:ro,Z" "-v" "/var/lib/crater-agent-workspace/cargo-home:/opt/rustwide/cargo-home:ro,Z" "-v" "/var/lib/crater-agent-workspace/rustup-home:/opt/rustwide/rustup-home:ro,Z" "-e" "SOURCE_DIR=/opt/rustwide/workdir" "-e" "CARGO_TARGET_DIR=/opt/rustwide/target" "-e" "CARGO_INCREMENTAL=0" "-e" "RUST_BACKTRACE=full" "-e" "RUSTFLAGS=--cap-lints=warn" "-e" "RUSTDOCFLAGS=--cap-lints=warn" "-e" "CARGO_HOME=/opt/rustwide/cargo-home" "-e" "RUSTUP_HOME=/opt/rustwide/rustup-home" "-w" "/opt/rustwide/workdir" "-m" "1610612736" "--user" "0:0" "--network" "none" "ghcr.io/rust-lang/crates-build-env/linux@sha256:2788e3201cd34a07e3172128adcd8b3090168a8e3bcc40d7c032b9dda1df7d1c" "/opt/rustwide/cargo-home/bin/cargo" "+1.75.0" "build" "--frozen" "--message-format=json", kill_on_drop: false }`
[INFO] [stdout] 846dc1eae9ad85efe27eb78ce430f5cff7df6e29e66e942d86929b54021abefb
[INFO] running `Command { std: "docker" "start" "-a" "846dc1eae9ad85efe27eb78ce430f5cff7df6e29e66e942d86929b54021abefb", kill_on_drop: false }`
[INFO] [stderr]    Compiling safina-threadpool v0.2.4 (/opt/rustwide/workdir)
[INFO] [stderr]     Finished dev [unoptimized + debuginfo] target(s) in 0.53s
[INFO] running `Command { std: "docker" "inspect" "846dc1eae9ad85efe27eb78ce430f5cff7df6e29e66e942d86929b54021abefb", kill_on_drop: false }`
[INFO] running `Command { std: "docker" "rm" "-f" "846dc1eae9ad85efe27eb78ce430f5cff7df6e29e66e942d86929b54021abefb", kill_on_drop: false }`
[INFO] [stdout] 846dc1eae9ad85efe27eb78ce430f5cff7df6e29e66e942d86929b54021abefb
[INFO] running `Command { std: "docker" "create" "-v" "/var/lib/crater-agent-workspace/builds/worker-6-tc1/target:/opt/rustwide/target:rw,Z" "-v" "/var/lib/crater-agent-workspace/builds/worker-6-tc1/source:/opt/rustwide/workdir:ro,Z" "-v" "/var/lib/crater-agent-workspace/cargo-home:/opt/rustwide/cargo-home:ro,Z" "-v" "/var/lib/crater-agent-workspace/rustup-home:/opt/rustwide/rustup-home:ro,Z" "-e" "SOURCE_DIR=/opt/rustwide/workdir" "-e" "CARGO_TARGET_DIR=/opt/rustwide/target" "-e" "CARGO_INCREMENTAL=0" "-e" "RUST_BACKTRACE=full" "-e" "RUSTFLAGS=--cap-lints=warn" "-e" "RUSTDOCFLAGS=--cap-lints=warn" "-e" "CARGO_HOME=/opt/rustwide/cargo-home" "-e" "RUSTUP_HOME=/opt/rustwide/rustup-home" "-w" "/opt/rustwide/workdir" "-m" "1610612736" "--user" "0:0" "--network" "none" "ghcr.io/rust-lang/crates-build-env/linux@sha256:2788e3201cd34a07e3172128adcd8b3090168a8e3bcc40d7c032b9dda1df7d1c" "/opt/rustwide/cargo-home/bin/cargo" "+1.75.0" "test" "--frozen" "--no-run" "--message-format=json", kill_on_drop: false }`
[INFO] [stdout] aac18dd82e62b9d068d0dfe49b0ee7abf8b2fa76945de61b16fcc590ea09aaa1
[INFO] running `Command { std: "docker" "start" "-a" "aac18dd82e62b9d068d0dfe49b0ee7abf8b2fa76945de61b16fcc590ea09aaa1", kill_on_drop: false }`
[INFO] [stderr]    Compiling safina-threadpool v0.2.4
[INFO] [stderr]    Compiling safina-sync v0.2.4
[INFO] [stderr]    Compiling safe-lock v0.1.3
[INFO] [stderr]    Compiling safina-timer v0.1.11
[INFO] [stderr]    Compiling safina-executor v0.3.3
[INFO] [stderr]    Compiling safina-threadpool v0.2.4 (/opt/rustwide/workdir)
[INFO] [stdout] error[E0432]: unresolved import `safina_threadpool::INTERNAL_MAX_THREADS`
[INFO] [stdout]    --> tests/sequential.rs:2:75
[INFO] [stdout]     |
[INFO] [stdout] 2   | use safina_threadpool::{NewThreadPoolError, ThreadPool, TryScheduleError, INTERNAL_MAX_THREADS};
[INFO] [stdout]     |                                                                           ^^^^^^^^^^^^^^^^^^^^ no `INTERNAL_MAX_THREADS` in the root
[INFO] [stdout]     |
[INFO] [stdout] note: found an item that was configured out
[INFO] [stdout]    --> /opt/rustwide/workdir/src/lib.rs:129:12
[INFO] [stdout]     |
[INFO] [stdout] 129 | pub static INTERNAL_MAX_THREADS: core::sync::atomic::AtomicUsize =
[INFO] [stdout]     |            ^^^^^^^^^^^^^^^^^^^^
[INFO] [stdout]     = note: the item is gated behind the `testing` feature
[INFO] [stdout] 
[INFO] [stdout] 
[INFO] [stdout] error[E0599]: no method named `num_live_threads_fn` found for struct `ThreadPool` in the current scope
[INFO] [stdout]    --> tests/sequential.rs:132:36
[INFO] [stdout]     |
[INFO] [stdout] 132 |     let num_live_threads_fn = pool.num_live_threads_fn();
[INFO] [stdout]     |                                    ^^^^^^^^^^^^^^^^^^^ help: there is a method with a similar name: `num_live_threads`
[INFO] [stdout] 
[INFO] [stdout] 
[INFO] [stdout] error: aborting due to 2 previous errors
[INFO] [stdout] 
[INFO] [stdout] 
[INFO] [stdout] Some errors have detailed explanations: E0432, E0599.
[INFO] [stdout] 
[INFO] [stdout] For more information about an error, try `rustc --explain E0432`.
[INFO] [stdout] 
[INFO] [stderr] error: could not compile `safina-threadpool` (test "sequential") due to 3 previous errors
[INFO] [stderr] warning: build failed, waiting for other jobs to finish...
[INFO] running `Command { std: "docker" "inspect" "aac18dd82e62b9d068d0dfe49b0ee7abf8b2fa76945de61b16fcc590ea09aaa1", kill_on_drop: false }`
[INFO] running `Command { std: "docker" "rm" "-f" "aac18dd82e62b9d068d0dfe49b0ee7abf8b2fa76945de61b16fcc590ea09aaa1", kill_on_drop: false }`
[INFO] [stdout] aac18dd82e62b9d068d0dfe49b0ee7abf8b2fa76945de61b16fcc590ea09aaa1
[INFO] testing safina-threadpool-0.2.4 against beta-2023-12-22 for beta-1.76-1
[INFO] extracting crate safina-threadpool 0.2.4 into /workspace/builds/worker-6-tc2/source
[INFO] validating manifest of crates.io crate safina-threadpool 0.2.4 on toolchain beta-2023-12-22
[INFO] running `Command { std: CARGO_HOME="/workspace/cargo-home" RUSTUP_HOME="/workspace/rustup-home" "/workspace/cargo-home/bin/cargo" "+beta-2023-12-22" "metadata" "--manifest-path" "Cargo.toml" "--no-deps", kill_on_drop: false }`
[INFO] started tweaking crates.io crate safina-threadpool 0.2.4
[INFO] finished tweaking crates.io crate safina-threadpool 0.2.4
[INFO] tweaked toml for crates.io crate safina-threadpool 0.2.4 written to /workspace/builds/worker-6-tc2/source/Cargo.toml
[INFO] running `Command { std: CARGO_HOME="/workspace/cargo-home" RUSTUP_HOME="/workspace/rustup-home" "/workspace/cargo-home/bin/cargo" "+beta-2023-12-22" "generate-lockfile" "--manifest-path" "Cargo.toml", kill_on_drop: false }`
[INFO] [stderr]     Updating crates.io index
[INFO] running `Command { std: CARGO_HOME="/workspace/cargo-home" RUSTUP_HOME="/workspace/rustup-home" "/workspace/cargo-home/bin/cargo" "+beta-2023-12-22" "fetch" "--manifest-path" "Cargo.toml", kill_on_drop: false }`
[INFO] running `Command { std: "docker" "create" "-v" "/var/lib/crater-agent-workspace/builds/worker-6-tc2/target:/opt/rustwide/target:rw,Z" "-v" "/var/lib/crater-agent-workspace/builds/worker-6-tc2/source:/opt/rustwide/workdir:ro,Z" "-v" "/var/lib/crater-agent-workspace/cargo-home:/opt/rustwide/cargo-home:ro,Z" "-v" "/var/lib/crater-agent-workspace/rustup-home:/opt/rustwide/rustup-home:ro,Z" "-e" "SOURCE_DIR=/opt/rustwide/workdir" "-e" "CARGO_TARGET_DIR=/opt/rustwide/target" "-e" "CARGO_HOME=/opt/rustwide/cargo-home" "-e" "RUSTUP_HOME=/opt/rustwide/rustup-home" "-w" "/opt/rustwide/workdir" "-m" "1610612736" "--user" "0:0" "--network" "none" "ghcr.io/rust-lang/crates-build-env/linux@sha256:2788e3201cd34a07e3172128adcd8b3090168a8e3bcc40d7c032b9dda1df7d1c" "/opt/rustwide/cargo-home/bin/cargo" "+beta-2023-12-22" "metadata" "--no-deps" "--format-version=1", kill_on_drop: false }`
[INFO] [stdout] 8407052be6c778005632cf484ea2878b6fecf71dc2ebac68c7c0313e78be6cd3
[INFO] running `Command { std: "docker" "start" "-a" "8407052be6c778005632cf484ea2878b6fecf71dc2ebac68c7c0313e78be6cd3", kill_on_drop: false }`
[INFO] running `Command { std: "docker" "inspect" "8407052be6c778005632cf484ea2878b6fecf71dc2ebac68c7c0313e78be6cd3", kill_on_drop: false }`
[INFO] running `Command { std: "docker" "rm" "-f" "8407052be6c778005632cf484ea2878b6fecf71dc2ebac68c7c0313e78be6cd3", kill_on_drop: false }`
[INFO] [stdout] 8407052be6c778005632cf484ea2878b6fecf71dc2ebac68c7c0313e78be6cd3
[INFO] running `Command { std: "docker" "create" "-v" "/var/lib/crater-agent-workspace/builds/worker-6-tc2/target:/opt/rustwide/target:rw,Z" "-v" "/var/lib/crater-agent-workspace/builds/worker-6-tc2/source:/opt/rustwide/workdir:ro,Z" "-v" "/var/lib/crater-agent-workspace/cargo-home:/opt/rustwide/cargo-home:ro,Z" "-v" "/var/lib/crater-agent-workspace/rustup-home:/opt/rustwide/rustup-home:ro,Z" "-e" "SOURCE_DIR=/opt/rustwide/workdir" "-e" "CARGO_TARGET_DIR=/opt/rustwide/target" "-e" "CARGO_INCREMENTAL=0" "-e" "RUST_BACKTRACE=full" "-e" "RUSTFLAGS=--cap-lints=warn" "-e" "RUSTDOCFLAGS=--cap-lints=warn" "-e" "CARGO_HOME=/opt/rustwide/cargo-home" "-e" "RUSTUP_HOME=/opt/rustwide/rustup-home" "-w" "/opt/rustwide/workdir" "-m" "1610612736" "--user" "0:0" "--network" "none" "ghcr.io/rust-lang/crates-build-env/linux@sha256:2788e3201cd34a07e3172128adcd8b3090168a8e3bcc40d7c032b9dda1df7d1c" "/opt/rustwide/cargo-home/bin/cargo" "+beta-2023-12-22" "build" "--frozen" "--message-format=json", kill_on_drop: false }`
[INFO] [stdout] 7fa5e1fd36187059e63d978ff82e62112ede422e9d4bfd89f5467484dcfd0728
[INFO] running `Command { std: "docker" "start" "-a" "7fa5e1fd36187059e63d978ff82e62112ede422e9d4bfd89f5467484dcfd0728", kill_on_drop: false }`
[INFO] [stderr]    Compiling safina-threadpool v0.2.4 (/opt/rustwide/workdir)
[INFO] [stderr]     Finished dev [unoptimized + debuginfo] target(s) in 0.51s
[INFO] running `Command { std: "docker" "inspect" "7fa5e1fd36187059e63d978ff82e62112ede422e9d4bfd89f5467484dcfd0728", kill_on_drop: false }`
[INFO] running `Command { std: "docker" "rm" "-f" "7fa5e1fd36187059e63d978ff82e62112ede422e9d4bfd89f5467484dcfd0728", kill_on_drop: false }`
[INFO] [stdout] 7fa5e1fd36187059e63d978ff82e62112ede422e9d4bfd89f5467484dcfd0728
[INFO] running `Command { std: "docker" "create" "-v" "/var/lib/crater-agent-workspace/builds/worker-6-tc2/target:/opt/rustwide/target:rw,Z" "-v" "/var/lib/crater-agent-workspace/builds/worker-6-tc2/source:/opt/rustwide/workdir:ro,Z" "-v" "/var/lib/crater-agent-workspace/cargo-home:/opt/rustwide/cargo-home:ro,Z" "-v" "/var/lib/crater-agent-workspace/rustup-home:/opt/rustwide/rustup-home:ro,Z" "-e" "SOURCE_DIR=/opt/rustwide/workdir" "-e" "CARGO_TARGET_DIR=/opt/rustwide/target" "-e" "CARGO_INCREMENTAL=0" "-e" "RUST_BACKTRACE=full" "-e" "RUSTFLAGS=--cap-lints=warn" "-e" "RUSTDOCFLAGS=--cap-lints=warn" "-e" "CARGO_HOME=/opt/rustwide/cargo-home" "-e" "RUSTUP_HOME=/opt/rustwide/rustup-home" "-w" "/opt/rustwide/workdir" "-m" "1610612736" "--user" "0:0" "--network" "none" "ghcr.io/rust-lang/crates-build-env/linux@sha256:2788e3201cd34a07e3172128adcd8b3090168a8e3bcc40d7c032b9dda1df7d1c" "/opt/rustwide/cargo-home/bin/cargo" "+beta-2023-12-22" "test" "--frozen" "--no-run" "--message-format=json", kill_on_drop: false }`
[INFO] [stdout] f4456725229edbb4f253d239b53f7667cd90d2c8a16f00d4c5a0513ae68cb532
[INFO] running `Command { std: "docker" "start" "-a" "f4456725229edbb4f253d239b53f7667cd90d2c8a16f00d4c5a0513ae68cb532", kill_on_drop: false }`
[INFO] [stderr]    Compiling safina-sync v0.2.4
[INFO] [stderr]    Compiling safina-threadpool v0.2.4
[INFO] [stderr]    Compiling safe-lock v0.1.3
[INFO] [stderr]    Compiling safina-timer v0.1.11
[INFO] [stderr]    Compiling safina-executor v0.3.3
[INFO] [stderr]    Compiling safina-threadpool v0.2.4 (/opt/rustwide/workdir)
[INFO] [stdout] error[E0432]: unresolved import `safina_threadpool::INTERNAL_MAX_THREADS`
[INFO] [stdout]    --> tests/sequential.rs:2:75
[INFO] [stdout]     |
[INFO] [stdout] 2   | use safina_threadpool::{NewThreadPoolError, ThreadPool, TryScheduleError, INTERNAL_MAX_THREADS};
[INFO] [stdout]     |                                                                           ^^^^^^^^^^^^^^^^^^^^ no `INTERNAL_MAX_THREADS` in the root
[INFO] [stdout]     |
[INFO] [stdout] note: found an item that was configured out
[INFO] [stdout]    --> /opt/rustwide/workdir/src/lib.rs:129:12
[INFO] [stdout]     |
[INFO] [stdout] 129 | pub static INTERNAL_MAX_THREADS: core::sync::atomic::AtomicUsize =
[INFO] [stdout]     |            ^^^^^^^^^^^^^^^^^^^^
[INFO] [stdout]     = note: the item is gated behind the `testing` feature
[INFO] [stdout] 
[INFO] [stdout] 
[INFO] [stdout] error[E0599]: no method named `num_live_threads_fn` found for struct `ThreadPool` in the current scope
[INFO] [stdout]    --> tests/sequential.rs:132:36
[INFO] [stdout]     |
[INFO] [stdout] 132 |     let num_live_threads_fn = pool.num_live_threads_fn();
[INFO] [stdout]     |                                    ^^^^^^^^^^^^^^^^^^^ help: there is a method with a similar name: `num_live_threads`
[INFO] [stdout] 
[INFO] [stdout] 
[INFO] [stderr] error: could not compile `safina-threadpool` (test "sequential") due to 3 previous errors
[INFO] [stderr] warning: build failed, waiting for other jobs to finish...
[INFO] [stdout] error: aborting due to 2 previous errors
[INFO] [stdout] 
[INFO] [stdout] 
[INFO] [stdout] Some errors have detailed explanations: E0432, E0599.
[INFO] [stdout] 
[INFO] [stdout] For more information about an error, try `rustc --explain E0432`.
[INFO] [stdout] 
[INFO] running `Command { std: "docker" "inspect" "f4456725229edbb4f253d239b53f7667cd90d2c8a16f00d4c5a0513ae68cb532", kill_on_drop: false }`
[INFO] running `Command { std: "docker" "rm" "-f" "f4456725229edbb4f253d239b53f7667cd90d2c8a16f00d4c5a0513ae68cb532", kill_on_drop: false }`
[INFO] [stdout] f4456725229edbb4f253d239b53f7667cd90d2c8a16f00d4c5a0513ae68cb532
