[INFO] fetching crate safe_uri_ext 0.1.0-beta.3...
[INFO] testing safe_uri_ext-0.1.0-beta.3 against 1.75.0 for beta-1.76-1
[INFO] extracting crate safe_uri_ext 0.1.0-beta.3 into /workspace/builds/worker-5-tc1/source
[INFO] validating manifest of crates.io crate safe_uri_ext 0.1.0-beta.3 on toolchain 1.75.0
[INFO] running `Command { std: CARGO_HOME="/workspace/cargo-home" RUSTUP_HOME="/workspace/rustup-home" "/workspace/cargo-home/bin/cargo" "+1.75.0" "metadata" "--manifest-path" "Cargo.toml" "--no-deps", kill_on_drop: false }`
[INFO] started tweaking crates.io crate safe_uri_ext 0.1.0-beta.3
[INFO] finished tweaking crates.io crate safe_uri_ext 0.1.0-beta.3
[INFO] tweaked toml for crates.io crate safe_uri_ext 0.1.0-beta.3 written to /workspace/builds/worker-5-tc1/source/Cargo.toml
[INFO] running `Command { std: CARGO_HOME="/workspace/cargo-home" RUSTUP_HOME="/workspace/rustup-home" "/workspace/cargo-home/bin/cargo" "+1.75.0" "generate-lockfile" "--manifest-path" "Cargo.toml", kill_on_drop: false }`
[INFO] [stderr]     Updating crates.io index
[INFO] running `Command { std: CARGO_HOME="/workspace/cargo-home" RUSTUP_HOME="/workspace/rustup-home" "/workspace/cargo-home/bin/cargo" "+1.75.0" "fetch" "--manifest-path" "Cargo.toml", kill_on_drop: false }`
[INFO] [stderr]  Downloading crates ...
[INFO] [stderr]   Downloaded safe_uri v0.1.0-beta.4
[INFO] [stderr]   Downloaded shared_bytes v0.1.0-beta.4
[INFO] running `Command { std: "docker" "create" "-v" "/var/lib/crater-agent-workspace/builds/worker-5-tc1/target:/opt/rustwide/target:rw,Z" "-v" "/var/lib/crater-agent-workspace/builds/worker-5-tc1/source:/opt/rustwide/workdir:ro,Z" "-v" "/var/lib/crater-agent-workspace/cargo-home:/opt/rustwide/cargo-home:ro,Z" "-v" "/var/lib/crater-agent-workspace/rustup-home:/opt/rustwide/rustup-home:ro,Z" "-e" "SOURCE_DIR=/opt/rustwide/workdir" "-e" "CARGO_TARGET_DIR=/opt/rustwide/target" "-e" "CARGO_HOME=/opt/rustwide/cargo-home" "-e" "RUSTUP_HOME=/opt/rustwide/rustup-home" "-w" "/opt/rustwide/workdir" "-m" "1610612736" "--user" "0:0" "--network" "none" "ghcr.io/rust-lang/crates-build-env/linux@sha256:2788e3201cd34a07e3172128adcd8b3090168a8e3bcc40d7c032b9dda1df7d1c" "/opt/rustwide/cargo-home/bin/cargo" "+1.75.0" "metadata" "--no-deps" "--format-version=1", kill_on_drop: false }`
[INFO] [stdout] d5110bcf3cb345bda9c0a24e1aca8248be9a03367567d7d972adb83d0ac0a725
[INFO] running `Command { std: "docker" "start" "-a" "d5110bcf3cb345bda9c0a24e1aca8248be9a03367567d7d972adb83d0ac0a725", kill_on_drop: false }`
[INFO] running `Command { std: "docker" "inspect" "d5110bcf3cb345bda9c0a24e1aca8248be9a03367567d7d972adb83d0ac0a725", kill_on_drop: false }`
[INFO] running `Command { std: "docker" "rm" "-f" "d5110bcf3cb345bda9c0a24e1aca8248be9a03367567d7d972adb83d0ac0a725", kill_on_drop: false }`
[INFO] [stdout] d5110bcf3cb345bda9c0a24e1aca8248be9a03367567d7d972adb83d0ac0a725
[INFO] running `Command { std: "docker" "create" "-v" "/var/lib/crater-agent-workspace/builds/worker-5-tc1/target:/opt/rustwide/target:rw,Z" "-v" "/var/lib/crater-agent-workspace/builds/worker-5-tc1/source:/opt/rustwide/workdir:ro,Z" "-v" "/var/lib/crater-agent-workspace/cargo-home:/opt/rustwide/cargo-home:ro,Z" "-v" "/var/lib/crater-agent-workspace/rustup-home:/opt/rustwide/rustup-home:ro,Z" "-e" "SOURCE_DIR=/opt/rustwide/workdir" "-e" "CARGO_TARGET_DIR=/opt/rustwide/target" "-e" "CARGO_INCREMENTAL=0" "-e" "RUST_BACKTRACE=full" "-e" "RUSTFLAGS=--cap-lints=warn" "-e" "RUSTDOCFLAGS=--cap-lints=warn" "-e" "CARGO_HOME=/opt/rustwide/cargo-home" "-e" "RUSTUP_HOME=/opt/rustwide/rustup-home" "-w" "/opt/rustwide/workdir" "-m" "1610612736" "--user" "0:0" "--network" "none" "ghcr.io/rust-lang/crates-build-env/linux@sha256:2788e3201cd34a07e3172128adcd8b3090168a8e3bcc40d7c032b9dda1df7d1c" "/opt/rustwide/cargo-home/bin/cargo" "+1.75.0" "build" "--frozen" "--message-format=json", kill_on_drop: false }`
[INFO] [stdout] b9127e4f64d442f8b6bfbe6be85e5592c96c17a79a5db7102aaa38d65c094f97
[INFO] running `Command { std: "docker" "start" "-a" "b9127e4f64d442f8b6bfbe6be85e5592c96c17a79a5db7102aaa38d65c094f97", kill_on_drop: false }`
[INFO] [stderr]    Compiling shared_bytes v0.1.0-beta.4
[INFO] [stderr]    Compiling safe_uri v0.1.0-beta.4
[INFO] [stderr]    Compiling safe_uri_ext v0.1.0-beta.3 (/opt/rustwide/workdir)
[INFO] [stdout] error[E0107]: struct takes 0 lifetime arguments but 1 lifetime argument was supplied
[INFO] [stdout]  --> src/display.rs:5:24
[INFO] [stdout]   |
[INFO] [stdout] 5 |     scheme: Option<&'a Scheme<'a>>,
[INFO] [stdout]   |                        ^^^^^^---- help: remove these generics
[INFO] [stdout]   |                        |
[INFO] [stdout]   |                        expected 0 lifetime arguments
[INFO] [stdout]   |
[INFO] [stdout] note: struct defined here, with 0 lifetime parameters
[INFO] [stdout]  --> /opt/rustwide/cargo-home/registry/src/index.crates.io-6f17d22bba15001f/safe_uri-0.1.0-beta.4/src/scheme/generated_struct.rs:8:12
[INFO] [stdout]   |
[INFO] [stdout] 8 | pub struct Scheme(SharedStr);
[INFO] [stdout]   |            ^^^^^^
[INFO] [stdout] 
[INFO] [stdout] 
[INFO] [stdout] error[E0107]: struct takes 0 lifetime arguments but 1 lifetime argument was supplied
[INFO] [stdout]  --> src/display.rs:6:27
[INFO] [stdout]   |
[INFO] [stdout] 6 |     authority: Option<&'a Authority<'a>>,
[INFO] [stdout]   |                           ^^^^^^^^^---- help: remove these generics
[INFO] [stdout]   |                           |
[INFO] [stdout]   |                           expected 0 lifetime arguments
[INFO] [stdout]   |
[INFO] [stdout] note: struct defined here, with 0 lifetime parameters
[INFO] [stdout]  --> /opt/rustwide/cargo-home/registry/src/index.crates.io-6f17d22bba15001f/safe_uri-0.1.0-beta.4/src/authority.rs:4:12
[INFO] [stdout]   |
[INFO] [stdout] 4 | pub struct Authority {
[INFO] [stdout]   |            ^^^^^^^^^
[INFO] [stdout] 
[INFO] [stdout] 
[INFO] [stdout] error[E0107]: struct takes 0 lifetime arguments but 1 lifetime argument was supplied
[INFO] [stdout]  --> src/display.rs:7:19
[INFO] [stdout]   |
[INFO] [stdout] 7 |     resource: &'a Resource<'a>,
[INFO] [stdout]   |                   ^^^^^^^^---- help: remove these generics
[INFO] [stdout]   |                   |
[INFO] [stdout]   |                   expected 0 lifetime arguments
[INFO] [stdout]   |
[INFO] [stdout] note: struct defined here, with 0 lifetime parameters
[INFO] [stdout]  --> /opt/rustwide/cargo-home/registry/src/index.crates.io-6f17d22bba15001f/safe_uri-0.1.0-beta.4/src/resource.rs:4:12
[INFO] [stdout]   |
[INFO] [stdout] 4 | pub struct Resource {
[INFO] [stdout]   |            ^^^^^^^^
[INFO] [stdout] 
[INFO] [stdout] 
[INFO] [stdout] error[E0107]: struct takes 0 lifetime arguments but 1 lifetime argument was supplied
[INFO] [stdout]  --> src/uri.rs:7:27
[INFO] [stdout]   |
[INFO] [stdout] 7 | pub struct ExtUri<'a>(pub Uri<'a>);
[INFO] [stdout]   |                           ^^^---- help: remove these generics
[INFO] [stdout]   |                           |
[INFO] [stdout]   |                           expected 0 lifetime arguments
[INFO] [stdout]   |
[INFO] [stdout] note: struct defined here, with 0 lifetime parameters
[INFO] [stdout]  --> /opt/rustwide/cargo-home/registry/src/index.crates.io-6f17d22bba15001f/safe_uri-0.1.0-beta.4/src/uri.rs:6:12
[INFO] [stdout]   |
[INFO] [stdout] 6 | pub struct Uri {
[INFO] [stdout]   |            ^^^
[INFO] [stdout] 
[INFO] [stdout] 
[INFO] [stdout] error[E0107]: struct takes 0 lifetime arguments but 1 lifetime argument was supplied
[INFO] [stdout]  --> src/uri_ref.rs:7:30
[INFO] [stdout]   |
[INFO] [stdout] 7 | pub struct ExtUriRef<'a>(pub UriRef<'a>);
[INFO] [stdout]   |                              ^^^^^^---- help: remove these generics
[INFO] [stdout]   |                              |
[INFO] [stdout]   |                              expected 0 lifetime arguments
[INFO] [stdout]   |
[INFO] [stdout] note: struct defined here, with 0 lifetime parameters
[INFO] [stdout]  --> /opt/rustwide/cargo-home/registry/src/index.crates.io-6f17d22bba15001f/safe_uri-0.1.0-beta.4/src/uri_ref.rs:6:12
[INFO] [stdout]   |
[INFO] [stdout] 6 | pub struct UriRef {
[INFO] [stdout]   |            ^^^^^^
[INFO] [stdout] 
[INFO] [stdout] 
[INFO] [stdout] error[E0107]: struct takes 0 lifetime arguments but 1 lifetime argument was supplied
[INFO] [stdout]   --> src/display.rs:37:19
[INFO] [stdout]    |
[INFO] [stdout] 37 | impl<'a> From<&'a Uri<'a>> for UriRefDisplay<'a> {
[INFO] [stdout]    |                   ^^^---- help: remove these generics
[INFO] [stdout]    |                   |
[INFO] [stdout]    |                   expected 0 lifetime arguments
[INFO] [stdout]    |
[INFO] [stdout] note: struct defined here, with 0 lifetime parameters
[INFO] [stdout]   --> /opt/rustwide/cargo-home/registry/src/index.crates.io-6f17d22bba15001f/safe_uri-0.1.0-beta.4/src/uri.rs:6:12
[INFO] [stdout]    |
[INFO] [stdout] 6  | pub struct Uri {
[INFO] [stdout]    |            ^^^
[INFO] [stdout] 
[INFO] [stdout] 
[INFO] [stdout] error[E0107]: struct takes 0 lifetime arguments but 1 lifetime argument was supplied
[INFO] [stdout]   --> src/display.rs:47:19
[INFO] [stdout]    |
[INFO] [stdout] 47 | impl<'a> From<&'a UriRef<'a>> for UriRefDisplay<'a> {
[INFO] [stdout]    |                   ^^^^^^---- help: remove these generics
[INFO] [stdout]    |                   |
[INFO] [stdout]    |                   expected 0 lifetime arguments
[INFO] [stdout]    |
[INFO] [stdout] note: struct defined here, with 0 lifetime parameters
[INFO] [stdout]   --> /opt/rustwide/cargo-home/registry/src/index.crates.io-6f17d22bba15001f/safe_uri-0.1.0-beta.4/src/uri_ref.rs:6:12
[INFO] [stdout]    |
[INFO] [stdout] 6  | pub struct UriRef {
[INFO] [stdout]    |            ^^^^^^
[INFO] [stdout] 
[INFO] [stdout] 
[INFO] [stdout] error[E0107]: struct takes 0 lifetime arguments but 1 lifetime argument was supplied
[INFO] [stdout]   --> src/display.rs:38:22
[INFO] [stdout]    |
[INFO] [stdout] 38 |     fn from(uri: &'a Uri<'a>) -> Self {
[INFO] [stdout]    |                      ^^^---- help: remove these generics
[INFO] [stdout]    |                      |
[INFO] [stdout]    |                      expected 0 lifetime arguments
[INFO] [stdout]    |
[INFO] [stdout] note: struct defined here, with 0 lifetime parameters
[INFO] [stdout]   --> /opt/rustwide/cargo-home/registry/src/index.crates.io-6f17d22bba15001f/safe_uri-0.1.0-beta.4/src/uri.rs:6:12
[INFO] [stdout]    |
[INFO] [stdout] 6  | pub struct Uri {
[INFO] [stdout]    |            ^^^
[INFO] [stdout] 
[INFO] [stdout] 
[INFO] [stdout] error[E0107]: struct takes 0 lifetime arguments but 1 lifetime argument was supplied
[INFO] [stdout]   --> src/display.rs:48:22
[INFO] [stdout]    |
[INFO] [stdout] 48 |     fn from(uri: &'a UriRef<'a>) -> Self {
[INFO] [stdout]    |                      ^^^^^^---- help: remove these generics
[INFO] [stdout]    |                      |
[INFO] [stdout]    |                      expected 0 lifetime arguments
[INFO] [stdout]    |
[INFO] [stdout] note: struct defined here, with 0 lifetime parameters
[INFO] [stdout]   --> /opt/rustwide/cargo-home/registry/src/index.crates.io-6f17d22bba15001f/safe_uri-0.1.0-beta.4/src/uri_ref.rs:6:12
[INFO] [stdout]    |
[INFO] [stdout] 6  | pub struct UriRef {
[INFO] [stdout]    |            ^^^^^^
[INFO] [stdout] 
[INFO] [stdout] 
[INFO] [stdout] error[E0107]: struct takes 0 lifetime arguments but 1 lifetime argument was supplied
[INFO] [stdout]   --> src/parse.rs:12:56
[INFO] [stdout]    |
[INFO] [stdout] 12 | pub fn parse_static_uri(input: &'static str) -> Result<Uri<'static>, ParseUriError> {
[INFO] [stdout]    |                                                        ^^^--------- help: remove these generics
[INFO] [stdout]    |                                                        |
[INFO] [stdout]    |                                                        expected 0 lifetime arguments
[INFO] [stdout]    |
[INFO] [stdout] note: struct defined here, with 0 lifetime parameters
[INFO] [stdout]   --> /opt/rustwide/cargo-home/registry/src/index.crates.io-6f17d22bba15001f/safe_uri-0.1.0-beta.4/src/uri.rs:6:12
[INFO] [stdout]    |
[INFO] [stdout] 6  | pub struct Uri {
[INFO] [stdout]    |            ^^^
[INFO] [stdout] 
[INFO] [stdout] 
[INFO] [stdout] error[E0107]: struct takes 0 lifetime arguments but 1 lifetime argument was supplied
[INFO] [stdout]   --> src/parse.rs:20:60
[INFO] [stdout]    |
[INFO] [stdout] 20 | pub fn parse_static_uri_ref(input: &'static str) -> Result<UriRef<'static>, ParseUriError> {
[INFO] [stdout]    |                                                            ^^^^^^--------- help: remove these generics
[INFO] [stdout]    |                                                            |
[INFO] [stdout]    |                                                            expected 0 lifetime arguments
[INFO] [stdout]    |
[INFO] [stdout] note: struct defined here, with 0 lifetime parameters
[INFO] [stdout]   --> /opt/rustwide/cargo-home/registry/src/index.crates.io-6f17d22bba15001f/safe_uri-0.1.0-beta.4/src/uri_ref.rs:6:12
[INFO] [stdout]    |
[INFO] [stdout] 6  | pub struct UriRef {
[INFO] [stdout]    |            ^^^^^^
[INFO] [stdout] 
[INFO] [stdout] 
[INFO] [stdout] error: aborting due to 11 previous errors
[INFO] [stdout] 
[INFO] [stdout] 
[INFO] [stdout] For more information about this error, try `rustc --explain E0107`.
[INFO] [stdout] 
[INFO] [stderr] error: could not compile `safe_uri_ext` (lib) due to 12 previous errors
[INFO] [stderr] warning: build failed, waiting for other jobs to finish...
[INFO] running `Command { std: "docker" "inspect" "b9127e4f64d442f8b6bfbe6be85e5592c96c17a79a5db7102aaa38d65c094f97", kill_on_drop: false }`
[INFO] running `Command { std: "docker" "rm" "-f" "b9127e4f64d442f8b6bfbe6be85e5592c96c17a79a5db7102aaa38d65c094f97", kill_on_drop: false }`
[INFO] [stdout] b9127e4f64d442f8b6bfbe6be85e5592c96c17a79a5db7102aaa38d65c094f97
[INFO] testing safe_uri_ext-0.1.0-beta.3 against beta-2023-12-22 for beta-1.76-1
[INFO] extracting crate safe_uri_ext 0.1.0-beta.3 into /workspace/builds/worker-5-tc2/source
[INFO] validating manifest of crates.io crate safe_uri_ext 0.1.0-beta.3 on toolchain beta-2023-12-22
[INFO] running `Command { std: CARGO_HOME="/workspace/cargo-home" RUSTUP_HOME="/workspace/rustup-home" "/workspace/cargo-home/bin/cargo" "+beta-2023-12-22" "metadata" "--manifest-path" "Cargo.toml" "--no-deps", kill_on_drop: false }`
[INFO] started tweaking crates.io crate safe_uri_ext 0.1.0-beta.3
[INFO] finished tweaking crates.io crate safe_uri_ext 0.1.0-beta.3
[INFO] tweaked toml for crates.io crate safe_uri_ext 0.1.0-beta.3 written to /workspace/builds/worker-5-tc2/source/Cargo.toml
[INFO] running `Command { std: CARGO_HOME="/workspace/cargo-home" RUSTUP_HOME="/workspace/rustup-home" "/workspace/cargo-home/bin/cargo" "+beta-2023-12-22" "generate-lockfile" "--manifest-path" "Cargo.toml", kill_on_drop: false }`
[INFO] [stderr]     Updating crates.io index
[INFO] running `Command { std: CARGO_HOME="/workspace/cargo-home" RUSTUP_HOME="/workspace/rustup-home" "/workspace/cargo-home/bin/cargo" "+beta-2023-12-22" "fetch" "--manifest-path" "Cargo.toml", kill_on_drop: false }`
[INFO] running `Command { std: "docker" "create" "-v" "/var/lib/crater-agent-workspace/builds/worker-5-tc2/target:/opt/rustwide/target:rw,Z" "-v" "/var/lib/crater-agent-workspace/builds/worker-5-tc2/source:/opt/rustwide/workdir:ro,Z" "-v" "/var/lib/crater-agent-workspace/cargo-home:/opt/rustwide/cargo-home:ro,Z" "-v" "/var/lib/crater-agent-workspace/rustup-home:/opt/rustwide/rustup-home:ro,Z" "-e" "SOURCE_DIR=/opt/rustwide/workdir" "-e" "CARGO_TARGET_DIR=/opt/rustwide/target" "-e" "CARGO_HOME=/opt/rustwide/cargo-home" "-e" "RUSTUP_HOME=/opt/rustwide/rustup-home" "-w" "/opt/rustwide/workdir" "-m" "1610612736" "--user" "0:0" "--network" "none" "ghcr.io/rust-lang/crates-build-env/linux@sha256:2788e3201cd34a07e3172128adcd8b3090168a8e3bcc40d7c032b9dda1df7d1c" "/opt/rustwide/cargo-home/bin/cargo" "+beta-2023-12-22" "metadata" "--no-deps" "--format-version=1", kill_on_drop: false }`
[INFO] [stdout] ca0763e8017bc9189719489036d363a1232ce0ab42dc1a4387232c13cac3dff9
[INFO] running `Command { std: "docker" "start" "-a" "ca0763e8017bc9189719489036d363a1232ce0ab42dc1a4387232c13cac3dff9", kill_on_drop: false }`
[INFO] running `Command { std: "docker" "inspect" "ca0763e8017bc9189719489036d363a1232ce0ab42dc1a4387232c13cac3dff9", kill_on_drop: false }`
[INFO] running `Command { std: "docker" "rm" "-f" "ca0763e8017bc9189719489036d363a1232ce0ab42dc1a4387232c13cac3dff9", kill_on_drop: false }`
[INFO] [stdout] ca0763e8017bc9189719489036d363a1232ce0ab42dc1a4387232c13cac3dff9
[INFO] running `Command { std: "docker" "create" "-v" "/var/lib/crater-agent-workspace/builds/worker-5-tc2/target:/opt/rustwide/target:rw,Z" "-v" "/var/lib/crater-agent-workspace/builds/worker-5-tc2/source:/opt/rustwide/workdir:ro,Z" "-v" "/var/lib/crater-agent-workspace/cargo-home:/opt/rustwide/cargo-home:ro,Z" "-v" "/var/lib/crater-agent-workspace/rustup-home:/opt/rustwide/rustup-home:ro,Z" "-e" "SOURCE_DIR=/opt/rustwide/workdir" "-e" "CARGO_TARGET_DIR=/opt/rustwide/target" "-e" "CARGO_INCREMENTAL=0" "-e" "RUST_BACKTRACE=full" "-e" "RUSTFLAGS=--cap-lints=warn" "-e" "RUSTDOCFLAGS=--cap-lints=warn" "-e" "CARGO_HOME=/opt/rustwide/cargo-home" "-e" "RUSTUP_HOME=/opt/rustwide/rustup-home" "-w" "/opt/rustwide/workdir" "-m" "1610612736" "--user" "0:0" "--network" "none" "ghcr.io/rust-lang/crates-build-env/linux@sha256:2788e3201cd34a07e3172128adcd8b3090168a8e3bcc40d7c032b9dda1df7d1c" "/opt/rustwide/cargo-home/bin/cargo" "+beta-2023-12-22" "build" "--frozen" "--message-format=json", kill_on_drop: false }`
[INFO] [stdout] d41c05bf6dbcb5768479e07974e43c91ad7e72bdf1b77f86abce9ba8da38c887
[INFO] running `Command { std: "docker" "start" "-a" "d41c05bf6dbcb5768479e07974e43c91ad7e72bdf1b77f86abce9ba8da38c887", kill_on_drop: false }`
[INFO] [stderr]    Compiling shared_bytes v0.1.0-beta.4
[INFO] [stderr]    Compiling safe_uri v0.1.0-beta.4
[INFO] [stderr]    Compiling safe_uri_ext v0.1.0-beta.3 (/opt/rustwide/workdir)
[INFO] [stdout] error[E0107]: struct takes 0 lifetime arguments but 1 lifetime argument was supplied
[INFO] [stdout]  --> src/display.rs:5:24
[INFO] [stdout]   |
[INFO] [stdout] 5 |     scheme: Option<&'a Scheme<'a>>,
[INFO] [stdout]   |                        ^^^^^^---- help: remove these generics
[INFO] [stdout]   |                        |
[INFO] [stdout]   |                        expected 0 lifetime arguments
[INFO] [stdout]   |
[INFO] [stdout] note: struct defined here, with 0 lifetime parameters
[INFO] [stdout]  --> /opt/rustwide/cargo-home/registry/src/index.crates.io-6f17d22bba15001f/safe_uri-0.1.0-beta.4/src/scheme/generated_struct.rs:8:12
[INFO] [stdout]   |
[INFO] [stdout] 8 | pub struct Scheme(SharedStr);
[INFO] [stdout]   |            ^^^^^^
[INFO] [stdout] 
[INFO] [stdout] 
[INFO] [stdout] error[E0107]: struct takes 0 lifetime arguments but 1 lifetime argument was supplied
[INFO] [stdout]  --> src/display.rs:6:27
[INFO] [stdout]   |
[INFO] [stdout] 6 |     authority: Option<&'a Authority<'a>>,
[INFO] [stdout]   |                           ^^^^^^^^^---- help: remove these generics
[INFO] [stdout]   |                           |
[INFO] [stdout]   |                           expected 0 lifetime arguments
[INFO] [stdout]   |
[INFO] [stdout] note: struct defined here, with 0 lifetime parameters
[INFO] [stdout]  --> /opt/rustwide/cargo-home/registry/src/index.crates.io-6f17d22bba15001f/safe_uri-0.1.0-beta.4/src/authority.rs:4:12
[INFO] [stdout]   |
[INFO] [stdout] 4 | pub struct Authority {
[INFO] [stdout]   |            ^^^^^^^^^
[INFO] [stdout] 
[INFO] [stdout] 
[INFO] [stdout] error[E0107]: struct takes 0 lifetime arguments but 1 lifetime argument was supplied
[INFO] [stdout]  --> src/display.rs:7:19
[INFO] [stdout]   |
[INFO] [stdout] 7 |     resource: &'a Resource<'a>,
[INFO] [stdout]   |                   ^^^^^^^^---- help: remove these generics
[INFO] [stdout]   |                   |
[INFO] [stdout]   |                   expected 0 lifetime arguments
[INFO] [stdout]   |
[INFO] [stdout] note: struct defined here, with 0 lifetime parameters
[INFO] [stdout]  --> /opt/rustwide/cargo-home/registry/src/index.crates.io-6f17d22bba15001f/safe_uri-0.1.0-beta.4/src/resource.rs:4:12
[INFO] [stdout]   |
[INFO] [stdout] 4 | pub struct Resource {
[INFO] [stdout]   |            ^^^^^^^^
[INFO] [stdout] 
[INFO] [stdout] 
[INFO] [stdout] error[E0107]: struct takes 0 lifetime arguments but 1 lifetime argument was supplied
[INFO] [stdout]  --> src/uri.rs:7:27
[INFO] [stdout]   |
[INFO] [stdout] 7 | pub struct ExtUri<'a>(pub Uri<'a>);
[INFO] [stdout]   |                           ^^^---- help: remove these generics
[INFO] [stdout]   |                           |
[INFO] [stdout]   |                           expected 0 lifetime arguments
[INFO] [stdout]   |
[INFO] [stdout] note: struct defined here, with 0 lifetime parameters
[INFO] [stdout]  --> /opt/rustwide/cargo-home/registry/src/index.crates.io-6f17d22bba15001f/safe_uri-0.1.0-beta.4/src/uri.rs:6:12
[INFO] [stdout]   |
[INFO] [stdout] 6 | pub struct Uri {
[INFO] [stdout]   |            ^^^
[INFO] [stdout] 
[INFO] [stdout] 
[INFO] [stdout] error[E0107]: struct takes 0 lifetime arguments but 1 lifetime argument was supplied
[INFO] [stdout]  --> src/uri_ref.rs:7:30
[INFO] [stdout]   |
[INFO] [stdout] 7 | pub struct ExtUriRef<'a>(pub UriRef<'a>);
[INFO] [stdout]   |                              ^^^^^^---- help: remove these generics
[INFO] [stdout]   |                              |
[INFO] [stdout]   |                              expected 0 lifetime arguments
[INFO] [stdout]   |
[INFO] [stdout] note: struct defined here, with 0 lifetime parameters
[INFO] [stdout]  --> /opt/rustwide/cargo-home/registry/src/index.crates.io-6f17d22bba15001f/safe_uri-0.1.0-beta.4/src/uri_ref.rs:6:12
[INFO] [stdout]   |
[INFO] [stdout] 6 | pub struct UriRef {
[INFO] [stdout]   |            ^^^^^^
[INFO] [stdout] 
[INFO] [stdout] 
[INFO] [stdout] error[E0107]: struct takes 0 lifetime arguments but 1 lifetime argument was supplied
[INFO] [stdout]   --> src/display.rs:37:19
[INFO] [stdout]    |
[INFO] [stdout] 37 | impl<'a> From<&'a Uri<'a>> for UriRefDisplay<'a> {
[INFO] [stdout]    |                   ^^^---- help: remove these generics
[INFO] [stdout]    |                   |
[INFO] [stdout]    |                   expected 0 lifetime arguments
[INFO] [stdout]    |
[INFO] [stdout] note: struct defined here, with 0 lifetime parameters
[INFO] [stdout]   --> /opt/rustwide/cargo-home/registry/src/index.crates.io-6f17d22bba15001f/safe_uri-0.1.0-beta.4/src/uri.rs:6:12
[INFO] [stdout]    |
[INFO] [stdout] 6  | pub struct Uri {
[INFO] [stdout]    |            ^^^
[INFO] [stdout] 
[INFO] [stdout] 
[INFO] [stdout] error[E0107]: struct takes 0 lifetime arguments but 1 lifetime argument was supplied
[INFO] [stdout]   --> src/display.rs:47:19
[INFO] [stdout]    |
[INFO] [stdout] 47 | impl<'a> From<&'a UriRef<'a>> for UriRefDisplay<'a> {
[INFO] [stdout]    |                   ^^^^^^---- help: remove these generics
[INFO] [stdout]    |                   |
[INFO] [stdout]    |                   expected 0 lifetime arguments
[INFO] [stdout]    |
[INFO] [stdout] note: struct defined here, with 0 lifetime parameters
[INFO] [stdout]   --> /opt/rustwide/cargo-home/registry/src/index.crates.io-6f17d22bba15001f/safe_uri-0.1.0-beta.4/src/uri_ref.rs:6:12
[INFO] [stdout]    |
[INFO] [stdout] 6  | pub struct UriRef {
[INFO] [stdout]    |            ^^^^^^
[INFO] [stdout] 
[INFO] [stdout] 
[INFO] [stdout] error[E0107]: struct takes 0 lifetime arguments but 1 lifetime argument was supplied
[INFO] [stdout]   --> src/display.rs:38:22
[INFO] [stdout]    |
[INFO] [stdout] 38 |     fn from(uri: &'a Uri<'a>) -> Self {
[INFO] [stdout]    |                      ^^^---- help: remove these generics
[INFO] [stdout]    |                      |
[INFO] [stdout]    |                      expected 0 lifetime arguments
[INFO] [stdout]    |
[INFO] [stdout] note: struct defined here, with 0 lifetime parameters
[INFO] [stdout]   --> /opt/rustwide/cargo-home/registry/src/index.crates.io-6f17d22bba15001f/safe_uri-0.1.0-beta.4/src/uri.rs:6:12
[INFO] [stdout]    |
[INFO] [stdout] 6  | pub struct Uri {
[INFO] [stdout]    |            ^^^
[INFO] [stdout] 
[INFO] [stdout] 
[INFO] [stdout] error[E0107]: struct takes 0 lifetime arguments but 1 lifetime argument was supplied
[INFO] [stdout]   --> src/display.rs:48:22
[INFO] [stdout]    |
[INFO] [stdout] 48 |     fn from(uri: &'a UriRef<'a>) -> Self {
[INFO] [stdout]    |                      ^^^^^^---- help: remove these generics
[INFO] [stdout]    |                      |
[INFO] [stdout]    |                      expected 0 lifetime arguments
[INFO] [stdout]    |
[INFO] [stdout] note: struct defined here, with 0 lifetime parameters
[INFO] [stdout]   --> /opt/rustwide/cargo-home/registry/src/index.crates.io-6f17d22bba15001f/safe_uri-0.1.0-beta.4/src/uri_ref.rs:6:12
[INFO] [stdout]    |
[INFO] [stdout] 6  | pub struct UriRef {
[INFO] [stdout]    |            ^^^^^^
[INFO] [stdout] 
[INFO] [stdout] 
[INFO] [stdout] error[E0107]: struct takes 0 lifetime arguments but 1 lifetime argument was supplied
[INFO] [stdout]   --> src/parse.rs:12:56
[INFO] [stdout]    |
[INFO] [stdout] 12 | pub fn parse_static_uri(input: &'static str) -> Result<Uri<'static>, ParseUriError> {
[INFO] [stdout]    |                                                        ^^^--------- help: remove these generics
[INFO] [stdout]    |                                                        |
[INFO] [stdout]    |                                                        expected 0 lifetime arguments
[INFO] [stdout]    |
[INFO] [stdout] note: struct defined here, with 0 lifetime parameters
[INFO] [stdout]   --> /opt/rustwide/cargo-home/registry/src/index.crates.io-6f17d22bba15001f/safe_uri-0.1.0-beta.4/src/uri.rs:6:12
[INFO] [stdout]    |
[INFO] [stdout] 6  | pub struct Uri {
[INFO] [stdout]    |            ^^^
[INFO] [stdout] 
[INFO] [stdout] 
[INFO] [stdout] error[E0107]: struct takes 0 lifetime arguments but 1 lifetime argument was supplied
[INFO] [stdout]   --> src/parse.rs:20:60
[INFO] [stdout]    |
[INFO] [stdout] 20 | pub fn parse_static_uri_ref(input: &'static str) -> Result<UriRef<'static>, ParseUriError> {
[INFO] [stdout]    |                                                            ^^^^^^--------- help: remove these generics
[INFO] [stdout]    |                                                            |
[INFO] [stdout]    |                                                            expected 0 lifetime arguments
[INFO] [stdout]    |
[INFO] [stdout] note: struct defined here, with 0 lifetime parameters
[INFO] [stdout]   --> /opt/rustwide/cargo-home/registry/src/index.crates.io-6f17d22bba15001f/safe_uri-0.1.0-beta.4/src/uri_ref.rs:6:12
[INFO] [stdout]    |
[INFO] [stdout] 6  | pub struct UriRef {
[INFO] [stdout]    |            ^^^^^^
[INFO] [stdout] 
[INFO] [stdout] 
[INFO] [stdout] error: aborting due to 11 previous errors
[INFO] [stdout] 
[INFO] [stdout] 
[INFO] [stdout] For more information about this error, try `rustc --explain E0107`.
[INFO] [stdout] 
[INFO] [stderr] error: could not compile `safe_uri_ext` (lib) due to 12 previous errors
[INFO] [stderr] warning: build failed, waiting for other jobs to finish...
[INFO] running `Command { std: "docker" "inspect" "d41c05bf6dbcb5768479e07974e43c91ad7e72bdf1b77f86abce9ba8da38c887", kill_on_drop: false }`
[INFO] running `Command { std: "docker" "rm" "-f" "d41c05bf6dbcb5768479e07974e43c91ad7e72bdf1b77f86abce9ba8da38c887", kill_on_drop: false }`
[INFO] [stdout] d41c05bf6dbcb5768479e07974e43c91ad7e72bdf1b77f86abce9ba8da38c887
