[INFO] fetching crate safe-vex 2.0.0...
[INFO] testing safe-vex-2.0.0 against 1.75.0 for beta-1.76-1
[INFO] extracting crate safe-vex 2.0.0 into /workspace/builds/worker-4-tc1/source
[INFO] validating manifest of crates.io crate safe-vex 2.0.0 on toolchain 1.75.0
[INFO] running `Command { std: CARGO_HOME="/workspace/cargo-home" RUSTUP_HOME="/workspace/rustup-home" "/workspace/cargo-home/bin/cargo" "+1.75.0" "metadata" "--manifest-path" "Cargo.toml" "--no-deps", kill_on_drop: false }`
[INFO] removed /workspace/builds/worker-4-tc1/source/.cargo/config
[INFO] removed /workspace/builds/worker-4-tc1/source/rust-toolchain
[INFO] started tweaking crates.io crate safe-vex 2.0.0
[INFO] finished tweaking crates.io crate safe-vex 2.0.0
[INFO] tweaked toml for crates.io crate safe-vex 2.0.0 written to /workspace/builds/worker-4-tc1/source/Cargo.toml
[INFO] running `Command { std: CARGO_HOME="/workspace/cargo-home" RUSTUP_HOME="/workspace/rustup-home" "/workspace/cargo-home/bin/cargo" "+1.75.0" "generate-lockfile" "--manifest-path" "Cargo.toml", kill_on_drop: false }`
[INFO] [stderr]     Updating crates.io index
[INFO] running `Command { std: CARGO_HOME="/workspace/cargo-home" RUSTUP_HOME="/workspace/rustup-home" "/workspace/cargo-home/bin/cargo" "+1.75.0" "fetch" "--manifest-path" "Cargo.toml", kill_on_drop: false }`
[INFO] [stderr]  Downloading crates ...
[INFO] [stderr]   Downloaded newlib-alloc v0.1.0
[INFO] [stderr]   Downloaded cstring-interop v0.1.0
[INFO] [stderr]   Downloaded safe-modular-arithmetic v0.2.4
[INFO] [stderr]   Downloaded libc-print v0.1.22
[INFO] [stderr]   Downloaded queue-model v0.1.2
[INFO] [stderr]   Downloaded generics-util v0.1.0
[INFO] [stderr]   Downloaded by_address v1.1.0
[INFO] [stderr]   Downloaded owner-monad v0.1.0
[INFO] [stderr]   Downloaded vex-rt-macros v0.1.1
[INFO] [stderr]   Downloaded rcstring v0.2.1
[INFO] [stderr]   Downloaded zip-extensions v0.6.2
[INFO] [stderr]   Downloaded slice-copy v0.3.0
[INFO] [stderr]   Downloaded vex-rt v0.15.1
[INFO] [stderr]   Downloaded raii-map v0.1.0
[INFO] running `Command { std: "docker" "create" "-v" "/var/lib/crater-agent-workspace/builds/worker-4-tc1/target:/opt/rustwide/target:rw,Z" "-v" "/var/lib/crater-agent-workspace/builds/worker-4-tc1/source:/opt/rustwide/workdir:ro,Z" "-v" "/var/lib/crater-agent-workspace/cargo-home:/opt/rustwide/cargo-home:ro,Z" "-v" "/var/lib/crater-agent-workspace/rustup-home:/opt/rustwide/rustup-home:ro,Z" "-e" "SOURCE_DIR=/opt/rustwide/workdir" "-e" "CARGO_TARGET_DIR=/opt/rustwide/target" "-e" "CARGO_HOME=/opt/rustwide/cargo-home" "-e" "RUSTUP_HOME=/opt/rustwide/rustup-home" "-w" "/opt/rustwide/workdir" "-m" "1610612736" "--user" "0:0" "--network" "none" "ghcr.io/rust-lang/crates-build-env/linux@sha256:2788e3201cd34a07e3172128adcd8b3090168a8e3bcc40d7c032b9dda1df7d1c" "/opt/rustwide/cargo-home/bin/cargo" "+1.75.0" "metadata" "--no-deps" "--format-version=1", kill_on_drop: false }`
[INFO] [stdout] cd812a869684f5ff076438aad389921083e684df5dfee6068333220cb48532aa
[INFO] running `Command { std: "docker" "start" "-a" "cd812a869684f5ff076438aad389921083e684df5dfee6068333220cb48532aa", kill_on_drop: false }`
[INFO] running `Command { std: "docker" "inspect" "cd812a869684f5ff076438aad389921083e684df5dfee6068333220cb48532aa", kill_on_drop: false }`
[INFO] running `Command { std: "docker" "rm" "-f" "cd812a869684f5ff076438aad389921083e684df5dfee6068333220cb48532aa", kill_on_drop: false }`
[INFO] [stdout] cd812a869684f5ff076438aad389921083e684df5dfee6068333220cb48532aa
[INFO] running `Command { std: "docker" "create" "-v" "/var/lib/crater-agent-workspace/builds/worker-4-tc1/target:/opt/rustwide/target:rw,Z" "-v" "/var/lib/crater-agent-workspace/builds/worker-4-tc1/source:/opt/rustwide/workdir:ro,Z" "-v" "/var/lib/crater-agent-workspace/cargo-home:/opt/rustwide/cargo-home:ro,Z" "-v" "/var/lib/crater-agent-workspace/rustup-home:/opt/rustwide/rustup-home:ro,Z" "-e" "SOURCE_DIR=/opt/rustwide/workdir" "-e" "CARGO_TARGET_DIR=/opt/rustwide/target" "-e" "CARGO_INCREMENTAL=0" "-e" "RUST_BACKTRACE=full" "-e" "RUSTFLAGS=--cap-lints=warn" "-e" "RUSTDOCFLAGS=--cap-lints=warn" "-e" "CARGO_HOME=/opt/rustwide/cargo-home" "-e" "RUSTUP_HOME=/opt/rustwide/rustup-home" "-w" "/opt/rustwide/workdir" "-m" "1610612736" "--user" "0:0" "--network" "none" "ghcr.io/rust-lang/crates-build-env/linux@sha256:2788e3201cd34a07e3172128adcd8b3090168a8e3bcc40d7c032b9dda1df7d1c" "/opt/rustwide/cargo-home/bin/cargo" "+1.75.0" "build" "--frozen" "--message-format=json", kill_on_drop: false }`
[INFO] [stdout] fc4a0ca014747cea403ea95e814b721a497b7fc5048294a190564a163ab6106f
[INFO] running `Command { std: "docker" "start" "-a" "fc4a0ca014747cea403ea95e814b721a497b7fc5048294a190564a163ab6106f", kill_on_drop: false }`
[INFO] [stderr]    Compiling typenum v1.17.0
[INFO] [stderr]    Compiling version_check v0.9.4
[INFO] [stderr]    Compiling libc v0.2.151
[INFO] [stderr]    Compiling pkg-config v0.3.28
[INFO] [stderr]    Compiling cfg-if v1.0.0
[INFO] [stderr]    Compiling rand_core v0.6.4
[INFO] [stderr]    Compiling subtle v2.5.0
[INFO] [stderr]    Compiling autocfg v1.1.0
[INFO] [stderr]    Compiling proc-macro2 v1.0.75
[INFO] [stderr]    Compiling unicode-ident v1.0.12
[INFO] [stderr]    Compiling cpufeatures v0.2.12
[INFO] [stderr]    Compiling syn v1.0.109
[INFO] [stderr]    Compiling glob v0.3.1
[INFO] [stderr]    Compiling generic-array v0.14.7
[INFO] [stderr]    Compiling zstd-safe v5.0.2+zstd.1.5.2
[INFO] [stderr]    Compiling crc32fast v1.3.2
[INFO] [stderr]    Compiling either v1.9.0
[INFO] [stderr]    Compiling powerfmt v0.2.0
[INFO] [stderr]    Compiling rustix v0.38.28
[INFO] [stderr]    Compiling base64ct v1.6.0
[INFO] [stderr]    Compiling clang-sys v1.7.0
[INFO] [stderr]    Compiling adler v1.0.2
[INFO] [stderr]    Compiling deranged v0.3.11
[INFO] [stderr]    Compiling quote v1.0.35
[INFO] [stderr]    Compiling password-hash v0.4.2
[INFO] [stderr]    Compiling jobserver v0.1.27
[INFO] [stderr]    Compiling miniz_oxide v0.7.1
[INFO] [stderr]    Compiling regex-syntax v0.8.2
[INFO] [stderr]    Compiling cc v1.0.83
[INFO] [stderr]    Compiling minimal-lexical v0.2.1
[INFO] [stderr]    Compiling time-core v0.1.2
[INFO] [stderr]    Compiling bitflags v2.4.1
[INFO] [stderr]    Compiling linux-raw-sys v0.4.12
[INFO] [stderr]    Compiling memchr v2.7.1
[INFO] [stderr]    Compiling time v0.3.31
[INFO] [stderr]    Compiling crypto-common v0.1.6
[INFO] [stderr]    Compiling block-buffer v0.10.4
[INFO] [stderr]    Compiling inout v0.1.3
[INFO] [stderr]    Compiling digest v0.10.7
[INFO] [stderr]    Compiling cipher v0.4.4
[INFO] [stderr]    Compiling hmac v0.12.1
[INFO] [stderr]    Compiling sha2 v0.10.8
[INFO] [stderr]    Compiling aes v0.8.3
[INFO] [stderr]    Compiling zstd-sys v2.0.9+zstd.1.5.5
[INFO] [stderr]    Compiling bzip2-sys v0.1.11+1.0.8
[INFO] [stderr]    Compiling regex-automata v0.4.3
[INFO] [stderr]    Compiling pbkdf2 v0.11.0
[INFO] [stderr]    Compiling nom v7.1.3
[INFO] [stderr]    Compiling sha1 v0.10.6
[INFO] [stderr]    Compiling flate2 v1.0.28
[INFO] [stderr]    Compiling bitmaps v2.1.0
[INFO] [stderr]    Compiling num-traits v0.2.17
[INFO] [stderr]    Compiling im v15.1.0
[INFO] [stderr]    Compiling libloading v0.8.1
[INFO] [stderr]    Compiling bindgen v0.63.0
[INFO] [stderr]    Compiling constant_time_eq v0.1.5
[INFO] [stderr]    Compiling byteorder v1.5.0
[INFO] [stderr]    Compiling home v0.5.9
[INFO] [stderr]    Compiling sized-chunks v0.6.5
[INFO] [stderr]    Compiling which v4.4.2
[INFO] [stderr]    Compiling regex v1.10.2
[INFO] [stderr]    Compiling lock_api v0.4.11
[INFO] [stderr]    Compiling cexpr v0.6.0
[INFO] [stderr]    Compiling rand_xoshiro v0.6.0
[INFO] [stderr]    Compiling lazy_static v1.4.0
[INFO] [stderr]    Compiling peeking_take_while v0.1.2
[INFO] [stderr]    Compiling shlex v1.2.0
[INFO] [stderr]    Compiling rustc-hash v1.1.0
[INFO] [stderr]    Compiling lazycell v1.3.0
[INFO] [stderr]    Compiling log v0.4.20
[INFO] [stderr]    Compiling bitflags v1.3.2
[INFO] [stderr]    Compiling unicode-segmentation v1.10.1
[INFO] [stderr]    Compiling scopeguard v1.2.0
[INFO] [stderr]    Compiling convert_case v0.6.0
[INFO] [stderr]    Compiling itertools v0.10.5
[INFO] [stderr]    Compiling owner-monad v0.1.0
[INFO] [stderr]    Compiling rcstring v0.2.1
[INFO] [stderr]    Compiling cstring-interop v0.1.0
[INFO] [stderr]    Compiling raii-map v0.1.0
[INFO] [stderr]    Compiling safe-modular-arithmetic v0.2.4
[INFO] [stderr]    Compiling spin v0.9.8
[INFO] [stderr]    Compiling newlib-alloc v0.1.0
[INFO] [stderr]    Compiling libc-print v0.1.22
[INFO] [stderr]    Compiling slice-copy v0.3.0
[INFO] [stderr]    Compiling queue-model v0.1.2
[INFO] [stderr]    Compiling by_address v1.1.0
[INFO] [stderr]    Compiling generics-util v0.1.0
[INFO] [stderr]    Compiling vex-rt-macros v0.1.1
[INFO] [stderr]    Compiling bzip2 v0.4.4
[INFO] [stderr]    Compiling zstd v0.11.2+zstd.1.5.2
[INFO] [stderr]    Compiling zip v0.6.6
[INFO] [stderr]    Compiling zip-extensions v0.6.2
[INFO] [stderr]    Compiling vex-rt v0.15.1
[INFO] [stdout] error[E0554]: `#![feature]` may not be used on the stable release channel
[INFO] [stdout]  --> /opt/rustwide/cargo-home/registry/src/index.crates.io-6f17d22bba15001f/vex-rt-0.15.1/src/lib.rs:4:1
[INFO] [stdout]   |
[INFO] [stdout] 4 | #![feature(alloc_error_handler)]
[INFO] [stdout]   | ^^^^^^^^^^^^^^^^^^^^^^^^^^^^^^^^
[INFO] [stdout] 
[INFO] [stdout] 
[INFO] [stdout] error[E0554]: `#![feature]` may not be used on the stable release channel
[INFO] [stdout]  --> /opt/rustwide/cargo-home/registry/src/index.crates.io-6f17d22bba15001f/vex-rt-0.15.1/src/lib.rs:5:1
[INFO] [stdout]   |
[INFO] [stdout] 5 | #![feature(negative_impls)]
[INFO] [stdout]   | ^^^^^^^^^^^^^^^^^^^^^^^^^^^
[INFO] [stdout] 
[INFO] [stdout] 
[INFO] [stdout] error[E0308]: mismatched types
[INFO] [stdout]    --> /opt/rustwide/cargo-home/registry/src/index.crates.io-6f17d22bba15001f/vex-rt-0.15.1/src/controller.rs:313:26
[INFO] [stdout]     |
[INFO] [stdout] 313 |         copy(&mut chars, str.as_bytes());
[INFO] [stdout]     |         ----             ^^^^^^^^^^^^^^ expected `&[i8]`, found `&[u8]`
[INFO] [stdout]     |         |
[INFO] [stdout]     |         arguments to this function are incorrect
[INFO] [stdout]     |
[INFO] [stdout]     = note: expected reference `&[i8]`
[INFO] [stdout]                found reference `&[u8]`
[INFO] [stdout] note: function defined here
[INFO] [stdout]    --> /opt/rustwide/cargo-home/registry/src/index.crates.io-6f17d22bba15001f/slice-copy-0.3.0/src/lib.rs:70:8
[INFO] [stdout]     |
[INFO] [stdout] 70  | pub fn copy<T>(dst: &mut [T], src: &[T]) -> usize
[INFO] [stdout]     |        ^^^^
[INFO] [stdout] 
[INFO] [stdout] 
[INFO] [stdout] error: aborting due to 3 previous errors
[INFO] [stdout] 
[INFO] [stdout] 
[INFO] [stdout] Some errors have detailed explanations: E0308, E0554.
[INFO] [stdout] 
[INFO] [stdout] For more information about an error, try `rustc --explain E0308`.
[INFO] [stdout] 
[INFO] [stderr] error: could not compile `vex-rt` (lib) due to 4 previous errors
[INFO] running `Command { std: "docker" "inspect" "fc4a0ca014747cea403ea95e814b721a497b7fc5048294a190564a163ab6106f", kill_on_drop: false }`
[INFO] running `Command { std: "docker" "rm" "-f" "fc4a0ca014747cea403ea95e814b721a497b7fc5048294a190564a163ab6106f", kill_on_drop: false }`
[INFO] [stdout] fc4a0ca014747cea403ea95e814b721a497b7fc5048294a190564a163ab6106f
[INFO] testing safe-vex-2.0.0 against beta-2023-12-22 for beta-1.76-1
[INFO] extracting crate safe-vex 2.0.0 into /workspace/builds/worker-4-tc2/source
[INFO] validating manifest of crates.io crate safe-vex 2.0.0 on toolchain beta-2023-12-22
[INFO] running `Command { std: CARGO_HOME="/workspace/cargo-home" RUSTUP_HOME="/workspace/rustup-home" "/workspace/cargo-home/bin/cargo" "+beta-2023-12-22" "metadata" "--manifest-path" "Cargo.toml" "--no-deps", kill_on_drop: false }`
[INFO] removed /workspace/builds/worker-4-tc2/source/.cargo/config
[INFO] removed /workspace/builds/worker-4-tc2/source/rust-toolchain
[INFO] started tweaking crates.io crate safe-vex 2.0.0
[INFO] finished tweaking crates.io crate safe-vex 2.0.0
[INFO] tweaked toml for crates.io crate safe-vex 2.0.0 written to /workspace/builds/worker-4-tc2/source/Cargo.toml
[INFO] running `Command { std: CARGO_HOME="/workspace/cargo-home" RUSTUP_HOME="/workspace/rustup-home" "/workspace/cargo-home/bin/cargo" "+beta-2023-12-22" "generate-lockfile" "--manifest-path" "Cargo.toml", kill_on_drop: false }`
[INFO] [stderr]     Updating crates.io index
[INFO] running `Command { std: CARGO_HOME="/workspace/cargo-home" RUSTUP_HOME="/workspace/rustup-home" "/workspace/cargo-home/bin/cargo" "+beta-2023-12-22" "fetch" "--manifest-path" "Cargo.toml", kill_on_drop: false }`
[INFO] running `Command { std: "docker" "create" "-v" "/var/lib/crater-agent-workspace/builds/worker-4-tc2/target:/opt/rustwide/target:rw,Z" "-v" "/var/lib/crater-agent-workspace/builds/worker-4-tc2/source:/opt/rustwide/workdir:ro,Z" "-v" "/var/lib/crater-agent-workspace/cargo-home:/opt/rustwide/cargo-home:ro,Z" "-v" "/var/lib/crater-agent-workspace/rustup-home:/opt/rustwide/rustup-home:ro,Z" "-e" "SOURCE_DIR=/opt/rustwide/workdir" "-e" "CARGO_TARGET_DIR=/opt/rustwide/target" "-e" "CARGO_HOME=/opt/rustwide/cargo-home" "-e" "RUSTUP_HOME=/opt/rustwide/rustup-home" "-w" "/opt/rustwide/workdir" "-m" "1610612736" "--user" "0:0" "--network" "none" "ghcr.io/rust-lang/crates-build-env/linux@sha256:2788e3201cd34a07e3172128adcd8b3090168a8e3bcc40d7c032b9dda1df7d1c" "/opt/rustwide/cargo-home/bin/cargo" "+beta-2023-12-22" "metadata" "--no-deps" "--format-version=1", kill_on_drop: false }`
[INFO] [stdout] 3e80623b7bc882f4633afd7a3c2cefea3dcad50b73d35739ad6b51328db53afe
[INFO] running `Command { std: "docker" "start" "-a" "3e80623b7bc882f4633afd7a3c2cefea3dcad50b73d35739ad6b51328db53afe", kill_on_drop: false }`
[INFO] running `Command { std: "docker" "inspect" "3e80623b7bc882f4633afd7a3c2cefea3dcad50b73d35739ad6b51328db53afe", kill_on_drop: false }`
[INFO] running `Command { std: "docker" "rm" "-f" "3e80623b7bc882f4633afd7a3c2cefea3dcad50b73d35739ad6b51328db53afe", kill_on_drop: false }`
[INFO] [stdout] 3e80623b7bc882f4633afd7a3c2cefea3dcad50b73d35739ad6b51328db53afe
[INFO] running `Command { std: "docker" "create" "-v" "/var/lib/crater-agent-workspace/builds/worker-4-tc2/target:/opt/rustwide/target:rw,Z" "-v" "/var/lib/crater-agent-workspace/builds/worker-4-tc2/source:/opt/rustwide/workdir:ro,Z" "-v" "/var/lib/crater-agent-workspace/cargo-home:/opt/rustwide/cargo-home:ro,Z" "-v" "/var/lib/crater-agent-workspace/rustup-home:/opt/rustwide/rustup-home:ro,Z" "-e" "SOURCE_DIR=/opt/rustwide/workdir" "-e" "CARGO_TARGET_DIR=/opt/rustwide/target" "-e" "CARGO_INCREMENTAL=0" "-e" "RUST_BACKTRACE=full" "-e" "RUSTFLAGS=--cap-lints=warn" "-e" "RUSTDOCFLAGS=--cap-lints=warn" "-e" "CARGO_HOME=/opt/rustwide/cargo-home" "-e" "RUSTUP_HOME=/opt/rustwide/rustup-home" "-w" "/opt/rustwide/workdir" "-m" "1610612736" "--user" "0:0" "--network" "none" "ghcr.io/rust-lang/crates-build-env/linux@sha256:2788e3201cd34a07e3172128adcd8b3090168a8e3bcc40d7c032b9dda1df7d1c" "/opt/rustwide/cargo-home/bin/cargo" "+beta-2023-12-22" "build" "--frozen" "--message-format=json", kill_on_drop: false }`
[INFO] [stdout] 07e5748851c071f5b6bea8514a65c92f5b5e4051e2de37ab8f83f775b480cd30
[INFO] running `Command { std: "docker" "start" "-a" "07e5748851c071f5b6bea8514a65c92f5b5e4051e2de37ab8f83f775b480cd30", kill_on_drop: false }`
[INFO] [stderr]    Compiling version_check v0.9.4
[INFO] [stderr]    Compiling typenum v1.17.0
[INFO] [stderr]    Compiling libc v0.2.151
[INFO] [stderr]    Compiling cfg-if v1.0.0
[INFO] [stderr]    Compiling pkg-config v0.3.28
[INFO] [stderr]    Compiling rand_core v0.6.4
[INFO] [stderr]    Compiling subtle v2.5.0
[INFO] [stderr]    Compiling proc-macro2 v1.0.75
[INFO] [stderr]    Compiling autocfg v1.1.0
[INFO] [stderr]    Compiling cpufeatures v0.2.12
[INFO] [stderr]    Compiling unicode-ident v1.0.12
[INFO] [stderr]    Compiling syn v1.0.109
[INFO] [stderr]    Compiling zstd-safe v5.0.2+zstd.1.5.2
[INFO] [stderr]    Compiling generic-array v0.14.7
[INFO] [stderr]    Compiling crc32fast v1.3.2
[INFO] [stderr]    Compiling glob v0.3.1
[INFO] [stderr]    Compiling powerfmt v0.2.0
[INFO] [stderr]    Compiling either v1.9.0
[INFO] [stderr]    Compiling rustix v0.38.28
[INFO] [stderr]    Compiling quote v1.0.35
[INFO] [stderr]    Compiling adler v1.0.2
[INFO] [stderr]    Compiling base64ct v1.6.0
[INFO] [stderr]    Compiling clang-sys v1.7.0
[INFO] [stderr]    Compiling miniz_oxide v0.7.1
[INFO] [stderr]    Compiling password-hash v0.4.2
[INFO] [stderr]    Compiling deranged v0.3.11
[INFO] [stderr]    Compiling jobserver v0.1.27
[INFO] [stderr]    Compiling minimal-lexical v0.2.1
[INFO] [stderr]    Compiling memchr v2.7.1
[INFO] [stderr]    Compiling bitflags v2.4.1
[INFO] [stderr]    Compiling cc v1.0.83
[INFO] [stderr]    Compiling linux-raw-sys v0.4.12
[INFO] [stderr]    Compiling regex-syntax v0.8.2
[INFO] [stderr]    Compiling crypto-common v0.1.6
[INFO] [stderr]    Compiling block-buffer v0.10.4
[INFO] [stderr]    Compiling digest v0.10.7
[INFO] [stderr]    Compiling inout v0.1.3
[INFO] [stderr]    Compiling cipher v0.4.4
[INFO] [stderr]    Compiling time-core v0.1.2
[INFO] [stderr]    Compiling sha2 v0.10.8
[INFO] [stderr]    Compiling hmac v0.12.1
[INFO] [stderr]    Compiling time v0.3.31
[INFO] [stderr]    Compiling sha1 v0.10.6
[INFO] [stderr]    Compiling aes v0.8.3
[INFO] [stderr]    Compiling nom v7.1.3
[INFO] [stderr]    Compiling pbkdf2 v0.11.0
[INFO] [stderr]    Compiling bitmaps v2.1.0
[INFO] [stderr]    Compiling flate2 v1.0.28
[INFO] [stderr]    Compiling zstd-sys v2.0.9+zstd.1.5.5
[INFO] [stderr]    Compiling bzip2-sys v0.1.11+1.0.8
[INFO] [stderr]    Compiling num-traits v0.2.17
[INFO] [stderr]    Compiling regex-automata v0.4.3
[INFO] [stderr]    Compiling im v15.1.0
[INFO] [stderr]    Compiling libloading v0.8.1
[INFO] [stderr]    Compiling home v0.5.9
[INFO] [stderr]    Compiling constant_time_eq v0.1.5
[INFO] [stderr]    Compiling byteorder v1.5.0
[INFO] [stderr]    Compiling bindgen v0.63.0
[INFO] [stderr]    Compiling which v4.4.2
[INFO] [stderr]    Compiling cexpr v0.6.0
[INFO] [stderr]    Compiling sized-chunks v0.6.5
[INFO] [stderr]    Compiling lock_api v0.4.11
[INFO] [stderr]    Compiling rand_xoshiro v0.6.0
[INFO] [stderr]    Compiling shlex v1.2.0
[INFO] [stderr]    Compiling rustc-hash v1.1.0
[INFO] [stderr]    Compiling peeking_take_while v0.1.2
[INFO] [stderr]    Compiling regex v1.10.2
[INFO] [stderr]    Compiling lazy_static v1.4.0
[INFO] [stderr]    Compiling log v0.4.20
[INFO] [stderr]    Compiling lazycell v1.3.0
[INFO] [stderr]    Compiling bitflags v1.3.2
[INFO] [stderr]    Compiling scopeguard v1.2.0
[INFO] [stderr]    Compiling unicode-segmentation v1.10.1
[INFO] [stderr]    Compiling itertools v0.10.5
[INFO] [stderr]    Compiling owner-monad v0.1.0
[INFO] [stderr]    Compiling rcstring v0.2.1
[INFO] [stderr]    Compiling cstring-interop v0.1.0
[INFO] [stderr]    Compiling raii-map v0.1.0
[INFO] [stderr]    Compiling convert_case v0.6.0
[INFO] [stderr]    Compiling spin v0.9.8
[INFO] [stderr]    Compiling safe-modular-arithmetic v0.2.4
[INFO] [stderr]    Compiling queue-model v0.1.2
[INFO] [stderr]    Compiling libc-print v0.1.22
[INFO] [stderr]    Compiling newlib-alloc v0.1.0
[INFO] [stderr]    Compiling slice-copy v0.3.0
[INFO] [stderr]    Compiling by_address v1.1.0
[INFO] [stderr]    Compiling generics-util v0.1.0
[INFO] [stderr]    Compiling vex-rt-macros v0.1.1
[INFO] [stderr]    Compiling bzip2 v0.4.4
[INFO] [stderr]    Compiling zstd v0.11.2+zstd.1.5.2
[INFO] [stderr]    Compiling zip v0.6.6
[INFO] [stderr]    Compiling zip-extensions v0.6.2
[INFO] [stderr]    Compiling vex-rt v0.15.1
[INFO] [stdout] error[E0554]: `#![feature]` may not be used on the beta release channel
[INFO] [stdout]  --> /opt/rustwide/cargo-home/registry/src/index.crates.io-6f17d22bba15001f/vex-rt-0.15.1/src/lib.rs:4:1
[INFO] [stdout]   |
[INFO] [stdout] 4 | #![feature(alloc_error_handler)]
[INFO] [stdout]   | ^^^^^^^^^^^^^^^^^^^^^^^^^^^^^^^^
[INFO] [stdout] 
[INFO] [stdout] 
[INFO] [stdout] error[E0554]: `#![feature]` may not be used on the beta release channel
[INFO] [stdout]  --> /opt/rustwide/cargo-home/registry/src/index.crates.io-6f17d22bba15001f/vex-rt-0.15.1/src/lib.rs:5:1
[INFO] [stdout]   |
[INFO] [stdout] 5 | #![feature(negative_impls)]
[INFO] [stdout]   | ^^^^^^^^^^^^^^^^^^^^^^^^^^^
[INFO] [stdout] 
[INFO] [stdout] 
[INFO] [stdout] error[E0308]: mismatched types
[INFO] [stdout]    --> /opt/rustwide/cargo-home/registry/src/index.crates.io-6f17d22bba15001f/vex-rt-0.15.1/src/controller.rs:313:26
[INFO] [stdout]     |
[INFO] [stdout] 313 |         copy(&mut chars, str.as_bytes());
[INFO] [stdout]     |         ----             ^^^^^^^^^^^^^^ expected `&[i8]`, found `&[u8]`
[INFO] [stdout]     |         |
[INFO] [stdout]     |         arguments to this function are incorrect
[INFO] [stdout]     |
[INFO] [stdout]     = note: expected reference `&[i8]`
[INFO] [stdout]                found reference `&[u8]`
[INFO] [stdout] note: function defined here
[INFO] [stdout]    --> /opt/rustwide/cargo-home/registry/src/index.crates.io-6f17d22bba15001f/slice-copy-0.3.0/src/lib.rs:70:8
[INFO] [stdout]     |
[INFO] [stdout] 70  | pub fn copy<T>(dst: &mut [T], src: &[T]) -> usize
[INFO] [stdout]     |        ^^^^
[INFO] [stdout] 
[INFO] [stdout] 
[INFO] [stdout] error: aborting due to 3 previous errors
[INFO] [stdout] 
[INFO] [stdout] 
[INFO] [stdout] Some errors have detailed explanations: E0308, E0554.
[INFO] [stdout] 
[INFO] [stdout] For more information about an error, try `rustc --explain E0308`.
[INFO] [stdout] 
[INFO] [stderr] error: could not compile `vex-rt` (lib) due to 4 previous errors
[INFO] running `Command { std: "docker" "inspect" "07e5748851c071f5b6bea8514a65c92f5b5e4051e2de37ab8f83f775b480cd30", kill_on_drop: false }`
[INFO] running `Command { std: "docker" "rm" "-f" "07e5748851c071f5b6bea8514a65c92f5b5e4051e2de37ab8f83f775b480cd30", kill_on_drop: false }`
[INFO] [stdout] 07e5748851c071f5b6bea8514a65c92f5b5e4051e2de37ab8f83f775b480cd30
