[INFO] fetching crate safe-tensors-loader 0.0.0...
[INFO] testing safe-tensors-loader-0.0.0 against 1.75.0 for beta-1.76-1
[INFO] extracting crate safe-tensors-loader 0.0.0 into /workspace/builds/worker-2-tc1/source
[INFO] validating manifest of crates.io crate safe-tensors-loader 0.0.0 on toolchain 1.75.0
[INFO] running `Command { std: CARGO_HOME="/workspace/cargo-home" RUSTUP_HOME="/workspace/rustup-home" "/workspace/cargo-home/bin/cargo" "+1.75.0" "metadata" "--manifest-path" "Cargo.toml" "--no-deps", kill_on_drop: false }`
[INFO] started tweaking crates.io crate safe-tensors-loader 0.0.0
[INFO] finished tweaking crates.io crate safe-tensors-loader 0.0.0
[INFO] tweaked toml for crates.io crate safe-tensors-loader 0.0.0 written to /workspace/builds/worker-2-tc1/source/Cargo.toml
[INFO] running `Command { std: CARGO_HOME="/workspace/cargo-home" RUSTUP_HOME="/workspace/rustup-home" "/workspace/cargo-home/bin/cargo" "+1.75.0" "generate-lockfile" "--manifest-path" "Cargo.toml", kill_on_drop: false }`
[INFO] [stderr]     Updating crates.io index
[INFO] running `Command { std: CARGO_HOME="/workspace/cargo-home" RUSTUP_HOME="/workspace/rustup-home" "/workspace/cargo-home/bin/cargo" "+1.75.0" "fetch" "--manifest-path" "Cargo.toml", kill_on_drop: false }`
[INFO] [stderr]  Downloading crates ...
[INFO] [stderr]   Downloaded safetensors v0.3.3
[INFO] [stderr]   Downloaded onnx-protobuf v0.2.1
[INFO] running `Command { std: "docker" "create" "-v" "/var/lib/crater-agent-workspace/builds/worker-2-tc1/target:/opt/rustwide/target:rw,Z" "-v" "/var/lib/crater-agent-workspace/builds/worker-2-tc1/source:/opt/rustwide/workdir:ro,Z" "-v" "/var/lib/crater-agent-workspace/cargo-home:/opt/rustwide/cargo-home:ro,Z" "-v" "/var/lib/crater-agent-workspace/rustup-home:/opt/rustwide/rustup-home:ro,Z" "-e" "SOURCE_DIR=/opt/rustwide/workdir" "-e" "CARGO_TARGET_DIR=/opt/rustwide/target" "-e" "CARGO_HOME=/opt/rustwide/cargo-home" "-e" "RUSTUP_HOME=/opt/rustwide/rustup-home" "-w" "/opt/rustwide/workdir" "-m" "1610612736" "--user" "0:0" "--network" "none" "ghcr.io/rust-lang/crates-build-env/linux@sha256:2788e3201cd34a07e3172128adcd8b3090168a8e3bcc40d7c032b9dda1df7d1c" "/opt/rustwide/cargo-home/bin/cargo" "+1.75.0" "metadata" "--no-deps" "--format-version=1", kill_on_drop: false }`
[INFO] [stdout] 8bedf5e89ba12ea69c2757600b5826f2fcae3d2494cdc53b13635d007358ce9f
[INFO] running `Command { std: "docker" "start" "-a" "8bedf5e89ba12ea69c2757600b5826f2fcae3d2494cdc53b13635d007358ce9f", kill_on_drop: false }`
[INFO] running `Command { std: "docker" "inspect" "8bedf5e89ba12ea69c2757600b5826f2fcae3d2494cdc53b13635d007358ce9f", kill_on_drop: false }`
[INFO] running `Command { std: "docker" "rm" "-f" "8bedf5e89ba12ea69c2757600b5826f2fcae3d2494cdc53b13635d007358ce9f", kill_on_drop: false }`
[INFO] [stdout] 8bedf5e89ba12ea69c2757600b5826f2fcae3d2494cdc53b13635d007358ce9f
[INFO] running `Command { std: "docker" "create" "-v" "/var/lib/crater-agent-workspace/builds/worker-2-tc1/target:/opt/rustwide/target:rw,Z" "-v" "/var/lib/crater-agent-workspace/builds/worker-2-tc1/source:/opt/rustwide/workdir:ro,Z" "-v" "/var/lib/crater-agent-workspace/cargo-home:/opt/rustwide/cargo-home:ro,Z" "-v" "/var/lib/crater-agent-workspace/rustup-home:/opt/rustwide/rustup-home:ro,Z" "-e" "SOURCE_DIR=/opt/rustwide/workdir" "-e" "CARGO_TARGET_DIR=/opt/rustwide/target" "-e" "CARGO_INCREMENTAL=0" "-e" "RUST_BACKTRACE=full" "-e" "RUSTFLAGS=--cap-lints=warn" "-e" "RUSTDOCFLAGS=--cap-lints=warn" "-e" "CARGO_HOME=/opt/rustwide/cargo-home" "-e" "RUSTUP_HOME=/opt/rustwide/rustup-home" "-w" "/opt/rustwide/workdir" "-m" "1610612736" "--user" "0:0" "--network" "none" "ghcr.io/rust-lang/crates-build-env/linux@sha256:2788e3201cd34a07e3172128adcd8b3090168a8e3bcc40d7c032b9dda1df7d1c" "/opt/rustwide/cargo-home/bin/cargo" "+1.75.0" "build" "--frozen" "--message-format=json", kill_on_drop: false }`
[INFO] [stdout] 483540aab0ad5775de8d104ce199c2048d2dd21384f41864df817c8219962856
[INFO] running `Command { std: "docker" "start" "-a" "483540aab0ad5775de8d104ce199c2048d2dd21384f41864df817c8219962856", kill_on_drop: false }`
[INFO] [stderr]    Compiling libc v0.2.151
[INFO] [stderr]    Compiling pkg-config v0.3.28
[INFO] [stderr]    Compiling subtle v2.5.0
[INFO] [stderr]    Compiling serde v1.0.194
[INFO] [stderr]    Compiling thiserror v1.0.56
[INFO] [stderr]    Compiling cpufeatures v0.2.12
[INFO] [stderr]    Compiling crc32fast v1.3.2
[INFO] [stderr]    Compiling zstd-safe v5.0.2+zstd.1.5.2
[INFO] [stderr]    Compiling serde_json v1.0.111
[INFO] [stderr]    Compiling adler v1.0.2
[INFO] [stderr]    Compiling typenum v1.17.0
[INFO] [stderr]    Compiling generic-array v0.14.7
[INFO] [stderr]    Compiling proc-macro2 v1.0.75
[INFO] [stderr]    Compiling num-traits v0.2.17
[INFO] [stderr]    Compiling num-integer v0.1.45
[INFO] [stderr]    Compiling num-bigint v0.4.4
[INFO] [stderr]    Compiling protobuf v3.3.0
[INFO] [stderr]    Compiling base64ct v1.6.0
[INFO] [stderr]    Compiling rand_core v0.6.4
[INFO] [stderr]    Compiling itoa v1.0.10
[INFO] [stderr]    Compiling powerfmt v0.2.0
[INFO] [stderr]    Compiling ryu v1.0.16
[INFO] [stderr]    Compiling miniz_oxide v0.7.1
[INFO] [stderr]    Compiling time-core v0.1.2
[INFO] [stderr]    Compiling password-hash v0.4.2
[INFO] [stderr]    Compiling byteorder v1.5.0
[INFO] [stderr]    Compiling iter-read v0.3.1
[INFO] [stderr]    Compiling constant_time_eq v0.1.5
[INFO] [stderr]    Compiling deranged v0.3.11
[INFO] [stderr]    Compiling quote v1.0.35
[INFO] [stderr]    Compiling syn v2.0.48
[INFO] [stderr]    Compiling flate2 v1.0.28
[INFO] [stderr]    Compiling jobserver v0.1.27
[INFO] [stderr]    Compiling time v0.3.31
[INFO] [stderr]    Compiling crypto-common v0.1.6
[INFO] [stderr]    Compiling block-buffer v0.10.4
[INFO] [stderr]    Compiling inout v0.1.3
[INFO] [stderr]    Compiling cc v1.0.83
[INFO] [stderr]    Compiling cipher v0.4.4
[INFO] [stderr]    Compiling digest v0.10.7
[INFO] [stderr]    Compiling aes v0.8.3
[INFO] [stderr]    Compiling sha2 v0.10.8
[INFO] [stderr]    Compiling hmac v0.12.1
[INFO] [stderr]    Compiling sha1 v0.10.6
[INFO] [stderr]    Compiling pbkdf2 v0.11.0
[INFO] [stderr]    Compiling zstd-sys v2.0.9+zstd.1.5.5
[INFO] [stderr]    Compiling bzip2-sys v0.1.11+1.0.8
[INFO] [stderr]    Compiling serde_derive v1.0.194
[INFO] [stderr]    Compiling thiserror-impl v1.0.56
[INFO] [stderr]    Compiling bzip2 v0.4.4
[INFO] [stderr]    Compiling protobuf-support v3.3.0
[INFO] [stderr]    Compiling zstd v0.11.2+zstd.1.5.2
[INFO] [stderr]    Compiling zip v0.6.6
[INFO] [stderr]    Compiling serde-pickle v1.1.1
[INFO] [stderr]    Compiling safetensors v0.3.3
[INFO] [stderr]    Compiling onnx-protobuf v0.2.1
[INFO] [stdout] error[E0425]: cannot find value `VERSION_3_2_0` in crate `protobuf`
[INFO] [stdout]   --> /opt/rustwide/cargo-home/registry/src/index.crates.io-6f17d22bba15001f/onnx-protobuf-0.2.1/src/protos/onnx.rs:27:49
[INFO] [stdout]    |
[INFO] [stdout] 27 | const _PROTOBUF_VERSION_CHECK: () = ::protobuf::VERSION_3_2_0;
[INFO] [stdout]    |                                                 ^^^^^^^^^^^^^ help: a constant with a similar name exists: `VERSION_3_3_0`
[INFO] [stdout]    |
[INFO] [stdout]   ::: /opt/rustwide/target/debug/build/protobuf-7281386ed24b7cae/out/version.rs:7:1
[INFO] [stdout]    |
[INFO] [stdout] 7  | pub const VERSION_3_3_0: () = ();
[INFO] [stdout]    | --------------------------- similarly named constant `VERSION_3_3_0` defined here
[INFO] [stdout] 
[INFO] [stdout] 
[INFO] [stdout] error[E0046]: not all trait items implemented, missing: `from_str`
[INFO] [stdout]     --> /opt/rustwide/cargo-home/registry/src/index.crates.io-6f17d22bba15001f/onnx-protobuf-0.2.1/src/protos/onnx.rs:4931:1
[INFO] [stdout]      |
[INFO] [stdout] 4931 | impl ::protobuf::Enum for Version {
[INFO] [stdout]      | ^^^^^^^^^^^^^^^^^^^^^^^^^^^^^^^^^ missing `from_str` in implementation
[INFO] [stdout]      |
[INFO] [stdout]      = help: implement the missing item: `fn from_str(_: &str) -> std::option::Option<Self> { todo!() }`
[INFO] [stdout] 
[INFO] [stdout] 
[INFO] [stdout] error[E0046]: not all trait items implemented, missing: `from_str`
[INFO] [stdout]     --> /opt/rustwide/cargo-home/registry/src/index.crates.io-6f17d22bba15001f/onnx-protobuf-0.2.1/src/protos/onnx.rs:4984:1
[INFO] [stdout]      |
[INFO] [stdout] 4984 | impl ::protobuf::Enum for OperatorStatus {
[INFO] [stdout]      | ^^^^^^^^^^^^^^^^^^^^^^^^^^^^^^^^^^^^^^^^ missing `from_str` in implementation
[INFO] [stdout]      |
[INFO] [stdout]      = help: implement the missing item: `fn from_str(_: &str) -> std::option::Option<Self> { todo!() }`
[INFO] [stdout] 
[INFO] [stdout] 
[INFO] [stdout] error[E0046]: not all trait items implemented, missing: `from_str`
[INFO] [stdout]    --> /opt/rustwide/cargo-home/registry/src/index.crates.io-6f17d22bba15001f/onnx-protobuf-0.2.1/src/protos/onnx.rs:593:5
[INFO] [stdout]     |
[INFO] [stdout] 593 |     impl ::protobuf::Enum for AttributeType {
[INFO] [stdout]     |     ^^^^^^^^^^^^^^^^^^^^^^^^^^^^^^^^^^^^^^^ missing `from_str` in implementation
[INFO] [stdout]     |
[INFO] [stdout]     = help: implement the missing item: `fn from_str(_: &str) -> std::option::Option<Self> { todo!() }`
[INFO] [stdout] 
[INFO] [stdout] 
[INFO] [stdout] error[E0046]: not all trait items implemented, missing: `from_str`
[INFO] [stdout]     --> /opt/rustwide/cargo-home/registry/src/index.crates.io-6f17d22bba15001f/onnx-protobuf-0.2.1/src/protos/onnx.rs:2868:5
[INFO] [stdout]      |
[INFO] [stdout] 2868 |     impl ::protobuf::Enum for DataType {
[INFO] [stdout]      |     ^^^^^^^^^^^^^^^^^^^^^^^^^^^^^^^^^^ missing `from_str` in implementation
[INFO] [stdout]      |
[INFO] [stdout]      = help: implement the missing item: `fn from_str(_: &str) -> std::option::Option<Self> { todo!() }`
[INFO] [stdout] 
[INFO] [stdout] 
[INFO] [stdout] error[E0046]: not all trait items implemented, missing: `from_str`
[INFO] [stdout]     --> /opt/rustwide/cargo-home/registry/src/index.crates.io-6f17d22bba15001f/onnx-protobuf-0.2.1/src/protos/onnx.rs:2935:5
[INFO] [stdout]      |
[INFO] [stdout] 2935 |     impl ::protobuf::Enum for DataLocation {
[INFO] [stdout]      |     ^^^^^^^^^^^^^^^^^^^^^^^^^^^^^^^^^^^^^^ missing `from_str` in implementation
[INFO] [stdout]      |
[INFO] [stdout]      = help: implement the missing item: `fn from_str(_: &str) -> std::option::Option<Self> { todo!() }`
[INFO] [stdout] 
[INFO] [stdout] 
[INFO] [stdout] error: aborting due to 6 previous errors
[INFO] [stdout] 
[INFO] [stdout] 
[INFO] [stdout] Some errors have detailed explanations: E0046, E0425.
[INFO] [stdout] 
[INFO] [stdout] For more information about an error, try `rustc --explain E0046`.
[INFO] [stdout] 
[INFO] [stderr] error: could not compile `onnx-protobuf` (lib) due to 7 previous errors
[INFO] [stderr] warning: build failed, waiting for other jobs to finish...
[INFO] running `Command { std: "docker" "inspect" "483540aab0ad5775de8d104ce199c2048d2dd21384f41864df817c8219962856", kill_on_drop: false }`
[INFO] running `Command { std: "docker" "rm" "-f" "483540aab0ad5775de8d104ce199c2048d2dd21384f41864df817c8219962856", kill_on_drop: false }`
[INFO] [stdout] 483540aab0ad5775de8d104ce199c2048d2dd21384f41864df817c8219962856
