[INFO] fetching crate safe-anchor-lang 0.22.0...
[INFO] testing safe-anchor-lang-0.22.0 against 1.75.0 for beta-1.76-1
[INFO] extracting crate safe-anchor-lang 0.22.0 into /workspace/builds/worker-2-tc1/source
[INFO] validating manifest of crates.io crate safe-anchor-lang 0.22.0 on toolchain 1.75.0
[INFO] running `Command { std: CARGO_HOME="/workspace/cargo-home" RUSTUP_HOME="/workspace/rustup-home" "/workspace/cargo-home/bin/cargo" "+1.75.0" "metadata" "--manifest-path" "Cargo.toml" "--no-deps", kill_on_drop: false }`
[INFO] started tweaking crates.io crate safe-anchor-lang 0.22.0
[INFO] finished tweaking crates.io crate safe-anchor-lang 0.22.0
[INFO] tweaked toml for crates.io crate safe-anchor-lang 0.22.0 written to /workspace/builds/worker-2-tc1/source/Cargo.toml
[INFO] running `Command { std: CARGO_HOME="/workspace/cargo-home" RUSTUP_HOME="/workspace/rustup-home" "/workspace/cargo-home/bin/cargo" "+1.75.0" "generate-lockfile" "--manifest-path" "Cargo.toml", kill_on_drop: false }`
[INFO] [stderr]     Updating crates.io index
[INFO] running `Command { std: CARGO_HOME="/workspace/cargo-home" RUSTUP_HOME="/workspace/rustup-home" "/workspace/cargo-home/bin/cargo" "+1.75.0" "fetch" "--manifest-path" "Cargo.toml", kill_on_drop: false }`
[INFO] [stderr]  Downloading crates ...
[INFO] [stderr]   Downloaded anchor-attribute-program v0.22.1
[INFO] [stderr]   Downloaded anchor-attribute-account v0.22.1
[INFO] [stderr]   Downloaded anchor-attribute-interface v0.22.1
[INFO] [stderr]   Downloaded anchor-attribute-constant v0.22.1
[INFO] [stderr]   Downloaded anchor-attribute-event v0.22.1
[INFO] [stderr]   Downloaded anchor-attribute-access-control v0.22.1
[INFO] [stderr]   Downloaded safecoin-frozen-abi-macro v1.14.17
[INFO] [stderr]   Downloaded anchor-derive-accounts v0.22.1
[INFO] [stderr]   Downloaded anchor-syn v0.22.1
[INFO] [stderr]   Downloaded anchor-attribute-state v0.22.1
[INFO] [stderr]   Downloaded safecoin-sdk-macro v1.14.17
[INFO] [stderr]   Downloaded safecoin-frozen-abi v1.14.17
[INFO] [stderr]   Downloaded anchor-attribute-error v0.22.1
[INFO] [stderr]   Downloaded safecoin-program v1.14.17
[INFO] running `Command { std: "docker" "create" "-v" "/var/lib/crater-agent-workspace/builds/worker-2-tc1/target:/opt/rustwide/target:rw,Z" "-v" "/var/lib/crater-agent-workspace/builds/worker-2-tc1/source:/opt/rustwide/workdir:ro,Z" "-v" "/var/lib/crater-agent-workspace/cargo-home:/opt/rustwide/cargo-home:ro,Z" "-v" "/var/lib/crater-agent-workspace/rustup-home:/opt/rustwide/rustup-home:ro,Z" "-e" "SOURCE_DIR=/opt/rustwide/workdir" "-e" "CARGO_TARGET_DIR=/opt/rustwide/target" "-e" "CARGO_HOME=/opt/rustwide/cargo-home" "-e" "RUSTUP_HOME=/opt/rustwide/rustup-home" "-w" "/opt/rustwide/workdir" "-m" "1610612736" "--user" "0:0" "--network" "none" "ghcr.io/rust-lang/crates-build-env/linux@sha256:2788e3201cd34a07e3172128adcd8b3090168a8e3bcc40d7c032b9dda1df7d1c" "/opt/rustwide/cargo-home/bin/cargo" "+1.75.0" "metadata" "--no-deps" "--format-version=1", kill_on_drop: false }`
[INFO] [stdout] 3b047e6d557385ade50d1f9f48b094448884c2facc808397dadb1bdfd842689d
[INFO] running `Command { std: "docker" "start" "-a" "3b047e6d557385ade50d1f9f48b094448884c2facc808397dadb1bdfd842689d", kill_on_drop: false }`
[INFO] running `Command { std: "docker" "inspect" "3b047e6d557385ade50d1f9f48b094448884c2facc808397dadb1bdfd842689d", kill_on_drop: false }`
[INFO] running `Command { std: "docker" "rm" "-f" "3b047e6d557385ade50d1f9f48b094448884c2facc808397dadb1bdfd842689d", kill_on_drop: false }`
[INFO] [stdout] 3b047e6d557385ade50d1f9f48b094448884c2facc808397dadb1bdfd842689d
[INFO] running `Command { std: "docker" "create" "-v" "/var/lib/crater-agent-workspace/builds/worker-2-tc1/target:/opt/rustwide/target:rw,Z" "-v" "/var/lib/crater-agent-workspace/builds/worker-2-tc1/source:/opt/rustwide/workdir:ro,Z" "-v" "/var/lib/crater-agent-workspace/cargo-home:/opt/rustwide/cargo-home:ro,Z" "-v" "/var/lib/crater-agent-workspace/rustup-home:/opt/rustwide/rustup-home:ro,Z" "-e" "SOURCE_DIR=/opt/rustwide/workdir" "-e" "CARGO_TARGET_DIR=/opt/rustwide/target" "-e" "CARGO_INCREMENTAL=0" "-e" "RUST_BACKTRACE=full" "-e" "RUSTFLAGS=--cap-lints=warn" "-e" "RUSTDOCFLAGS=--cap-lints=warn" "-e" "CARGO_HOME=/opt/rustwide/cargo-home" "-e" "RUSTUP_HOME=/opt/rustwide/rustup-home" "-w" "/opt/rustwide/workdir" "-m" "1610612736" "--user" "0:0" "--network" "none" "ghcr.io/rust-lang/crates-build-env/linux@sha256:2788e3201cd34a07e3172128adcd8b3090168a8e3bcc40d7c032b9dda1df7d1c" "/opt/rustwide/cargo-home/bin/cargo" "+1.75.0" "build" "--frozen" "--message-format=json", kill_on_drop: false }`
[INFO] [stdout] 4b3665009ef79d85344d65fb25a58c51fa22757443d5e3853ecf42e1ad16fa21
[INFO] running `Command { std: "docker" "start" "-a" "4b3665009ef79d85344d65fb25a58c51fa22757443d5e3853ecf42e1ad16fa21", kill_on_drop: false }`
[INFO] [stderr]    Compiling proc-macro2 v1.0.75
[INFO] [stderr]    Compiling version_check v0.9.4
[INFO] [stderr]    Compiling serde v1.0.194
[INFO] [stderr]    Compiling typenum v1.17.0
[INFO] [stderr]    Compiling libc v0.2.151
[INFO] [stderr]    Compiling syn v1.0.109
[INFO] [stderr]    Compiling subtle v2.5.0
[INFO] [stderr]    Compiling cpufeatures v0.2.12
[INFO] [stderr]    Compiling block-padding v0.2.1
[INFO] [stderr]    Compiling thiserror v1.0.56
[INFO] [stderr]    Compiling opaque-debug v0.3.0
[INFO] [stderr]    Compiling serde_json v1.0.111
[INFO] [stderr]    Compiling anyhow v1.0.79
[INFO] [stderr]    Compiling itoa v1.0.10
[INFO] [stderr]    Compiling ryu v1.0.16
[INFO] [stderr]    Compiling semver v1.0.21
[INFO] [stderr]    Compiling once_cell v1.19.0
[INFO] [stderr]    Compiling yansi v0.5.1
[INFO] [stderr]    Compiling unicode-segmentation v1.10.1
[INFO] [stderr]    Compiling bs58 v0.3.1
[INFO] [stderr]    Compiling getrandom v0.1.16
[INFO] [stderr]    Compiling crunchy v0.2.2
[INFO] [stderr]    Compiling crossbeam-utils v0.8.18
[INFO] [stderr]    Compiling wasm-bindgen-shared v0.2.89
[INFO] [stderr]    Compiling log v0.4.20
[INFO] [stderr]    Compiling bumpalo v3.14.0
[INFO] [stderr]    Compiling generic-array v0.14.7
[INFO] [stderr]    Compiling proc-macro2-diagnostics v0.9.1
[INFO] [stderr]    Compiling ahash v0.7.7
[INFO] [stderr]    Compiling heck v0.3.3
[INFO] [stderr]    Compiling feature-probe v0.1.1
[INFO] [stderr]    Compiling rustversion v1.0.14
[INFO] [stderr]    Compiling either v1.9.0
[INFO] [stderr]    Compiling im v15.1.0
[INFO] [stderr]    Compiling memchr v2.7.1
[INFO] [stderr]    Compiling arrayref v0.3.7
[INFO] [stderr]    Compiling rustc_version v0.4.0
[INFO] [stderr]    Compiling bv v0.11.1
[INFO] [stderr]    Compiling bs58 v0.4.0
[INFO] [stderr]    Compiling tinyvec_macros v0.1.1
[INFO] [stderr]    Compiling num-traits v0.2.17
[INFO] [stderr]    Compiling arrayvec v0.7.4
[INFO] [stderr]    Compiling crossbeam-epoch v0.9.17
[INFO] [stderr]    Compiling tinyvec v1.6.0
[INFO] [stderr]    Compiling regex-syntax v0.8.2
[INFO] [stderr]    Compiling quote v1.0.35
[INFO] [stderr]    Compiling wasm-bindgen v0.2.89
[INFO] [stderr]    Compiling constant_time_eq v0.3.0
[INFO] [stderr]    Compiling byteorder v1.5.0
[INFO] [stderr]    Compiling crossbeam-deque v0.8.4
[INFO] [stderr]    Compiling safecoin-frozen-abi-macro v1.14.17
[INFO] [stderr]    Compiling syn v2.0.48
[INFO] [stderr]    Compiling rayon-core v1.12.0
[INFO] [stderr]    Compiling aho-corasick v1.1.2
[INFO] [stderr]    Compiling safecoin-frozen-abi v1.14.17
[INFO] [stderr]    Compiling rustc-hash v1.1.0
[INFO] [stderr]    Compiling base64 v0.12.3
[INFO] [stderr]    Compiling keccak v0.1.4
[INFO] [stderr]    Compiling itertools v0.10.5
[INFO] [stderr]    Compiling base64 v0.13.1
[INFO] [stderr]    Compiling bitmaps v2.1.0
[INFO] [stderr]    Compiling unicode-normalization v0.1.22
[INFO] [stderr]    Compiling rayon v1.8.0
[INFO] [stderr]    Compiling getrandom v0.2.11
[INFO] [stderr]    Compiling jobserver v0.1.27
[INFO] [stderr]    Compiling memmap2 v0.5.10
[INFO] [stderr]    Compiling rand_core v0.6.4
[INFO] [stderr]    Compiling cc v1.0.83
[INFO] [stderr]    Compiling rand_core v0.5.1
[INFO] [stderr]    Compiling rand_xoshiro v0.6.0
[INFO] [stderr]    Compiling rand_chacha v0.2.2
[INFO] [stderr]    Compiling hashbrown v0.12.3
[INFO] [stderr]    Compiling hashbrown v0.11.2
[INFO] [stderr]    Compiling sized-chunks v0.6.5
[INFO] [stderr]    Compiling rand v0.7.3
[INFO] [stderr]    Compiling regex-automata v0.4.3
[INFO] [stderr]    Compiling blake3 v1.5.0
[INFO] [stderr]    Compiling safecoin-program v1.14.17
[INFO] [stderr]    Compiling wasm-bindgen-backend v0.2.89
[INFO] [stderr]    Compiling borsh-schema-derive-internal v0.9.3
[INFO] [stderr]    Compiling borsh-derive-internal v0.9.3
[INFO] [stderr]    Compiling regex v1.10.2
[INFO] [stderr]    Compiling serde_derive v1.0.194
[INFO] [stderr]    Compiling thiserror-impl v1.0.56
[INFO] [stderr]    Compiling zeroize_derive v1.4.2
[INFO] [stderr]    Compiling bytemuck_derive v1.5.0
[INFO] [stderr]    Compiling wasm-bindgen-macro-support v0.2.89
[INFO] [stderr]    Compiling safecoin-sdk-macro v1.14.17
[INFO] [stderr]    Compiling num-derive v0.3.3
[INFO] [stderr]    Compiling wasm-bindgen-macro v0.2.89
[INFO] [stderr]    Compiling zeroize v1.3.0
[INFO] [stderr]    Compiling bytemuck v1.14.0
[INFO] [stderr]    Compiling toml v0.5.11
[INFO] [stderr]    Compiling serde_bytes v0.11.14
[INFO] [stderr]    Compiling bincode v1.3.3
[INFO] [stderr]    Compiling digest v0.9.0
[INFO] [stderr]    Compiling block-buffer v0.9.0
[INFO] [stderr]    Compiling crypto-mac v0.8.0
[INFO] [stderr]    Compiling crypto-common v0.1.6
[INFO] [stderr]    Compiling block-buffer v0.10.4
[INFO] [stderr]    Compiling pbkdf2 v0.4.0
[INFO] [stderr]    Compiling libsecp256k1-core v0.2.2
[INFO] [stderr]    Compiling hmac v0.8.1
[INFO] [stderr]    Compiling curve25519-dalek v3.2.1
[INFO] [stderr]    Compiling sha2 v0.9.9
[INFO] [stderr]    Compiling digest v0.10.7
[INFO] [stderr]    Compiling hmac-drbg v0.3.0
[INFO] [stderr]    Compiling sha2 v0.10.8
[INFO] [stderr]    Compiling sha3 v0.10.8
[INFO] [stderr]    Compiling anchor-syn v0.22.1
[INFO] [stderr]    Compiling tiny-bip39 v0.8.2
[INFO] [stderr]    Compiling proc-macro-crate v0.1.5
[INFO] [stderr]    Compiling libsecp256k1-gen-ecmult v0.2.1
[INFO] [stderr]    Compiling libsecp256k1-gen-genmult v0.2.1
[INFO] [stderr]    Compiling borsh-derive v0.9.3
[INFO] [stderr]    Compiling libsecp256k1 v0.6.0
[INFO] [stderr]    Compiling borsh v0.9.3
[INFO] [stderr]    Compiling anchor-attribute-constant v0.22.1
[INFO] [stderr]    Compiling anchor-attribute-interface v0.22.1
[INFO] [stderr]    Compiling anchor-attribute-state v0.22.1
[INFO] [stderr]    Compiling anchor-attribute-error v0.22.1
[INFO] [stderr]    Compiling anchor-attribute-event v0.22.1
[INFO] [stderr]    Compiling anchor-attribute-program v0.22.1
[INFO] [stderr]    Compiling anchor-derive-accounts v0.22.1
[INFO] [stderr]    Compiling anchor-attribute-access-control v0.22.1
[INFO] [stderr]    Compiling anchor-attribute-account v0.22.1
[INFO] [stderr]    Compiling safe-anchor-lang v0.22.0 (/opt/rustwide/workdir)
[INFO] [stdout] error[E0433]: failed to resolve: use of undeclared crate or module `safecoin_program`
[INFO] [stdout]  --> src/account_meta.rs:2:5
[INFO] [stdout]   |
[INFO] [stdout] 2 | use safecoin_program::instruction::AccountMeta;
[INFO] [stdout]   |     ^^^^^^^^^^^^^^^^ use of undeclared crate or module `safecoin_program`
[INFO] [stdout] 
[INFO] [stdout] 
[INFO] [stdout] error[E0433]: failed to resolve: use of undeclared crate or module `safecoin_program`
[INFO] [stdout]  --> src/accounts/account_info.rs:7:5
[INFO] [stdout]   |
[INFO] [stdout] 7 | use safecoin_program::account_info::AccountInfo;
[INFO] [stdout]   |     ^^^^^^^^^^^^^^^^ use of undeclared crate or module `safecoin_program`
[INFO] [stdout] 
[INFO] [stdout] 
[INFO] [stdout] error[E0433]: failed to resolve: use of undeclared crate or module `safecoin_program`
[INFO] [stdout]  --> src/accounts/account_info.rs:8:5
[INFO] [stdout]   |
[INFO] [stdout] 8 | use safecoin_program::instruction::AccountMeta;
[INFO] [stdout]   |     ^^^^^^^^^^^^^^^^ use of undeclared crate or module `safecoin_program`
[INFO] [stdout] 
[INFO] [stdout] 
[INFO] [stdout] error[E0433]: failed to resolve: use of undeclared crate or module `safecoin_program`
[INFO] [stdout]  --> src/accounts/account_info.rs:9:5
[INFO] [stdout]   |
[INFO] [stdout] 9 | use safecoin_program::pubkey::Pubkey;
[INFO] [stdout]   |     ^^^^^^^^^^^^^^^^ use of undeclared crate or module `safecoin_program`
[INFO] [stdout] 
[INFO] [stdout] 
[INFO] [stdout] error[E0433]: failed to resolve: use of undeclared crate or module `safecoin_program`
[INFO] [stdout]   --> src/accounts/boxed.rs:17:5
[INFO] [stdout]    |
[INFO] [stdout] 17 | use safecoin_program::account_info::AccountInfo;
[INFO] [stdout]    |     ^^^^^^^^^^^^^^^^ use of undeclared crate or module `safecoin_program`
[INFO] [stdout] 
[INFO] [stdout] 
[INFO] [stdout] error[E0433]: failed to resolve: use of undeclared crate or module `safecoin_program`
[INFO] [stdout]   --> src/accounts/boxed.rs:18:5
[INFO] [stdout]    |
[INFO] [stdout] 18 | use safecoin_program::instruction::AccountMeta;
[INFO] [stdout]    |     ^^^^^^^^^^^^^^^^ use of undeclared crate or module `safecoin_program`
[INFO] [stdout] 
[INFO] [stdout] 
[INFO] [stdout] error[E0433]: failed to resolve: use of undeclared crate or module `safecoin_program`
[INFO] [stdout]   --> src/accounts/boxed.rs:19:5
[INFO] [stdout]    |
[INFO] [stdout] 19 | use safecoin_program::pubkey::Pubkey;
[INFO] [stdout]    |     ^^^^^^^^^^^^^^^^ use of undeclared crate or module `safecoin_program`
[INFO] [stdout] 
[INFO] [stdout] 
[INFO] [stdout] error[E0433]: failed to resolve: use of undeclared crate or module `safecoin_program`
[INFO] [stdout]  --> src/accounts/loader.rs:7:5
[INFO] [stdout]   |
[INFO] [stdout] 7 | use safecoin_program::account_info::AccountInfo;
[INFO] [stdout]   |     ^^^^^^^^^^^^^^^^ use of undeclared crate or module `safecoin_program`
[INFO] [stdout] 
[INFO] [stdout] 
[INFO] [stdout] error[E0433]: failed to resolve: use of undeclared crate or module `safecoin_program`
[INFO] [stdout]  --> src/accounts/loader.rs:8:5
[INFO] [stdout]   |
[INFO] [stdout] 8 | use safecoin_program::instruction::AccountMeta;
[INFO] [stdout]   |     ^^^^^^^^^^^^^^^^ use of undeclared crate or module `safecoin_program`
[INFO] [stdout] 
[INFO] [stdout] 
[INFO] [stdout] error[E0433]: failed to resolve: use of undeclared crate or module `safecoin_program`
[INFO] [stdout]  --> src/accounts/loader.rs:9:5
[INFO] [stdout]   |
[INFO] [stdout] 9 | use safecoin_program::pubkey::Pubkey;
[INFO] [stdout]   |     ^^^^^^^^^^^^^^^^ use of undeclared crate or module `safecoin_program`
[INFO] [stdout] 
[INFO] [stdout] 
[INFO] [stdout] error[E0433]: failed to resolve: use of undeclared crate or module `safecoin_program`
[INFO] [stdout]  --> src/accounts/sysvar.rs:5:5
[INFO] [stdout]   |
[INFO] [stdout] 5 | use safecoin_program::account_info::AccountInfo;
[INFO] [stdout]   |     ^^^^^^^^^^^^^^^^ use of undeclared crate or module `safecoin_program`
[INFO] [stdout] 
[INFO] [stdout] 
[INFO] [stdout] error[E0433]: failed to resolve: use of undeclared crate or module `safecoin_program`
[INFO] [stdout]  --> src/accounts/sysvar.rs:6:5
[INFO] [stdout]   |
[INFO] [stdout] 6 | use safecoin_program::instruction::AccountMeta;
[INFO] [stdout]   |     ^^^^^^^^^^^^^^^^ use of undeclared crate or module `safecoin_program`
[INFO] [stdout] 
[INFO] [stdout] 
[INFO] [stdout] error[E0433]: failed to resolve: use of undeclared crate or module `safecoin_program`
[INFO] [stdout]  --> src/accounts/sysvar.rs:7:5
[INFO] [stdout]   |
[INFO] [stdout] 7 | use safecoin_program::pubkey::Pubkey;
[INFO] [stdout]   |     ^^^^^^^^^^^^^^^^ use of undeclared crate or module `safecoin_program`
[INFO] [stdout] 
[INFO] [stdout] 
[INFO] [stdout] error[E0433]: failed to resolve: use of undeclared crate or module `safecoin_program`
[INFO] [stdout]  --> src/common.rs:4:5
[INFO] [stdout]   |
[INFO] [stdout] 4 | use safecoin_program::account_info::AccountInfo;
[INFO] [stdout]   |     ^^^^^^^^^^^^^^^^ use of undeclared crate or module `safecoin_program`
[INFO] [stdout] 
[INFO] [stdout] 
[INFO] [stdout] error[E0433]: failed to resolve: use of undeclared crate or module `safecoin_program`
[INFO] [stdout]  --> src/context.rs:4:5
[INFO] [stdout]   |
[INFO] [stdout] 4 | use safecoin_program::account_info::AccountInfo;
[INFO] [stdout]   |     ^^^^^^^^^^^^^^^^ use of undeclared crate or module `safecoin_program`
[INFO] [stdout] 
[INFO] [stdout] 
[INFO] [stdout] error[E0433]: failed to resolve: use of undeclared crate or module `safecoin_program`
[INFO] [stdout]  --> src/context.rs:5:5
[INFO] [stdout]   |
[INFO] [stdout] 5 | use safecoin_program::instruction::AccountMeta;
[INFO] [stdout]   |     ^^^^^^^^^^^^^^^^ use of undeclared crate or module `safecoin_program`
[INFO] [stdout] 
[INFO] [stdout] 
[INFO] [stdout] error[E0433]: failed to resolve: use of undeclared crate or module `safecoin_program`
[INFO] [stdout]  --> src/context.rs:6:5
[INFO] [stdout]   |
[INFO] [stdout] 6 | use safecoin_program::pubkey::Pubkey;
[INFO] [stdout]   |     ^^^^^^^^^^^^^^^^ use of undeclared crate or module `safecoin_program`
[INFO] [stdout] 
[INFO] [stdout] 
[INFO] [stdout] error[E0433]: failed to resolve: use of undeclared crate or module `safecoin_program`
[INFO] [stdout]  --> src/vec.rs:2:5
[INFO] [stdout]   |
[INFO] [stdout] 2 | use safecoin_program::account_info::AccountInfo;
[INFO] [stdout]   |     ^^^^^^^^^^^^^^^^ use of undeclared crate or module `safecoin_program`
[INFO] [stdout] 
[INFO] [stdout] 
[INFO] [stdout] error[E0433]: failed to resolve: use of undeclared crate or module `safecoin_program`
[INFO] [stdout]  --> src/vec.rs:3:5
[INFO] [stdout]   |
[INFO] [stdout] 3 | use safecoin_program::instruction::AccountMeta;
[INFO] [stdout]   |     ^^^^^^^^^^^^^^^^ use of undeclared crate or module `safecoin_program`
[INFO] [stdout] 
[INFO] [stdout] 
[INFO] [stdout] error[E0433]: failed to resolve: use of undeclared crate or module `safecoin_program`
[INFO] [stdout]  --> src/vec.rs:4:5
[INFO] [stdout]   |
[INFO] [stdout] 4 | use safecoin_program::pubkey::Pubkey;
[INFO] [stdout]   |     ^^^^^^^^^^^^^^^^ use of undeclared crate or module `safecoin_program`
[INFO] [stdout] 
[INFO] [stdout] 
[INFO] [stdout] error[E0433]: failed to resolve: use of undeclared crate or module `safecoin_program`
[INFO] [stdout]    --> src/lib.rs:288:9
[INFO] [stdout]     |
[INFO] [stdout] 288 |     use safecoin_program::pubkey::Pubkey;
[INFO] [stdout]     |         ^^^^^^^^^^^^^^^^ use of undeclared crate or module `safecoin_program`
[INFO] [stdout] 
[INFO] [stdout] 
[INFO] [stdout] error[E0433]: failed to resolve: use of undeclared crate or module `safecoin_program`
[INFO] [stdout]   --> src/lib.rs:27:5
[INFO] [stdout]    |
[INFO] [stdout] 27 | use safecoin_program::account_info::AccountInfo;
[INFO] [stdout]    |     ^^^^^^^^^^^^^^^^ use of undeclared crate or module `safecoin_program`
[INFO] [stdout] 
[INFO] [stdout] 
[INFO] [stdout] error[E0433]: failed to resolve: use of undeclared crate or module `safecoin_program`
[INFO] [stdout]   --> src/lib.rs:28:5
[INFO] [stdout]    |
[INFO] [stdout] 28 | use safecoin_program::instruction::AccountMeta;
[INFO] [stdout]    |     ^^^^^^^^^^^^^^^^ use of undeclared crate or module `safecoin_program`
[INFO] [stdout] 
[INFO] [stdout] 
[INFO] [stdout] error[E0433]: failed to resolve: use of undeclared crate or module `safecoin_program`
[INFO] [stdout]   --> src/lib.rs:29:5
[INFO] [stdout]    |
[INFO] [stdout] 29 | use safecoin_program::pubkey::Pubkey;
[INFO] [stdout]    |     ^^^^^^^^^^^^^^^^ use of undeclared crate or module `safecoin_program`
[INFO] [stdout] 
[INFO] [stdout] 
[INFO] [stdout] error[E0433]: failed to resolve: use of undeclared crate or module `safecoin_program`
[INFO] [stdout]  --> src/accounts/account.rs:5:5
[INFO] [stdout]   |
[INFO] [stdout] 5 | use safecoin_program::account_info::AccountInfo;
[INFO] [stdout]   |     ^^^^^^^^^^^^^^^^ use of undeclared crate or module `safecoin_program`
[INFO] [stdout] 
[INFO] [stdout] 
[INFO] [stdout] error[E0433]: failed to resolve: use of undeclared crate or module `safecoin_program`
[INFO] [stdout]  --> src/accounts/account.rs:6:5
[INFO] [stdout]   |
[INFO] [stdout] 6 | use safecoin_program::instruction::AccountMeta;
[INFO] [stdout]   |     ^^^^^^^^^^^^^^^^ use of undeclared crate or module `safecoin_program`
[INFO] [stdout] 
[INFO] [stdout] 
[INFO] [stdout] error[E0433]: failed to resolve: use of undeclared crate or module `safecoin_program`
[INFO] [stdout]  --> src/accounts/account.rs:7:5
[INFO] [stdout]   |
[INFO] [stdout] 7 | use safecoin_program::pubkey::Pubkey;
[INFO] [stdout]   |     ^^^^^^^^^^^^^^^^ use of undeclared crate or module `safecoin_program`
[INFO] [stdout] 
[INFO] [stdout] 
[INFO] [stdout] error[E0433]: failed to resolve: use of undeclared crate or module `safecoin_program`
[INFO] [stdout]  --> src/accounts/account_loader.rs:9:5
[INFO] [stdout]   |
[INFO] [stdout] 9 | use safecoin_program::account_info::AccountInfo;
[INFO] [stdout]   |     ^^^^^^^^^^^^^^^^ use of undeclared crate or module `safecoin_program`
[INFO] [stdout] 
[INFO] [stdout] 
[INFO] [stdout] error[E0433]: failed to resolve: use of undeclared crate or module `safecoin_program`
[INFO] [stdout]   --> src/accounts/account_loader.rs:10:5
[INFO] [stdout]    |
[INFO] [stdout] 10 | use safecoin_program::instruction::AccountMeta;
[INFO] [stdout]    |     ^^^^^^^^^^^^^^^^ use of undeclared crate or module `safecoin_program`
[INFO] [stdout] 
[INFO] [stdout] 
[INFO] [stdout] error[E0433]: failed to resolve: use of undeclared crate or module `safecoin_program`
[INFO] [stdout]   --> src/accounts/account_loader.rs:11:5
[INFO] [stdout]    |
[INFO] [stdout] 11 | use safecoin_program::pubkey::Pubkey;
[INFO] [stdout]    |     ^^^^^^^^^^^^^^^^ use of undeclared crate or module `safecoin_program`
[INFO] [stdout] 
[INFO] [stdout] 
[INFO] [stdout] error[E0433]: failed to resolve: use of undeclared crate or module `safecoin_program`
[INFO] [stdout]  --> src/accounts/cpi_account.rs:3:5
[INFO] [stdout]   |
[INFO] [stdout] 3 | use safecoin_program::account_info::AccountInfo;
[INFO] [stdout]   |     ^^^^^^^^^^^^^^^^ use of undeclared crate or module `safecoin_program`
[INFO] [stdout] 
[INFO] [stdout] 
[INFO] [stdout] error[E0433]: failed to resolve: use of undeclared crate or module `safecoin_program`
[INFO] [stdout]  --> src/accounts/cpi_account.rs:4:5
[INFO] [stdout]   |
[INFO] [stdout] 4 | use safecoin_program::instruction::AccountMeta;
[INFO] [stdout]   |     ^^^^^^^^^^^^^^^^ use of undeclared crate or module `safecoin_program`
[INFO] [stdout] 
[INFO] [stdout] 
[INFO] [stdout] error[E0433]: failed to resolve: use of undeclared crate or module `safecoin_program`
[INFO] [stdout]  --> src/accounts/cpi_account.rs:5:5
[INFO] [stdout]   |
[INFO] [stdout] 5 | use safecoin_program::pubkey::Pubkey;
[INFO] [stdout]   |     ^^^^^^^^^^^^^^^^ use of undeclared crate or module `safecoin_program`
[INFO] [stdout] 
[INFO] [stdout] 
[INFO] [stdout] error[E0433]: failed to resolve: use of undeclared crate or module `safecoin_program`
[INFO] [stdout]  --> src/accounts/cpi_state.rs:8:5
[INFO] [stdout]   |
[INFO] [stdout] 8 | use safecoin_program::account_info::AccountInfo;
[INFO] [stdout]   |     ^^^^^^^^^^^^^^^^ use of undeclared crate or module `safecoin_program`
[INFO] [stdout] 
[INFO] [stdout] 
[INFO] [stdout] error[E0433]: failed to resolve: use of undeclared crate or module `safecoin_program`
[INFO] [stdout]  --> src/accounts/cpi_state.rs:9:5
[INFO] [stdout]   |
[INFO] [stdout] 9 | use safecoin_program::instruction::AccountMeta;
[INFO] [stdout]   |     ^^^^^^^^^^^^^^^^ use of undeclared crate or module `safecoin_program`
[INFO] [stdout] 
[INFO] [stdout] 
[INFO] [stdout] error[E0433]: failed to resolve: use of undeclared crate or module `safecoin_program`
[INFO] [stdout]   --> src/accounts/cpi_state.rs:10:5
[INFO] [stdout]    |
[INFO] [stdout] 10 | use safecoin_program::pubkey::Pubkey;
[INFO] [stdout]    |     ^^^^^^^^^^^^^^^^ use of undeclared crate or module `safecoin_program`
[INFO] [stdout] 
[INFO] [stdout] 
[INFO] [stdout] error[E0433]: failed to resolve: use of undeclared crate or module `safecoin_program`
[INFO] [stdout]  --> src/accounts/program.rs:5:5
[INFO] [stdout]   |
[INFO] [stdout] 5 | use safecoin_program::account_info::AccountInfo;
[INFO] [stdout]   |     ^^^^^^^^^^^^^^^^ use of undeclared crate or module `safecoin_program`
[INFO] [stdout] 
[INFO] [stdout] 
[INFO] [stdout] error[E0433]: failed to resolve: use of undeclared crate or module `safecoin_program`
[INFO] [stdout]  --> src/accounts/program.rs:6:5
[INFO] [stdout]   |
[INFO] [stdout] 6 | use safecoin_program::bpf_loader_upgradeable::{self, UpgradeableLoaderState};
[INFO] [stdout]   |     ^^^^^^^^^^^^^^^^ use of undeclared crate or module `safecoin_program`
[INFO] [stdout] 
[INFO] [stdout] 
[INFO] [stdout] error[E0433]: failed to resolve: use of undeclared crate or module `safecoin_program`
[INFO] [stdout]  --> src/accounts/program.rs:7:5
[INFO] [stdout]   |
[INFO] [stdout] 7 | use safecoin_program::instruction::AccountMeta;
[INFO] [stdout]   |     ^^^^^^^^^^^^^^^^ use of undeclared crate or module `safecoin_program`
[INFO] [stdout] 
[INFO] [stdout] 
[INFO] [stdout] error[E0433]: failed to resolve: use of undeclared crate or module `safecoin_program`
[INFO] [stdout]  --> src/accounts/program.rs:8:5
[INFO] [stdout]   |
[INFO] [stdout] 8 | use safecoin_program::pubkey::Pubkey;
[INFO] [stdout]   |     ^^^^^^^^^^^^^^^^ use of undeclared crate or module `safecoin_program`
[INFO] [stdout] 
[INFO] [stdout] 
[INFO] [stdout] error[E0433]: failed to resolve: use of undeclared crate or module `safecoin_program`
[INFO] [stdout]  --> src/accounts/program_account.rs:8:5
[INFO] [stdout]   |
[INFO] [stdout] 8 | use safecoin_program::account_info::AccountInfo;
[INFO] [stdout]   |     ^^^^^^^^^^^^^^^^ use of undeclared crate or module `safecoin_program`
[INFO] [stdout] 
[INFO] [stdout] 
[INFO] [stdout] error[E0433]: failed to resolve: use of undeclared crate or module `safecoin_program`
[INFO] [stdout]  --> src/accounts/program_account.rs:9:5
[INFO] [stdout]   |
[INFO] [stdout] 9 | use safecoin_program::instruction::AccountMeta;
[INFO] [stdout]   |     ^^^^^^^^^^^^^^^^ use of undeclared crate or module `safecoin_program`
[INFO] [stdout] 
[INFO] [stdout] 
[INFO] [stdout] error[E0433]: failed to resolve: use of undeclared crate or module `safecoin_program`
[INFO] [stdout]   --> src/accounts/program_account.rs:10:5
[INFO] [stdout]    |
[INFO] [stdout] 10 | use safecoin_program::pubkey::Pubkey;
[INFO] [stdout]    |     ^^^^^^^^^^^^^^^^ use of undeclared crate or module `safecoin_program`
[INFO] [stdout] 
[INFO] [stdout] 
[INFO] [stdout] error[E0433]: failed to resolve: use of undeclared crate or module `safecoin_program`
[INFO] [stdout]  --> src/accounts/signer.rs:4:5
[INFO] [stdout]   |
[INFO] [stdout] 4 | use safecoin_program::account_info::AccountInfo;
[INFO] [stdout]   |     ^^^^^^^^^^^^^^^^ use of undeclared crate or module `safecoin_program`
[INFO] [stdout] 
[INFO] [stdout] 
[INFO] [stdout] error[E0433]: failed to resolve: use of undeclared crate or module `safecoin_program`
[INFO] [stdout]  --> src/accounts/signer.rs:5:5
[INFO] [stdout]   |
[INFO] [stdout] 5 | use safecoin_program::instruction::AccountMeta;
[INFO] [stdout]   |     ^^^^^^^^^^^^^^^^ use of undeclared crate or module `safecoin_program`
[INFO] [stdout] 
[INFO] [stdout] 
[INFO] [stdout] error[E0433]: failed to resolve: use of undeclared crate or module `safecoin_program`
[INFO] [stdout]  --> src/accounts/signer.rs:6:5
[INFO] [stdout]   |
[INFO] [stdout] 6 | use safecoin_program::pubkey::Pubkey;
[INFO] [stdout]   |     ^^^^^^^^^^^^^^^^ use of undeclared crate or module `safecoin_program`
[INFO] [stdout] 
[INFO] [stdout] 
[INFO] [stdout] error[E0433]: failed to resolve: use of undeclared crate or module `safecoin_program`
[INFO] [stdout]  --> src/accounts/state.rs:8:5
[INFO] [stdout]   |
[INFO] [stdout] 8 | use safecoin_program::account_info::AccountInfo;
[INFO] [stdout]   |     ^^^^^^^^^^^^^^^^ use of undeclared crate or module `safecoin_program`
[INFO] [stdout] 
[INFO] [stdout] 
[INFO] [stdout] error[E0433]: failed to resolve: use of undeclared crate or module `safecoin_program`
[INFO] [stdout]  --> src/accounts/state.rs:9:5
[INFO] [stdout]   |
[INFO] [stdout] 9 | use safecoin_program::instruction::AccountMeta;
[INFO] [stdout]   |     ^^^^^^^^^^^^^^^^ use of undeclared crate or module `safecoin_program`
[INFO] [stdout] 
[INFO] [stdout] 
[INFO] [stdout] error[E0433]: failed to resolve: use of undeclared crate or module `safecoin_program`
[INFO] [stdout]   --> src/accounts/state.rs:10:5
[INFO] [stdout]    |
[INFO] [stdout] 10 | use safecoin_program::pubkey::Pubkey;
[INFO] [stdout]    |     ^^^^^^^^^^^^^^^^ use of undeclared crate or module `safecoin_program`
[INFO] [stdout] 
[INFO] [stdout] 
[INFO] [stdout] error[E0433]: failed to resolve: use of undeclared crate or module `safecoin_program`
[INFO] [stdout]  --> src/accounts/system_account.rs:5:5
[INFO] [stdout]   |
[INFO] [stdout] 5 | use safecoin_program::account_info::AccountInfo;
[INFO] [stdout]   |     ^^^^^^^^^^^^^^^^ use of undeclared crate or module `safecoin_program`
[INFO] [stdout] 
[INFO] [stdout] 
[INFO] [stdout] error[E0433]: failed to resolve: use of undeclared crate or module `safecoin_program`
[INFO] [stdout]  --> src/accounts/system_account.rs:6:5
[INFO] [stdout]   |
[INFO] [stdout] 6 | use safecoin_program::instruction::AccountMeta;
[INFO] [stdout]   |     ^^^^^^^^^^^^^^^^ use of undeclared crate or module `safecoin_program`
[INFO] [stdout] 
[INFO] [stdout] 
[INFO] [stdout] error[E0433]: failed to resolve: use of undeclared crate or module `safecoin_program`
[INFO] [stdout]  --> src/accounts/system_account.rs:7:5
[INFO] [stdout]   |
[INFO] [stdout] 7 | use safecoin_program::pubkey::Pubkey;
[INFO] [stdout]   |     ^^^^^^^^^^^^^^^^ use of undeclared crate or module `safecoin_program`
[INFO] [stdout] 
[INFO] [stdout] 
[INFO] [stdout] error[E0432]: unresolved import `safecoin_program`
[INFO] [stdout]  --> src/accounts/program.rs:6:5
[INFO] [stdout]   |
[INFO] [stdout] 6 | use safecoin_program::bpf_loader_upgradeable::{self, UpgradeableLoaderState};
[INFO] [stdout]   |     ^^^^^^^^^^^^^^^^ use of undeclared crate or module `safecoin_program`
[INFO] [stdout] 
[INFO] [stdout] 
[INFO] [stdout] error[E0433]: failed to resolve: use of undeclared crate or module `safecoin_program`
[INFO] [stdout]  --> src/accounts/unchecked_account.rs:6:5
[INFO] [stdout]   |
[INFO] [stdout] 6 | use safecoin_program::account_info::AccountInfo;
[INFO] [stdout]   |     ^^^^^^^^^^^^^^^^ use of undeclared crate or module `safecoin_program`
[INFO] [stdout] 
[INFO] [stdout] 
[INFO] [stdout] error[E0433]: failed to resolve: use of undeclared crate or module `safecoin_program`
[INFO] [stdout]  --> src/accounts/unchecked_account.rs:7:5
[INFO] [stdout]   |
[INFO] [stdout] 7 | use safecoin_program::instruction::AccountMeta;
[INFO] [stdout]   |     ^^^^^^^^^^^^^^^^ use of undeclared crate or module `safecoin_program`
[INFO] [stdout] 
[INFO] [stdout] 
[INFO] [stdout] error[E0433]: failed to resolve: use of undeclared crate or module `safecoin_program`
[INFO] [stdout]  --> src/accounts/unchecked_account.rs:8:5
[INFO] [stdout]   |
[INFO] [stdout] 8 | use safecoin_program::pubkey::Pubkey;
[INFO] [stdout]   |     ^^^^^^^^^^^^^^^^ use of undeclared crate or module `safecoin_program`
[INFO] [stdout] 
[INFO] [stdout] 
[INFO] [stdout] error[E0433]: failed to resolve: use of undeclared crate or module `safecoin_program`
[INFO] [stdout]  --> src/bpf_upgradeable_state.rs:3:5
[INFO] [stdout]   |
[INFO] [stdout] 3 | use safecoin_program::{
[INFO] [stdout]   |     ^^^^^^^^^^^^^^^^ use of undeclared crate or module `safecoin_program`
[INFO] [stdout] 
[INFO] [stdout] 
[INFO] [stdout] error[E0433]: failed to resolve: use of undeclared crate or module `safecoin_program`
[INFO] [stdout]  --> src/ctor.rs:2:5
[INFO] [stdout]   |
[INFO] [stdout] 2 | use safecoin_program::account_info::AccountInfo;
[INFO] [stdout]   |     ^^^^^^^^^^^^^^^^ use of undeclared crate or module `safecoin_program`
[INFO] [stdout] 
[INFO] [stdout] 
[INFO] [stdout] error[E0433]: failed to resolve: use of undeclared crate or module `safecoin_program`
[INFO] [stdout]  --> src/error.rs:3:5
[INFO] [stdout]   |
[INFO] [stdout] 3 | use safecoin_program::program_error::ProgramError;
[INFO] [stdout]   |     ^^^^^^^^^^^^^^^^ use of undeclared crate or module `safecoin_program`
[INFO] [stdout] 
[INFO] [stdout] 
[INFO] [stdout] error[E0433]: failed to resolve: use of undeclared crate or module `safecoin_program`
[INFO] [stdout]   --> src/idl.rs:23:5
[INFO] [stdout]    |
[INFO] [stdout] 23 | use safecoin_program::pubkey::Pubkey;
[INFO] [stdout]    |     ^^^^^^^^^^^^^^^^ use of undeclared crate or module `safecoin_program`
[INFO] [stdout] 
[INFO] [stdout] 
[INFO] [stdout] error[E0433]: failed to resolve: use of undeclared crate or module `safecoin_program`
[INFO] [stdout]  --> src/system_program.rs:2:5
[INFO] [stdout]   |
[INFO] [stdout] 2 | use safecoin_program::pubkey::Pubkey;
[INFO] [stdout]   |     ^^^^^^^^^^^^^^^^ use of undeclared crate or module `safecoin_program`
[INFO] [stdout] 
[INFO] [stdout] 
[INFO] [stdout] error[E0433]: failed to resolve: use of undeclared crate or module `safecoin_program`
[INFO] [stdout]  --> src/system_program.rs:4:9
[INFO] [stdout]   |
[INFO] [stdout] 4 | pub use safecoin_program::system_program::ID;
[INFO] [stdout]   |         ^^^^^^^^^^^^^^^^ use of undeclared crate or module `safecoin_program`
[INFO] [stdout] 
[INFO] [stdout] 
[INFO] [stdout] error[E0432]: unresolved import `safecoin_program`
[INFO] [stdout]  --> src/accounts/system_account.rs:8:5
[INFO] [stdout]   |
[INFO] [stdout] 8 | use safecoin_program::system_program;
[INFO] [stdout]   |     ^^^^^^^^^^^^^^^^ use of undeclared crate or module `safecoin_program`
[INFO] [stdout] 
[INFO] [stdout] 
[INFO] [stdout] error[E0433]: failed to resolve: use of undeclared crate or module `safecoin_program`
[INFO] [stdout]    --> src/lib.rs:252:13
[INFO] [stdout]     |
[INFO] [stdout] 252 |     pub use safecoin_program::account_info::{next_account_info, AccountInfo};
[INFO] [stdout]     |             ^^^^^^^^^^^^^^^^ use of undeclared crate or module `safecoin_program`
[INFO] [stdout] 
[INFO] [stdout] 
[INFO] [stdout] error[E0433]: failed to resolve: use of undeclared crate or module `safecoin_program`
[INFO] [stdout]    --> src/lib.rs:253:13
[INFO] [stdout]     |
[INFO] [stdout] 253 |     pub use safecoin_program::instruction::AccountMeta;
[INFO] [stdout]     |             ^^^^^^^^^^^^^^^^ use of undeclared crate or module `safecoin_program`
[INFO] [stdout] 
[INFO] [stdout] 
[INFO] [stdout] error[E0432]: unresolved import `safecoin_program`
[INFO] [stdout]   --> src/lib.rs:58:9
[INFO] [stdout]    |
[INFO] [stdout] 58 | pub use safecoin_program;
[INFO] [stdout]    |         ^^^^^^^^^^^^^^^^ no external crate `safecoin_program`
[INFO] [stdout] 
[INFO] [stdout] 
[INFO] [stdout] error[E0433]: failed to resolve: use of undeclared crate or module `safecoin_program`
[INFO] [stdout]    --> src/lib.rs:255:13
[INFO] [stdout]     |
[INFO] [stdout] 255 |     pub use safecoin_program::program_error::ProgramError;
[INFO] [stdout]     |             ^^^^^^^^^^^^^^^^ use of undeclared crate or module `safecoin_program`
[INFO] [stdout] 
[INFO] [stdout] 
[INFO] [stdout] error[E0433]: failed to resolve: use of undeclared crate or module `safecoin_program`
[INFO] [stdout]    --> src/lib.rs:256:13
[INFO] [stdout]     |
[INFO] [stdout] 256 |     pub use safecoin_program::pubkey::Pubkey;
[INFO] [stdout]     |             ^^^^^^^^^^^^^^^^ use of undeclared crate or module `safecoin_program`
[INFO] [stdout] 
[INFO] [stdout] 
[INFO] [stdout] error[E0433]: failed to resolve: use of undeclared crate or module `safecoin_program`
[INFO] [stdout]    --> src/lib.rs:257:13
[INFO] [stdout]     |
[INFO] [stdout] 257 |     pub use safecoin_program::sysvar::clock::Clock;
[INFO] [stdout]     |             ^^^^^^^^^^^^^^^^ use of undeclared crate or module `safecoin_program`
[INFO] [stdout] 
[INFO] [stdout] 
[INFO] [stdout] error[E0433]: failed to resolve: use of undeclared crate or module `safecoin_program`
[INFO] [stdout]    --> src/lib.rs:258:13
[INFO] [stdout]     |
[INFO] [stdout] 258 |     pub use safecoin_program::sysvar::epoch_schedule::EpochSchedule;
[INFO] [stdout]     |             ^^^^^^^^^^^^^^^^ use of undeclared crate or module `safecoin_program`
[INFO] [stdout] 
[INFO] [stdout] 
[INFO] [stdout] error[E0433]: failed to resolve: use of undeclared crate or module `safecoin_program`
[INFO] [stdout]    --> src/lib.rs:259:13
[INFO] [stdout]     |
[INFO] [stdout] 259 |     pub use safecoin_program::sysvar::fees::Fees;
[INFO] [stdout]     |             ^^^^^^^^^^^^^^^^ use of undeclared crate or module `safecoin_program`
[INFO] [stdout] 
[INFO] [stdout] 
[INFO] [stdout] error[E0433]: failed to resolve: use of undeclared crate or module `safecoin_program`
[INFO] [stdout]    --> src/lib.rs:260:13
[INFO] [stdout]     |
[INFO] [stdout] 260 |     pub use safecoin_program::sysvar::instructions::Instructions;
[INFO] [stdout]     |             ^^^^^^^^^^^^^^^^ use of undeclared crate or module `safecoin_program`
[INFO] [stdout] 
[INFO] [stdout] 
[INFO] [stdout] error[E0433]: failed to resolve: use of undeclared crate or module `safecoin_program`
[INFO] [stdout]    --> src/lib.rs:261:13
[INFO] [stdout]     |
[INFO] [stdout] 261 |     pub use safecoin_program::sysvar::recent_blockhashes::RecentBlockhashes;
[INFO] [stdout]     |             ^^^^^^^^^^^^^^^^ use of undeclared crate or module `safecoin_program`
[INFO] [stdout] 
[INFO] [stdout] 
[INFO] [stdout] error[E0433]: failed to resolve: use of undeclared crate or module `safecoin_program`
[INFO] [stdout]    --> src/lib.rs:262:13
[INFO] [stdout]     |
[INFO] [stdout] 262 |     pub use safecoin_program::sysvar::rent::Rent;
[INFO] [stdout]     |             ^^^^^^^^^^^^^^^^ use of undeclared crate or module `safecoin_program`
[INFO] [stdout] 
[INFO] [stdout] 
[INFO] [stdout] error[E0433]: failed to resolve: use of undeclared crate or module `safecoin_program`
[INFO] [stdout]    --> src/lib.rs:263:13
[INFO] [stdout]     |
[INFO] [stdout] 263 |     pub use safecoin_program::sysvar::rewards::Rewards;
[INFO] [stdout]     |             ^^^^^^^^^^^^^^^^ use of undeclared crate or module `safecoin_program`
[INFO] [stdout] 
[INFO] [stdout] 
[INFO] [stdout] error[E0433]: failed to resolve: use of undeclared crate or module `safecoin_program`
[INFO] [stdout]    --> src/lib.rs:264:13
[INFO] [stdout]     |
[INFO] [stdout] 264 |     pub use safecoin_program::sysvar::slot_hashes::SlotHashes;
[INFO] [stdout]     |             ^^^^^^^^^^^^^^^^ use of undeclared crate or module `safecoin_program`
[INFO] [stdout] 
[INFO] [stdout] 
[INFO] [stdout] error[E0433]: failed to resolve: use of undeclared crate or module `safecoin_program`
[INFO] [stdout]    --> src/lib.rs:265:13
[INFO] [stdout]     |
[INFO] [stdout] 265 |     pub use safecoin_program::sysvar::slot_history::SlotHistory;
[INFO] [stdout]     |             ^^^^^^^^^^^^^^^^ use of undeclared crate or module `safecoin_program`
[INFO] [stdout] 
[INFO] [stdout] 
[INFO] [stdout] error[E0433]: failed to resolve: use of undeclared crate or module `safecoin_program`
[INFO] [stdout]    --> src/lib.rs:266:13
[INFO] [stdout]     |
[INFO] [stdout] 266 |     pub use safecoin_program::sysvar::stake_history::StakeHistory;
[INFO] [stdout]     |             ^^^^^^^^^^^^^^^^ use of undeclared crate or module `safecoin_program`
[INFO] [stdout] 
[INFO] [stdout] 
[INFO] [stdout] error[E0433]: failed to resolve: use of undeclared crate or module `safecoin_program`
[INFO] [stdout]    --> src/lib.rs:267:13
[INFO] [stdout]     |
[INFO] [stdout] 267 |     pub use safecoin_program::sysvar::Sysvar as SafecoinSysvar;
[INFO] [stdout]     |             ^^^^^^^^^^^^^^^^ use of undeclared crate or module `safecoin_program`
[INFO] [stdout] 
[INFO] [stdout] 
[INFO] [stdout] error[E0432]: unresolved import `safecoin_program`
[INFO] [stdout]    --> src/lib.rs:254:13
[INFO] [stdout]     |
[INFO] [stdout] 254 |     pub use safecoin_program::msg;
[INFO] [stdout]     |             ^^^^^^^^^^^^^^^^ use of undeclared crate or module `safecoin_program`
[INFO] [stdout] 
[INFO] [stdout] 
[INFO] [stdout] error: cannot determine resolution for the macro `anchor_lang::safecoin_program::msg`
[INFO] [stdout]    --> src/error.rs:259:13
[INFO] [stdout]     |
[INFO] [stdout] 259 |             anchor_lang::safecoin_program::msg!(
[INFO] [stdout]     |             ^^^^^^^^^^^^^^^^^^^^^^^^^^^^^^^^^^
[INFO] [stdout]     |
[INFO] [stdout]     = note: import resolution is stuck, try simplifying macro imports
[INFO] [stdout] 
[INFO] [stdout] 
[INFO] [stdout] error: cannot determine resolution for the macro `anchor_lang::safecoin_program::msg`
[INFO] [stdout]    --> src/error.rs:308:13
[INFO] [stdout]     |
[INFO] [stdout] 308 |             anchor_lang::safecoin_program::msg!(
[INFO] [stdout]     |             ^^^^^^^^^^^^^^^^^^^^^^^^^^^^^^^^^^
[INFO] [stdout]     |
[INFO] [stdout]     = note: import resolution is stuck, try simplifying macro imports
[INFO] [stdout] 
[INFO] [stdout] 
[INFO] [stdout] error[E0433]: failed to resolve: use of undeclared crate or module `safecoin_program`
[INFO] [stdout]   --> src/accounts/state.rs:45:13
[INFO] [stdout]    |
[INFO] [stdout] 45 |             safecoin_program::msg!("Invalid state address");
[INFO] [stdout]    |             ^^^^^^^^^^^^^^^^ use of undeclared crate or module `safecoin_program`
[INFO] [stdout] 
[INFO] [stdout] 
[INFO] [stdout] error[E0433]: failed to resolve: use of undeclared crate or module `safecoin_program`
[INFO] [stdout]   --> src/accounts/sysvar.rs:33:29
[INFO] [stdout]    |
[INFO] [stdout] 33 | pub struct Sysvar<'info, T: safecoin_program::sysvar::Sysvar> {
[INFO] [stdout]    |                             ^^^^^^^^^^^^^^^^ use of undeclared crate or module `safecoin_program`
[INFO] [stdout]    |
[INFO] [stdout] help: consider importing this module
[INFO] [stdout]    |
[INFO] [stdout] 3  + use solana_program::sysvar;
[INFO] [stdout]    |
[INFO] [stdout] help: if you import `sysvar`, refer to it directly
[INFO] [stdout]    |
[INFO] [stdout] 33 - pub struct Sysvar<'info, T: safecoin_program::sysvar::Sysvar> {
[INFO] [stdout] 33 + pub struct Sysvar<'info, T: sysvar::Sysvar> {
[INFO] [stdout]    |
[INFO] [stdout] 
[INFO] [stdout] 
[INFO] [stdout] error[E0433]: failed to resolve: use of undeclared crate or module `safecoin_program`
[INFO] [stdout]   --> src/accounts/sysvar.rs:38:16
[INFO] [stdout]    |
[INFO] [stdout] 38 | impl<'info, T: safecoin_program::sysvar::Sysvar + fmt::Debug> fmt::Debug for Sysvar<'info, T> {
[INFO] [stdout]    |                ^^^^^^^^^^^^^^^^ use of undeclared crate or module `safecoin_program`
[INFO] [stdout]    |
[INFO] [stdout] help: consider importing this module
[INFO] [stdout]    |
[INFO] [stdout] 3  + use solana_program::sysvar;
[INFO] [stdout]    |
[INFO] [stdout] help: if you import `sysvar`, refer to it directly
[INFO] [stdout]    |
[INFO] [stdout] 38 - impl<'info, T: safecoin_program::sysvar::Sysvar + fmt::Debug> fmt::Debug for Sysvar<'info, T> {
[INFO] [stdout] 38 + impl<'info, T: sysvar::Sysvar + fmt::Debug> fmt::Debug for Sysvar<'info, T> {
[INFO] [stdout]    |
[INFO] [stdout] 
[INFO] [stdout] 
[INFO] [stdout] error[E0433]: failed to resolve: use of undeclared crate or module `safecoin_program`
[INFO] [stdout]   --> src/accounts/sysvar.rs:47:16
[INFO] [stdout]    |
[INFO] [stdout] 47 | impl<'info, T: safecoin_program::sysvar::Sysvar> Sysvar<'info, T> {
[INFO] [stdout]    |                ^^^^^^^^^^^^^^^^ use of undeclared crate or module `safecoin_program`
[INFO] [stdout]    |
[INFO] [stdout] help: consider importing this module
[INFO] [stdout]    |
[INFO] [stdout] 3  + use solana_program::sysvar;
[INFO] [stdout]    |
[INFO] [stdout] help: if you import `sysvar`, refer to it directly
[INFO] [stdout]    |
[INFO] [stdout] 47 - impl<'info, T: safecoin_program::sysvar::Sysvar> Sysvar<'info, T> {
[INFO] [stdout] 47 + impl<'info, T: sysvar::Sysvar> Sysvar<'info, T> {
[INFO] [stdout]    |
[INFO] [stdout] 
[INFO] [stdout] 
[INFO] [stdout] error[E0433]: failed to resolve: use of undeclared crate or module `safecoin_program`
[INFO] [stdout]   --> src/accounts/sysvar.rs:56:16
[INFO] [stdout]    |
[INFO] [stdout] 56 | impl<'info, T: safecoin_program::sysvar::Sysvar> Clone for Sysvar<'info, T> {
[INFO] [stdout]    |                ^^^^^^^^^^^^^^^^ use of undeclared crate or module `safecoin_program`
[INFO] [stdout]    |
[INFO] [stdout] help: consider importing this module
[INFO] [stdout]    |
[INFO] [stdout] 3  + use solana_program::sysvar;
[INFO] [stdout]    |
[INFO] [stdout] help: if you import `sysvar`, refer to it directly
[INFO] [stdout]    |
[INFO] [stdout] 56 - impl<'info, T: safecoin_program::sysvar::Sysvar> Clone for Sysvar<'info, T> {
[INFO] [stdout] 56 + impl<'info, T: sysvar::Sysvar> Clone for Sysvar<'info, T> {
[INFO] [stdout]    |
[INFO] [stdout] 
[INFO] [stdout] 
[INFO] [stdout] error[E0433]: failed to resolve: use of undeclared crate or module `safecoin_program`
[INFO] [stdout]   --> src/accounts/sysvar.rs:65:16
[INFO] [stdout]    |
[INFO] [stdout] 65 | impl<'info, T: safecoin_program::sysvar::Sysvar> Accounts<'info> for Sysvar<'info, T> {
[INFO] [stdout]    |                ^^^^^^^^^^^^^^^^ use of undeclared crate or module `safecoin_program`
[INFO] [stdout]    |
[INFO] [stdout] help: consider importing this module
[INFO] [stdout]    |
[INFO] [stdout] 3  + use solana_program::sysvar;
[INFO] [stdout]    |
[INFO] [stdout] help: if you import `sysvar`, refer to it directly
[INFO] [stdout]    |
[INFO] [stdout] 65 - impl<'info, T: safecoin_program::sysvar::Sysvar> Accounts<'info> for Sysvar<'info, T> {
[INFO] [stdout] 65 + impl<'info, T: sysvar::Sysvar> Accounts<'info> for Sysvar<'info, T> {
[INFO] [stdout]    |
[INFO] [stdout] 
[INFO] [stdout] 
[INFO] [stdout] error[E0433]: failed to resolve: use of undeclared crate or module `safecoin_program`
[INFO] [stdout]   --> src/accounts/sysvar.rs:81:16
[INFO] [stdout]    |
[INFO] [stdout] 81 | impl<'info, T: safecoin_program::sysvar::Sysvar> ToAccountMetas for Sysvar<'info, T> {
[INFO] [stdout]    |                ^^^^^^^^^^^^^^^^ use of undeclared crate or module `safecoin_program`
[INFO] [stdout]    |
[INFO] [stdout] help: consider importing this module
[INFO] [stdout]    |
[INFO] [stdout] 3  + use solana_program::sysvar;
[INFO] [stdout]    |
[INFO] [stdout] help: if you import `sysvar`, refer to it directly
[INFO] [stdout]    |
[INFO] [stdout] 81 - impl<'info, T: safecoin_program::sysvar::Sysvar> ToAccountMetas for Sysvar<'info, T> {
[INFO] [stdout] 81 + impl<'info, T: sysvar::Sysvar> ToAccountMetas for Sysvar<'info, T> {
[INFO] [stdout]    |
[INFO] [stdout] 
[INFO] [stdout] 
[INFO] [stdout] error[E0433]: failed to resolve: use of undeclared crate or module `safecoin_program`
[INFO] [stdout]   --> src/accounts/sysvar.rs:87:16
[INFO] [stdout]    |
[INFO] [stdout] 87 | impl<'info, T: safecoin_program::sysvar::Sysvar> ToAccountInfos<'info> for Sysvar<'info, T> {
[INFO] [stdout]    |                ^^^^^^^^^^^^^^^^ use of undeclared crate or module `safecoin_program`
[INFO] [stdout]    |
[INFO] [stdout] help: consider importing this module
[INFO] [stdout]    |
[INFO] [stdout] 3  + use solana_program::sysvar;
[INFO] [stdout]    |
[INFO] [stdout] help: if you import `sysvar`, refer to it directly
[INFO] [stdout]    |
[INFO] [stdout] 87 - impl<'info, T: safecoin_program::sysvar::Sysvar> ToAccountInfos<'info> for Sysvar<'info, T> {
[INFO] [stdout] 87 + impl<'info, T: sysvar::Sysvar> ToAccountInfos<'info> for Sysvar<'info, T> {
[INFO] [stdout]    |
[INFO] [stdout] 
[INFO] [stdout] 
[INFO] [stdout] error[E0433]: failed to resolve: use of undeclared crate or module `safecoin_program`
[INFO] [stdout]   --> src/accounts/sysvar.rs:93:16
[INFO] [stdout]    |
[INFO] [stdout] 93 | impl<'info, T: safecoin_program::sysvar::Sysvar> AsRef<AccountInfo<'info>> for Sysvar<'info, T> {
[INFO] [stdout]    |                ^^^^^^^^^^^^^^^^ use of undeclared crate or module `safecoin_program`
[INFO] [stdout]    |
[INFO] [stdout] help: consider importing this module
[INFO] [stdout]    |
[INFO] [stdout] 3  + use solana_program::sysvar;
[INFO] [stdout]    |
[INFO] [stdout] help: if you import `sysvar`, refer to it directly
[INFO] [stdout]    |
[INFO] [stdout] 93 - impl<'info, T: safecoin_program::sysvar::Sysvar> AsRef<AccountInfo<'info>> for Sysvar<'info, T> {
[INFO] [stdout] 93 + impl<'info, T: sysvar::Sysvar> AsRef<AccountInfo<'info>> for Sysvar<'info, T> {
[INFO] [stdout]    |
[INFO] [stdout] 
[INFO] [stdout] 
[INFO] [stdout] error[E0433]: failed to resolve: use of undeclared crate or module `safecoin_program`
[INFO] [stdout]   --> src/accounts/sysvar.rs:99:13
[INFO] [stdout]    |
[INFO] [stdout] 99 | impl<'a, T: safecoin_program::sysvar::Sysvar> Deref for Sysvar<'a, T> {
[INFO] [stdout]    |             ^^^^^^^^^^^^^^^^ use of undeclared crate or module `safecoin_program`
[INFO] [stdout]    |
[INFO] [stdout] help: consider importing this module
[INFO] [stdout]    |
[INFO] [stdout] 3  + use solana_program::sysvar;
[INFO] [stdout]    |
[INFO] [stdout] help: if you import `sysvar`, refer to it directly
[INFO] [stdout]    |
[INFO] [stdout] 99 - impl<'a, T: safecoin_program::sysvar::Sysvar> Deref for Sysvar<'a, T> {
[INFO] [stdout] 99 + impl<'a, T: sysvar::Sysvar> Deref for Sysvar<'a, T> {
[INFO] [stdout]    |
[INFO] [stdout] 
[INFO] [stdout] 
[INFO] [stdout] error[E0433]: failed to resolve: use of undeclared crate or module `safecoin_program`
[INFO] [stdout]    --> src/accounts/sysvar.rs:107:13
[INFO] [stdout]     |
[INFO] [stdout] 107 | impl<'a, T: safecoin_program::sysvar::Sysvar> DerefMut for Sysvar<'a, T> {
[INFO] [stdout]     |             ^^^^^^^^^^^^^^^^ use of undeclared crate or module `safecoin_program`
[INFO] [stdout]     |
[INFO] [stdout] help: consider importing this module
[INFO] [stdout]     |
[INFO] [stdout] 3   + use solana_program::sysvar;
[INFO] [stdout]     |
[INFO] [stdout] help: if you import `sysvar`, refer to it directly
[INFO] [stdout]     |
[INFO] [stdout] 107 - impl<'a, T: safecoin_program::sysvar::Sysvar> DerefMut for Sysvar<'a, T> {
[INFO] [stdout] 107 + impl<'a, T: sysvar::Sysvar> DerefMut for Sysvar<'a, T> {
[INFO] [stdout]     |
[INFO] [stdout] 
[INFO] [stdout] 
[INFO] [stdout] error[E0433]: failed to resolve: use of undeclared crate or module `safecoin_program`
[INFO] [stdout]    --> src/accounts/sysvar.rs:113:16
[INFO] [stdout]     |
[INFO] [stdout] 113 | impl<'info, T: safecoin_program::sysvar::Sysvar> AccountsExit<'info> for Sysvar<'info, T> {}
[INFO] [stdout]     |                ^^^^^^^^^^^^^^^^ use of undeclared crate or module `safecoin_program`
[INFO] [stdout]     |
[INFO] [stdout] help: consider importing this module
[INFO] [stdout]     |
[INFO] [stdout] 3   + use solana_program::sysvar;
[INFO] [stdout]     |
[INFO] [stdout] help: if you import `sysvar`, refer to it directly
[INFO] [stdout]     |
[INFO] [stdout] 113 - impl<'info, T: safecoin_program::sysvar::Sysvar> AccountsExit<'info> for Sysvar<'info, T> {}
[INFO] [stdout] 113 + impl<'info, T: sysvar::Sysvar> AccountsExit<'info> for Sysvar<'info, T> {}
[INFO] [stdout]     |
[INFO] [stdout] 
[INFO] [stdout] 
[INFO] [stdout] error[E0433]: failed to resolve: use of undeclared crate or module `safecoin_program`
[INFO] [stdout]   --> src/bpf_upgradeable_state.rs:48:19
[INFO] [stdout]    |
[INFO] [stdout] 48 |     fn owner() -> safecoin_program::pubkey::Pubkey {
[INFO] [stdout]    |                   ^^^^^^^^^^^^^^^^ use of undeclared crate or module `safecoin_program`
[INFO] [stdout]    |
[INFO] [stdout] help: consider importing this module
[INFO] [stdout]    |
[INFO] [stdout] 1  + use solana_program::pubkey;
[INFO] [stdout]    |
[INFO] [stdout] help: if you import `pubkey`, refer to it directly
[INFO] [stdout]    |
[INFO] [stdout] 48 -     fn owner() -> safecoin_program::pubkey::Pubkey {
[INFO] [stdout] 48 +     fn owner() -> pubkey::Pubkey {
[INFO] [stdout]    |
[INFO] [stdout] 
[INFO] [stdout] 
[INFO] [stdout] error[E0433]: failed to resolve: could not find `solana_program` in the crate root
[INFO] [stdout]   --> src/ctor.rs:11:10
[INFO] [stdout]    |
[INFO] [stdout] 11 | #[derive(Accounts)]
[INFO] [stdout]    |          ^^^^^^^^ could not find `solana_program` in the crate root
[INFO] [stdout]    |
[INFO] [stdout]    = note: this error originates in the derive macro `Accounts` (in Nightly builds, run with -Z macro-backtrace for more info)
[INFO] [stdout] help: consider importing this module
[INFO] [stdout]    |
[INFO] [stdout] 1  + use solana_program::pubkey;
[INFO] [stdout]    |
[INFO] [stdout] 
[INFO] [stdout] 
[INFO] [stdout] error[E0433]: failed to resolve: could not find `solana_program` in the crate root
[INFO] [stdout]   --> src/ctor.rs:11:10
[INFO] [stdout]    |
[INFO] [stdout] 11 | #[derive(Accounts)]
[INFO] [stdout]    |          ^^^^^^^^ could not find `solana_program` in the crate root
[INFO] [stdout]    |
[INFO] [stdout]    = note: this error originates in the derive macro `Accounts` (in Nightly builds, run with -Z macro-backtrace for more info)
[INFO] [stdout] help: consider importing one of these items
[INFO] [stdout]    |
[INFO] [stdout] 1  + use crate::accounts::account_info;
[INFO] [stdout]    |
[INFO] [stdout] 1  + use solana_program::account_info;
[INFO] [stdout]    |
[INFO] [stdout] 
[INFO] [stdout] 
[INFO] [stdout] error[E0433]: failed to resolve: could not find `solana_program` in the crate root
[INFO] [stdout]   --> src/ctor.rs:11:10
[INFO] [stdout]    |
[INFO] [stdout] 11 | #[derive(Accounts)]
[INFO] [stdout]    |          ^^^^^^^^ could not find `solana_program` in the crate root
[INFO] [stdout]    |
[INFO] [stdout]    = note: this error originates in the derive macro `Accounts` (in Nightly builds, run with -Z macro-backtrace for more info)
[INFO] [stdout] help: consider importing one of these items
[INFO] [stdout]    |
[INFO] [stdout] 1  + use solana_program::instruction;
[INFO] [stdout]    |
[INFO] [stdout] 1  + use solana_program::stake::instruction;
[INFO] [stdout]    |
[INFO] [stdout] 
[INFO] [stdout] 
[INFO] [stdout] error[E0433]: failed to resolve: could not find `solana_program` in the crate root
[INFO] [stdout]   --> src/ctor.rs:11:10
[INFO] [stdout]    |
[INFO] [stdout] 11 | #[derive(Accounts)]
[INFO] [stdout]    |          ^^^^^^^^ could not find `solana_program` in the crate root
[INFO] [stdout]    |
[INFO] [stdout]    = help: consider importing this module:
[INFO] [stdout]            solana_program::pubkey
[INFO] [stdout]    = note: this error originates in the derive macro `Accounts` (in Nightly builds, run with -Z macro-backtrace for more info)
[INFO] [stdout] 
[INFO] [stdout] 
[INFO] [stdout] error[E0433]: failed to resolve: could not find `solana_program` in the crate root
[INFO] [stdout]   --> src/ctor.rs:11:10
[INFO] [stdout]    |
[INFO] [stdout] 11 | #[derive(Accounts)]
[INFO] [stdout]    |          ^^^^^^^^ could not find `solana_program` in the crate root
[INFO] [stdout]    |
[INFO] [stdout]    = help: consider importing one of these items:
[INFO] [stdout]            solana_program::instruction
[INFO] [stdout]            solana_program::stake::instruction
[INFO] [stdout]    = note: this error originates in the derive macro `Accounts` (in Nightly builds, run with -Z macro-backtrace for more info)
[INFO] [stdout] 
[INFO] [stdout] 
[INFO] [stdout] error[E0433]: failed to resolve: could not find `solana_program` in the crate root
[INFO] [stdout]   --> src/ctor.rs:11:10
[INFO] [stdout]    |
[INFO] [stdout] 11 | #[derive(Accounts)]
[INFO] [stdout]    |          ^^^^^^^^ could not find `solana_program` in the crate root
[INFO] [stdout]    |
[INFO] [stdout]    = help: consider importing this struct:
[INFO] [stdout]            solana_program::instruction::AccountMeta
[INFO] [stdout]    = note: this error originates in the derive macro `Accounts` (in Nightly builds, run with -Z macro-backtrace for more info)
[INFO] [stdout] 
[INFO] [stdout] 
[INFO] [stdout] error[E0433]: failed to resolve: could not find `solana_program` in the crate root
[INFO] [stdout]   --> src/ctor.rs:11:10
[INFO] [stdout]    |
[INFO] [stdout] 11 | #[derive(Accounts)]
[INFO] [stdout]    |          ^^^^^^^^ could not find `solana_program` in the crate root
[INFO] [stdout]    |
[INFO] [stdout]    = help: consider importing one of these items:
[INFO] [stdout]            crate::accounts::account_info
[INFO] [stdout]            solana_program::account_info
[INFO] [stdout]    = note: this error originates in the derive macro `Accounts` (in Nightly builds, run with -Z macro-backtrace for more info)
[INFO] [stdout] 
[INFO] [stdout] 
[INFO] [stdout] error[E0433]: failed to resolve: could not find `solana_program` in the crate root
[INFO] [stdout]   --> src/idl.rs:50:10
[INFO] [stdout]    |
[INFO] [stdout] 50 | #[derive(Accounts)]
[INFO] [stdout]    |          ^^^^^^^^ could not find `solana_program` in the crate root
[INFO] [stdout]    |
[INFO] [stdout]    = note: this error originates in the derive macro `Accounts` (in Nightly builds, run with -Z macro-backtrace for more info)
[INFO] [stdout] help: consider importing this module
[INFO] [stdout]    |
[INFO] [stdout] 20 + use solana_program::pubkey;
[INFO] [stdout]    |
[INFO] [stdout] 
[INFO] [stdout] 
[INFO] [stdout] error[E0433]: failed to resolve: could not find `solana_program` in the crate root
[INFO] [stdout]   --> src/idl.rs:50:10
[INFO] [stdout]    |
[INFO] [stdout] 50 | #[derive(Accounts)]
[INFO] [stdout]    |          ^^^^^^^^ could not find `solana_program` in the crate root
[INFO] [stdout]    |
[INFO] [stdout]    = note: this error originates in the derive macro `Accounts` (in Nightly builds, run with -Z macro-backtrace for more info)
[INFO] [stdout] help: consider importing one of these items
[INFO] [stdout]    |
[INFO] [stdout] 20 + use crate::accounts::account_info;
[INFO] [stdout]    |
[INFO] [stdout] 20 + use solana_program::account_info;
[INFO] [stdout]    |
[INFO] [stdout] 
[INFO] [stdout] 
[INFO] [stdout] error[E0433]: failed to resolve: could not find `solana_program` in the crate root
[INFO] [stdout]   --> src/idl.rs:50:10
[INFO] [stdout]    |
[INFO] [stdout] 50 | #[derive(Accounts)]
[INFO] [stdout]    |          ^^^^^^^^ could not find `solana_program` in the crate root
[INFO] [stdout]    |
[INFO] [stdout]    = note: this error originates in the derive macro `Accounts` (in Nightly builds, run with -Z macro-backtrace for more info)
[INFO] [stdout] help: consider importing one of these items
[INFO] [stdout]    |
[INFO] [stdout] 20 + use solana_program::instruction;
[INFO] [stdout]    |
[INFO] [stdout] 20 + use solana_program::stake::instruction;
[INFO] [stdout]    |
[INFO] [stdout] 
[INFO] [stdout] 
[INFO] [stdout] error[E0433]: failed to resolve: could not find `solana_program` in the crate root
[INFO] [stdout]   --> src/idl.rs:50:10
[INFO] [stdout]    |
[INFO] [stdout] 50 | #[derive(Accounts)]
[INFO] [stdout]    |          ^^^^^^^^ could not find `solana_program` in the crate root
[INFO] [stdout]    |
[INFO] [stdout]    = help: consider importing this module:
[INFO] [stdout]            solana_program::pubkey
[INFO] [stdout]    = note: this error originates in the derive macro `Accounts` (in Nightly builds, run with -Z macro-backtrace for more info)
[INFO] [stdout] 
[INFO] [stdout] 
[INFO] [stdout] error[E0433]: failed to resolve: could not find `solana_program` in the crate root
[INFO] [stdout]   --> src/idl.rs:50:10
[INFO] [stdout]    |
[INFO] [stdout] 50 | #[derive(Accounts)]
[INFO] [stdout]    |          ^^^^^^^^ could not find `solana_program` in the crate root
[INFO] [stdout]    |
[INFO] [stdout]    = help: consider importing one of these items:
[INFO] [stdout]            solana_program::instruction
[INFO] [stdout]            solana_program::stake::instruction
[INFO] [stdout]    = note: this error originates in the derive macro `Accounts` (in Nightly builds, run with -Z macro-backtrace for more info)
[INFO] [stdout] 
[INFO] [stdout] 
[INFO] [stdout] error[E0433]: failed to resolve: could not find `solana_program` in the crate root
[INFO] [stdout]   --> src/idl.rs:50:10
[INFO] [stdout]    |
[INFO] [stdout] 50 | #[derive(Accounts)]
[INFO] [stdout]    |          ^^^^^^^^ could not find `solana_program` in the crate root
[INFO] [stdout]    |
[INFO] [stdout]    = help: consider importing this struct:
[INFO] [stdout]            solana_program::instruction::AccountMeta
[INFO] [stdout]    = note: this error originates in the derive macro `Accounts` (in Nightly builds, run with -Z macro-backtrace for more info)
[INFO] [stdout] 
[INFO] [stdout] 
[INFO] [stdout] error[E0433]: failed to resolve: could not find `solana_program` in the crate root
[INFO] [stdout]   --> src/idl.rs:50:10
[INFO] [stdout]    |
[INFO] [stdout] 50 | #[derive(Accounts)]
[INFO] [stdout]    |          ^^^^^^^^ could not find `solana_program` in the crate root
[INFO] [stdout]    |
[INFO] [stdout]    = help: consider importing one of these items:
[INFO] [stdout]            crate::accounts::account_info
[INFO] [stdout]            solana_program::account_info
[INFO] [stdout]    = note: this error originates in the derive macro `Accounts` (in Nightly builds, run with -Z macro-backtrace for more info)
[INFO] [stdout] 
[INFO] [stdout] 
[INFO] [stdout] error[E0433]: failed to resolve: could not find `solana_program` in the crate root
[INFO] [stdout]   --> src/idl.rs:60:10
[INFO] [stdout]    |
[INFO] [stdout] 60 | #[derive(Accounts)]
[INFO] [stdout]    |          ^^^^^^^^ could not find `solana_program` in the crate root
[INFO] [stdout]    |
[INFO] [stdout]    = note: this error originates in the derive macro `Accounts` (in Nightly builds, run with -Z macro-backtrace for more info)
[INFO] [stdout] help: consider importing this module
[INFO] [stdout]    |
[INFO] [stdout] 20 + use solana_program::pubkey;
[INFO] [stdout]    |
[INFO] [stdout] 
[INFO] [stdout] 
[INFO] [stdout] error[E0433]: failed to resolve: could not find `solana_program` in the crate root
[INFO] [stdout]   --> src/idl.rs:60:10
[INFO] [stdout]    |
[INFO] [stdout] 60 | #[derive(Accounts)]
[INFO] [stdout]    |          ^^^^^^^^ could not find `solana_program` in the crate root
[INFO] [stdout]    |
[INFO] [stdout]    = note: this error originates in the derive macro `Accounts` (in Nightly builds, run with -Z macro-backtrace for more info)
[INFO] [stdout] help: consider importing one of these items
[INFO] [stdout]    |
[INFO] [stdout] 20 + use crate::accounts::account_info;
[INFO] [stdout]    |
[INFO] [stdout] 20 + use solana_program::account_info;
[INFO] [stdout]    |
[INFO] [stdout] 
[INFO] [stdout] 
[INFO] [stdout] error[E0433]: failed to resolve: could not find `solana_program` in the crate root
[INFO] [stdout]   --> src/idl.rs:60:10
[INFO] [stdout]    |
[INFO] [stdout] 60 | #[derive(Accounts)]
[INFO] [stdout]    |          ^^^^^^^^ could not find `solana_program` in the crate root
[INFO] [stdout]    |
[INFO] [stdout]    = note: this error originates in the derive macro `Accounts` (in Nightly builds, run with -Z macro-backtrace for more info)
[INFO] [stdout] help: consider importing one of these items
[INFO] [stdout]    |
[INFO] [stdout] 20 + use solana_program::instruction;
[INFO] [stdout]    |
[INFO] [stdout] 20 + use solana_program::stake::instruction;
[INFO] [stdout]    |
[INFO] [stdout] 
[INFO] [stdout] 
[INFO] [stdout] error[E0433]: failed to resolve: could not find `solana_program` in the crate root
[INFO] [stdout]   --> src/idl.rs:60:10
[INFO] [stdout]    |
[INFO] [stdout] 60 | #[derive(Accounts)]
[INFO] [stdout]    |          ^^^^^^^^ could not find `solana_program` in the crate root
[INFO] [stdout]    |
[INFO] [stdout]    = help: consider importing this module:
[INFO] [stdout]            solana_program::pubkey
[INFO] [stdout]    = note: this error originates in the derive macro `Accounts` (in Nightly builds, run with -Z macro-backtrace for more info)
[INFO] [stdout] 
[INFO] [stdout] 
[INFO] [stdout] error[E0433]: failed to resolve: could not find `solana_program` in the crate root
[INFO] [stdout]   --> src/idl.rs:60:10
[INFO] [stdout]    |
[INFO] [stdout] 60 | #[derive(Accounts)]
[INFO] [stdout]    |          ^^^^^^^^ could not find `solana_program` in the crate root
[INFO] [stdout]    |
[INFO] [stdout]    = help: consider importing one of these items:
[INFO] [stdout]            solana_program::instruction
[INFO] [stdout]            solana_program::stake::instruction
[INFO] [stdout]    = note: this error originates in the derive macro `Accounts` (in Nightly builds, run with -Z macro-backtrace for more info)
[INFO] [stdout] 
[INFO] [stdout] 
[INFO] [stdout] error[E0433]: failed to resolve: could not find `solana_program` in the crate root
[INFO] [stdout]   --> src/idl.rs:60:10
[INFO] [stdout]    |
[INFO] [stdout] 60 | #[derive(Accounts)]
[INFO] [stdout]    |          ^^^^^^^^ could not find `solana_program` in the crate root
[INFO] [stdout]    |
[INFO] [stdout]    = help: consider importing this struct:
[INFO] [stdout]            solana_program::instruction::AccountMeta
[INFO] [stdout]    = note: this error originates in the derive macro `Accounts` (in Nightly builds, run with -Z macro-backtrace for more info)
[INFO] [stdout] 
[INFO] [stdout] 
[INFO] [stdout] error[E0433]: failed to resolve: could not find `solana_program` in the crate root
[INFO] [stdout]   --> src/idl.rs:60:10
[INFO] [stdout]    |
[INFO] [stdout] 60 | #[derive(Accounts)]
[INFO] [stdout]    |          ^^^^^^^^ could not find `solana_program` in the crate root
[INFO] [stdout]    |
[INFO] [stdout]    = help: consider importing one of these items:
[INFO] [stdout]            crate::accounts::account_info
[INFO] [stdout]            solana_program::account_info
[INFO] [stdout]    = note: this error originates in the derive macro `Accounts` (in Nightly builds, run with -Z macro-backtrace for more info)
[INFO] [stdout] 
[INFO] [stdout] 
[INFO] [stdout] error[E0433]: failed to resolve: could not find `solana_program` in the crate root
[INFO] [stdout]   --> src/idl.rs:70:10
[INFO] [stdout]    |
[INFO] [stdout] 70 | #[derive(Accounts)]
[INFO] [stdout]    |          ^^^^^^^^ could not find `solana_program` in the crate root
[INFO] [stdout]    |
[INFO] [stdout]    = note: this error originates in the derive macro `Accounts` (in Nightly builds, run with -Z macro-backtrace for more info)
[INFO] [stdout] help: consider importing this module
[INFO] [stdout]    |
[INFO] [stdout] 20 + use solana_program::pubkey;
[INFO] [stdout]    |
[INFO] [stdout] 
[INFO] [stdout] 
[INFO] [stdout] error[E0433]: failed to resolve: could not find `solana_program` in the crate root
[INFO] [stdout]   --> src/idl.rs:70:10
[INFO] [stdout]    |
[INFO] [stdout] 70 | #[derive(Accounts)]
[INFO] [stdout]    |          ^^^^^^^^ could not find `solana_program` in the crate root
[INFO] [stdout]    |
[INFO] [stdout]    = note: this error originates in the derive macro `Accounts` (in Nightly builds, run with -Z macro-backtrace for more info)
[INFO] [stdout] help: consider importing one of these items
[INFO] [stdout]    |
[INFO] [stdout] 20 + use crate::accounts::account_info;
[INFO] [stdout]    |
[INFO] [stdout] 20 + use solana_program::account_info;
[INFO] [stdout]    |
[INFO] [stdout] 
[INFO] [stdout] 
[INFO] [stdout] error[E0433]: failed to resolve: could not find `solana_program` in the crate root
[INFO] [stdout]   --> src/idl.rs:70:10
[INFO] [stdout]    |
[INFO] [stdout] 70 | #[derive(Accounts)]
[INFO] [stdout]    |          ^^^^^^^^ could not find `solana_program` in the crate root
[INFO] [stdout]    |
[INFO] [stdout]    = note: this error originates in the derive macro `Accounts` (in Nightly builds, run with -Z macro-backtrace for more info)
[INFO] [stdout] help: consider importing one of these items
[INFO] [stdout]    |
[INFO] [stdout] 20 + use solana_program::instruction;
[INFO] [stdout]    |
[INFO] [stdout] 20 + use solana_program::stake::instruction;
[INFO] [stdout]    |
[INFO] [stdout] 
[INFO] [stdout] 
[INFO] [stdout] error[E0433]: failed to resolve: could not find `solana_program` in the crate root
[INFO] [stdout]   --> src/idl.rs:70:10
[INFO] [stdout]    |
[INFO] [stdout] 70 | #[derive(Accounts)]
[INFO] [stdout]    |          ^^^^^^^^ could not find `solana_program` in the crate root
[INFO] [stdout]    |
[INFO] [stdout]    = help: consider importing this module:
[INFO] [stdout]            solana_program::pubkey
[INFO] [stdout]    = note: this error originates in the derive macro `Accounts` (in Nightly builds, run with -Z macro-backtrace for more info)
[INFO] [stdout] 
[INFO] [stdout] 
[INFO] [stdout] error[E0433]: failed to resolve: could not find `solana_program` in the crate root
[INFO] [stdout]   --> src/idl.rs:70:10
[INFO] [stdout]    |
[INFO] [stdout] 70 | #[derive(Accounts)]
[INFO] [stdout]    |          ^^^^^^^^ could not find `solana_program` in the crate root
[INFO] [stdout]    |
[INFO] [stdout]    = help: consider importing one of these items:
[INFO] [stdout]            solana_program::instruction
[INFO] [stdout]            solana_program::stake::instruction
[INFO] [stdout]    = note: this error originates in the derive macro `Accounts` (in Nightly builds, run with -Z macro-backtrace for more info)
[INFO] [stdout] 
[INFO] [stdout] 
[INFO] [stdout] error[E0433]: failed to resolve: could not find `solana_program` in the crate root
[INFO] [stdout]   --> src/idl.rs:70:10
[INFO] [stdout]    |
[INFO] [stdout] 70 | #[derive(Accounts)]
[INFO] [stdout]    |          ^^^^^^^^ could not find `solana_program` in the crate root
[INFO] [stdout]    |
[INFO] [stdout]    = help: consider importing this struct:
[INFO] [stdout]            solana_program::instruction::AccountMeta
[INFO] [stdout]    = note: this error originates in the derive macro `Accounts` (in Nightly builds, run with -Z macro-backtrace for more info)
[INFO] [stdout] 
[INFO] [stdout] 
[INFO] [stdout] error[E0433]: failed to resolve: could not find `solana_program` in the crate root
[INFO] [stdout]   --> src/idl.rs:70:10
[INFO] [stdout]    |
[INFO] [stdout] 70 | #[derive(Accounts)]
[INFO] [stdout]    |          ^^^^^^^^ could not find `solana_program` in the crate root
[INFO] [stdout]    |
[INFO] [stdout]    = help: consider importing one of these items:
[INFO] [stdout]            crate::accounts::account_info
[INFO] [stdout]            solana_program::account_info
[INFO] [stdout]    = note: this error originates in the derive macro `Accounts` (in Nightly builds, run with -Z macro-backtrace for more info)
[INFO] [stdout] 
[INFO] [stdout] 
[INFO] [stdout] error: aborting due to 123 previous errors
[INFO] [stdout] 
[INFO] [stdout] 
[INFO] [stdout] Some errors have detailed explanations: E0432, E0433.
[INFO] [stdout] 
[INFO] [stdout] For more information about an error, try `rustc --explain E0432`.
[INFO] [stdout] 
[INFO] [stderr] error: could not compile `safe-anchor-lang` (lib) due to 124 previous errors
[INFO] running `Command { std: "docker" "inspect" "4b3665009ef79d85344d65fb25a58c51fa22757443d5e3853ecf42e1ad16fa21", kill_on_drop: false }`
[INFO] running `Command { std: "docker" "rm" "-f" "4b3665009ef79d85344d65fb25a58c51fa22757443d5e3853ecf42e1ad16fa21", kill_on_drop: false }`
[INFO] [stdout] 4b3665009ef79d85344d65fb25a58c51fa22757443d5e3853ecf42e1ad16fa21
[INFO] testing safe-anchor-lang-0.22.0 against beta-2023-12-22 for beta-1.76-1
[INFO] extracting crate safe-anchor-lang 0.22.0 into /workspace/builds/worker-2-tc2/source
[INFO] validating manifest of crates.io crate safe-anchor-lang 0.22.0 on toolchain beta-2023-12-22
[INFO] running `Command { std: CARGO_HOME="/workspace/cargo-home" RUSTUP_HOME="/workspace/rustup-home" "/workspace/cargo-home/bin/cargo" "+beta-2023-12-22" "metadata" "--manifest-path" "Cargo.toml" "--no-deps", kill_on_drop: false }`
[INFO] started tweaking crates.io crate safe-anchor-lang 0.22.0
[INFO] finished tweaking crates.io crate safe-anchor-lang 0.22.0
[INFO] tweaked toml for crates.io crate safe-anchor-lang 0.22.0 written to /workspace/builds/worker-2-tc2/source/Cargo.toml
[INFO] running `Command { std: CARGO_HOME="/workspace/cargo-home" RUSTUP_HOME="/workspace/rustup-home" "/workspace/cargo-home/bin/cargo" "+beta-2023-12-22" "generate-lockfile" "--manifest-path" "Cargo.toml", kill_on_drop: false }`
[INFO] [stderr]     Updating crates.io index
[INFO] running `Command { std: CARGO_HOME="/workspace/cargo-home" RUSTUP_HOME="/workspace/rustup-home" "/workspace/cargo-home/bin/cargo" "+beta-2023-12-22" "fetch" "--manifest-path" "Cargo.toml", kill_on_drop: false }`
[INFO] running `Command { std: "docker" "create" "-v" "/var/lib/crater-agent-workspace/builds/worker-2-tc2/target:/opt/rustwide/target:rw,Z" "-v" "/var/lib/crater-agent-workspace/builds/worker-2-tc2/source:/opt/rustwide/workdir:ro,Z" "-v" "/var/lib/crater-agent-workspace/cargo-home:/opt/rustwide/cargo-home:ro,Z" "-v" "/var/lib/crater-agent-workspace/rustup-home:/opt/rustwide/rustup-home:ro,Z" "-e" "SOURCE_DIR=/opt/rustwide/workdir" "-e" "CARGO_TARGET_DIR=/opt/rustwide/target" "-e" "CARGO_HOME=/opt/rustwide/cargo-home" "-e" "RUSTUP_HOME=/opt/rustwide/rustup-home" "-w" "/opt/rustwide/workdir" "-m" "1610612736" "--user" "0:0" "--network" "none" "ghcr.io/rust-lang/crates-build-env/linux@sha256:2788e3201cd34a07e3172128adcd8b3090168a8e3bcc40d7c032b9dda1df7d1c" "/opt/rustwide/cargo-home/bin/cargo" "+beta-2023-12-22" "metadata" "--no-deps" "--format-version=1", kill_on_drop: false }`
[INFO] [stdout] 5f47612075119cbd6614b78c1d9bf4f6bd114a4d2227cbcfac6529e56fec16f2
[INFO] running `Command { std: "docker" "start" "-a" "5f47612075119cbd6614b78c1d9bf4f6bd114a4d2227cbcfac6529e56fec16f2", kill_on_drop: false }`
[INFO] running `Command { std: "docker" "inspect" "5f47612075119cbd6614b78c1d9bf4f6bd114a4d2227cbcfac6529e56fec16f2", kill_on_drop: false }`
[INFO] running `Command { std: "docker" "rm" "-f" "5f47612075119cbd6614b78c1d9bf4f6bd114a4d2227cbcfac6529e56fec16f2", kill_on_drop: false }`
[INFO] [stdout] 5f47612075119cbd6614b78c1d9bf4f6bd114a4d2227cbcfac6529e56fec16f2
[INFO] running `Command { std: "docker" "create" "-v" "/var/lib/crater-agent-workspace/builds/worker-2-tc2/target:/opt/rustwide/target:rw,Z" "-v" "/var/lib/crater-agent-workspace/builds/worker-2-tc2/source:/opt/rustwide/workdir:ro,Z" "-v" "/var/lib/crater-agent-workspace/cargo-home:/opt/rustwide/cargo-home:ro,Z" "-v" "/var/lib/crater-agent-workspace/rustup-home:/opt/rustwide/rustup-home:ro,Z" "-e" "SOURCE_DIR=/opt/rustwide/workdir" "-e" "CARGO_TARGET_DIR=/opt/rustwide/target" "-e" "CARGO_INCREMENTAL=0" "-e" "RUST_BACKTRACE=full" "-e" "RUSTFLAGS=--cap-lints=warn" "-e" "RUSTDOCFLAGS=--cap-lints=warn" "-e" "CARGO_HOME=/opt/rustwide/cargo-home" "-e" "RUSTUP_HOME=/opt/rustwide/rustup-home" "-w" "/opt/rustwide/workdir" "-m" "1610612736" "--user" "0:0" "--network" "none" "ghcr.io/rust-lang/crates-build-env/linux@sha256:2788e3201cd34a07e3172128adcd8b3090168a8e3bcc40d7c032b9dda1df7d1c" "/opt/rustwide/cargo-home/bin/cargo" "+beta-2023-12-22" "build" "--frozen" "--message-format=json", kill_on_drop: false }`
[INFO] [stdout] 55c6b73d4864cfed5bbc5e31012cb9d4d374b2fcf0ebb07536b56188d8d8af41
[INFO] running `Command { std: "docker" "start" "-a" "55c6b73d4864cfed5bbc5e31012cb9d4d374b2fcf0ebb07536b56188d8d8af41", kill_on_drop: false }`
[INFO] [stderr]    Compiling proc-macro2 v1.0.75
[INFO] [stderr]    Compiling version_check v0.9.4
[INFO] [stderr]    Compiling serde v1.0.194
[INFO] [stderr]    Compiling typenum v1.17.0
[INFO] [stderr]    Compiling libc v0.2.151
[INFO] [stderr]    Compiling syn v1.0.109
[INFO] [stderr]    Compiling subtle v2.5.0
[INFO] [stderr]    Compiling block-padding v0.2.1
[INFO] [stderr]    Compiling cpufeatures v0.2.12
[INFO] [stderr]    Compiling thiserror v1.0.56
[INFO] [stderr]    Compiling serde_json v1.0.111
[INFO] [stderr]    Compiling opaque-debug v0.3.0
[INFO] [stderr]    Compiling anyhow v1.0.79
[INFO] [stderr]    Compiling ryu v1.0.16
[INFO] [stderr]    Compiling itoa v1.0.10
[INFO] [stderr]    Compiling semver v1.0.21
[INFO] [stderr]    Compiling once_cell v1.19.0
[INFO] [stderr]    Compiling unicode-segmentation v1.10.1
[INFO] [stderr]    Compiling yansi v0.5.1
[INFO] [stderr]    Compiling getrandom v0.1.16
[INFO] [stderr]    Compiling bs58 v0.3.1
[INFO] [stderr]    Compiling crunchy v0.2.2
[INFO] [stderr]    Compiling crossbeam-utils v0.8.18
[INFO] [stderr]    Compiling wasm-bindgen-shared v0.2.89
[INFO] [stderr]    Compiling log v0.4.20
[INFO] [stderr]    Compiling bumpalo v3.14.0
[INFO] [stderr]    Compiling generic-array v0.14.7
[INFO] [stderr]    Compiling proc-macro2-diagnostics v0.9.1
[INFO] [stderr]    Compiling ahash v0.7.7
[INFO] [stderr]    Compiling feature-probe v0.1.1
[INFO] [stderr]    Compiling heck v0.3.3
[INFO] [stderr]    Compiling rustversion v1.0.14
[INFO] [stderr]    Compiling either v1.9.0
[INFO] [stderr]    Compiling im v15.1.0
[INFO] [stderr]    Compiling rustc_version v0.4.0
[INFO] [stderr]    Compiling bv v0.11.1
[INFO] [stderr]    Compiling tinyvec_macros v0.1.1
[INFO] [stderr]    Compiling bs58 v0.4.0
[INFO] [stderr]    Compiling memchr v2.7.1
[INFO] [stderr]    Compiling crossbeam-epoch v0.9.17
[INFO] [stderr]    Compiling arrayref v0.3.7
[INFO] [stderr]    Compiling tinyvec v1.6.0
[INFO] [stderr]    Compiling num-traits v0.2.17
[INFO] [stderr]    Compiling arrayvec v0.7.4
[INFO] [stderr]    Compiling quote v1.0.35
[INFO] [stderr]    Compiling constant_time_eq v0.3.0
[INFO] [stderr]    Compiling regex-syntax v0.8.2
[INFO] [stderr]    Compiling byteorder v1.5.0
[INFO] [stderr]    Compiling syn v2.0.48
[INFO] [stderr]    Compiling crossbeam-deque v0.8.4
[INFO] [stderr]    Compiling safecoin-frozen-abi-macro v1.14.17
[INFO] [stderr]    Compiling safecoin-frozen-abi v1.14.17
[INFO] [stderr]    Compiling wasm-bindgen v0.2.89
[INFO] [stderr]    Compiling keccak v0.1.4
[INFO] [stderr]    Compiling base64 v0.12.3
[INFO] [stderr]    Compiling rayon-core v1.12.0
[INFO] [stderr]    Compiling aho-corasick v1.1.2
[INFO] [stderr]    Compiling itertools v0.10.5
[INFO] [stderr]    Compiling base64 v0.13.1
[INFO] [stderr]    Compiling bitmaps v2.1.0
[INFO] [stderr]    Compiling unicode-normalization v0.1.22
[INFO] [stderr]    Compiling rayon v1.8.0
[INFO] [stderr]    Compiling getrandom v0.2.11
[INFO] [stderr]    Compiling jobserver v0.1.27
[INFO] [stderr]    Compiling rand_core v0.5.1
[INFO] [stderr]    Compiling rand_core v0.6.4
[INFO] [stderr]    Compiling memmap2 v0.5.10
[INFO] [stderr]    Compiling cc v1.0.83
[INFO] [stderr]    Compiling rand_chacha v0.2.2
[INFO] [stderr]    Compiling sized-chunks v0.6.5
[INFO] [stderr]    Compiling rand_xoshiro v0.6.0
[INFO] [stderr]    Compiling hashbrown v0.12.3
[INFO] [stderr]    Compiling hashbrown v0.11.2
[INFO] [stderr]    Compiling rand v0.7.3
[INFO] [stderr]    Compiling regex-automata v0.4.3
[INFO] [stderr]    Compiling blake3 v1.5.0
[INFO] [stderr]    Compiling safecoin-program v1.14.17
[INFO] [stderr]    Compiling wasm-bindgen-backend v0.2.89
[INFO] [stderr]    Compiling borsh-schema-derive-internal v0.9.3
[INFO] [stderr]    Compiling borsh-derive-internal v0.9.3
[INFO] [stderr]    Compiling regex v1.10.2
[INFO] [stderr]    Compiling serde_derive v1.0.194
[INFO] [stderr]    Compiling thiserror-impl v1.0.56
[INFO] [stderr]    Compiling zeroize_derive v1.4.2
[INFO] [stderr]    Compiling wasm-bindgen-macro-support v0.2.89
[INFO] [stderr]    Compiling bytemuck_derive v1.5.0
[INFO] [stderr]    Compiling num-derive v0.3.3
[INFO] [stderr]    Compiling safecoin-sdk-macro v1.14.17
[INFO] [stderr]    Compiling wasm-bindgen-macro v0.2.89
[INFO] [stderr]    Compiling zeroize v1.3.0
[INFO] [stderr]    Compiling bytemuck v1.14.0
[INFO] [stderr]    Compiling toml v0.5.11
[INFO] [stderr]    Compiling serde_bytes v0.11.14
[INFO] [stderr]    Compiling bincode v1.3.3
[INFO] [stderr]    Compiling digest v0.9.0
[INFO] [stderr]    Compiling block-buffer v0.9.0
[INFO] [stderr]    Compiling crypto-common v0.1.6
[INFO] [stderr]    Compiling block-buffer v0.10.4
[INFO] [stderr]    Compiling crypto-mac v0.8.0
[INFO] [stderr]    Compiling pbkdf2 v0.4.0
[INFO] [stderr]    Compiling libsecp256k1-core v0.2.2
[INFO] [stderr]    Compiling sha2 v0.9.9
[INFO] [stderr]    Compiling hmac v0.8.1
[INFO] [stderr]    Compiling curve25519-dalek v3.2.1
[INFO] [stderr]    Compiling digest v0.10.7
[INFO] [stderr]    Compiling hmac-drbg v0.3.0
[INFO] [stderr]    Compiling proc-macro-crate v0.1.5
[INFO] [stderr]    Compiling sha2 v0.10.8
[INFO] [stderr]    Compiling sha3 v0.10.8
[INFO] [stderr]    Compiling anchor-syn v0.22.1
[INFO] [stderr]    Compiling tiny-bip39 v0.8.2
[INFO] [stderr]    Compiling borsh-derive v0.9.3
[INFO] [stderr]    Compiling libsecp256k1-gen-ecmult v0.2.1
[INFO] [stderr]    Compiling libsecp256k1-gen-genmult v0.2.1
[INFO] [stderr]    Compiling libsecp256k1 v0.6.0
[INFO] [stderr]    Compiling borsh v0.9.3
[INFO] [stderr]    Compiling anchor-attribute-access-control v0.22.1
[INFO] [stderr]    Compiling anchor-derive-accounts v0.22.1
[INFO] [stderr]    Compiling anchor-attribute-state v0.22.1
[INFO] [stderr]    Compiling anchor-attribute-event v0.22.1
[INFO] [stderr]    Compiling anchor-attribute-error v0.22.1
[INFO] [stderr]    Compiling anchor-attribute-program v0.22.1
[INFO] [stderr]    Compiling anchor-attribute-interface v0.22.1
[INFO] [stderr]    Compiling anchor-attribute-constant v0.22.1
[INFO] [stderr]    Compiling anchor-attribute-account v0.22.1
[INFO] [stderr]    Compiling safe-anchor-lang v0.22.0 (/opt/rustwide/workdir)
[INFO] [stdout] error[E0433]: failed to resolve: use of undeclared crate or module `safecoin_program`
[INFO] [stdout]  --> src/account_meta.rs:2:5
[INFO] [stdout]   |
[INFO] [stdout] 2 | use safecoin_program::instruction::AccountMeta;
[INFO] [stdout]   |     ^^^^^^^^^^^^^^^^ use of undeclared crate or module `safecoin_program`
[INFO] [stdout] 
[INFO] [stdout] 
[INFO] [stdout] error[E0433]: failed to resolve: use of undeclared crate or module `safecoin_program`
[INFO] [stdout]  --> src/accounts/account_info.rs:7:5
[INFO] [stdout]   |
[INFO] [stdout] 7 | use safecoin_program::account_info::AccountInfo;
[INFO] [stdout]   |     ^^^^^^^^^^^^^^^^ use of undeclared crate or module `safecoin_program`
[INFO] [stdout] 
[INFO] [stdout] 
[INFO] [stdout] error[E0433]: failed to resolve: use of undeclared crate or module `safecoin_program`
[INFO] [stdout]  --> src/accounts/account_info.rs:8:5
[INFO] [stdout]   |
[INFO] [stdout] 8 | use safecoin_program::instruction::AccountMeta;
[INFO] [stdout]   |     ^^^^^^^^^^^^^^^^ use of undeclared crate or module `safecoin_program`
[INFO] [stdout] 
[INFO] [stdout] 
[INFO] [stdout] error[E0433]: failed to resolve: use of undeclared crate or module `safecoin_program`
[INFO] [stdout]  --> src/accounts/account_info.rs:9:5
[INFO] [stdout]   |
[INFO] [stdout] 9 | use safecoin_program::pubkey::Pubkey;
[INFO] [stdout]   |     ^^^^^^^^^^^^^^^^ use of undeclared crate or module `safecoin_program`
[INFO] [stdout] 
[INFO] [stdout] 
[INFO] [stdout] error[E0433]: failed to resolve: use of undeclared crate or module `safecoin_program`
[INFO] [stdout]   --> src/accounts/boxed.rs:17:5
[INFO] [stdout]    |
[INFO] [stdout] 17 | use safecoin_program::account_info::AccountInfo;
[INFO] [stdout]    |     ^^^^^^^^^^^^^^^^ use of undeclared crate or module `safecoin_program`
[INFO] [stdout] 
[INFO] [stdout] 
[INFO] [stdout] error[E0433]: failed to resolve: use of undeclared crate or module `safecoin_program`
[INFO] [stdout]   --> src/accounts/boxed.rs:18:5
[INFO] [stdout]    |
[INFO] [stdout] 18 | use safecoin_program::instruction::AccountMeta;
[INFO] [stdout]    |     ^^^^^^^^^^^^^^^^ use of undeclared crate or module `safecoin_program`
[INFO] [stdout] 
[INFO] [stdout] 
[INFO] [stdout] error[E0433]: failed to resolve: use of undeclared crate or module `safecoin_program`
[INFO] [stdout]   --> src/accounts/boxed.rs:19:5
[INFO] [stdout]    |
[INFO] [stdout] 19 | use safecoin_program::pubkey::Pubkey;
[INFO] [stdout]    |     ^^^^^^^^^^^^^^^^ use of undeclared crate or module `safecoin_program`
[INFO] [stdout] 
[INFO] [stdout] 
[INFO] [stdout] error[E0433]: failed to resolve: use of undeclared crate or module `safecoin_program`
[INFO] [stdout]  --> src/accounts/loader.rs:7:5
[INFO] [stdout]   |
[INFO] [stdout] 7 | use safecoin_program::account_info::AccountInfo;
[INFO] [stdout]   |     ^^^^^^^^^^^^^^^^ use of undeclared crate or module `safecoin_program`
[INFO] [stdout] 
[INFO] [stdout] 
[INFO] [stdout] error[E0433]: failed to resolve: use of undeclared crate or module `safecoin_program`
[INFO] [stdout]  --> src/accounts/loader.rs:8:5
[INFO] [stdout]   |
[INFO] [stdout] 8 | use safecoin_program::instruction::AccountMeta;
[INFO] [stdout]   |     ^^^^^^^^^^^^^^^^ use of undeclared crate or module `safecoin_program`
[INFO] [stdout] 
[INFO] [stdout] 
[INFO] [stdout] error[E0433]: failed to resolve: use of undeclared crate or module `safecoin_program`
[INFO] [stdout]  --> src/accounts/loader.rs:9:5
[INFO] [stdout]   |
[INFO] [stdout] 9 | use safecoin_program::pubkey::Pubkey;
[INFO] [stdout]   |     ^^^^^^^^^^^^^^^^ use of undeclared crate or module `safecoin_program`
[INFO] [stdout] 
[INFO] [stdout] 
[INFO] [stdout] error[E0433]: failed to resolve: use of undeclared crate or module `safecoin_program`
[INFO] [stdout]  --> src/accounts/sysvar.rs:5:5
[INFO] [stdout]   |
[INFO] [stdout] 5 | use safecoin_program::account_info::AccountInfo;
[INFO] [stdout]   |     ^^^^^^^^^^^^^^^^ use of undeclared crate or module `safecoin_program`
[INFO] [stdout] 
[INFO] [stdout] 
[INFO] [stdout] error[E0433]: failed to resolve: use of undeclared crate or module `safecoin_program`
[INFO] [stdout]  --> src/accounts/sysvar.rs:6:5
[INFO] [stdout]   |
[INFO] [stdout] 6 | use safecoin_program::instruction::AccountMeta;
[INFO] [stdout]   |     ^^^^^^^^^^^^^^^^ use of undeclared crate or module `safecoin_program`
[INFO] [stdout] 
[INFO] [stdout] 
[INFO] [stdout] error[E0433]: failed to resolve: use of undeclared crate or module `safecoin_program`
[INFO] [stdout]  --> src/accounts/sysvar.rs:7:5
[INFO] [stdout]   |
[INFO] [stdout] 7 | use safecoin_program::pubkey::Pubkey;
[INFO] [stdout]   |     ^^^^^^^^^^^^^^^^ use of undeclared crate or module `safecoin_program`
[INFO] [stdout] 
[INFO] [stdout] 
[INFO] [stdout] error[E0433]: failed to resolve: use of undeclared crate or module `safecoin_program`
[INFO] [stdout]  --> src/common.rs:4:5
[INFO] [stdout]   |
[INFO] [stdout] 4 | use safecoin_program::account_info::AccountInfo;
[INFO] [stdout]   |     ^^^^^^^^^^^^^^^^ use of undeclared crate or module `safecoin_program`
[INFO] [stdout] 
[INFO] [stdout] 
[INFO] [stdout] error[E0433]: failed to resolve: use of undeclared crate or module `safecoin_program`
[INFO] [stdout]  --> src/context.rs:4:5
[INFO] [stdout]   |
[INFO] [stdout] 4 | use safecoin_program::account_info::AccountInfo;
[INFO] [stdout]   |     ^^^^^^^^^^^^^^^^ use of undeclared crate or module `safecoin_program`
[INFO] [stdout] 
[INFO] [stdout] 
[INFO] [stdout] error[E0433]: failed to resolve: use of undeclared crate or module `safecoin_program`
[INFO] [stdout]  --> src/context.rs:5:5
[INFO] [stdout]   |
[INFO] [stdout] 5 | use safecoin_program::instruction::AccountMeta;
[INFO] [stdout]   |     ^^^^^^^^^^^^^^^^ use of undeclared crate or module `safecoin_program`
[INFO] [stdout] 
[INFO] [stdout] 
[INFO] [stdout] error[E0433]: failed to resolve: use of undeclared crate or module `safecoin_program`
[INFO] [stdout]  --> src/context.rs:6:5
[INFO] [stdout]   |
[INFO] [stdout] 6 | use safecoin_program::pubkey::Pubkey;
[INFO] [stdout]   |     ^^^^^^^^^^^^^^^^ use of undeclared crate or module `safecoin_program`
[INFO] [stdout] 
[INFO] [stdout] 
[INFO] [stdout] error[E0433]: failed to resolve: use of undeclared crate or module `safecoin_program`
[INFO] [stdout]  --> src/vec.rs:2:5
[INFO] [stdout]   |
[INFO] [stdout] 2 | use safecoin_program::account_info::AccountInfo;
[INFO] [stdout]   |     ^^^^^^^^^^^^^^^^ use of undeclared crate or module `safecoin_program`
[INFO] [stdout] 
[INFO] [stdout] 
[INFO] [stdout] error[E0433]: failed to resolve: use of undeclared crate or module `safecoin_program`
[INFO] [stdout]  --> src/vec.rs:3:5
[INFO] [stdout]   |
[INFO] [stdout] 3 | use safecoin_program::instruction::AccountMeta;
[INFO] [stdout]   |     ^^^^^^^^^^^^^^^^ use of undeclared crate or module `safecoin_program`
[INFO] [stdout] 
[INFO] [stdout] 
[INFO] [stdout] error[E0433]: failed to resolve: use of undeclared crate or module `safecoin_program`
[INFO] [stdout]  --> src/vec.rs:4:5
[INFO] [stdout]   |
[INFO] [stdout] 4 | use safecoin_program::pubkey::Pubkey;
[INFO] [stdout]   |     ^^^^^^^^^^^^^^^^ use of undeclared crate or module `safecoin_program`
[INFO] [stdout] 
[INFO] [stdout] 
[INFO] [stdout] error[E0433]: failed to resolve: use of undeclared crate or module `safecoin_program`
[INFO] [stdout]    --> src/lib.rs:288:9
[INFO] [stdout]     |
[INFO] [stdout] 288 |     use safecoin_program::pubkey::Pubkey;
[INFO] [stdout]     |         ^^^^^^^^^^^^^^^^ use of undeclared crate or module `safecoin_program`
[INFO] [stdout] 
[INFO] [stdout] 
[INFO] [stdout] error[E0433]: failed to resolve: use of undeclared crate or module `safecoin_program`
[INFO] [stdout]   --> src/lib.rs:27:5
[INFO] [stdout]    |
[INFO] [stdout] 27 | use safecoin_program::account_info::AccountInfo;
[INFO] [stdout]    |     ^^^^^^^^^^^^^^^^ use of undeclared crate or module `safecoin_program`
[INFO] [stdout] 
[INFO] [stdout] 
[INFO] [stdout] error[E0433]: failed to resolve: use of undeclared crate or module `safecoin_program`
[INFO] [stdout]   --> src/lib.rs:28:5
[INFO] [stdout]    |
[INFO] [stdout] 28 | use safecoin_program::instruction::AccountMeta;
[INFO] [stdout]    |     ^^^^^^^^^^^^^^^^ use of undeclared crate or module `safecoin_program`
[INFO] [stdout] 
[INFO] [stdout] 
[INFO] [stdout] error[E0433]: failed to resolve: use of undeclared crate or module `safecoin_program`
[INFO] [stdout]   --> src/lib.rs:29:5
[INFO] [stdout]    |
[INFO] [stdout] 29 | use safecoin_program::pubkey::Pubkey;
[INFO] [stdout]    |     ^^^^^^^^^^^^^^^^ use of undeclared crate or module `safecoin_program`
[INFO] [stdout] 
[INFO] [stdout] 
[INFO] [stdout] error[E0433]: failed to resolve: use of undeclared crate or module `safecoin_program`
[INFO] [stdout]  --> src/accounts/account.rs:5:5
[INFO] [stdout]   |
[INFO] [stdout] 5 | use safecoin_program::account_info::AccountInfo;
[INFO] [stdout]   |     ^^^^^^^^^^^^^^^^ use of undeclared crate or module `safecoin_program`
[INFO] [stdout] 
[INFO] [stdout] 
[INFO] [stdout] error[E0433]: failed to resolve: use of undeclared crate or module `safecoin_program`
[INFO] [stdout]  --> src/accounts/account.rs:6:5
[INFO] [stdout]   |
[INFO] [stdout] 6 | use safecoin_program::instruction::AccountMeta;
[INFO] [stdout]   |     ^^^^^^^^^^^^^^^^ use of undeclared crate or module `safecoin_program`
[INFO] [stdout] 
[INFO] [stdout] 
[INFO] [stdout] error[E0433]: failed to resolve: use of undeclared crate or module `safecoin_program`
[INFO] [stdout]  --> src/accounts/account.rs:7:5
[INFO] [stdout]   |
[INFO] [stdout] 7 | use safecoin_program::pubkey::Pubkey;
[INFO] [stdout]   |     ^^^^^^^^^^^^^^^^ use of undeclared crate or module `safecoin_program`
[INFO] [stdout] 
[INFO] [stdout] 
[INFO] [stdout] error[E0433]: failed to resolve: use of undeclared crate or module `safecoin_program`
[INFO] [stdout]  --> src/accounts/account_loader.rs:9:5
[INFO] [stdout]   |
[INFO] [stdout] 9 | use safecoin_program::account_info::AccountInfo;
[INFO] [stdout]   |     ^^^^^^^^^^^^^^^^ use of undeclared crate or module `safecoin_program`
[INFO] [stdout] 
[INFO] [stdout] 
[INFO] [stdout] error[E0433]: failed to resolve: use of undeclared crate or module `safecoin_program`
[INFO] [stdout]   --> src/accounts/account_loader.rs:10:5
[INFO] [stdout]    |
[INFO] [stdout] 10 | use safecoin_program::instruction::AccountMeta;
[INFO] [stdout]    |     ^^^^^^^^^^^^^^^^ use of undeclared crate or module `safecoin_program`
[INFO] [stdout] 
[INFO] [stdout] 
[INFO] [stdout] error[E0433]: failed to resolve: use of undeclared crate or module `safecoin_program`
[INFO] [stdout]   --> src/accounts/account_loader.rs:11:5
[INFO] [stdout]    |
[INFO] [stdout] 11 | use safecoin_program::pubkey::Pubkey;
[INFO] [stdout]    |     ^^^^^^^^^^^^^^^^ use of undeclared crate or module `safecoin_program`
[INFO] [stdout] 
[INFO] [stdout] 
[INFO] [stdout] error[E0433]: failed to resolve: use of undeclared crate or module `safecoin_program`
[INFO] [stdout]  --> src/accounts/cpi_account.rs:3:5
[INFO] [stdout]   |
[INFO] [stdout] 3 | use safecoin_program::account_info::AccountInfo;
[INFO] [stdout]   |     ^^^^^^^^^^^^^^^^ use of undeclared crate or module `safecoin_program`
[INFO] [stdout] 
[INFO] [stdout] 
[INFO] [stdout] error[E0433]: failed to resolve: use of undeclared crate or module `safecoin_program`
[INFO] [stdout]  --> src/accounts/cpi_account.rs:4:5
[INFO] [stdout]   |
[INFO] [stdout] 4 | use safecoin_program::instruction::AccountMeta;
[INFO] [stdout]   |     ^^^^^^^^^^^^^^^^ use of undeclared crate or module `safecoin_program`
[INFO] [stdout] 
[INFO] [stdout] 
[INFO] [stdout] error[E0433]: failed to resolve: use of undeclared crate or module `safecoin_program`
[INFO] [stdout]  --> src/accounts/cpi_account.rs:5:5
[INFO] [stdout]   |
[INFO] [stdout] 5 | use safecoin_program::pubkey::Pubkey;
[INFO] [stdout]   |     ^^^^^^^^^^^^^^^^ use of undeclared crate or module `safecoin_program`
[INFO] [stdout] 
[INFO] [stdout] 
[INFO] [stdout] error[E0433]: failed to resolve: use of undeclared crate or module `safecoin_program`
[INFO] [stdout]  --> src/accounts/cpi_state.rs:8:5
[INFO] [stdout]   |
[INFO] [stdout] 8 | use safecoin_program::account_info::AccountInfo;
[INFO] [stdout]   |     ^^^^^^^^^^^^^^^^ use of undeclared crate or module `safecoin_program`
[INFO] [stdout] 
[INFO] [stdout] 
[INFO] [stdout] error[E0433]: failed to resolve: use of undeclared crate or module `safecoin_program`
[INFO] [stdout]  --> src/accounts/cpi_state.rs:9:5
[INFO] [stdout]   |
[INFO] [stdout] 9 | use safecoin_program::instruction::AccountMeta;
[INFO] [stdout]   |     ^^^^^^^^^^^^^^^^ use of undeclared crate or module `safecoin_program`
[INFO] [stdout] 
[INFO] [stdout] 
[INFO] [stdout] error[E0433]: failed to resolve: use of undeclared crate or module `safecoin_program`
[INFO] [stdout]   --> src/accounts/cpi_state.rs:10:5
[INFO] [stdout]    |
[INFO] [stdout] 10 | use safecoin_program::pubkey::Pubkey;
[INFO] [stdout]    |     ^^^^^^^^^^^^^^^^ use of undeclared crate or module `safecoin_program`
[INFO] [stdout] 
[INFO] [stdout] 
[INFO] [stdout] error[E0433]: failed to resolve: use of undeclared crate or module `safecoin_program`
[INFO] [stdout]  --> src/accounts/program.rs:5:5
[INFO] [stdout]   |
[INFO] [stdout] 5 | use safecoin_program::account_info::AccountInfo;
[INFO] [stdout]   |     ^^^^^^^^^^^^^^^^ use of undeclared crate or module `safecoin_program`
[INFO] [stdout] 
[INFO] [stdout] 
[INFO] [stdout] error[E0433]: failed to resolve: use of undeclared crate or module `safecoin_program`
[INFO] [stdout]  --> src/accounts/program.rs:6:5
[INFO] [stdout]   |
[INFO] [stdout] 6 | use safecoin_program::bpf_loader_upgradeable::{self, UpgradeableLoaderState};
[INFO] [stdout]   |     ^^^^^^^^^^^^^^^^ use of undeclared crate or module `safecoin_program`
[INFO] [stdout] 
[INFO] [stdout] 
[INFO] [stdout] error[E0433]: failed to resolve: use of undeclared crate or module `safecoin_program`
[INFO] [stdout]  --> src/accounts/program.rs:7:5
[INFO] [stdout]   |
[INFO] [stdout] 7 | use safecoin_program::instruction::AccountMeta;
[INFO] [stdout]   |     ^^^^^^^^^^^^^^^^ use of undeclared crate or module `safecoin_program`
[INFO] [stdout] 
[INFO] [stdout] 
[INFO] [stdout] error[E0433]: failed to resolve: use of undeclared crate or module `safecoin_program`
[INFO] [stdout]  --> src/accounts/program.rs:8:5
[INFO] [stdout]   |
[INFO] [stdout] 8 | use safecoin_program::pubkey::Pubkey;
[INFO] [stdout]   |     ^^^^^^^^^^^^^^^^ use of undeclared crate or module `safecoin_program`
[INFO] [stdout] 
[INFO] [stdout] 
[INFO] [stdout] error[E0433]: failed to resolve: use of undeclared crate or module `safecoin_program`
[INFO] [stdout]  --> src/accounts/program_account.rs:8:5
[INFO] [stdout]   |
[INFO] [stdout] 8 | use safecoin_program::account_info::AccountInfo;
[INFO] [stdout]   |     ^^^^^^^^^^^^^^^^ use of undeclared crate or module `safecoin_program`
[INFO] [stdout] 
[INFO] [stdout] 
[INFO] [stdout] error[E0433]: failed to resolve: use of undeclared crate or module `safecoin_program`
[INFO] [stdout]  --> src/accounts/program_account.rs:9:5
[INFO] [stdout]   |
[INFO] [stdout] 9 | use safecoin_program::instruction::AccountMeta;
[INFO] [stdout]   |     ^^^^^^^^^^^^^^^^ use of undeclared crate or module `safecoin_program`
[INFO] [stdout] 
[INFO] [stdout] 
[INFO] [stdout] error[E0433]: failed to resolve: use of undeclared crate or module `safecoin_program`
[INFO] [stdout]   --> src/accounts/program_account.rs:10:5
[INFO] [stdout]    |
[INFO] [stdout] 10 | use safecoin_program::pubkey::Pubkey;
[INFO] [stdout]    |     ^^^^^^^^^^^^^^^^ use of undeclared crate or module `safecoin_program`
[INFO] [stdout] 
[INFO] [stdout] 
[INFO] [stdout] error[E0433]: failed to resolve: use of undeclared crate or module `safecoin_program`
[INFO] [stdout]  --> src/accounts/signer.rs:4:5
[INFO] [stdout]   |
[INFO] [stdout] 4 | use safecoin_program::account_info::AccountInfo;
[INFO] [stdout]   |     ^^^^^^^^^^^^^^^^ use of undeclared crate or module `safecoin_program`
[INFO] [stdout] 
[INFO] [stdout] 
[INFO] [stdout] error[E0433]: failed to resolve: use of undeclared crate or module `safecoin_program`
[INFO] [stdout]  --> src/accounts/signer.rs:5:5
[INFO] [stdout]   |
[INFO] [stdout] 5 | use safecoin_program::instruction::AccountMeta;
[INFO] [stdout]   |     ^^^^^^^^^^^^^^^^ use of undeclared crate or module `safecoin_program`
[INFO] [stdout] 
[INFO] [stdout] 
[INFO] [stdout] error[E0433]: failed to resolve: use of undeclared crate or module `safecoin_program`
[INFO] [stdout]  --> src/accounts/signer.rs:6:5
[INFO] [stdout]   |
[INFO] [stdout] 6 | use safecoin_program::pubkey::Pubkey;
[INFO] [stdout]   |     ^^^^^^^^^^^^^^^^ use of undeclared crate or module `safecoin_program`
[INFO] [stdout] 
[INFO] [stdout] 
[INFO] [stdout] error[E0433]: failed to resolve: use of undeclared crate or module `safecoin_program`
[INFO] [stdout]  --> src/accounts/state.rs:8:5
[INFO] [stdout]   |
[INFO] [stdout] 8 | use safecoin_program::account_info::AccountInfo;
[INFO] [stdout]   |     ^^^^^^^^^^^^^^^^ use of undeclared crate or module `safecoin_program`
[INFO] [stdout] 
[INFO] [stdout] 
[INFO] [stdout] error[E0433]: failed to resolve: use of undeclared crate or module `safecoin_program`
[INFO] [stdout]  --> src/accounts/state.rs:9:5
[INFO] [stdout]   |
[INFO] [stdout] 9 | use safecoin_program::instruction::AccountMeta;
[INFO] [stdout]   |     ^^^^^^^^^^^^^^^^ use of undeclared crate or module `safecoin_program`
[INFO] [stdout] 
[INFO] [stdout] 
[INFO] [stdout] error[E0433]: failed to resolve: use of undeclared crate or module `safecoin_program`
[INFO] [stdout]   --> src/accounts/state.rs:10:5
[INFO] [stdout]    |
[INFO] [stdout] 10 | use safecoin_program::pubkey::Pubkey;
[INFO] [stdout]    |     ^^^^^^^^^^^^^^^^ use of undeclared crate or module `safecoin_program`
[INFO] [stdout] 
[INFO] [stdout] 
[INFO] [stdout] error[E0433]: failed to resolve: use of undeclared crate or module `safecoin_program`
[INFO] [stdout]  --> src/accounts/system_account.rs:5:5
[INFO] [stdout]   |
[INFO] [stdout] 5 | use safecoin_program::account_info::AccountInfo;
[INFO] [stdout]   |     ^^^^^^^^^^^^^^^^ use of undeclared crate or module `safecoin_program`
[INFO] [stdout] 
[INFO] [stdout] 
[INFO] [stdout] error[E0433]: failed to resolve: use of undeclared crate or module `safecoin_program`
[INFO] [stdout]  --> src/accounts/system_account.rs:6:5
[INFO] [stdout]   |
[INFO] [stdout] 6 | use safecoin_program::instruction::AccountMeta;
[INFO] [stdout]   |     ^^^^^^^^^^^^^^^^ use of undeclared crate or module `safecoin_program`
[INFO] [stdout] 
[INFO] [stdout] 
[INFO] [stdout] error[E0433]: failed to resolve: use of undeclared crate or module `safecoin_program`
[INFO] [stdout]  --> src/accounts/system_account.rs:7:5
[INFO] [stdout]   |
[INFO] [stdout] 7 | use safecoin_program::pubkey::Pubkey;
[INFO] [stdout]   |     ^^^^^^^^^^^^^^^^ use of undeclared crate or module `safecoin_program`
[INFO] [stdout] 
[INFO] [stdout] 
[INFO] [stdout] error[E0432]: unresolved import `safecoin_program`
[INFO] [stdout]  --> src/accounts/program.rs:6:5
[INFO] [stdout]   |
[INFO] [stdout] 6 | use safecoin_program::bpf_loader_upgradeable::{self, UpgradeableLoaderState};
[INFO] [stdout]   |     ^^^^^^^^^^^^^^^^ use of undeclared crate or module `safecoin_program`
[INFO] [stdout] 
[INFO] [stdout] 
[INFO] [stdout] error[E0433]: failed to resolve: use of undeclared crate or module `safecoin_program`
[INFO] [stdout]  --> src/accounts/unchecked_account.rs:6:5
[INFO] [stdout]   |
[INFO] [stdout] 6 | use safecoin_program::account_info::AccountInfo;
[INFO] [stdout]   |     ^^^^^^^^^^^^^^^^ use of undeclared crate or module `safecoin_program`
[INFO] [stdout] 
[INFO] [stdout] 
[INFO] [stdout] error[E0433]: failed to resolve: use of undeclared crate or module `safecoin_program`
[INFO] [stdout]  --> src/accounts/unchecked_account.rs:7:5
[INFO] [stdout]   |
[INFO] [stdout] 7 | use safecoin_program::instruction::AccountMeta;
[INFO] [stdout]   |     ^^^^^^^^^^^^^^^^ use of undeclared crate or module `safecoin_program`
[INFO] [stdout] 
[INFO] [stdout] 
[INFO] [stdout] error[E0433]: failed to resolve: use of undeclared crate or module `safecoin_program`
[INFO] [stdout]  --> src/accounts/unchecked_account.rs:8:5
[INFO] [stdout]   |
[INFO] [stdout] 8 | use safecoin_program::pubkey::Pubkey;
[INFO] [stdout]   |     ^^^^^^^^^^^^^^^^ use of undeclared crate or module `safecoin_program`
[INFO] [stdout] 
[INFO] [stdout] 
[INFO] [stdout] error[E0433]: failed to resolve: use of undeclared crate or module `safecoin_program`
[INFO] [stdout]  --> src/bpf_upgradeable_state.rs:3:5
[INFO] [stdout]   |
[INFO] [stdout] 3 | use safecoin_program::{
[INFO] [stdout]   |     ^^^^^^^^^^^^^^^^ use of undeclared crate or module `safecoin_program`
[INFO] [stdout] 
[INFO] [stdout] 
[INFO] [stdout] error[E0433]: failed to resolve: use of undeclared crate or module `safecoin_program`
[INFO] [stdout]  --> src/ctor.rs:2:5
[INFO] [stdout]   |
[INFO] [stdout] 2 | use safecoin_program::account_info::AccountInfo;
[INFO] [stdout]   |     ^^^^^^^^^^^^^^^^ use of undeclared crate or module `safecoin_program`
[INFO] [stdout] 
[INFO] [stdout] 
[INFO] [stdout] error[E0433]: failed to resolve: use of undeclared crate or module `safecoin_program`
[INFO] [stdout]  --> src/error.rs:3:5
[INFO] [stdout]   |
[INFO] [stdout] 3 | use safecoin_program::program_error::ProgramError;
[INFO] [stdout]   |     ^^^^^^^^^^^^^^^^ use of undeclared crate or module `safecoin_program`
[INFO] [stdout] 
[INFO] [stdout] 
[INFO] [stdout] error[E0433]: failed to resolve: use of undeclared crate or module `safecoin_program`
[INFO] [stdout]   --> src/idl.rs:23:5
[INFO] [stdout]    |
[INFO] [stdout] 23 | use safecoin_program::pubkey::Pubkey;
[INFO] [stdout]    |     ^^^^^^^^^^^^^^^^ use of undeclared crate or module `safecoin_program`
[INFO] [stdout] 
[INFO] [stdout] 
[INFO] [stdout] error[E0433]: failed to resolve: use of undeclared crate or module `safecoin_program`
[INFO] [stdout]  --> src/system_program.rs:2:5
[INFO] [stdout]   |
[INFO] [stdout] 2 | use safecoin_program::pubkey::Pubkey;
[INFO] [stdout]   |     ^^^^^^^^^^^^^^^^ use of undeclared crate or module `safecoin_program`
[INFO] [stdout] 
[INFO] [stdout] 
[INFO] [stdout] error[E0433]: failed to resolve: use of undeclared crate or module `safecoin_program`
[INFO] [stdout]  --> src/system_program.rs:4:9
[INFO] [stdout]   |
[INFO] [stdout] 4 | pub use safecoin_program::system_program::ID;
[INFO] [stdout]   |         ^^^^^^^^^^^^^^^^ use of undeclared crate or module `safecoin_program`
[INFO] [stdout] 
[INFO] [stdout] 
[INFO] [stdout] error[E0432]: unresolved import `safecoin_program`
[INFO] [stdout]  --> src/accounts/system_account.rs:8:5
[INFO] [stdout]   |
[INFO] [stdout] 8 | use safecoin_program::system_program;
[INFO] [stdout]   |     ^^^^^^^^^^^^^^^^ use of undeclared crate or module `safecoin_program`
[INFO] [stdout] 
[INFO] [stdout] 
[INFO] [stdout] error[E0433]: failed to resolve: use of undeclared crate or module `safecoin_program`
[INFO] [stdout]    --> src/lib.rs:252:13
[INFO] [stdout]     |
[INFO] [stdout] 252 |     pub use safecoin_program::account_info::{next_account_info, AccountInfo};
[INFO] [stdout]     |             ^^^^^^^^^^^^^^^^ use of undeclared crate or module `safecoin_program`
[INFO] [stdout] 
[INFO] [stdout] 
[INFO] [stdout] error[E0433]: failed to resolve: use of undeclared crate or module `safecoin_program`
[INFO] [stdout]    --> src/lib.rs:253:13
[INFO] [stdout]     |
[INFO] [stdout] 253 |     pub use safecoin_program::instruction::AccountMeta;
[INFO] [stdout]     |             ^^^^^^^^^^^^^^^^ use of undeclared crate or module `safecoin_program`
[INFO] [stdout] 
[INFO] [stdout] 
[INFO] [stdout] error[E0432]: unresolved import `safecoin_program`
[INFO] [stdout]   --> src/lib.rs:58:9
[INFO] [stdout]    |
[INFO] [stdout] 58 | pub use safecoin_program;
[INFO] [stdout]    |         ^^^^^^^^^^^^^^^^ no external crate `safecoin_program`
[INFO] [stdout] 
[INFO] [stdout] 
[INFO] [stdout] error[E0433]: failed to resolve: use of undeclared crate or module `safecoin_program`
[INFO] [stdout]    --> src/lib.rs:255:13
[INFO] [stdout]     |
[INFO] [stdout] 255 |     pub use safecoin_program::program_error::ProgramError;
[INFO] [stdout]     |             ^^^^^^^^^^^^^^^^ use of undeclared crate or module `safecoin_program`
[INFO] [stdout] 
[INFO] [stdout] 
[INFO] [stdout] error[E0433]: failed to resolve: use of undeclared crate or module `safecoin_program`
[INFO] [stdout]    --> src/lib.rs:256:13
[INFO] [stdout]     |
[INFO] [stdout] 256 |     pub use safecoin_program::pubkey::Pubkey;
[INFO] [stdout]     |             ^^^^^^^^^^^^^^^^ use of undeclared crate or module `safecoin_program`
[INFO] [stdout] 
[INFO] [stdout] 
[INFO] [stdout] error[E0433]: failed to resolve: use of undeclared crate or module `safecoin_program`
[INFO] [stdout]    --> src/lib.rs:257:13
[INFO] [stdout]     |
[INFO] [stdout] 257 |     pub use safecoin_program::sysvar::clock::Clock;
[INFO] [stdout]     |             ^^^^^^^^^^^^^^^^ use of undeclared crate or module `safecoin_program`
[INFO] [stdout] 
[INFO] [stdout] 
[INFO] [stdout] error[E0433]: failed to resolve: use of undeclared crate or module `safecoin_program`
[INFO] [stdout]    --> src/lib.rs:258:13
[INFO] [stdout]     |
[INFO] [stdout] 258 |     pub use safecoin_program::sysvar::epoch_schedule::EpochSchedule;
[INFO] [stdout]     |             ^^^^^^^^^^^^^^^^ use of undeclared crate or module `safecoin_program`
[INFO] [stdout] 
[INFO] [stdout] 
[INFO] [stdout] error[E0433]: failed to resolve: use of undeclared crate or module `safecoin_program`
[INFO] [stdout]    --> src/lib.rs:259:13
[INFO] [stdout]     |
[INFO] [stdout] 259 |     pub use safecoin_program::sysvar::fees::Fees;
[INFO] [stdout]     |             ^^^^^^^^^^^^^^^^ use of undeclared crate or module `safecoin_program`
[INFO] [stdout] 
[INFO] [stdout] 
[INFO] [stdout] error[E0433]: failed to resolve: use of undeclared crate or module `safecoin_program`
[INFO] [stdout]    --> src/lib.rs:260:13
[INFO] [stdout]     |
[INFO] [stdout] 260 |     pub use safecoin_program::sysvar::instructions::Instructions;
[INFO] [stdout]     |             ^^^^^^^^^^^^^^^^ use of undeclared crate or module `safecoin_program`
[INFO] [stdout] 
[INFO] [stdout] 
[INFO] [stdout] error[E0433]: failed to resolve: use of undeclared crate or module `safecoin_program`
[INFO] [stdout]    --> src/lib.rs:261:13
[INFO] [stdout]     |
[INFO] [stdout] 261 |     pub use safecoin_program::sysvar::recent_blockhashes::RecentBlockhashes;
[INFO] [stdout]     |             ^^^^^^^^^^^^^^^^ use of undeclared crate or module `safecoin_program`
[INFO] [stdout] 
[INFO] [stdout] 
[INFO] [stdout] error[E0433]: failed to resolve: use of undeclared crate or module `safecoin_program`
[INFO] [stdout]    --> src/lib.rs:262:13
[INFO] [stdout]     |
[INFO] [stdout] 262 |     pub use safecoin_program::sysvar::rent::Rent;
[INFO] [stdout]     |             ^^^^^^^^^^^^^^^^ use of undeclared crate or module `safecoin_program`
[INFO] [stdout] 
[INFO] [stdout] 
[INFO] [stdout] error[E0433]: failed to resolve: use of undeclared crate or module `safecoin_program`
[INFO] [stdout]    --> src/lib.rs:263:13
[INFO] [stdout]     |
[INFO] [stdout] 263 |     pub use safecoin_program::sysvar::rewards::Rewards;
[INFO] [stdout]     |             ^^^^^^^^^^^^^^^^ use of undeclared crate or module `safecoin_program`
[INFO] [stdout] 
[INFO] [stdout] 
[INFO] [stdout] error[E0433]: failed to resolve: use of undeclared crate or module `safecoin_program`
[INFO] [stdout]    --> src/lib.rs:264:13
[INFO] [stdout]     |
[INFO] [stdout] 264 |     pub use safecoin_program::sysvar::slot_hashes::SlotHashes;
[INFO] [stdout]     |             ^^^^^^^^^^^^^^^^ use of undeclared crate or module `safecoin_program`
[INFO] [stdout] 
[INFO] [stdout] 
[INFO] [stdout] error[E0433]: failed to resolve: use of undeclared crate or module `safecoin_program`
[INFO] [stdout]    --> src/lib.rs:265:13
[INFO] [stdout]     |
[INFO] [stdout] 265 |     pub use safecoin_program::sysvar::slot_history::SlotHistory;
[INFO] [stdout]     |             ^^^^^^^^^^^^^^^^ use of undeclared crate or module `safecoin_program`
[INFO] [stdout] 
[INFO] [stdout] 
[INFO] [stdout] error[E0433]: failed to resolve: use of undeclared crate or module `safecoin_program`
[INFO] [stdout]    --> src/lib.rs:266:13
[INFO] [stdout]     |
[INFO] [stdout] 266 |     pub use safecoin_program::sysvar::stake_history::StakeHistory;
[INFO] [stdout]     |             ^^^^^^^^^^^^^^^^ use of undeclared crate or module `safecoin_program`
[INFO] [stdout] 
[INFO] [stdout] 
[INFO] [stdout] error[E0433]: failed to resolve: use of undeclared crate or module `safecoin_program`
[INFO] [stdout]    --> src/lib.rs:267:13
[INFO] [stdout]     |
[INFO] [stdout] 267 |     pub use safecoin_program::sysvar::Sysvar as SafecoinSysvar;
[INFO] [stdout]     |             ^^^^^^^^^^^^^^^^ use of undeclared crate or module `safecoin_program`
[INFO] [stdout] 
[INFO] [stdout] 
[INFO] [stdout] error[E0432]: unresolved import `safecoin_program`
[INFO] [stdout]    --> src/lib.rs:254:13
[INFO] [stdout]     |
[INFO] [stdout] 254 |     pub use safecoin_program::msg;
[INFO] [stdout]     |             ^^^^^^^^^^^^^^^^ use of undeclared crate or module `safecoin_program`
[INFO] [stdout] 
[INFO] [stdout] 
[INFO] [stdout] error: cannot determine resolution for the macro `anchor_lang::safecoin_program::msg`
[INFO] [stdout]    --> src/error.rs:259:13
[INFO] [stdout]     |
[INFO] [stdout] 259 |             anchor_lang::safecoin_program::msg!(
[INFO] [stdout]     |             ^^^^^^^^^^^^^^^^^^^^^^^^^^^^^^^^^^
[INFO] [stdout]     |
[INFO] [stdout]     = note: import resolution is stuck, try simplifying macro imports
[INFO] [stdout] 
[INFO] [stdout] 
[INFO] [stdout] error: cannot determine resolution for the macro `anchor_lang::safecoin_program::msg`
[INFO] [stdout]    --> src/error.rs:308:13
[INFO] [stdout]     |
[INFO] [stdout] 308 |             anchor_lang::safecoin_program::msg!(
[INFO] [stdout]     |             ^^^^^^^^^^^^^^^^^^^^^^^^^^^^^^^^^^
[INFO] [stdout]     |
[INFO] [stdout]     = note: import resolution is stuck, try simplifying macro imports
[INFO] [stdout] 
[INFO] [stdout] 
[INFO] [stdout] error[E0433]: failed to resolve: use of undeclared crate or module `safecoin_program`
[INFO] [stdout]   --> src/accounts/state.rs:45:13
[INFO] [stdout]    |
[INFO] [stdout] 45 |             safecoin_program::msg!("Invalid state address");
[INFO] [stdout]    |             ^^^^^^^^^^^^^^^^ use of undeclared crate or module `safecoin_program`
[INFO] [stdout] 
[INFO] [stdout] 
[INFO] [stdout] error[E0433]: failed to resolve: use of undeclared crate or module `safecoin_program`
[INFO] [stdout]   --> src/accounts/sysvar.rs:33:29
[INFO] [stdout]    |
[INFO] [stdout] 33 | pub struct Sysvar<'info, T: safecoin_program::sysvar::Sysvar> {
[INFO] [stdout]    |                             ^^^^^^^^^^^^^^^^ use of undeclared crate or module `safecoin_program`
[INFO] [stdout]    |
[INFO] [stdout] help: consider importing this module
[INFO] [stdout]    |
[INFO] [stdout] 3  + use solana_program::sysvar;
[INFO] [stdout]    |
[INFO] [stdout] help: if you import `sysvar`, refer to it directly
[INFO] [stdout]    |
[INFO] [stdout] 33 - pub struct Sysvar<'info, T: safecoin_program::sysvar::Sysvar> {
[INFO] [stdout] 33 + pub struct Sysvar<'info, T: sysvar::Sysvar> {
[INFO] [stdout]    |
[INFO] [stdout] 
[INFO] [stdout] 
[INFO] [stdout] error[E0433]: failed to resolve: use of undeclared crate or module `safecoin_program`
[INFO] [stdout]   --> src/accounts/sysvar.rs:38:16
[INFO] [stdout]    |
[INFO] [stdout] 38 | impl<'info, T: safecoin_program::sysvar::Sysvar + fmt::Debug> fmt::Debug for Sysvar<'info, T> {
[INFO] [stdout]    |                ^^^^^^^^^^^^^^^^ use of undeclared crate or module `safecoin_program`
[INFO] [stdout]    |
[INFO] [stdout] help: consider importing this module
[INFO] [stdout]    |
[INFO] [stdout] 3  + use solana_program::sysvar;
[INFO] [stdout]    |
[INFO] [stdout] help: if you import `sysvar`, refer to it directly
[INFO] [stdout]    |
[INFO] [stdout] 38 - impl<'info, T: safecoin_program::sysvar::Sysvar + fmt::Debug> fmt::Debug for Sysvar<'info, T> {
[INFO] [stdout] 38 + impl<'info, T: sysvar::Sysvar + fmt::Debug> fmt::Debug for Sysvar<'info, T> {
[INFO] [stdout]    |
[INFO] [stdout] 
[INFO] [stdout] 
[INFO] [stdout] error[E0433]: failed to resolve: use of undeclared crate or module `safecoin_program`
[INFO] [stdout]   --> src/accounts/sysvar.rs:47:16
[INFO] [stdout]    |
[INFO] [stdout] 47 | impl<'info, T: safecoin_program::sysvar::Sysvar> Sysvar<'info, T> {
[INFO] [stdout]    |                ^^^^^^^^^^^^^^^^ use of undeclared crate or module `safecoin_program`
[INFO] [stdout]    |
[INFO] [stdout] help: consider importing this module
[INFO] [stdout]    |
[INFO] [stdout] 3  + use solana_program::sysvar;
[INFO] [stdout]    |
[INFO] [stdout] help: if you import `sysvar`, refer to it directly
[INFO] [stdout]    |
[INFO] [stdout] 47 - impl<'info, T: safecoin_program::sysvar::Sysvar> Sysvar<'info, T> {
[INFO] [stdout] 47 + impl<'info, T: sysvar::Sysvar> Sysvar<'info, T> {
[INFO] [stdout]    |
[INFO] [stdout] 
[INFO] [stdout] 
[INFO] [stdout] error[E0433]: failed to resolve: use of undeclared crate or module `safecoin_program`
[INFO] [stdout]   --> src/accounts/sysvar.rs:56:16
[INFO] [stdout]    |
[INFO] [stdout] 56 | impl<'info, T: safecoin_program::sysvar::Sysvar> Clone for Sysvar<'info, T> {
[INFO] [stdout]    |                ^^^^^^^^^^^^^^^^ use of undeclared crate or module `safecoin_program`
[INFO] [stdout]    |
[INFO] [stdout] help: consider importing this module
[INFO] [stdout]    |
[INFO] [stdout] 3  + use solana_program::sysvar;
[INFO] [stdout]    |
[INFO] [stdout] help: if you import `sysvar`, refer to it directly
[INFO] [stdout]    |
[INFO] [stdout] 56 - impl<'info, T: safecoin_program::sysvar::Sysvar> Clone for Sysvar<'info, T> {
[INFO] [stdout] 56 + impl<'info, T: sysvar::Sysvar> Clone for Sysvar<'info, T> {
[INFO] [stdout]    |
[INFO] [stdout] 
[INFO] [stdout] 
[INFO] [stdout] error[E0433]: failed to resolve: use of undeclared crate or module `safecoin_program`
[INFO] [stdout]   --> src/accounts/sysvar.rs:65:16
[INFO] [stdout]    |
[INFO] [stdout] 65 | impl<'info, T: safecoin_program::sysvar::Sysvar> Accounts<'info> for Sysvar<'info, T> {
[INFO] [stdout]    |                ^^^^^^^^^^^^^^^^ use of undeclared crate or module `safecoin_program`
[INFO] [stdout]    |
[INFO] [stdout] help: consider importing this module
[INFO] [stdout]    |
[INFO] [stdout] 3  + use solana_program::sysvar;
[INFO] [stdout]    |
[INFO] [stdout] help: if you import `sysvar`, refer to it directly
[INFO] [stdout]    |
[INFO] [stdout] 65 - impl<'info, T: safecoin_program::sysvar::Sysvar> Accounts<'info> for Sysvar<'info, T> {
[INFO] [stdout] 65 + impl<'info, T: sysvar::Sysvar> Accounts<'info> for Sysvar<'info, T> {
[INFO] [stdout]    |
[INFO] [stdout] 
[INFO] [stdout] 
[INFO] [stdout] error[E0433]: failed to resolve: use of undeclared crate or module `safecoin_program`
[INFO] [stdout]   --> src/accounts/sysvar.rs:81:16
[INFO] [stdout]    |
[INFO] [stdout] 81 | impl<'info, T: safecoin_program::sysvar::Sysvar> ToAccountMetas for Sysvar<'info, T> {
[INFO] [stdout]    |                ^^^^^^^^^^^^^^^^ use of undeclared crate or module `safecoin_program`
[INFO] [stdout]    |
[INFO] [stdout] help: consider importing this module
[INFO] [stdout]    |
[INFO] [stdout] 3  + use solana_program::sysvar;
[INFO] [stdout]    |
[INFO] [stdout] help: if you import `sysvar`, refer to it directly
[INFO] [stdout]    |
[INFO] [stdout] 81 - impl<'info, T: safecoin_program::sysvar::Sysvar> ToAccountMetas for Sysvar<'info, T> {
[INFO] [stdout] 81 + impl<'info, T: sysvar::Sysvar> ToAccountMetas for Sysvar<'info, T> {
[INFO] [stdout]    |
[INFO] [stdout] 
[INFO] [stdout] 
[INFO] [stdout] error[E0433]: failed to resolve: use of undeclared crate or module `safecoin_program`
[INFO] [stdout]   --> src/accounts/sysvar.rs:87:16
[INFO] [stdout]    |
[INFO] [stdout] 87 | impl<'info, T: safecoin_program::sysvar::Sysvar> ToAccountInfos<'info> for Sysvar<'info, T> {
[INFO] [stdout]    |                ^^^^^^^^^^^^^^^^ use of undeclared crate or module `safecoin_program`
[INFO] [stdout]    |
[INFO] [stdout] help: consider importing this module
[INFO] [stdout]    |
[INFO] [stdout] 3  + use solana_program::sysvar;
[INFO] [stdout]    |
[INFO] [stdout] help: if you import `sysvar`, refer to it directly
[INFO] [stdout]    |
[INFO] [stdout] 87 - impl<'info, T: safecoin_program::sysvar::Sysvar> ToAccountInfos<'info> for Sysvar<'info, T> {
[INFO] [stdout] 87 + impl<'info, T: sysvar::Sysvar> ToAccountInfos<'info> for Sysvar<'info, T> {
[INFO] [stdout]    |
[INFO] [stdout] 
[INFO] [stdout] 
[INFO] [stdout] error[E0433]: failed to resolve: use of undeclared crate or module `safecoin_program`
[INFO] [stdout]   --> src/accounts/sysvar.rs:93:16
[INFO] [stdout]    |
[INFO] [stdout] 93 | impl<'info, T: safecoin_program::sysvar::Sysvar> AsRef<AccountInfo<'info>> for Sysvar<'info, T> {
[INFO] [stdout]    |                ^^^^^^^^^^^^^^^^ use of undeclared crate or module `safecoin_program`
[INFO] [stdout]    |
[INFO] [stdout] help: consider importing this module
[INFO] [stdout]    |
[INFO] [stdout] 3  + use solana_program::sysvar;
[INFO] [stdout]    |
[INFO] [stdout] help: if you import `sysvar`, refer to it directly
[INFO] [stdout]    |
[INFO] [stdout] 93 - impl<'info, T: safecoin_program::sysvar::Sysvar> AsRef<AccountInfo<'info>> for Sysvar<'info, T> {
[INFO] [stdout] 93 + impl<'info, T: sysvar::Sysvar> AsRef<AccountInfo<'info>> for Sysvar<'info, T> {
[INFO] [stdout]    |
[INFO] [stdout] 
[INFO] [stdout] 
[INFO] [stdout] error[E0433]: failed to resolve: use of undeclared crate or module `safecoin_program`
[INFO] [stdout]   --> src/accounts/sysvar.rs:99:13
[INFO] [stdout]    |
[INFO] [stdout] 99 | impl<'a, T: safecoin_program::sysvar::Sysvar> Deref for Sysvar<'a, T> {
[INFO] [stdout]    |             ^^^^^^^^^^^^^^^^ use of undeclared crate or module `safecoin_program`
[INFO] [stdout]    |
[INFO] [stdout] help: consider importing this module
[INFO] [stdout]    |
[INFO] [stdout] 3  + use solana_program::sysvar;
[INFO] [stdout]    |
[INFO] [stdout] help: if you import `sysvar`, refer to it directly
[INFO] [stdout]    |
[INFO] [stdout] 99 - impl<'a, T: safecoin_program::sysvar::Sysvar> Deref for Sysvar<'a, T> {
[INFO] [stdout] 99 + impl<'a, T: sysvar::Sysvar> Deref for Sysvar<'a, T> {
[INFO] [stdout]    |
[INFO] [stdout] 
[INFO] [stdout] 
[INFO] [stdout] error[E0433]: failed to resolve: use of undeclared crate or module `safecoin_program`
[INFO] [stdout]    --> src/accounts/sysvar.rs:107:13
[INFO] [stdout]     |
[INFO] [stdout] 107 | impl<'a, T: safecoin_program::sysvar::Sysvar> DerefMut for Sysvar<'a, T> {
[INFO] [stdout]     |             ^^^^^^^^^^^^^^^^ use of undeclared crate or module `safecoin_program`
[INFO] [stdout]     |
[INFO] [stdout] help: consider importing this module
[INFO] [stdout]     |
[INFO] [stdout] 3   + use solana_program::sysvar;
[INFO] [stdout]     |
[INFO] [stdout] help: if you import `sysvar`, refer to it directly
[INFO] [stdout]     |
[INFO] [stdout] 107 - impl<'a, T: safecoin_program::sysvar::Sysvar> DerefMut for Sysvar<'a, T> {
[INFO] [stdout] 107 + impl<'a, T: sysvar::Sysvar> DerefMut for Sysvar<'a, T> {
[INFO] [stdout]     |
[INFO] [stdout] 
[INFO] [stdout] 
[INFO] [stdout] error[E0433]: failed to resolve: use of undeclared crate or module `safecoin_program`
[INFO] [stdout]    --> src/accounts/sysvar.rs:113:16
[INFO] [stdout]     |
[INFO] [stdout] 113 | impl<'info, T: safecoin_program::sysvar::Sysvar> AccountsExit<'info> for Sysvar<'info, T> {}
[INFO] [stdout]     |                ^^^^^^^^^^^^^^^^ use of undeclared crate or module `safecoin_program`
[INFO] [stdout]     |
[INFO] [stdout] help: consider importing this module
[INFO] [stdout]     |
[INFO] [stdout] 3   + use solana_program::sysvar;
[INFO] [stdout]     |
[INFO] [stdout] help: if you import `sysvar`, refer to it directly
[INFO] [stdout]     |
[INFO] [stdout] 113 - impl<'info, T: safecoin_program::sysvar::Sysvar> AccountsExit<'info> for Sysvar<'info, T> {}
[INFO] [stdout] 113 + impl<'info, T: sysvar::Sysvar> AccountsExit<'info> for Sysvar<'info, T> {}
[INFO] [stdout]     |
[INFO] [stdout] 
[INFO] [stdout] 
[INFO] [stdout] error[E0433]: failed to resolve: use of undeclared crate or module `safecoin_program`
[INFO] [stdout]   --> src/bpf_upgradeable_state.rs:48:19
[INFO] [stdout]    |
[INFO] [stdout] 48 |     fn owner() -> safecoin_program::pubkey::Pubkey {
[INFO] [stdout]    |                   ^^^^^^^^^^^^^^^^ use of undeclared crate or module `safecoin_program`
[INFO] [stdout]    |
[INFO] [stdout] help: consider importing this module
[INFO] [stdout]    |
[INFO] [stdout] 1  + use solana_program::pubkey;
[INFO] [stdout]    |
[INFO] [stdout] help: if you import `pubkey`, refer to it directly
[INFO] [stdout]    |
[INFO] [stdout] 48 -     fn owner() -> safecoin_program::pubkey::Pubkey {
[INFO] [stdout] 48 +     fn owner() -> pubkey::Pubkey {
[INFO] [stdout]    |
[INFO] [stdout] 
[INFO] [stdout] 
[INFO] [stdout] error[E0433]: failed to resolve: could not find `solana_program` in the crate root
[INFO] [stdout]   --> src/ctor.rs:11:10
[INFO] [stdout]    |
[INFO] [stdout] 11 | #[derive(Accounts)]
[INFO] [stdout]    |          ^^^^^^^^ could not find `solana_program` in the crate root
[INFO] [stdout]    |
[INFO] [stdout]    = note: this error originates in the derive macro `Accounts` (in Nightly builds, run with -Z macro-backtrace for more info)
[INFO] [stdout] help: consider importing this module
[INFO] [stdout]    |
[INFO] [stdout] 1  + use solana_program::pubkey;
[INFO] [stdout]    |
[INFO] [stdout] 
[INFO] [stdout] 
[INFO] [stdout] error[E0433]: failed to resolve: could not find `solana_program` in the crate root
[INFO] [stdout]   --> src/ctor.rs:11:10
[INFO] [stdout]    |
[INFO] [stdout] 11 | #[derive(Accounts)]
[INFO] [stdout]    |          ^^^^^^^^ could not find `solana_program` in the crate root
[INFO] [stdout]    |
[INFO] [stdout]    = note: this error originates in the derive macro `Accounts` (in Nightly builds, run with -Z macro-backtrace for more info)
[INFO] [stdout] help: consider importing one of these items
[INFO] [stdout]    |
[INFO] [stdout] 1  + use crate::accounts::account_info;
[INFO] [stdout]    |
[INFO] [stdout] 1  + use solana_program::account_info;
[INFO] [stdout]    |
[INFO] [stdout] 
[INFO] [stdout] 
[INFO] [stdout] error[E0433]: failed to resolve: could not find `solana_program` in the crate root
[INFO] [stdout]   --> src/ctor.rs:11:10
[INFO] [stdout]    |
[INFO] [stdout] 11 | #[derive(Accounts)]
[INFO] [stdout]    |          ^^^^^^^^ could not find `solana_program` in the crate root
[INFO] [stdout]    |
[INFO] [stdout]    = note: this error originates in the derive macro `Accounts` (in Nightly builds, run with -Z macro-backtrace for more info)
[INFO] [stdout] help: consider importing one of these items
[INFO] [stdout]    |
[INFO] [stdout] 1  + use solana_program::instruction;
[INFO] [stdout]    |
[INFO] [stdout] 1  + use solana_program::stake::instruction;
[INFO] [stdout]    |
[INFO] [stdout] 
[INFO] [stdout] 
[INFO] [stdout] error[E0433]: failed to resolve: could not find `solana_program` in the crate root
[INFO] [stdout]   --> src/ctor.rs:11:10
[INFO] [stdout]    |
[INFO] [stdout] 11 | #[derive(Accounts)]
[INFO] [stdout]    |          ^^^^^^^^ could not find `solana_program` in the crate root
[INFO] [stdout]    |
[INFO] [stdout]    = help: consider importing this module:
[INFO] [stdout]            solana_program::pubkey
[INFO] [stdout]    = note: this error originates in the derive macro `Accounts` (in Nightly builds, run with -Z macro-backtrace for more info)
[INFO] [stdout] 
[INFO] [stdout] 
[INFO] [stdout] error[E0433]: failed to resolve: could not find `solana_program` in the crate root
[INFO] [stdout]   --> src/ctor.rs:11:10
[INFO] [stdout]    |
[INFO] [stdout] 11 | #[derive(Accounts)]
[INFO] [stdout]    |          ^^^^^^^^ could not find `solana_program` in the crate root
[INFO] [stdout]    |
[INFO] [stdout]    = help: consider importing one of these items:
[INFO] [stdout]            solana_program::instruction
[INFO] [stdout]            solana_program::stake::instruction
[INFO] [stdout]    = note: this error originates in the derive macro `Accounts` (in Nightly builds, run with -Z macro-backtrace for more info)
[INFO] [stdout] 
[INFO] [stdout] 
[INFO] [stdout] error[E0433]: failed to resolve: could not find `solana_program` in the crate root
[INFO] [stdout]   --> src/ctor.rs:11:10
[INFO] [stdout]    |
[INFO] [stdout] 11 | #[derive(Accounts)]
[INFO] [stdout]    |          ^^^^^^^^ could not find `solana_program` in the crate root
[INFO] [stdout]    |
[INFO] [stdout]    = help: consider importing this struct:
[INFO] [stdout]            solana_program::instruction::AccountMeta
[INFO] [stdout]    = note: this error originates in the derive macro `Accounts` (in Nightly builds, run with -Z macro-backtrace for more info)
[INFO] [stdout] 
[INFO] [stdout] 
[INFO] [stdout] error[E0433]: failed to resolve: could not find `solana_program` in the crate root
[INFO] [stdout]   --> src/ctor.rs:11:10
[INFO] [stdout]    |
[INFO] [stdout] 11 | #[derive(Accounts)]
[INFO] [stdout]    |          ^^^^^^^^ could not find `solana_program` in the crate root
[INFO] [stdout]    |
[INFO] [stdout]    = help: consider importing one of these items:
[INFO] [stdout]            crate::accounts::account_info
[INFO] [stdout]            solana_program::account_info
[INFO] [stdout]    = note: this error originates in the derive macro `Accounts` (in Nightly builds, run with -Z macro-backtrace for more info)
[INFO] [stdout] 
[INFO] [stdout] 
[INFO] [stdout] error[E0433]: failed to resolve: could not find `solana_program` in the crate root
[INFO] [stdout]   --> src/idl.rs:50:10
[INFO] [stdout]    |
[INFO] [stdout] 50 | #[derive(Accounts)]
[INFO] [stdout]    |          ^^^^^^^^ could not find `solana_program` in the crate root
[INFO] [stdout]    |
[INFO] [stdout]    = note: this error originates in the derive macro `Accounts` (in Nightly builds, run with -Z macro-backtrace for more info)
[INFO] [stdout] help: consider importing this module
[INFO] [stdout]    |
[INFO] [stdout] 20 + use solana_program::pubkey;
[INFO] [stdout]    |
[INFO] [stdout] 
[INFO] [stdout] 
[INFO] [stdout] error[E0433]: failed to resolve: could not find `solana_program` in the crate root
[INFO] [stdout]   --> src/idl.rs:50:10
[INFO] [stdout]    |
[INFO] [stdout] 50 | #[derive(Accounts)]
[INFO] [stdout]    |          ^^^^^^^^ could not find `solana_program` in the crate root
[INFO] [stdout]    |
[INFO] [stdout]    = note: this error originates in the derive macro `Accounts` (in Nightly builds, run with -Z macro-backtrace for more info)
[INFO] [stdout] help: consider importing one of these items
[INFO] [stdout]    |
[INFO] [stdout] 20 + use crate::accounts::account_info;
[INFO] [stdout]    |
[INFO] [stdout] 20 + use solana_program::account_info;
[INFO] [stdout]    |
[INFO] [stdout] 
[INFO] [stdout] 
[INFO] [stdout] error[E0433]: failed to resolve: could not find `solana_program` in the crate root
[INFO] [stdout]   --> src/idl.rs:50:10
[INFO] [stdout]    |
[INFO] [stdout] 50 | #[derive(Accounts)]
[INFO] [stdout]    |          ^^^^^^^^ could not find `solana_program` in the crate root
[INFO] [stdout]    |
[INFO] [stdout]    = note: this error originates in the derive macro `Accounts` (in Nightly builds, run with -Z macro-backtrace for more info)
[INFO] [stdout] help: consider importing one of these items
[INFO] [stdout]    |
[INFO] [stdout] 20 + use solana_program::instruction;
[INFO] [stdout]    |
[INFO] [stdout] 20 + use solana_program::stake::instruction;
[INFO] [stdout]    |
[INFO] [stdout] 
[INFO] [stdout] 
[INFO] [stdout] error[E0433]: failed to resolve: could not find `solana_program` in the crate root
[INFO] [stdout]   --> src/idl.rs:50:10
[INFO] [stdout]    |
[INFO] [stdout] 50 | #[derive(Accounts)]
[INFO] [stdout]    |          ^^^^^^^^ could not find `solana_program` in the crate root
[INFO] [stdout]    |
[INFO] [stdout]    = help: consider importing this module:
[INFO] [stdout]            solana_program::pubkey
[INFO] [stdout]    = note: this error originates in the derive macro `Accounts` (in Nightly builds, run with -Z macro-backtrace for more info)
[INFO] [stdout] 
[INFO] [stdout] 
[INFO] [stdout] error[E0433]: failed to resolve: could not find `solana_program` in the crate root
[INFO] [stdout]   --> src/idl.rs:50:10
[INFO] [stdout]    |
[INFO] [stdout] 50 | #[derive(Accounts)]
[INFO] [stdout]    |          ^^^^^^^^ could not find `solana_program` in the crate root
[INFO] [stdout]    |
[INFO] [stdout]    = help: consider importing one of these items:
[INFO] [stdout]            solana_program::instruction
[INFO] [stdout]            solana_program::stake::instruction
[INFO] [stdout]    = note: this error originates in the derive macro `Accounts` (in Nightly builds, run with -Z macro-backtrace for more info)
[INFO] [stdout] 
[INFO] [stdout] 
[INFO] [stdout] error[E0433]: failed to resolve: could not find `solana_program` in the crate root
[INFO] [stdout]   --> src/idl.rs:50:10
[INFO] [stdout]    |
[INFO] [stdout] 50 | #[derive(Accounts)]
[INFO] [stdout]    |          ^^^^^^^^ could not find `solana_program` in the crate root
[INFO] [stdout]    |
[INFO] [stdout]    = help: consider importing this struct:
[INFO] [stdout]            solana_program::instruction::AccountMeta
[INFO] [stdout]    = note: this error originates in the derive macro `Accounts` (in Nightly builds, run with -Z macro-backtrace for more info)
[INFO] [stdout] 
[INFO] [stdout] 
[INFO] [stdout] error[E0433]: failed to resolve: could not find `solana_program` in the crate root
[INFO] [stdout]   --> src/idl.rs:50:10
[INFO] [stdout]    |
[INFO] [stdout] 50 | #[derive(Accounts)]
[INFO] [stdout]    |          ^^^^^^^^ could not find `solana_program` in the crate root
[INFO] [stdout]    |
[INFO] [stdout]    = help: consider importing one of these items:
[INFO] [stdout]            crate::accounts::account_info
[INFO] [stdout]            solana_program::account_info
[INFO] [stdout]    = note: this error originates in the derive macro `Accounts` (in Nightly builds, run with -Z macro-backtrace for more info)
[INFO] [stdout] 
[INFO] [stdout] 
[INFO] [stdout] error[E0433]: failed to resolve: could not find `solana_program` in the crate root
[INFO] [stdout]   --> src/idl.rs:60:10
[INFO] [stdout]    |
[INFO] [stdout] 60 | #[derive(Accounts)]
[INFO] [stdout]    |          ^^^^^^^^ could not find `solana_program` in the crate root
[INFO] [stdout]    |
[INFO] [stdout]    = note: this error originates in the derive macro `Accounts` (in Nightly builds, run with -Z macro-backtrace for more info)
[INFO] [stdout] help: consider importing this module
[INFO] [stdout]    |
[INFO] [stdout] 20 + use solana_program::pubkey;
[INFO] [stdout]    |
[INFO] [stdout] 
[INFO] [stdout] 
[INFO] [stdout] error[E0433]: failed to resolve: could not find `solana_program` in the crate root
[INFO] [stdout]   --> src/idl.rs:60:10
[INFO] [stdout]    |
[INFO] [stdout] 60 | #[derive(Accounts)]
[INFO] [stdout]    |          ^^^^^^^^ could not find `solana_program` in the crate root
[INFO] [stdout]    |
[INFO] [stdout]    = note: this error originates in the derive macro `Accounts` (in Nightly builds, run with -Z macro-backtrace for more info)
[INFO] [stdout] help: consider importing one of these items
[INFO] [stdout]    |
[INFO] [stdout] 20 + use crate::accounts::account_info;
[INFO] [stdout]    |
[INFO] [stdout] 20 + use solana_program::account_info;
[INFO] [stdout]    |
[INFO] [stdout] 
[INFO] [stdout] 
[INFO] [stdout] error[E0433]: failed to resolve: could not find `solana_program` in the crate root
[INFO] [stdout]   --> src/idl.rs:60:10
[INFO] [stdout]    |
[INFO] [stdout] 60 | #[derive(Accounts)]
[INFO] [stdout]    |          ^^^^^^^^ could not find `solana_program` in the crate root
[INFO] [stdout]    |
[INFO] [stdout]    = note: this error originates in the derive macro `Accounts` (in Nightly builds, run with -Z macro-backtrace for more info)
[INFO] [stdout] help: consider importing one of these items
[INFO] [stdout]    |
[INFO] [stdout] 20 + use solana_program::instruction;
[INFO] [stdout]    |
[INFO] [stdout] 20 + use solana_program::stake::instruction;
[INFO] [stdout]    |
[INFO] [stdout] 
[INFO] [stdout] 
[INFO] [stdout] error[E0433]: failed to resolve: could not find `solana_program` in the crate root
[INFO] [stdout]   --> src/idl.rs:60:10
[INFO] [stdout]    |
[INFO] [stdout] 60 | #[derive(Accounts)]
[INFO] [stdout]    |          ^^^^^^^^ could not find `solana_program` in the crate root
[INFO] [stdout]    |
[INFO] [stdout]    = help: consider importing this module:
[INFO] [stdout]            solana_program::pubkey
[INFO] [stdout]    = note: this error originates in the derive macro `Accounts` (in Nightly builds, run with -Z macro-backtrace for more info)
[INFO] [stdout] 
[INFO] [stdout] 
[INFO] [stdout] error[E0433]: failed to resolve: could not find `solana_program` in the crate root
[INFO] [stdout]   --> src/idl.rs:60:10
[INFO] [stdout]    |
[INFO] [stdout] 60 | #[derive(Accounts)]
[INFO] [stdout]    |          ^^^^^^^^ could not find `solana_program` in the crate root
[INFO] [stdout]    |
[INFO] [stdout]    = help: consider importing one of these items:
[INFO] [stdout]            solana_program::instruction
[INFO] [stdout]            solana_program::stake::instruction
[INFO] [stdout]    = note: this error originates in the derive macro `Accounts` (in Nightly builds, run with -Z macro-backtrace for more info)
[INFO] [stdout] 
[INFO] [stdout] 
[INFO] [stdout] error[E0433]: failed to resolve: could not find `solana_program` in the crate root
[INFO] [stdout]   --> src/idl.rs:60:10
[INFO] [stdout]    |
[INFO] [stdout] 60 | #[derive(Accounts)]
[INFO] [stdout]    |          ^^^^^^^^ could not find `solana_program` in the crate root
[INFO] [stdout]    |
[INFO] [stdout]    = help: consider importing this struct:
[INFO] [stdout]            solana_program::instruction::AccountMeta
[INFO] [stdout]    = note: this error originates in the derive macro `Accounts` (in Nightly builds, run with -Z macro-backtrace for more info)
[INFO] [stdout] 
[INFO] [stdout] 
[INFO] [stdout] error[E0433]: failed to resolve: could not find `solana_program` in the crate root
[INFO] [stdout]   --> src/idl.rs:60:10
[INFO] [stdout]    |
[INFO] [stdout] 60 | #[derive(Accounts)]
[INFO] [stdout]    |          ^^^^^^^^ could not find `solana_program` in the crate root
[INFO] [stdout]    |
[INFO] [stdout]    = help: consider importing one of these items:
[INFO] [stdout]            crate::accounts::account_info
[INFO] [stdout]            solana_program::account_info
[INFO] [stdout]    = note: this error originates in the derive macro `Accounts` (in Nightly builds, run with -Z macro-backtrace for more info)
[INFO] [stdout] 
[INFO] [stdout] 
[INFO] [stdout] error[E0433]: failed to resolve: could not find `solana_program` in the crate root
[INFO] [stdout]   --> src/idl.rs:70:10
[INFO] [stdout]    |
[INFO] [stdout] 70 | #[derive(Accounts)]
[INFO] [stdout]    |          ^^^^^^^^ could not find `solana_program` in the crate root
[INFO] [stdout]    |
[INFO] [stdout]    = note: this error originates in the derive macro `Accounts` (in Nightly builds, run with -Z macro-backtrace for more info)
[INFO] [stdout] help: consider importing this module
[INFO] [stdout]    |
[INFO] [stdout] 20 + use solana_program::pubkey;
[INFO] [stdout]    |
[INFO] [stdout] 
[INFO] [stdout] 
[INFO] [stdout] error[E0433]: failed to resolve: could not find `solana_program` in the crate root
[INFO] [stdout]   --> src/idl.rs:70:10
[INFO] [stdout]    |
[INFO] [stdout] 70 | #[derive(Accounts)]
[INFO] [stdout]    |          ^^^^^^^^ could not find `solana_program` in the crate root
[INFO] [stdout]    |
[INFO] [stdout]    = note: this error originates in the derive macro `Accounts` (in Nightly builds, run with -Z macro-backtrace for more info)
[INFO] [stdout] help: consider importing one of these items
[INFO] [stdout]    |
[INFO] [stdout] 20 + use crate::accounts::account_info;
[INFO] [stdout]    |
[INFO] [stdout] 20 + use solana_program::account_info;
[INFO] [stdout]    |
[INFO] [stdout] 
[INFO] [stdout] 
[INFO] [stdout] error[E0433]: failed to resolve: could not find `solana_program` in the crate root
[INFO] [stdout]   --> src/idl.rs:70:10
[INFO] [stdout]    |
[INFO] [stdout] 70 | #[derive(Accounts)]
[INFO] [stdout]    |          ^^^^^^^^ could not find `solana_program` in the crate root
[INFO] [stdout]    |
[INFO] [stdout]    = note: this error originates in the derive macro `Accounts` (in Nightly builds, run with -Z macro-backtrace for more info)
[INFO] [stdout] help: consider importing one of these items
[INFO] [stdout]    |
[INFO] [stdout] 20 + use solana_program::instruction;
[INFO] [stdout]    |
[INFO] [stdout] 20 + use solana_program::stake::instruction;
[INFO] [stdout]    |
[INFO] [stdout] 
[INFO] [stdout] 
[INFO] [stdout] error[E0433]: failed to resolve: could not find `solana_program` in the crate root
[INFO] [stdout]   --> src/idl.rs:70:10
[INFO] [stdout]    |
[INFO] [stdout] 70 | #[derive(Accounts)]
[INFO] [stdout]    |          ^^^^^^^^ could not find `solana_program` in the crate root
[INFO] [stdout]    |
[INFO] [stdout]    = help: consider importing this module:
[INFO] [stdout]            solana_program::pubkey
[INFO] [stdout]    = note: this error originates in the derive macro `Accounts` (in Nightly builds, run with -Z macro-backtrace for more info)
[INFO] [stdout] 
[INFO] [stdout] 
[INFO] [stdout] error[E0433]: failed to resolve: could not find `solana_program` in the crate root
[INFO] [stdout]   --> src/idl.rs:70:10
[INFO] [stdout]    |
[INFO] [stdout] 70 | #[derive(Accounts)]
[INFO] [stdout]    |          ^^^^^^^^ could not find `solana_program` in the crate root
[INFO] [stdout]    |
[INFO] [stdout]    = help: consider importing one of these items:
[INFO] [stdout]            solana_program::instruction
[INFO] [stdout]            solana_program::stake::instruction
[INFO] [stdout]    = note: this error originates in the derive macro `Accounts` (in Nightly builds, run with -Z macro-backtrace for more info)
[INFO] [stdout] 
[INFO] [stdout] 
[INFO] [stdout] error[E0433]: failed to resolve: could not find `solana_program` in the crate root
[INFO] [stdout]   --> src/idl.rs:70:10
[INFO] [stdout]    |
[INFO] [stdout] 70 | #[derive(Accounts)]
[INFO] [stdout]    |          ^^^^^^^^ could not find `solana_program` in the crate root
[INFO] [stdout]    |
[INFO] [stdout]    = help: consider importing this struct:
[INFO] [stdout]            solana_program::instruction::AccountMeta
[INFO] [stdout]    = note: this error originates in the derive macro `Accounts` (in Nightly builds, run with -Z macro-backtrace for more info)
[INFO] [stdout] 
[INFO] [stdout] 
[INFO] [stdout] error[E0433]: failed to resolve: could not find `solana_program` in the crate root
[INFO] [stdout]   --> src/idl.rs:70:10
[INFO] [stdout]    |
[INFO] [stdout] 70 | #[derive(Accounts)]
[INFO] [stdout]    |          ^^^^^^^^ could not find `solana_program` in the crate root
[INFO] [stdout]    |
[INFO] [stdout]    = help: consider importing one of these items:
[INFO] [stdout]            crate::accounts::account_info
[INFO] [stdout]            solana_program::account_info
[INFO] [stdout]    = note: this error originates in the derive macro `Accounts` (in Nightly builds, run with -Z macro-backtrace for more info)
[INFO] [stdout] 
[INFO] [stdout] 
[INFO] [stdout] error: aborting due to 123 previous errors
[INFO] [stdout] 
[INFO] [stdout] 
[INFO] [stdout] Some errors have detailed explanations: E0432, E0433.
[INFO] [stdout] 
[INFO] [stdout] For more information about an error, try `rustc --explain E0432`.
[INFO] [stdout] 
[INFO] [stderr] error: could not compile `safe-anchor-lang` (lib) due to 124 previous errors
[INFO] running `Command { std: "docker" "inspect" "55c6b73d4864cfed5bbc5e31012cb9d4d374b2fcf0ebb07536b56188d8d8af41", kill_on_drop: false }`
[INFO] running `Command { std: "docker" "rm" "-f" "55c6b73d4864cfed5bbc5e31012cb9d4d374b2fcf0ebb07536b56188d8d8af41", kill_on_drop: false }`
[INFO] [stdout] 55c6b73d4864cfed5bbc5e31012cb9d4d374b2fcf0ebb07536b56188d8d8af41
